[INFO] cloning repository https://github.com/remopas/reel
[INFO] running `Command { std: "git" "-c" "credential.helper=" "-c" "credential.helper=/workspace/cargo-home/bin/git-credential-null" "clone" "--bare" "https://github.com/remopas/reel" "/workspace/cache/git-repos/https%3A%2F%2Fgithub.com%2Fremopas%2Freel", kill_on_drop: false }`
[INFO] [stderr] Cloning into bare repository '/workspace/cache/git-repos/https%3A%2F%2Fgithub.com%2Fremopas%2Freel'...
[INFO] running `Command { std: "git" "rev-parse" "HEAD", kill_on_drop: false }`
[INFO] [stdout] ce0da3f0840342b7f4b8ad71c0437a320716e5e9
[INFO] testing remopas/reel against 1.54.0 for beta-1.55-1
[INFO] running `Command { std: "git" "clone" "/workspace/cache/git-repos/https%3A%2F%2Fgithub.com%2Fremopas%2Freel" "/workspace/builds/worker-1/source", kill_on_drop: false }`
[INFO] [stderr] Cloning into '/workspace/builds/worker-1/source'...
[INFO] [stderr] done.
[INFO] validating manifest of git repo https://github.com/remopas/reel on toolchain 1.54.0
[INFO] running `Command { std: "/workspace/cargo-home/bin/cargo" "+1.54.0" "metadata" "--manifest-path" "Cargo.toml" "--no-deps", kill_on_drop: false }`
[INFO] started tweaking git repo https://github.com/remopas/reel
[INFO] finished tweaking git repo https://github.com/remopas/reel
[INFO] tweaked toml for git repo https://github.com/remopas/reel written to /workspace/builds/worker-1/source/Cargo.toml
[INFO] crate git repo https://github.com/remopas/reel already has a lockfile, it will not be regenerated
[INFO] running `Command { std: "/workspace/cargo-home/bin/cargo" "+1.54.0" "fetch" "--manifest-path" "Cargo.toml", kill_on_drop: false }`
[INFO] running `Command { std: "docker" "create" "-v" "/var/lib/crater-agent-workspace/builds/worker-1/target:/opt/rustwide/target:rw,Z" "-v" "/var/lib/crater-agent-workspace/builds/worker-1/source:/opt/rustwide/workdir:ro,Z" "-v" "/var/lib/crater-agent-workspace/cargo-home:/opt/rustwide/cargo-home:ro,Z" "-v" "/var/lib/crater-agent-workspace/rustup-home:/opt/rustwide/rustup-home:ro,Z" "-e" "SOURCE_DIR=/opt/rustwide/workdir" "-e" "CARGO_TARGET_DIR=/opt/rustwide/target" "-e" "CARGO_HOME=/opt/rustwide/cargo-home" "-e" "RUSTUP_HOME=/opt/rustwide/rustup-home" "-w" "/opt/rustwide/workdir" "-m" "1610612736" "--user" "0:0" "--network" "none" "ghcr.io/rust-lang/crates-build-env/linux@sha256:34b6a614d2c27851fe6cbf88fbd1137609cefab8b10d0615aaeb6fd47975d74e" "/opt/rustwide/cargo-home/bin/cargo" "+1.54.0" "metadata" "--no-deps" "--format-version=1", kill_on_drop: false }`
[INFO] [stdout] a3edbc9e27509a2bb49125322eb4628abe01a5c5d160ffd55178dab0546db53f
[INFO] [stderr] WARNING: Your kernel does not support swap limit capabilities or the cgroup is not mounted. Memory limited without swap.
[INFO] running `Command { std: "docker" "start" "-a" "a3edbc9e27509a2bb49125322eb4628abe01a5c5d160ffd55178dab0546db53f", kill_on_drop: false }`
[INFO] running `Command { std: "docker" "inspect" "a3edbc9e27509a2bb49125322eb4628abe01a5c5d160ffd55178dab0546db53f", kill_on_drop: false }`
[INFO] running `Command { std: "docker" "rm" "-f" "a3edbc9e27509a2bb49125322eb4628abe01a5c5d160ffd55178dab0546db53f", kill_on_drop: false }`
[INFO] [stdout] a3edbc9e27509a2bb49125322eb4628abe01a5c5d160ffd55178dab0546db53f
[INFO] running `Command { std: "docker" "create" "-v" "/var/lib/crater-agent-workspace/builds/worker-1/target:/opt/rustwide/target:rw,Z" "-v" "/var/lib/crater-agent-workspace/builds/worker-1/source:/opt/rustwide/workdir:ro,Z" "-v" "/var/lib/crater-agent-workspace/cargo-home:/opt/rustwide/cargo-home:ro,Z" "-v" "/var/lib/crater-agent-workspace/rustup-home:/opt/rustwide/rustup-home:ro,Z" "-e" "SOURCE_DIR=/opt/rustwide/workdir" "-e" "CARGO_TARGET_DIR=/opt/rustwide/target" "-e" "CARGO_INCREMENTAL=0" "-e" "RUST_BACKTRACE=full" "-e" "RUSTFLAGS=--cap-lints=warn" "-e" "CARGO_HOME=/opt/rustwide/cargo-home" "-e" "RUSTUP_HOME=/opt/rustwide/rustup-home" "-w" "/opt/rustwide/workdir" "-m" "1610612736" "--user" "0:0" "--network" "none" "ghcr.io/rust-lang/crates-build-env/linux@sha256:34b6a614d2c27851fe6cbf88fbd1137609cefab8b10d0615aaeb6fd47975d74e" "/opt/rustwide/cargo-home/bin/cargo" "+1.54.0" "build" "--frozen" "--message-format=json", kill_on_drop: false }`
[INFO] [stdout] 1be7bfd41f7af0c9dd6105a15f87fdeca110ef1ddf8940e03a34f47245ae583d
[INFO] [stderr] WARNING: Your kernel does not support swap limit capabilities or the cgroup is not mounted. Memory limited without swap.
[INFO] running `Command { std: "docker" "start" "-a" "1be7bfd41f7af0c9dd6105a15f87fdeca110ef1ddf8940e03a34f47245ae583d", kill_on_drop: false }`
[INFO] [stderr]    Compiling codegen v0.1.3
[INFO] [stderr]    Compiling yaw v0.1.0 (/opt/rustwide/workdir)
[INFO] [stdout] warning: unused import: `HashMap`
[INFO] [stdout]  --> src/analysis/analyser.rs:4:24
[INFO] [stdout]   |
[INFO] [stdout] 4 | use std::collections::{HashMap, HashSet};
[INFO] [stdout]   |                        ^^^^^^^
[INFO] [stdout]   |
[INFO] [stdout]   = note: `#[warn(unused_imports)]` on by default
[INFO] [stdout] 
[INFO] [stdout] 
[INFO] [stdout] warning: unused variable: `i`
[INFO] [stdout]   --> src/analysis/analyser.rs:63:33
[INFO] [stdout]    |
[INFO] [stdout] 63 |                     if let Some(i) = kernels.iter().position(|k| k == &kernels[i]) {
[INFO] [stdout]    |                                 ^ help: if this is intentional, prefix it with an underscore: `_i`
[INFO] [stdout]    |
[INFO] [stdout]    = note: `#[warn(unused_variables)]` on by default
[INFO] [stdout] 
[INFO] [stdout] 
[INFO] [stdout] warning: unused variable: `analyzer`
[INFO] [stdout]   --> src/analysis/analyser.rs:77:13
[INFO] [stdout]    |
[INFO] [stdout] 77 |         let analyzer = Self::new(grammar);
[INFO] [stdout]    |             ^^^^^^^^ help: if this is intentional, prefix it with an underscore: `_analyzer`
[INFO] [stdout] 
[INFO] [stdout] 
[INFO] [stdout] warning: associated function is never used: `reduce_item`
[INFO] [stdout]    --> src/analysis/analyser.rs:164:8
[INFO] [stdout]     |
[INFO] [stdout] 164 |     fn reduce_item(&self, item: &Item<T, NT>) -> (T, Action<T, NT>) {
[INFO] [stdout]     |        ^^^^^^^^^^^
[INFO] [stdout]     |
[INFO] [stdout]     = note: `#[warn(dead_code)]` on by default
[INFO] [stdout] 
[INFO] [stdout] 
[INFO] [stdout] warning: 4 warnings emitted
[INFO] [stdout] 
[INFO] [stdout] 
[INFO] [stderr]     Finished dev [unoptimized + debuginfo] target(s) in 5.72s
[INFO] running `Command { std: "docker" "inspect" "1be7bfd41f7af0c9dd6105a15f87fdeca110ef1ddf8940e03a34f47245ae583d", kill_on_drop: false }`
[INFO] running `Command { std: "docker" "rm" "-f" "1be7bfd41f7af0c9dd6105a15f87fdeca110ef1ddf8940e03a34f47245ae583d", kill_on_drop: false }`
[INFO] [stdout] 1be7bfd41f7af0c9dd6105a15f87fdeca110ef1ddf8940e03a34f47245ae583d
[INFO] running `Command { std: "docker" "create" "-v" "/var/lib/crater-agent-workspace/builds/worker-1/target:/opt/rustwide/target:rw,Z" "-v" "/var/lib/crater-agent-workspace/builds/worker-1/source:/opt/rustwide/workdir:ro,Z" "-v" "/var/lib/crater-agent-workspace/cargo-home:/opt/rustwide/cargo-home:ro,Z" "-v" "/var/lib/crater-agent-workspace/rustup-home:/opt/rustwide/rustup-home:ro,Z" "-e" "SOURCE_DIR=/opt/rustwide/workdir" "-e" "CARGO_TARGET_DIR=/opt/rustwide/target" "-e" "CARGO_INCREMENTAL=0" "-e" "RUST_BACKTRACE=full" "-e" "RUSTFLAGS=--cap-lints=warn" "-e" "CARGO_HOME=/opt/rustwide/cargo-home" "-e" "RUSTUP_HOME=/opt/rustwide/rustup-home" "-w" "/opt/rustwide/workdir" "-m" "1610612736" "--user" "0:0" "--network" "none" "ghcr.io/rust-lang/crates-build-env/linux@sha256:34b6a614d2c27851fe6cbf88fbd1137609cefab8b10d0615aaeb6fd47975d74e" "/opt/rustwide/cargo-home/bin/cargo" "+1.54.0" "test" "--frozen" "--no-run" "--message-format=json", kill_on_drop: false }`
[INFO] [stdout] 2272b16fc2c4b4e32160aa293c1c0735f915ee0719b1f1561b598a770c1b58c6
[INFO] [stderr] WARNING: Your kernel does not support swap limit capabilities or the cgroup is not mounted. Memory limited without swap.
[INFO] running `Command { std: "docker" "start" "-a" "2272b16fc2c4b4e32160aa293c1c0735f915ee0719b1f1561b598a770c1b58c6", kill_on_drop: false }`
[INFO] [stderr]    Compiling yaw v0.1.0 (/opt/rustwide/workdir)
[INFO] [stdout] warning: unused import: `HashMap`
[INFO] [stdout]  --> src/analysis/analyser.rs:4:24
[INFO] [stdout]   |
[INFO] [stdout] 4 | use std::collections::{HashMap, HashSet};
[INFO] [stdout]   |                        ^^^^^^^
[INFO] [stdout]   |
[INFO] [stdout]   = note: `#[warn(unused_imports)]` on by default
[INFO] [stdout] 
[INFO] [stdout] 
[INFO] [stdout] warning: unused variable: `i`
[INFO] [stdout]   --> src/analysis/analyser.rs:63:33
[INFO] [stdout]    |
[INFO] [stdout] 63 |                     if let Some(i) = kernels.iter().position(|k| k == &kernels[i]) {
[INFO] [stdout]    |                                 ^ help: if this is intentional, prefix it with an underscore: `_i`
[INFO] [stdout]    |
[INFO] [stdout]    = note: `#[warn(unused_variables)]` on by default
[INFO] [stdout] 
[INFO] [stdout] 
[INFO] [stdout] warning: unused variable: `analyzer`
[INFO] [stdout]   --> src/analysis/analyser.rs:77:13
[INFO] [stdout]    |
[INFO] [stdout] 77 |         let analyzer = Self::new(grammar);
[INFO] [stdout]    |             ^^^^^^^^ help: if this is intentional, prefix it with an underscore: `_analyzer`
[INFO] [stdout] 
[INFO] [stdout] 
[INFO] [stdout] warning: associated function is never used: `reduce_item`
[INFO] [stdout]    --> src/analysis/analyser.rs:164:8
[INFO] [stdout]     |
[INFO] [stdout] 164 |     fn reduce_item(&self, item: &Item<T, NT>) -> (T, Action<T, NT>) {
[INFO] [stdout]     |        ^^^^^^^^^^^
[INFO] [stdout]     |
[INFO] [stdout]     = note: `#[warn(dead_code)]` on by default
[INFO] [stdout] 
[INFO] [stdout] 
[INFO] [stdout] warning: 4 warnings emitted
[INFO] [stdout] 
[INFO] [stdout] 
[INFO] [stdout] warning: unused import: `HashMap`
[INFO] [stdout]  --> src/analysis/analyser.rs:4:24
[INFO] [stdout]   |
[INFO] [stdout] 4 | use std::collections::{HashMap, HashSet};
[INFO] [stdout]   |                        ^^^^^^^
[INFO] [stdout]   |
[INFO] [stdout]   = note: `#[warn(unused_imports)]` on by default
[INFO] [stdout] 
[INFO] [stdout] 
[INFO] [stdout] warning: unused variable: `i`
[INFO] [stdout]   --> src/analysis/analyser.rs:63:33
[INFO] [stdout]    |
[INFO] [stdout] 63 |                     if let Some(i) = kernels.iter().position(|k| k == &kernels[i]) {
[INFO] [stdout]    |                                 ^ help: if this is intentional, prefix it with an underscore: `_i`
[INFO] [stdout]    |
[INFO] [stdout]    = note: `#[warn(unused_variables)]` on by default
[INFO] [stdout] 
[INFO] [stdout] 
[INFO] [stdout] warning: unused variable: `analyzer`
[INFO] [stdout]   --> src/analysis/analyser.rs:77:13
[INFO] [stdout]    |
[INFO] [stdout] 77 |         let analyzer = Self::new(grammar);
[INFO] [stdout]    |             ^^^^^^^^ help: if this is intentional, prefix it with an underscore: `_analyzer`
[INFO] [stdout] 
[INFO] [stdout] 
[INFO] [stdout] warning: associated function is never used: `reduce_item`
[INFO] [stdout]    --> src/analysis/analyser.rs:164:8
[INFO] [stdout]     |
[INFO] [stdout] 164 |     fn reduce_item(&self, item: &Item<T, NT>) -> (T, Action<T, NT>) {
[INFO] [stdout]     |        ^^^^^^^^^^^
[INFO] [stdout]     |
[INFO] [stdout]     = note: `#[warn(dead_code)]` on by default
[INFO] [stdout] 
[INFO] [stdout] 
[INFO] [stdout] warning: 4 warnings emitted
[INFO] [stdout] 
[INFO] [stdout] 
[INFO] [stderr]     Finished test [unoptimized + debuginfo] target(s) in 1.67s
[INFO] running `Command { std: "docker" "inspect" "2272b16fc2c4b4e32160aa293c1c0735f915ee0719b1f1561b598a770c1b58c6", kill_on_drop: false }`
[INFO] running `Command { std: "docker" "rm" "-f" "2272b16fc2c4b4e32160aa293c1c0735f915ee0719b1f1561b598a770c1b58c6", kill_on_drop: false }`
[INFO] [stdout] 2272b16fc2c4b4e32160aa293c1c0735f915ee0719b1f1561b598a770c1b58c6
[INFO] running `Command { std: "docker" "create" "-v" "/var/lib/crater-agent-workspace/builds/worker-1/target:/opt/rustwide/target:rw,Z" "-v" "/var/lib/crater-agent-workspace/builds/worker-1/source:/opt/rustwide/workdir:ro,Z" "-v" "/var/lib/crater-agent-workspace/cargo-home:/opt/rustwide/cargo-home:ro,Z" "-v" "/var/lib/crater-agent-workspace/rustup-home:/opt/rustwide/rustup-home:ro,Z" "-e" "SOURCE_DIR=/opt/rustwide/workdir" "-e" "CARGO_TARGET_DIR=/opt/rustwide/target" "-e" "CARGO_INCREMENTAL=0" "-e" "RUST_BACKTRACE=full" "-e" "RUSTFLAGS=--cap-lints=warn" "-e" "CARGO_HOME=/opt/rustwide/cargo-home" "-e" "RUSTUP_HOME=/opt/rustwide/rustup-home" "-w" "/opt/rustwide/workdir" "-m" "1610612736" "--user" "0:0" "--network" "none" "ghcr.io/rust-lang/crates-build-env/linux@sha256:34b6a614d2c27851fe6cbf88fbd1137609cefab8b10d0615aaeb6fd47975d74e" "/opt/rustwide/cargo-home/bin/cargo" "+1.54.0" "test" "--frozen", kill_on_drop: false }`
[INFO] [stdout] 177593b325f6b6aef390de96290983018e140d1869d888dd53dfce199c330597
[INFO] [stderr] WARNING: Your kernel does not support swap limit capabilities or the cgroup is not mounted. Memory limited without swap.
[INFO] running `Command { std: "docker" "start" "-a" "177593b325f6b6aef390de96290983018e140d1869d888dd53dfce199c330597", kill_on_drop: false }`
[INFO] [stderr]     Blocking waiting for file lock on package cache
[INFO] [stderr] warning: unused import: `HashMap`
[INFO] [stderr]  --> src/analysis/analyser.rs:4:24
[INFO] [stderr]   |
[INFO] [stderr] 4 | use std::collections::{HashMap, HashSet};
[INFO] [stderr]   |                        ^^^^^^^
[INFO] [stderr]   |
[INFO] [stderr]   = note: `#[warn(unused_imports)]` on by default
[INFO] [stderr] 
[INFO] [stderr] warning: unused variable: `i`
[INFO] [stderr]   --> src/analysis/analyser.rs:63:33
[INFO] [stderr]    |
[INFO] [stderr] 63 |                     if let Some(i) = kernels.iter().position(|k| k == &kernels[i]) {
[INFO] [stderr]    |                                 ^ help: if this is intentional, prefix it with an underscore: `_i`
[INFO] [stderr]    |
[INFO] [stderr]    = note: `#[warn(unused_variables)]` on by default
[INFO] [stderr] 
[INFO] [stderr] warning: unused variable: `analyzer`
[INFO] [stderr]   --> src/analysis/analyser.rs:77:13
[INFO] [stderr]    |
[INFO] [stderr] 77 |         let analyzer = Self::new(grammar);
[INFO] [stderr]    |             ^^^^^^^^ help: if this is intentional, prefix it with an underscore: `_analyzer`
[INFO] [stderr] 
[INFO] [stderr] warning: associated function is never used: `reduce_item`
[INFO] [stderr]    --> src/analysis/analyser.rs:164:8
[INFO] [stderr]     |
[INFO] [stderr] 164 |     fn reduce_item(&self, item: &Item<T, NT>) -> (T, Action<T, NT>) {
[INFO] [stderr]     |        ^^^^^^^^^^^
[INFO] [stderr]     |
[INFO] [stderr]     = note: `#[warn(dead_code)]` on by default
[INFO] [stderr] 
[INFO] [stderr] warning: 4 warnings emitted
[INFO] [stderr] 
[INFO] [stderr] warning: unused import: `HashMap`
[INFO] [stderr]  --> src/analysis/analyser.rs:4:24
[INFO] [stderr]   |
[INFO] [stderr] 4 | use std::collections::{HashMap, HashSet};
[INFO] [stderr]   |                        ^^^^^^^
[INFO] [stderr]   |
[INFO] [stderr]   = note: `#[warn(unused_imports)]` on by default
[INFO] [stderr] 
[INFO] [stderr] warning: unused variable: `i`
[INFO] [stderr]   --> src/analysis/analyser.rs:63:33
[INFO] [stderr]    |
[INFO] [stderr] 63 |                     if let Some(i) = kernels.iter().position(|k| k == &kernels[i]) {
[INFO] [stderr]    |                                 ^ help: if this is intentional, prefix it with an underscore: `_i`
[INFO] [stderr]    |
[INFO] [stderr]    = note: `#[warn(unused_variables)]` on by default
[INFO] [stderr] 
[INFO] [stderr] warning: unused variable: `analyzer`
[INFO] [stderr]   --> src/analysis/analyser.rs:77:13
[INFO] [stderr]    |
[INFO] [stderr] 77 |         let analyzer = Self::new(grammar);
[INFO] [stderr]    |             ^^^^^^^^ help: if this is intentional, prefix it with an underscore: `_analyzer`
[INFO] [stderr] 
[INFO] [stderr] warning: associated function is never used: `reduce_item`
[INFO] [stderr]    --> src/analysis/analyser.rs:164:8
[INFO] [stderr]     |
[INFO] [stderr] 164 |     fn reduce_item(&self, item: &Item<T, NT>) -> (T, Action<T, NT>) {
[INFO] [stderr]     |        ^^^^^^^^^^^
[INFO] [stderr]     |
[INFO] [stderr]     = note: `#[warn(dead_code)]` on by default
[INFO] [stderr] 
[INFO] [stderr] warning: 4 warnings emitted
[INFO] [stderr] 
[INFO] [stderr]     Finished test [unoptimized + debuginfo] target(s) in 0.80s
[INFO] [stderr]      Running unittests (/opt/rustwide/target/debug/deps/yaw-3b84f8fba23696c7)
[INFO] [stdout] 
[INFO] [stdout] running 1 test
[INFO] [stdout] test test::name ... FAILED
[INFO] [stdout] 
[INFO] [stdout] failures:
[INFO] [stdout] 
[INFO] [stdout] ---- test::name stdout ----
[INFO] [stdout] thread 'test::name' panicked at 'not implemented', src/lib.rs:9:9
[INFO] [stdout] stack backtrace:
[INFO] [stdout]    0:     0x55ea64c87090 - std::backtrace_rs::backtrace::libunwind::trace::h34055254b57d8e79
[INFO] [stdout]                                at /rustc/a178d0322ce20e33eac124758e837cbd80a6f633/library/std/src/../../backtrace/src/backtrace/libunwind.rs:90:5
[INFO] [stdout]    1:     0x55ea64c87090 - std::backtrace_rs::backtrace::trace_unsynchronized::h8f1e3fbd9afff6ec
[INFO] [stdout]                                at /rustc/a178d0322ce20e33eac124758e837cbd80a6f633/library/std/src/../../backtrace/src/backtrace/mod.rs:66:5
[INFO] [stdout]    2:     0x55ea64c87090 - std::sys_common::backtrace::_print_fmt::h3a99a796b770c360
[INFO] [stdout]                                at /rustc/a178d0322ce20e33eac124758e837cbd80a6f633/library/std/src/sys_common/backtrace.rs:67:5
[INFO] [stdout]    3:     0x55ea64c87090 - <std::sys_common::backtrace::_print::DisplayBacktrace as core::fmt::Display>::fmt::h32d1f94a80615d18
[INFO] [stdout]                                at /rustc/a178d0322ce20e33eac124758e837cbd80a6f633/library/std/src/sys_common/backtrace.rs:46:22
[INFO] [stdout]    4:     0x55ea64ca988c - core::fmt::write::h306731c068f7162c
[INFO] [stdout]                                at /rustc/a178d0322ce20e33eac124758e837cbd80a6f633/library/core/src/fmt/mod.rs:1110:17
[INFO] [stdout]    5:     0x55ea64c83fb5 - std::io::Write::write_fmt::h87f19b0a2cd190bc
[INFO] [stdout]                                at /rustc/a178d0322ce20e33eac124758e837cbd80a6f633/library/std/src/io/mod.rs:1588:15
[INFO] [stdout]    6:     0x55ea64c891fb - std::sys_common::backtrace::_print::h5abaa2601a852287
[INFO] [stdout]                                at /rustc/a178d0322ce20e33eac124758e837cbd80a6f633/library/std/src/sys_common/backtrace.rs:49:5
[INFO] [stdout]    7:     0x55ea64c891fb - std::sys_common::backtrace::print::h8d81445442bb638f
[INFO] [stdout]                                at /rustc/a178d0322ce20e33eac124758e837cbd80a6f633/library/std/src/sys_common/backtrace.rs:36:9
[INFO] [stdout]    8:     0x55ea64c891fb - std::panicking::default_hook::{{closure}}::hcfe804496a9fa747
[INFO] [stdout]                                at /rustc/a178d0322ce20e33eac124758e837cbd80a6f633/library/std/src/panicking.rs:208:50
[INFO] [stdout]    9:     0x55ea64c88d0c - std::panicking::default_hook::hbea8e3ccf2ba8901
[INFO] [stdout]                                at /rustc/a178d0322ce20e33eac124758e837cbd80a6f633/library/std/src/panicking.rs:222:9
[INFO] [stdout]   10:     0x55ea64c898c4 - std::panicking::rust_panic_with_hook::h7ee9e1a2d0f8975a
[INFO] [stdout]                                at /rustc/a178d0322ce20e33eac124758e837cbd80a6f633/library/std/src/panicking.rs:622:17
[INFO] [stdout]   11:     0x55ea64c89377 - std::panicking::begin_panic_handler::{{closure}}::h8ab3b4491718b2c7
[INFO] [stdout]                                at /rustc/a178d0322ce20e33eac124758e837cbd80a6f633/library/std/src/panicking.rs:517:13
[INFO] [stdout]   12:     0x55ea64c8758c - std::sys_common::backtrace::__rust_end_short_backtrace::hd489062ffa586a9f
[INFO] [stdout]                                at /rustc/a178d0322ce20e33eac124758e837cbd80a6f633/library/std/src/sys_common/backtrace.rs:141:18
[INFO] [stdout]   13:     0x55ea64c89309 - rust_begin_unwind
[INFO] [stdout]                                at /rustc/a178d0322ce20e33eac124758e837cbd80a6f633/library/std/src/panicking.rs:515:5
[INFO] [stdout]   14:     0x55ea64c35641 - core::panicking::panic_fmt::hca6330e3e14086b4
[INFO] [stdout]                                at /rustc/a178d0322ce20e33eac124758e837cbd80a6f633/library/core/src/panicking.rs:92:14
[INFO] [stdout]   15:     0x55ea64c3558d - core::panicking::panic::h1a48d878ff3dcd40
[INFO] [stdout]                                at /rustc/a178d0322ce20e33eac124758e837cbd80a6f633/library/core/src/panicking.rs:50:5
[INFO] [stdout]   16:     0x55ea64c3610d - yaw::test::name::hd4b6ddaa209a59f4
[INFO] [stdout]                                at /opt/rustwide/workdir/src/lib.rs:9:9
[INFO] [stdout]   17:     0x55ea64c360da - yaw::test::name::{{closure}}::h5cb5190bd2959437
[INFO] [stdout]                                at /opt/rustwide/workdir/src/lib.rs:8:5
[INFO] [stdout]   18:     0x55ea64c3618e - core::ops::function::FnOnce::call_once::hd549ce886ba7f3a2
[INFO] [stdout]                                at /rustc/a178d0322ce20e33eac124758e837cbd80a6f633/library/core/src/ops/function.rs:227:5
[INFO] [stdout]   19:     0x55ea64c5e583 - core::ops::function::FnOnce::call_once::h152e7e439ff59e19
[INFO] [stdout]                                at /rustc/a178d0322ce20e33eac124758e837cbd80a6f633/library/core/src/ops/function.rs:227:5
[INFO] [stdout]   20:     0x55ea64c5e583 - test::__rust_begin_short_backtrace::h0908f3b1fdbb72ab
[INFO] [stdout]                                at /rustc/a178d0322ce20e33eac124758e837cbd80a6f633/library/test/src/lib.rs:577:5
[INFO] [stdout]   21:     0x55ea64c5d040 - <alloc::boxed::Box<F,A> as core::ops::function::FnOnce<Args>>::call_once::hf6d2a51e5587546c
[INFO] [stdout]                                at /rustc/a178d0322ce20e33eac124758e837cbd80a6f633/library/alloc/src/boxed.rs:1575:9
[INFO] [stdout]   22:     0x55ea64c5d040 - <std::panic::AssertUnwindSafe<F> as core::ops::function::FnOnce<()>>::call_once::h8af660f3a89ef593
[INFO] [stdout]                                at /rustc/a178d0322ce20e33eac124758e837cbd80a6f633/library/std/src/panic.rs:347:9
[INFO] [stdout]   23:     0x55ea64c5d040 - std::panicking::try::do_call::hd36aef60f84b6d36
[INFO] [stdout]                                at /rustc/a178d0322ce20e33eac124758e837cbd80a6f633/library/std/src/panicking.rs:401:40
[INFO] [stdout]   24:     0x55ea64c5d040 - std::panicking::try::h9932b4480e69817c
[INFO] [stdout]                                at /rustc/a178d0322ce20e33eac124758e837cbd80a6f633/library/std/src/panicking.rs:365:19
[INFO] [stdout]   25:     0x55ea64c5d040 - std::panic::catch_unwind::h6aa177099cfff5f8
[INFO] [stdout]                                at /rustc/a178d0322ce20e33eac124758e837cbd80a6f633/library/std/src/panic.rs:434:14
[INFO] [stdout]   26:     0x55ea64c5d040 - test::run_test_in_process::h5884d6f2d99e20c3
[INFO] [stdout]                                at /rustc/a178d0322ce20e33eac124758e837cbd80a6f633/library/test/src/lib.rs:600:18
[INFO] [stdout]   27:     0x55ea64c5d040 - test::run_test::run_test_inner::{{closure}}::h6fdc58c6d5f5b6e3
[INFO] [stdout]                                at /rustc/a178d0322ce20e33eac124758e837cbd80a6f633/library/test/src/lib.rs:492:39
[INFO] [stdout]   28:     0x55ea64c366f2 - test::run_test::run_test_inner::{{closure}}::h408365d67a78ade8
[INFO] [stdout]                                at /rustc/a178d0322ce20e33eac124758e837cbd80a6f633/library/test/src/lib.rs:519:37
[INFO] [stdout]   29:     0x55ea64c366f2 - std::sys_common::backtrace::__rust_begin_short_backtrace::hb560b77c4f701523
[INFO] [stdout]                                at /rustc/a178d0322ce20e33eac124758e837cbd80a6f633/library/std/src/sys_common/backtrace.rs:125:18
[INFO] [stdout]   30:     0x55ea64c3a2a8 - std::thread::Builder::spawn_unchecked::{{closure}}::{{closure}}::hf2e7831dad93c597
[INFO] [stdout]                                at /rustc/a178d0322ce20e33eac124758e837cbd80a6f633/library/std/src/thread/mod.rs:481:17
[INFO] [stdout]   31:     0x55ea64c3a2a8 - <std::panic::AssertUnwindSafe<F> as core::ops::function::FnOnce<()>>::call_once::hd2e08783d8be4d02
[INFO] [stdout]                                at /rustc/a178d0322ce20e33eac124758e837cbd80a6f633/library/std/src/panic.rs:347:9
[INFO] [stdout]   32:     0x55ea64c3a2a8 - std::panicking::try::do_call::h062597b7acfd6b82
[INFO] [stdout]                                at /rustc/a178d0322ce20e33eac124758e837cbd80a6f633/library/std/src/panicking.rs:401:40
[INFO] [stdout]   33:     0x55ea64c3a2a8 - std::panicking::try::h0d7b79db04c14552
[INFO] [stdout]                                at /rustc/a178d0322ce20e33eac124758e837cbd80a6f633/library/std/src/panicking.rs:365:19
[INFO] [stdout]   34:     0x55ea64c3a2a8 - std::panic::catch_unwind::hb01a0b5e7c8cd43b
[INFO] [stdout]                                at /rustc/a178d0322ce20e33eac124758e837cbd80a6f633/library/std/src/panic.rs:434:14
[INFO] [stdout]   35:     0x55ea64c3a2a8 - std::thread::Builder::spawn_unchecked::{{closure}}::h5bde48cc887e0d1e
[INFO] [stdout]                                at /rustc/a178d0322ce20e33eac124758e837cbd80a6f633/library/std/src/thread/mod.rs:480:30
[INFO] [stdout]   36:     0x55ea64c3a2a8 - core::ops::function::FnOnce::call_once{{vtable.shim}}::h745ea30807a29e55
[INFO] [stdout]                                at /rustc/a178d0322ce20e33eac124758e837cbd80a6f633/library/core/src/ops/function.rs:227:5
[INFO] [stdout]   37:     0x55ea64c8e387 - <alloc::boxed::Box<F,A> as core::ops::function::FnOnce<Args>>::call_once::h7ece6cfefaff1005
[INFO] [stdout]                                at /rustc/a178d0322ce20e33eac124758e837cbd80a6f633/library/alloc/src/boxed.rs:1575:9
[INFO] [stdout]   38:     0x55ea64c8e387 - <alloc::boxed::Box<F,A> as core::ops::function::FnOnce<Args>>::call_once::hb8b48e55c21f193e
[INFO] [stdout]                                at /rustc/a178d0322ce20e33eac124758e837cbd80a6f633/library/alloc/src/boxed.rs:1575:9
[INFO] [stdout]   39:     0x55ea64c8e387 - std::sys::unix::thread::Thread::new::thread_start::h8c7c4450dba62914
[INFO] [stdout]                                at /rustc/a178d0322ce20e33eac124758e837cbd80a6f633/library/std/src/sys/unix/thread.rs:71:17
[INFO] [stdout]   40:     0x7f0b66897609 - start_thread
[INFO] [stdout]   41:     0x7f0b66669293 - clone
[INFO] [stdout]   42:                0x0 - <unknown>
[INFO] [stdout] 
[INFO] [stdout] 
[INFO] [stdout] failures:
[INFO] [stdout]     test::name
[INFO] [stdout] 
[INFO] [stdout] test result: FAILED. 0 passed; 1 failed; 0 ignored; 0 measured; 0 filtered out; finished in 0.02s
[INFO] [stdout] 
[INFO] [stderr] error: test failed, to rerun pass '--lib'
[INFO] running `Command { std: "docker" "inspect" "177593b325f6b6aef390de96290983018e140d1869d888dd53dfce199c330597", kill_on_drop: false }`
[INFO] running `Command { std: "docker" "rm" "-f" "177593b325f6b6aef390de96290983018e140d1869d888dd53dfce199c330597", kill_on_drop: false }`
[INFO] [stdout] 177593b325f6b6aef390de96290983018e140d1869d888dd53dfce199c330597
