[INFO] cloning repository https://github.com/redbackup/prototype
[INFO] running `Command { std: "git" "-c" "credential.helper=" "-c" "credential.helper=/workspace/cargo-home/bin/git-credential-null" "clone" "--bare" "https://github.com/redbackup/prototype" "/workspace/cache/git-repos/https%3A%2F%2Fgithub.com%2Fredbackup%2Fprototype", kill_on_drop: false }`
[INFO] [stderr] Cloning into bare repository '/workspace/cache/git-repos/https%3A%2F%2Fgithub.com%2Fredbackup%2Fprototype'...
[INFO] running `Command { std: "git" "rev-parse" "HEAD", kill_on_drop: false }`
[INFO] [stdout] d3ef1bcfc27c114f922ca15f051fbd9b5e52de08
[INFO] testing redbackup/prototype against beta-2021-08-01 for beta-1.55-1
[INFO] running `Command { std: "git" "clone" "/workspace/cache/git-repos/https%3A%2F%2Fgithub.com%2Fredbackup%2Fprototype" "/workspace/builds/worker-68/source", kill_on_drop: false }`
[INFO] [stderr] Cloning into '/workspace/builds/worker-68/source'...
[INFO] [stderr] done.
[INFO] validating manifest of git repo https://github.com/redbackup/prototype on toolchain beta-2021-08-01
[INFO] running `Command { std: "/workspace/cargo-home/bin/cargo" "+beta-2021-08-01" "metadata" "--manifest-path" "Cargo.toml" "--no-deps", kill_on_drop: false }`
[INFO] started tweaking git repo https://github.com/redbackup/prototype
[INFO] finished tweaking git repo https://github.com/redbackup/prototype
[INFO] tweaked toml for git repo https://github.com/redbackup/prototype written to /workspace/builds/worker-68/source/Cargo.toml
[INFO] crate git repo https://github.com/redbackup/prototype already has a lockfile, it will not be regenerated
[INFO] running `Command { std: "/workspace/cargo-home/bin/cargo" "+beta-2021-08-01" "fetch" "--manifest-path" "Cargo.toml", kill_on_drop: false }`
[INFO] [stderr]     Blocking waiting for file lock on package cache
[INFO] [stderr]     Blocking waiting for file lock on package cache
[INFO] [stderr]  Downloading crates ...
[INFO] [stderr]   Downloaded derive-error-chain v0.10.1
[INFO] [stderr]   Downloaded socket2 v0.2.4
[INFO] [stderr]   Downloaded env_logger v0.4.3
[INFO] [stderr]   Downloaded textwrap v0.9.0
[INFO] [stderr]   Downloaded unicode-width v0.1.4
[INFO] [stderr]   Downloaded serde_bytes v0.10.2
[INFO] [stderr]   Downloaded diesel v0.16.0
[INFO] [stderr]   Downloaded atty v0.2.3
[INFO] [stderr]   Downloaded r2d2 v0.7.4
[INFO] [stderr]   Downloaded ansi_term v0.9.0
[INFO] [stderr]   Downloaded iovec v0.1.1
[INFO] [stderr]   Downloaded bytes v0.4.5
[INFO] [stderr]   Downloaded rmp-serde v0.13.7
[INFO] [stderr]   Downloaded serde v1.0.21
[INFO] [stderr]   Downloaded vec_map v0.8.0
[INFO] [stderr]   Downloaded futures-cpupool v0.1.7
[INFO] [stderr]   Downloaded arrayref v0.3.4
[INFO] [stderr]   Downloaded itoa v0.3.4
[INFO] [stderr]   Downloaded scoped-tls v0.1.0
[INFO] [stderr]   Downloaded rand v0.3.18
[INFO] [stderr]   Downloaded tokio-io v0.1.4
[INFO] [stderr]   Downloaded chrono v0.4.0
[INFO] [stderr]   Downloaded scheduled-thread-pool v0.1.0
[INFO] [stderr]   Downloaded rmp v0.8.7
[INFO] [stderr]   Downloaded num v0.1.40
[INFO] [stderr]   Downloaded quick-error v1.2.1
[INFO] [stderr]   Downloaded serde_derive v1.0.21
[INFO] [stderr]   Downloaded smallvec v0.2.1
[INFO] [stderr]   Downloaded typenum v1.9.0
[INFO] [stderr]   Downloaded clap v2.27.1
[INFO] [stderr]   Downloaded lazycell v0.5.1
[INFO] [stderr]   Downloaded net2 v0.2.31
[INFO] [stderr]   Downloaded slab v0.4.0
[INFO] [stderr]   Downloaded tokio-proto v0.1.1
[INFO] [stderr]   Downloaded diesel_infer_schema v0.16.0
[INFO] [stderr]   Downloaded dns-lookup v0.8.1
[INFO] [stderr]   Downloaded pkg-config v0.3.9
[INFO] [stderr]   Downloaded dtoa v0.4.2
[INFO] [stderr]   Downloaded futures v0.1.17
[INFO] [stderr]   Downloaded dotenv v0.10.1
[INFO] [stderr]   Downloaded tokio-service v0.1.0
[INFO] [stderr]   Downloaded vcpkg v0.2.2
[INFO] [stderr]   Downloaded take v0.1.0
[INFO] [stderr]   Downloaded cfg-if v0.1.2
[INFO] [stderr]   Downloaded sha2 v0.7.0
[INFO] [stderr]   Downloaded digest v0.7.2
[INFO] [stderr]   Downloaded diesel_codegen v0.16.0
[INFO] [stderr]   Downloaded r2d2-diesel v0.16.0
[INFO] [stderr]   Downloaded serde_derive_internals v0.17.0
[INFO] [stderr]   Downloaded serde_json v1.0.6
[INFO] [stderr]   Downloaded libc v0.2.33
[INFO] [stderr]   Downloaded mio v0.6.11
[INFO] [stderr]   Downloaded tokio-core v0.1.10
[INFO] [stderr]   Downloaded libsqlite3-sys v0.8.1
[INFO] running `Command { std: "docker" "create" "-v" "/var/lib/crater-agent-workspace/builds/worker-68/target:/opt/rustwide/target:rw,Z" "-v" "/var/lib/crater-agent-workspace/builds/worker-68/source:/opt/rustwide/workdir:ro,Z" "-v" "/var/lib/crater-agent-workspace/cargo-home:/opt/rustwide/cargo-home:ro,Z" "-v" "/var/lib/crater-agent-workspace/rustup-home:/opt/rustwide/rustup-home:ro,Z" "-e" "SOURCE_DIR=/opt/rustwide/workdir" "-e" "CARGO_TARGET_DIR=/opt/rustwide/target" "-e" "CARGO_HOME=/opt/rustwide/cargo-home" "-e" "RUSTUP_HOME=/opt/rustwide/rustup-home" "-w" "/opt/rustwide/workdir" "-m" "1610612736" "--user" "0:0" "--network" "none" "ghcr.io/rust-lang/crates-build-env/linux@sha256:34b6a614d2c27851fe6cbf88fbd1137609cefab8b10d0615aaeb6fd47975d74e" "/opt/rustwide/cargo-home/bin/cargo" "+beta-2021-08-01" "metadata" "--no-deps" "--format-version=1", kill_on_drop: false }`
[INFO] [stdout] b31411e0e7c0f14a9d568030129306455ccbe185da257a0838556195fd23988d
[INFO] running `Command { std: "docker" "start" "-a" "b31411e0e7c0f14a9d568030129306455ccbe185da257a0838556195fd23988d", kill_on_drop: false }`
[INFO] running `Command { std: "docker" "inspect" "b31411e0e7c0f14a9d568030129306455ccbe185da257a0838556195fd23988d", kill_on_drop: false }`
[INFO] running `Command { std: "docker" "rm" "-f" "b31411e0e7c0f14a9d568030129306455ccbe185da257a0838556195fd23988d", kill_on_drop: false }`
[INFO] [stdout] b31411e0e7c0f14a9d568030129306455ccbe185da257a0838556195fd23988d
[INFO] running `Command { std: "docker" "create" "-v" "/var/lib/crater-agent-workspace/builds/worker-68/target:/opt/rustwide/target:rw,Z" "-v" "/var/lib/crater-agent-workspace/builds/worker-68/source:/opt/rustwide/workdir:ro,Z" "-v" "/var/lib/crater-agent-workspace/cargo-home:/opt/rustwide/cargo-home:ro,Z" "-v" "/var/lib/crater-agent-workspace/rustup-home:/opt/rustwide/rustup-home:ro,Z" "-e" "SOURCE_DIR=/opt/rustwide/workdir" "-e" "CARGO_TARGET_DIR=/opt/rustwide/target" "-e" "CARGO_INCREMENTAL=0" "-e" "RUST_BACKTRACE=full" "-e" "RUSTFLAGS=--cap-lints=warn" "-e" "CARGO_HOME=/opt/rustwide/cargo-home" "-e" "RUSTUP_HOME=/opt/rustwide/rustup-home" "-w" "/opt/rustwide/workdir" "-m" "1610612736" "--user" "0:0" "--network" "none" "ghcr.io/rust-lang/crates-build-env/linux@sha256:34b6a614d2c27851fe6cbf88fbd1137609cefab8b10d0615aaeb6fd47975d74e" "/opt/rustwide/cargo-home/bin/cargo" "+beta-2021-08-01" "build" "--frozen" "--message-format=json", kill_on_drop: false }`
[INFO] [stdout] 0e8466407aa77971d4c35a009ba3c39bdef5bb8ad27faf769d9d205d27216dd0
[INFO] running `Command { std: "docker" "start" "-a" "0e8466407aa77971d4c35a009ba3c39bdef5bb8ad27faf769d9d205d27216dd0", kill_on_drop: false }`
[INFO] [stderr]    Compiling libc v0.2.33
[INFO] [stderr]    Compiling byteorder v1.1.0
[INFO] [stderr]    Compiling serde v1.0.21
[INFO] [stderr]    Compiling cfg-if v0.1.2
[INFO] [stderr]    Compiling futures v0.1.17
[INFO] [stderr]    Compiling typenum v1.9.0
[INFO] [stderr]    Compiling lazy_static v0.2.11
[INFO] [stderr]    Compiling slab v0.3.0
[INFO] [stderr]    Compiling lazycell v0.5.1
[INFO] [stderr]    Compiling antidote v1.0.0
[INFO] [stderr]    Compiling byte-tools v0.2.0
[INFO] [stderr]    Compiling arrayref v0.3.4
[INFO] [stderr]    Compiling slab v0.4.0
[INFO] [stderr]    Compiling scoped-tls v0.1.0
[INFO] [stderr]    Compiling smallvec v0.2.1
[INFO] [stderr]    Compiling take v0.1.0
[INFO] [stderr]    Compiling quick-error v1.2.1
[INFO] [stderr]    Compiling itoa v0.3.4
[INFO] [stderr]    Compiling strsim v0.6.0
[INFO] [stderr]    Compiling vec_map v0.8.0
[INFO] [stderr]    Compiling bitflags v0.9.1
[INFO] [stderr]    Compiling ansi_term v0.9.0
[INFO] [stderr]    Compiling glob v0.2.11
[INFO] [stderr]    Compiling num-integer v0.1.35
[INFO] [stderr]    Compiling libsqlite3-sys v0.8.1
[INFO] [stderr]    Compiling textwrap v0.9.0
[INFO] [stderr]    Compiling syn v0.11.11
[INFO] [stderr]    Compiling rmp v0.8.7
[INFO] [stderr]    Compiling scheduled-thread-pool v0.1.0
[INFO] [stderr]    Compiling num-iter v0.1.34
[INFO] [stderr]    Compiling thread_local v0.3.4
[INFO] [stderr]    Compiling block-buffer v0.3.3
[INFO] [stderr]    Compiling time v0.1.38
[INFO] [stderr]    Compiling iovec v0.1.1
[INFO] [stderr]    Compiling memchr v1.0.2
[INFO] [stderr]    Compiling net2 v0.2.31
[INFO] [stderr]    Compiling rand v0.3.18
[INFO] [stderr]    Compiling socket2 v0.2.4
[INFO] [stderr]    Compiling num_cpus v1.7.0
[INFO] [stderr]    Compiling atty v0.2.3
[INFO] [stderr]    Compiling r2d2 v0.7.4
[INFO] [stderr]    Compiling num v0.1.40
[INFO] [stderr]    Compiling bytes v0.4.5
[INFO] [stderr]    Compiling clap v2.27.1
[INFO] [stderr]    Compiling aho-corasick v0.6.3
[INFO] [stderr]    Compiling mio v0.6.11
[INFO] [stderr]    Compiling tokio-service v0.1.0
[INFO] [stderr]    Compiling tokio-timer v0.1.2
[INFO] [stderr]    Compiling futures-cpupool v0.1.7
[INFO] [stderr]    Compiling dns-lookup v0.8.1
[INFO] [stderr]    Compiling tokio-io v0.1.4
[INFO] [stderr]    Compiling uuid v0.5.1
[INFO] [stderr]    Compiling serde_derive_internals v0.17.0
[INFO] [stderr]    Compiling regex v0.2.2
[INFO] [stderr]    Compiling chrono v0.4.0
[INFO] [stderr]    Compiling rmp-serde v0.13.7
[INFO] [stderr]    Compiling serde_bytes v0.10.2
[INFO] [stderr]    Compiling serde_json v1.0.6
[INFO] [stderr]    Compiling generic-array v0.9.0
[INFO] [stderr]    Compiling tokio-core v0.1.10
[INFO] [stderr]    Compiling derive-error-chain v0.10.1
[INFO] [stderr]    Compiling digest v0.7.2
[INFO] [stderr]    Compiling sha2 v0.7.0
[INFO] [stderr]    Compiling diesel v0.16.0
[INFO] [stderr]    Compiling serde_derive v1.0.21
[INFO] [stderr]    Compiling tokio-proto v0.1.1
[INFO] [stderr]    Compiling env_logger v0.4.3
[INFO] [stderr]    Compiling redbackup-storage v0.1.0 (/opt/rustwide/workdir/storage)
[INFO] [stdout] warning: use of deprecated associated function `std::error::Error::description`: use the Display impl or to_string()
[INFO] [stdout]   --> storage/src/lib.rs:14:1
[INFO] [stdout]    |
[INFO] [stdout] 14 | / quick_error! {
[INFO] [stdout] 15 | |     #[derive(Debug)]
[INFO] [stdout] 16 | |     pub enum StorageError {
[INFO] [stdout] 17 | |         IoError(err: std::io::Error) {
[INFO] [stdout] ...  |
[INFO] [stdout] 37 | |     }
[INFO] [stdout] 38 | | }
[INFO] [stdout]    | |_^
[INFO] [stdout]    |
[INFO] [stdout]    = note: `#[warn(deprecated)]` on by default
[INFO] [stdout]    = note: this warning originates in the macro `quick_error` (in Nightly builds, run with -Z macro-backtrace for more info)
[INFO] [stdout] 
[INFO] [stdout] 
[INFO] [stdout] warning: 1 warning emitted
[INFO] [stdout] 
[INFO] [stdout] 
[INFO] [stderr]    Compiling dotenv v0.10.1
[INFO] [stderr]    Compiling redbackup-protocol v0.1.0 (/opt/rustwide/workdir/protocol)
[INFO] [stdout] warning: use of deprecated associated function `std::error::Error::description`: use the Display impl or to_string()
[INFO] [stdout]   --> protocol/src/lib.rs:84:23
[INFO] [stdout]    |
[INFO] [stdout] 84 |                     e.description(),
[INFO] [stdout]    |                       ^^^^^^^^^^^
[INFO] [stdout]    |
[INFO] [stdout]    = note: `#[warn(deprecated)]` on by default
[INFO] [stdout] 
[INFO] [stdout] 
[INFO] [stdout] warning: use of deprecated associated function `std::error::Error::cause`: replaced by Error::source, which can support downcasting
[INFO] [stdout]   --> protocol/src/lib.rs:85:23
[INFO] [stdout]    |
[INFO] [stdout] 85 |                     e.cause()
[INFO] [stdout]    |                       ^^^^^
[INFO] [stdout] 
[INFO] [stdout] 
[INFO] [stderr]    Compiling diesel_infer_schema v0.16.0
[INFO] [stderr]    Compiling r2d2-diesel v0.16.0
[INFO] [stderr]    Compiling redbackup-node v0.1.0 (/opt/rustwide/workdir/node)
[INFO] [stderr]    Compiling redbackup-client v0.1.0 (/opt/rustwide/workdir/client)
[INFO] [stdout] warning: 2 warnings emitted
[INFO] [stdout] 
[INFO] [stdout] 
[INFO] [stderr]    Compiling diesel_codegen v0.16.0
[INFO] [stdout] warning: unused doc comment
[INFO] [stdout]  --> node/src/chunk_table/schema.rs:1:1
[INFO] [stdout]   |
[INFO] [stdout] 1 | /// Infer the database schema to rust types. Please see the `diesel` crate for more information.
[INFO] [stdout]   | ^^^^^^^^^^^^^^^^^^^^^^^^^^^^^^^^^^^^^^^^^^^^^^^^^^^^^^^^^^^^^^^^^^^^^^^^^^^^^^^^^^^^^^^^^^^^^^^^ rustdoc does not generate documentation for macro invocations
[INFO] [stdout]   |
[INFO] [stdout]   = note: `#[warn(unused_doc_comments)]` on by default
[INFO] [stdout]   = help: to document an item produced by a macro, the macro must produce the documentation as part of its expansion
[INFO] [stdout] 
[INFO] [stdout] 
[INFO] [stdout] warning: trait objects without an explicit `dyn` are deprecated
[INFO] [stdout]   --> node/src/service.rs:26:23
[INFO] [stdout]    |
[INFO] [stdout] 26 |     type Future = Box<Future<Item = Self::Response, Error = io::Error>>;
[INFO] [stdout]    |                       ^^^^^^^^^^^^^^^^^^^^^^^^^^^^^^^^^^^^^^^^^^^^^^^^ help: use `dyn`: `dyn Future<Item = Self::Response, Error = io::Error>`
[INFO] [stdout]    |
[INFO] [stdout]    = note: `#[warn(bare_trait_objects)]` on by default
[INFO] [stdout]    = warning: this is accepted in the current edition (Rust 2015) but is a hard error in Rust 2021!
[INFO] [stdout]    = note: for more information, see issue #80165 <https://github.com/rust-lang/rust/issues/80165>
[INFO] [stdout] 
[INFO] [stdout] 
[INFO] [stdout] warning: trait objects without an explicit `dyn` are deprecated
[INFO] [stdout]   --> node/src/service.rs:51:37
[INFO] [stdout]    |
[INFO] [stdout] 51 |     fn handle_unknown(&self) -> Box<Future<Item = Message, Error = io::Error>> {
[INFO] [stdout]    |                                     ^^^^^^^^^^^^^^^^^^^^^^^^^^^^^^^^^^^^^^^^^ help: use `dyn`: `dyn Future<Item = Message, Error = io::Error>`
[INFO] [stdout]    |
[INFO] [stdout]    = warning: this is accepted in the current edition (Rust 2015) but is a hard error in Rust 2021!
[INFO] [stdout]    = note: for more information, see issue #80165 <https://github.com/rust-lang/rust/issues/80165>
[INFO] [stdout] 
[INFO] [stdout] 
[INFO] [stdout] warning: trait objects without an explicit `dyn` are deprecated
[INFO] [stdout]   --> node/src/service.rs:59:41
[INFO] [stdout]    |
[INFO] [stdout] 59 |     fn handle_designation(&self) -> Box<Future<Item = Message, Error = io::Error>> {
[INFO] [stdout]    |                                         ^^^^^^^^^^^^^^^^^^^^^^^^^^^^^^^^^^^^^^^^^ help: use `dyn`: `dyn Future<Item = Message, Error = io::Error>`
[INFO] [stdout]    |
[INFO] [stdout]    = warning: this is accepted in the current edition (Rust 2015) but is a hard error in Rust 2021!
[INFO] [stdout]    = note: for more information, see issue #80165 <https://github.com/rust-lang/rust/issues/80165>
[INFO] [stdout] 
[INFO] [stdout] 
[INFO] [stdout] warning: trait objects without an explicit `dyn` are deprecated
[INFO] [stdout]   --> node/src/service.rs:68:14
[INFO] [stdout]    |
[INFO] [stdout] 68 |     ) -> Box<Future<Item = Message, Error = io::Error>> {
[INFO] [stdout]    |              ^^^^^^^^^^^^^^^^^^^^^^^^^^^^^^^^^^^^^^^^^ help: use `dyn`: `dyn Future<Item = Message, Error = io::Error>`
[INFO] [stdout]    |
[INFO] [stdout]    = warning: this is accepted in the current edition (Rust 2015) but is a hard error in Rust 2021!
[INFO] [stdout]    = note: for more information, see issue #80165 <https://github.com/rust-lang/rust/issues/80165>
[INFO] [stdout] 
[INFO] [stdout] 
[INFO] [stdout] warning: trait objects without an explicit `dyn` are deprecated
[INFO] [stdout]   --> node/src/service.rs:93:14
[INFO] [stdout]    |
[INFO] [stdout] 93 |     ) -> Box<Future<Item = Message, Error = io::Error>> {
[INFO] [stdout]    |              ^^^^^^^^^^^^^^^^^^^^^^^^^^^^^^^^^^^^^^^^^ help: use `dyn`: `dyn Future<Item = Message, Error = io::Error>`
[INFO] [stdout]    |
[INFO] [stdout]    = warning: this is accepted in the current edition (Rust 2015) but is a hard error in Rust 2021!
[INFO] [stdout]    = note: for more information, see issue #80165 <https://github.com/rust-lang/rust/issues/80165>
[INFO] [stdout] 
[INFO] [stdout] 
[INFO] [stdout] warning: trait objects without an explicit `dyn` are deprecated
[INFO] [stdout]    --> node/src/service.rs:144:49
[INFO] [stdout]     |
[INFO] [stdout] 144 |     fn handle_return_root_handles(&self) -> Box<Future<Item = Message, Error = io::Error>> {
[INFO] [stdout]     |                                                 ^^^^^^^^^^^^^^^^^^^^^^^^^^^^^^^^^^^^^^^^^ help: use `dyn`: `dyn Future<Item = Message, Error = io::Error>`
[INFO] [stdout]     |
[INFO] [stdout]     = warning: this is accepted in the current edition (Rust 2015) but is a hard error in Rust 2021!
[INFO] [stdout]     = note: for more information, see issue #80165 <https://github.com/rust-lang/rust/issues/80165>
[INFO] [stdout] 
[INFO] [stdout] 
[INFO] [stdout] warning: trait objects without an explicit `dyn` are deprecated
[INFO] [stdout]    --> node/src/service.rs:171:57
[INFO] [stdout]     |
[INFO] [stdout] 171 |     fn handle_get_chunks(&self, body: GetChunks) -> Box<Future<Item = Message, Error = io::Error>> {
[INFO] [stdout]     |                                                         ^^^^^^^^^^^^^^^^^^^^^^^^^^^^^^^^^^^^^^^^^ help: use `dyn`: `dyn Future<Item = Message, Error = io::Error>`
[INFO] [stdout]     |
[INFO] [stdout]     = warning: this is accepted in the current edition (Rust 2015) but is a hard error in Rust 2021!
[INFO] [stdout]     = note: for more information, see issue #80165 <https://github.com/rust-lang/rust/issues/80165>
[INFO] [stdout] 
[INFO] [stdout] 
[INFO] [stdout] warning: trait objects without an explicit `dyn` are deprecated
[INFO] [stdout]   --> node/src/schedule/mod.rs:50:15
[INFO] [stdout]    |
[INFO] [stdout] 50 |     task: Arc<Task>,
[INFO] [stdout]    |               ^^^^ help: use `dyn`: `dyn Task`
[INFO] [stdout]    |
[INFO] [stdout]    = warning: this is accepted in the current edition (Rust 2015) but is a hard error in Rust 2021!
[INFO] [stdout]    = note: for more information, see issue #80165 <https://github.com/rust-lang/rust/issues/80165>
[INFO] [stdout] 
[INFO] [stdout] 
[INFO] [stdout] warning: trait objects without an explicit `dyn` are deprecated
[INFO] [stdout]   --> node/src/schedule/mod.rs:57:38
[INFO] [stdout]    |
[INFO] [stdout] 57 |     fn new(handle: Handle, task: Arc<Task>, timeout: Duration) -> Self {
[INFO] [stdout]    |                                      ^^^^ help: use `dyn`: `dyn Task`
[INFO] [stdout]    |
[INFO] [stdout]    = warning: this is accepted in the current edition (Rust 2015) but is a hard error in Rust 2021!
[INFO] [stdout]    = note: for more information, see issue #80165 <https://github.com/rust-lang/rust/issues/80165>
[INFO] [stdout] 
[INFO] [stdout] 
[INFO] [stdout] warning: the item `files` is imported redundantly
[INFO] [stdout]    --> client/src/chunk_index/mod.rs:135:13
[INFO] [stdout]     |
[INFO] [stdout] 13  | use self::schema::*;
[INFO] [stdout]     |     --------------- the item `files` is already imported here
[INFO] [stdout] ...
[INFO] [stdout] 135 |         use self::files;
[INFO] [stdout]     |             ^^^^^^^^^^^
[INFO] [stdout]     |
[INFO] [stdout]     = note: `#[warn(unused_imports)]` on by default
[INFO] [stdout] 
[INFO] [stdout] 
[INFO] [stdout] warning: use of deprecated associated function `std::error::Error::description`: use the Display impl or to_string()
[INFO] [stdout]   --> node/src/schedule/replication.rs:58:1
[INFO] [stdout]    |
[INFO] [stdout] 58 | / quick_error!{
[INFO] [stdout] 59 | |     #[derive(Debug)]
[INFO] [stdout] 60 | |     pub enum ReplicationError {
[INFO] [stdout] 61 | |         NodeCommunicationError
[INFO] [stdout] ...  |
[INFO] [stdout] 85 | |     }
[INFO] [stdout] 86 | | }
[INFO] [stdout]    | |_^
[INFO] [stdout]    |
[INFO] [stdout]    = note: `#[warn(deprecated)]` on by default
[INFO] [stdout]    = note: this warning originates in the macro `quick_error` (in Nightly builds, run with -Z macro-backtrace for more info)
[INFO] [stdout] 
[INFO] [stdout] 
[INFO] [stdout] warning: use of deprecated associated function `std::error::Error::description`: use the Display impl or to_string()
[INFO] [stdout]   --> client/src/config.rs:16:1
[INFO] [stdout]    |
[INFO] [stdout] 16 | / quick_error! {
[INFO] [stdout] 17 | |     #[derive(Debug)]
[INFO] [stdout] 18 | |     pub enum ParseError {
[INFO] [stdout] 19 | |         InvalidHostname(err: String) {}
[INFO] [stdout] ...  |
[INFO] [stdout] 22 | |     }
[INFO] [stdout] 23 | | }
[INFO] [stdout]    | |_^
[INFO] [stdout]    |
[INFO] [stdout]    = note: `#[warn(deprecated)]` on by default
[INFO] [stdout]    = note: this warning originates in the macro `quick_error` (in Nightly builds, run with -Z macro-backtrace for more info)
[INFO] [stdout] 
[INFO] [stdout] 
[INFO] [stdout] warning: use of deprecated associated function `std::error::Error::description`: use the Display impl or to_string()
[INFO] [stdout]   --> client/src/config.rs:16:1
[INFO] [stdout]    |
[INFO] [stdout] 16 | / quick_error! {
[INFO] [stdout] 17 | |     #[derive(Debug)]
[INFO] [stdout] 18 | |     pub enum ParseError {
[INFO] [stdout] 19 | |         InvalidHostname(err: String) {}
[INFO] [stdout] ...  |
[INFO] [stdout] 22 | |     }
[INFO] [stdout] 23 | | }
[INFO] [stdout]    | |_^
[INFO] [stdout]    |
[INFO] [stdout]    = note: this warning originates in the macro `quick_error` (in Nightly builds, run with -Z macro-backtrace for more info)
[INFO] [stdout] 
[INFO] [stdout] 
[INFO] [stdout] warning: use of deprecated associated function `std::error::Error::description`: use the Display impl or to_string()
[INFO] [stdout]   --> client/src/config.rs:16:1
[INFO] [stdout]    |
[INFO] [stdout] 16 | / quick_error! {
[INFO] [stdout] 17 | |     #[derive(Debug)]
[INFO] [stdout] 18 | |     pub enum ParseError {
[INFO] [stdout] 19 | |         InvalidHostname(err: String) {}
[INFO] [stdout] ...  |
[INFO] [stdout] 22 | |     }
[INFO] [stdout] 23 | | }
[INFO] [stdout]    | |_^
[INFO] [stdout]    |
[INFO] [stdout]    = note: this warning originates in the macro `quick_error` (in Nightly builds, run with -Z macro-backtrace for more info)
[INFO] [stdout] 
[INFO] [stdout] 
[INFO] [stdout] warning: use of deprecated associated function `std::error::Error::description`: use the Display impl or to_string()
[INFO] [stdout]   --> node/src/utils.rs:49:53
[INFO] [stdout]    |
[INFO] [stdout] 49 |             warn!("Failed to load chunk: {:?}", err.description());
[INFO] [stdout]    |                                                     ^^^^^^^^^^^
[INFO] [stdout] 
[INFO] [stdout] 
[INFO] [stdout] warning: use of deprecated associated function `std::error::Error::description`: use the Display impl or to_string()
[INFO] [stdout]   --> client/src/create_backup/create_chunk_index.rs:13:1
[INFO] [stdout]    |
[INFO] [stdout] 13 | / quick_error! {
[INFO] [stdout] 14 | |     #[derive(Debug)]
[INFO] [stdout] 15 | |     pub enum BuilderError {
[INFO] [stdout] 16 | |         DatabaseError(err: DatabaseError) {
[INFO] [stdout] ...  |
[INFO] [stdout] 28 | |     }
[INFO] [stdout] 29 | | }
[INFO] [stdout]    | |_^
[INFO] [stdout]    |
[INFO] [stdout]    = note: this warning originates in the macro `quick_error` (in Nightly builds, run with -Z macro-backtrace for more info)
[INFO] [stdout] 
[INFO] [stdout] 
[INFO] [stdout] warning: use of deprecated associated function `std::error::Error::description`: use the Display impl or to_string()
[INFO] [stdout]   --> client/src/create_backup/create_chunk_index.rs:13:1
[INFO] [stdout]    |
[INFO] [stdout] 13 | / quick_error! {
[INFO] [stdout] 14 | |     #[derive(Debug)]
[INFO] [stdout] 15 | |     pub enum BuilderError {
[INFO] [stdout] 16 | |         DatabaseError(err: DatabaseError) {
[INFO] [stdout] ...  |
[INFO] [stdout] 28 | |     }
[INFO] [stdout] 29 | | }
[INFO] [stdout]    | |_^
[INFO] [stdout]    |
[INFO] [stdout]    = note: this warning originates in the macro `quick_error` (in Nightly builds, run with -Z macro-backtrace for more info)
[INFO] [stdout] 
[INFO] [stdout] 
[INFO] [stdout] warning: use of deprecated associated function `std::error::Error::description`: use the Display impl or to_string()
[INFO] [stdout]   --> client/src/create_backup/config.rs:17:1
[INFO] [stdout]    |
[INFO] [stdout] 17 | / quick_error! {
[INFO] [stdout] 18 | |     #[derive(Debug)]
[INFO] [stdout] 19 | |     pub enum CreateBackupConfigError {
[INFO] [stdout] 20 | |         NonExistingDirectory(dirname: String) {}
[INFO] [stdout] ...  |
[INFO] [stdout] 33 | |     }
[INFO] [stdout] 34 | | }
[INFO] [stdout]    | |_^
[INFO] [stdout]    |
[INFO] [stdout]    = note: this warning originates in the macro `quick_error` (in Nightly builds, run with -Z macro-backtrace for more info)
[INFO] [stdout] 
[INFO] [stdout] 
[INFO] [stdout] warning: use of deprecated associated function `std::error::Error::description`: use the Display impl or to_string()
[INFO] [stdout]   --> client/src/create_backup/config.rs:17:1
[INFO] [stdout]    |
[INFO] [stdout] 17 | / quick_error! {
[INFO] [stdout] 18 | |     #[derive(Debug)]
[INFO] [stdout] 19 | |     pub enum CreateBackupConfigError {
[INFO] [stdout] 20 | |         NonExistingDirectory(dirname: String) {}
[INFO] [stdout] ...  |
[INFO] [stdout] 33 | |     }
[INFO] [stdout] 34 | | }
[INFO] [stdout]    | |_^
[INFO] [stdout]    |
[INFO] [stdout]    = note: this warning originates in the macro `quick_error` (in Nightly builds, run with -Z macro-backtrace for more info)
[INFO] [stdout] 
[INFO] [stdout] 
[INFO] [stdout] warning: use of deprecated associated function `std::error::Error::description`: use the Display impl or to_string()
[INFO] [stdout]   --> client/src/create_backup/config.rs:17:1
[INFO] [stdout]    |
[INFO] [stdout] 17 | / quick_error! {
[INFO] [stdout] 18 | |     #[derive(Debug)]
[INFO] [stdout] 19 | |     pub enum CreateBackupConfigError {
[INFO] [stdout] 20 | |         NonExistingDirectory(dirname: String) {}
[INFO] [stdout] ...  |
[INFO] [stdout] 33 | |     }
[INFO] [stdout] 34 | | }
[INFO] [stdout]    | |_^
[INFO] [stdout]    |
[INFO] [stdout]    = note: this warning originates in the macro `quick_error` (in Nightly builds, run with -Z macro-backtrace for more info)
[INFO] [stdout] 
[INFO] [stdout] 
[INFO] [stdout] warning: use of deprecated associated function `std::error::Error::description`: use the Display impl or to_string()
[INFO] [stdout]   --> client/src/create_backup/create_error.rs:6:1
[INFO] [stdout]    |
[INFO] [stdout] 6  | / quick_error!{
[INFO] [stdout] 7  | |     #[derive(Debug)]
[INFO] [stdout] 8  | |     pub enum CreateError {
[INFO] [stdout] 9  | |         DatabaseError(err: DatabaseError) {
[INFO] [stdout] ...  |
[INFO] [stdout] 35 | |     }
[INFO] [stdout] 36 | | }
[INFO] [stdout]    | |_^
[INFO] [stdout]    |
[INFO] [stdout]    = note: this warning originates in the macro `quick_error` (in Nightly builds, run with -Z macro-backtrace for more info)
[INFO] [stdout] 
[INFO] [stdout] 
[INFO] [stdout] warning: use of deprecated associated function `std::error::Error::description`: use the Display impl or to_string()
[INFO] [stdout]   --> client/src/create_backup/create_error.rs:6:1
[INFO] [stdout]    |
[INFO] [stdout] 6  | / quick_error!{
[INFO] [stdout] 7  | |     #[derive(Debug)]
[INFO] [stdout] 8  | |     pub enum CreateError {
[INFO] [stdout] 9  | |         DatabaseError(err: DatabaseError) {
[INFO] [stdout] ...  |
[INFO] [stdout] 35 | |     }
[INFO] [stdout] 36 | | }
[INFO] [stdout]    | |_^
[INFO] [stdout]    |
[INFO] [stdout]    = note: this warning originates in the macro `quick_error` (in Nightly builds, run with -Z macro-backtrace for more info)
[INFO] [stdout] 
[INFO] [stdout] 
[INFO] [stdout] warning: use of deprecated associated function `std::error::Error::description`: use the Display impl or to_string()
[INFO] [stdout]   --> client/src/create_backup/create_error.rs:6:1
[INFO] [stdout]    |
[INFO] [stdout] 6  | / quick_error!{
[INFO] [stdout] 7  | |     #[derive(Debug)]
[INFO] [stdout] 8  | |     pub enum CreateError {
[INFO] [stdout] 9  | |         DatabaseError(err: DatabaseError) {
[INFO] [stdout] ...  |
[INFO] [stdout] 35 | |     }
[INFO] [stdout] 36 | | }
[INFO] [stdout]    | |_^
[INFO] [stdout]    |
[INFO] [stdout]    = note: this warning originates in the macro `quick_error` (in Nightly builds, run with -Z macro-backtrace for more info)
[INFO] [stdout] 
[INFO] [stdout] 
[INFO] [stdout] warning: use of deprecated associated function `std::error::Error::description`: use the Display impl or to_string()
[INFO] [stdout]   --> client/src/create_backup/create_error.rs:6:1
[INFO] [stdout]    |
[INFO] [stdout] 6  | / quick_error!{
[INFO] [stdout] 7  | |     #[derive(Debug)]
[INFO] [stdout] 8  | |     pub enum CreateError {
[INFO] [stdout] 9  | |         DatabaseError(err: DatabaseError) {
[INFO] [stdout] ...  |
[INFO] [stdout] 35 | |     }
[INFO] [stdout] 36 | | }
[INFO] [stdout]    | |_^
[INFO] [stdout]    |
[INFO] [stdout]    = note: this warning originates in the macro `quick_error` (in Nightly builds, run with -Z macro-backtrace for more info)
[INFO] [stdout] 
[INFO] [stdout] 
[INFO] [stdout] warning: use of deprecated associated function `std::error::Error::description`: use the Display impl or to_string()
[INFO] [stdout]   --> client/src/create_backup/create_error.rs:6:1
[INFO] [stdout]    |
[INFO] [stdout] 6  | / quick_error!{
[INFO] [stdout] 7  | |     #[derive(Debug)]
[INFO] [stdout] 8  | |     pub enum CreateError {
[INFO] [stdout] 9  | |         DatabaseError(err: DatabaseError) {
[INFO] [stdout] ...  |
[INFO] [stdout] 35 | |     }
[INFO] [stdout] 36 | | }
[INFO] [stdout]    | |_^
[INFO] [stdout]    |
[INFO] [stdout]    = note: this warning originates in the macro `quick_error` (in Nightly builds, run with -Z macro-backtrace for more info)
[INFO] [stdout] 
[INFO] [stdout] 
[INFO] [stdout] warning: use of deprecated associated function `std::error::Error::description`: use the Display impl or to_string()
[INFO] [stdout]   --> client/src/list_backups/error.rs:3:1
[INFO] [stdout]    |
[INFO] [stdout] 3  | / quick_error!{
[INFO] [stdout] 4  | |     #[derive(Debug)]
[INFO] [stdout] 5  | |     pub enum ListBackupsError {
[INFO] [stdout] 6  | |         IoError(err: io::Error) {
[INFO] [stdout] ...  |
[INFO] [stdout] 13 | |     }
[INFO] [stdout] 14 | | }
[INFO] [stdout]    | |_^
[INFO] [stdout]    |
[INFO] [stdout]    = note: this warning originates in the macro `quick_error` (in Nightly builds, run with -Z macro-backtrace for more info)
[INFO] [stdout] 
[INFO] [stdout] 
[INFO] [stdout] warning: use of deprecated associated function `std::error::Error::description`: use the Display impl or to_string()
[INFO] [stdout]   --> client/src/list_backups/error.rs:3:1
[INFO] [stdout]    |
[INFO] [stdout] 3  | / quick_error!{
[INFO] [stdout] 4  | |     #[derive(Debug)]
[INFO] [stdout] 5  | |     pub enum ListBackupsError {
[INFO] [stdout] 6  | |         IoError(err: io::Error) {
[INFO] [stdout] ...  |
[INFO] [stdout] 13 | |     }
[INFO] [stdout] 14 | | }
[INFO] [stdout]    | |_^
[INFO] [stdout]    |
[INFO] [stdout]    = note: this warning originates in the macro `quick_error` (in Nightly builds, run with -Z macro-backtrace for more info)
[INFO] [stdout] 
[INFO] [stdout] 
[INFO] [stdout] warning: use of deprecated associated function `std::error::Error::description`: use the Display impl or to_string()
[INFO] [stdout]   --> client/src/restore_backup/config.rs:10:1
[INFO] [stdout]    |
[INFO] [stdout] 10 | / quick_error! {
[INFO] [stdout] 11 | |     #[derive(Debug)]
[INFO] [stdout] 12 | |     pub enum RestoreBackupConfigError {
[INFO] [stdout] 13 | |         NonExistingDirectory(dirname: String) {}
[INFO] [stdout] 14 | |         InvalidBackupId(id: String) {}
[INFO] [stdout] 15 | |     }
[INFO] [stdout] 16 | | }
[INFO] [stdout]    | |_^
[INFO] [stdout]    |
[INFO] [stdout]    = note: this warning originates in the macro `quick_error` (in Nightly builds, run with -Z macro-backtrace for more info)
[INFO] [stdout] 
[INFO] [stdout] 
[INFO] [stdout] warning: use of deprecated associated function `std::error::Error::description`: use the Display impl or to_string()
[INFO] [stdout]   --> client/src/restore_backup/config.rs:10:1
[INFO] [stdout]    |
[INFO] [stdout] 10 | / quick_error! {
[INFO] [stdout] 11 | |     #[derive(Debug)]
[INFO] [stdout] 12 | |     pub enum RestoreBackupConfigError {
[INFO] [stdout] 13 | |         NonExistingDirectory(dirname: String) {}
[INFO] [stdout] 14 | |         InvalidBackupId(id: String) {}
[INFO] [stdout] 15 | |     }
[INFO] [stdout] 16 | | }
[INFO] [stdout]    | |_^
[INFO] [stdout]    |
[INFO] [stdout]    = note: this warning originates in the macro `quick_error` (in Nightly builds, run with -Z macro-backtrace for more info)
[INFO] [stdout] 
[INFO] [stdout] 
[INFO] [stdout] warning: use of deprecated associated function `std::error::Error::description`: use the Display impl or to_string()
[INFO] [stdout]   --> client/src/restore_backup/error.rs:5:1
[INFO] [stdout]    |
[INFO] [stdout] 5  | / quick_error!{
[INFO] [stdout] 6  | |     #[derive(Debug)]
[INFO] [stdout] 7  | |     pub enum RestoreBackupError {
[INFO] [stdout] 8  | |         DatabaseError(err: DatabaseError) {
[INFO] [stdout] ...  |
[INFO] [stdout] 29 | |     }
[INFO] [stdout] 30 | | }
[INFO] [stdout]    | |_^
[INFO] [stdout]    |
[INFO] [stdout]    = note: this warning originates in the macro `quick_error` (in Nightly builds, run with -Z macro-backtrace for more info)
[INFO] [stdout] 
[INFO] [stdout] 
[INFO] [stdout] warning: use of deprecated associated function `std::error::Error::description`: use the Display impl or to_string()
[INFO] [stdout]   --> client/src/chunk_index/mod.rs:17:1
[INFO] [stdout]    |
[INFO] [stdout] 17 | / quick_error! {
[INFO] [stdout] 18 | |     #[derive(Debug)]
[INFO] [stdout] 19 | |     pub enum DatabaseError {
[INFO] [stdout] 20 | |         PoolInitializationError(err: r2d2::InitializationError) {
[INFO] [stdout] ...  |
[INFO] [stdout] 32 | |     }
[INFO] [stdout] 33 | | }
[INFO] [stdout]    | |_^
[INFO] [stdout]    |
[INFO] [stdout]    = note: this warning originates in the macro `quick_error` (in Nightly builds, run with -Z macro-backtrace for more info)
[INFO] [stdout] 
[INFO] [stdout] 
[INFO] [stdout] warning: use of deprecated associated function `std::error::Error::description`: use the Display impl or to_string()
[INFO] [stdout]   --> client/src/chunk_index/mod.rs:17:1
[INFO] [stdout]    |
[INFO] [stdout] 17 | / quick_error! {
[INFO] [stdout] 18 | |     #[derive(Debug)]
[INFO] [stdout] 19 | |     pub enum DatabaseError {
[INFO] [stdout] 20 | |         PoolInitializationError(err: r2d2::InitializationError) {
[INFO] [stdout] ...  |
[INFO] [stdout] 32 | |     }
[INFO] [stdout] 33 | | }
[INFO] [stdout]    | |_^
[INFO] [stdout]    |
[INFO] [stdout]    = note: this warning originates in the macro `quick_error` (in Nightly builds, run with -Z macro-backtrace for more info)
[INFO] [stdout] 
[INFO] [stdout] 
[INFO] [stdout] warning: use of deprecated associated function `std::error::Error::description`: use the Display impl or to_string()
[INFO] [stdout]   --> client/src/chunk_index/mod.rs:17:1
[INFO] [stdout]    |
[INFO] [stdout] 17 | / quick_error! {
[INFO] [stdout] 18 | |     #[derive(Debug)]
[INFO] [stdout] 19 | |     pub enum DatabaseError {
[INFO] [stdout] 20 | |         PoolInitializationError(err: r2d2::InitializationError) {
[INFO] [stdout] ...  |
[INFO] [stdout] 32 | |     }
[INFO] [stdout] 33 | | }
[INFO] [stdout]    | |_^
[INFO] [stdout]    |
[INFO] [stdout]    = note: this warning originates in the macro `quick_error` (in Nightly builds, run with -Z macro-backtrace for more info)
[INFO] [stdout] 
[INFO] [stdout] 
[INFO] [stdout] warning: use of deprecated associated function `std::error::Error::description`: use the Display impl or to_string()
[INFO] [stdout]   --> client/src/chunk_index/mod.rs:17:1
[INFO] [stdout]    |
[INFO] [stdout] 17 | / quick_error! {
[INFO] [stdout] 18 | |     #[derive(Debug)]
[INFO] [stdout] 19 | |     pub enum DatabaseError {
[INFO] [stdout] 20 | |         PoolInitializationError(err: r2d2::InitializationError) {
[INFO] [stdout] ...  |
[INFO] [stdout] 32 | |     }
[INFO] [stdout] 33 | | }
[INFO] [stdout]    | |_^
[INFO] [stdout]    |
[INFO] [stdout]    = note: this warning originates in the macro `quick_error` (in Nightly builds, run with -Z macro-backtrace for more info)
[INFO] [stdout] 
[INFO] [stdout] 
[INFO] [stdout] warning: use of deprecated associated function `std::error::Error::description`: use the Display impl or to_string()
[INFO] [stdout]   --> client/src/config.rs:32:43
[INFO] [stdout]    |
[INFO] [stdout] 32 |             ParseError::InvalidHostname(e.description().into())
[INFO] [stdout]    |                                           ^^^^^^^^^^^
[INFO] [stdout] 
[INFO] [stdout] 
[INFO] [stdout] warning: 12 warnings emitted
[INFO] [stdout] 
[INFO] [stdout] 
[INFO] [stderr]    Compiling redbackup-node-cli v0.1.0 (/opt/rustwide/workdir/node-cli)
[INFO] [stdout] warning: 24 warnings emitted
[INFO] [stdout] 
[INFO] [stdout] 
[INFO] [stderr]    Compiling redbackup-client-cli v0.1.0 (/opt/rustwide/workdir/client-cli)
[INFO] [stdout] warning: use of deprecated associated function `std::error::Error::description`: use the Display impl or to_string()
[INFO] [stdout]    --> client-cli/src/main.rs:193:38
[INFO] [stdout]     |
[INFO] [stdout] 193 |     eprintln!("Description: {}", err.description());
[INFO] [stdout]     |                                      ^^^^^^^^^^^
[INFO] [stdout]     |
[INFO] [stdout]     = note: `#[warn(deprecated)]` on by default
[INFO] [stdout] 
[INFO] [stdout] 
[INFO] [stdout] warning: use of deprecated associated function `std::error::Error::cause`: replaced by Error::source, which can support downcasting
[INFO] [stdout]    --> client-cli/src/main.rs:194:43
[INFO] [stdout]     |
[INFO] [stdout] 194 |     eprintln!("Cause (if any): {:?}", err.cause());
[INFO] [stdout]     |                                           ^^^^^
[INFO] [stdout] 
[INFO] [stdout] 
[INFO] [stdout] warning: 2 warnings emitted
[INFO] [stdout] 
[INFO] [stdout] 
[INFO] [stderr]     Finished dev [unoptimized + debuginfo] target(s) in 34.80s
[INFO] running `Command { std: "docker" "inspect" "0e8466407aa77971d4c35a009ba3c39bdef5bb8ad27faf769d9d205d27216dd0", kill_on_drop: false }`
[INFO] running `Command { std: "docker" "rm" "-f" "0e8466407aa77971d4c35a009ba3c39bdef5bb8ad27faf769d9d205d27216dd0", kill_on_drop: false }`
[INFO] [stdout] 0e8466407aa77971d4c35a009ba3c39bdef5bb8ad27faf769d9d205d27216dd0
[INFO] running `Command { std: "docker" "create" "-v" "/var/lib/crater-agent-workspace/builds/worker-68/target:/opt/rustwide/target:rw,Z" "-v" "/var/lib/crater-agent-workspace/builds/worker-68/source:/opt/rustwide/workdir:ro,Z" "-v" "/var/lib/crater-agent-workspace/cargo-home:/opt/rustwide/cargo-home:ro,Z" "-v" "/var/lib/crater-agent-workspace/rustup-home:/opt/rustwide/rustup-home:ro,Z" "-e" "SOURCE_DIR=/opt/rustwide/workdir" "-e" "CARGO_TARGET_DIR=/opt/rustwide/target" "-e" "CARGO_INCREMENTAL=0" "-e" "RUST_BACKTRACE=full" "-e" "RUSTFLAGS=--cap-lints=warn" "-e" "CARGO_HOME=/opt/rustwide/cargo-home" "-e" "RUSTUP_HOME=/opt/rustwide/rustup-home" "-w" "/opt/rustwide/workdir" "-m" "1610612736" "--user" "0:0" "--network" "none" "ghcr.io/rust-lang/crates-build-env/linux@sha256:34b6a614d2c27851fe6cbf88fbd1137609cefab8b10d0615aaeb6fd47975d74e" "/opt/rustwide/cargo-home/bin/cargo" "+beta-2021-08-01" "test" "--frozen" "--no-run" "--message-format=json", kill_on_drop: false }`
[INFO] [stdout] d6e404e63d5ad5d02e2d92f5cef1f392ff09ad1fd905c633e55a232660126716
[INFO] running `Command { std: "docker" "start" "-a" "d6e404e63d5ad5d02e2d92f5cef1f392ff09ad1fd905c633e55a232660126716", kill_on_drop: false }`
[INFO] [stderr]     Blocking waiting for file lock on package cache
[INFO] [stdout] warning: use of deprecated associated function `std::error::Error::description`: use the Display impl or to_string()
[INFO] [stdout]   --> protocol/src/lib.rs:84:23
[INFO] [stdout]    |
[INFO] [stdout] 84 |                     e.description(),
[INFO] [stdout]    |                       ^^^^^^^^^^^
[INFO] [stdout]    |
[INFO] [stdout]    = note: `#[warn(deprecated)]` on by default
[INFO] [stdout] 
[INFO] [stdout] 
[INFO] [stdout] warning: use of deprecated associated function `std::error::Error::cause`: replaced by Error::source, which can support downcasting
[INFO] [stdout]   --> protocol/src/lib.rs:85:23
[INFO] [stdout]    |
[INFO] [stdout] 85 |                     e.cause()
[INFO] [stdout]    |                       ^^^^^
[INFO] [stdout] 
[INFO] [stdout] 
[INFO] [stdout] warning: 2 warnings emitted
[INFO] [stdout] 
[INFO] [stdout] 
[INFO] [stdout] warning: use of deprecated associated function `std::error::Error::description`: use the Display impl or to_string()
[INFO] [stdout]   --> storage/src/lib.rs:14:1
[INFO] [stdout]    |
[INFO] [stdout] 14 | / quick_error! {
[INFO] [stdout] 15 | |     #[derive(Debug)]
[INFO] [stdout] 16 | |     pub enum StorageError {
[INFO] [stdout] 17 | |         IoError(err: std::io::Error) {
[INFO] [stdout] ...  |
[INFO] [stdout] 37 | |     }
[INFO] [stdout] 38 | | }
[INFO] [stdout]    | |_^
[INFO] [stdout]    |
[INFO] [stdout]    = note: `#[warn(deprecated)]` on by default
[INFO] [stdout]    = note: this warning originates in the macro `quick_error` (in Nightly builds, run with -Z macro-backtrace for more info)
[INFO] [stdout] 
[INFO] [stdout] 
[INFO] [stderr]    Compiling redbackup-storage v0.1.0 (/opt/rustwide/workdir/storage)
[INFO] [stdout] warning: 1 warning emitted
[INFO] [stdout] 
[INFO] [stdout] 
[INFO] [stderr]    Compiling redbackup-protocol v0.1.0 (/opt/rustwide/workdir/protocol)
[INFO] [stdout] warning: the item `files` is imported redundantly
[INFO] [stdout]    --> client/src/chunk_index/mod.rs:135:13
[INFO] [stdout]     |
[INFO] [stdout] 13  | use self::schema::*;
[INFO] [stdout]     |     --------------- the item `files` is already imported here
[INFO] [stdout] ...
[INFO] [stdout] 135 |         use self::files;
[INFO] [stdout]     |             ^^^^^^^^^^^
[INFO] [stdout]     |
[INFO] [stdout]     = note: `#[warn(unused_imports)]` on by default
[INFO] [stdout] 
[INFO] [stdout] 
[INFO] [stdout] warning: use of deprecated associated function `std::error::Error::description`: use the Display impl or to_string()
[INFO] [stdout]   --> client/src/config.rs:16:1
[INFO] [stdout]    |
[INFO] [stdout] 16 | / quick_error! {
[INFO] [stdout] 17 | |     #[derive(Debug)]
[INFO] [stdout] 18 | |     pub enum ParseError {
[INFO] [stdout] 19 | |         InvalidHostname(err: String) {}
[INFO] [stdout] ...  |
[INFO] [stdout] 22 | |     }
[INFO] [stdout] 23 | | }
[INFO] [stdout]    | |_^
[INFO] [stdout]    |
[INFO] [stdout]    = note: `#[warn(deprecated)]` on by default
[INFO] [stdout]    = note: this warning originates in the macro `quick_error` (in Nightly builds, run with -Z macro-backtrace for more info)
[INFO] [stdout] 
[INFO] [stdout] 
[INFO] [stdout] warning: use of deprecated associated function `std::error::Error::description`: use the Display impl or to_string()
[INFO] [stdout]   --> client/src/config.rs:16:1
[INFO] [stdout]    |
[INFO] [stdout] 16 | / quick_error! {
[INFO] [stdout] 17 | |     #[derive(Debug)]
[INFO] [stdout] 18 | |     pub enum ParseError {
[INFO] [stdout] 19 | |         InvalidHostname(err: String) {}
[INFO] [stdout] ...  |
[INFO] [stdout] 22 | |     }
[INFO] [stdout] 23 | | }
[INFO] [stdout]    | |_^
[INFO] [stdout]    |
[INFO] [stdout]    = note: this warning originates in the macro `quick_error` (in Nightly builds, run with -Z macro-backtrace for more info)
[INFO] [stdout] 
[INFO] [stdout] 
[INFO] [stdout] warning: use of deprecated associated function `std::error::Error::description`: use the Display impl or to_string()
[INFO] [stdout]   --> client/src/config.rs:16:1
[INFO] [stdout]    |
[INFO] [stdout] 16 | / quick_error! {
[INFO] [stdout] 17 | |     #[derive(Debug)]
[INFO] [stdout] 18 | |     pub enum ParseError {
[INFO] [stdout] 19 | |         InvalidHostname(err: String) {}
[INFO] [stdout] ...  |
[INFO] [stdout] 22 | |     }
[INFO] [stdout] 23 | | }
[INFO] [stdout]    | |_^
[INFO] [stdout]    |
[INFO] [stdout]    = note: this warning originates in the macro `quick_error` (in Nightly builds, run with -Z macro-backtrace for more info)
[INFO] [stdout] 
[INFO] [stdout] 
[INFO] [stdout] warning: use of deprecated associated function `std::error::Error::description`: use the Display impl or to_string()
[INFO] [stdout]   --> client/src/create_backup/create_chunk_index.rs:13:1
[INFO] [stdout]    |
[INFO] [stdout] 13 | / quick_error! {
[INFO] [stdout] 14 | |     #[derive(Debug)]
[INFO] [stdout] 15 | |     pub enum BuilderError {
[INFO] [stdout] 16 | |         DatabaseError(err: DatabaseError) {
[INFO] [stdout] ...  |
[INFO] [stdout] 28 | |     }
[INFO] [stdout] 29 | | }
[INFO] [stdout]    | |_^
[INFO] [stdout]    |
[INFO] [stdout]    = note: this warning originates in the macro `quick_error` (in Nightly builds, run with -Z macro-backtrace for more info)
[INFO] [stdout] 
[INFO] [stdout] 
[INFO] [stdout] warning: use of deprecated associated function `std::error::Error::description`: use the Display impl or to_string()
[INFO] [stdout]   --> client/src/create_backup/create_chunk_index.rs:13:1
[INFO] [stdout]    |
[INFO] [stdout] 13 | / quick_error! {
[INFO] [stdout] 14 | |     #[derive(Debug)]
[INFO] [stdout] 15 | |     pub enum BuilderError {
[INFO] [stdout] 16 | |         DatabaseError(err: DatabaseError) {
[INFO] [stdout] ...  |
[INFO] [stdout] 28 | |     }
[INFO] [stdout] 29 | | }
[INFO] [stdout]    | |_^
[INFO] [stdout]    |
[INFO] [stdout]    = note: this warning originates in the macro `quick_error` (in Nightly builds, run with -Z macro-backtrace for more info)
[INFO] [stdout] 
[INFO] [stdout] 
[INFO] [stdout] warning: use of deprecated associated function `std::error::Error::description`: use the Display impl or to_string()
[INFO] [stdout]   --> client/src/create_backup/config.rs:17:1
[INFO] [stdout]    |
[INFO] [stdout] 17 | / quick_error! {
[INFO] [stdout] 18 | |     #[derive(Debug)]
[INFO] [stdout] 19 | |     pub enum CreateBackupConfigError {
[INFO] [stdout] 20 | |         NonExistingDirectory(dirname: String) {}
[INFO] [stdout] ...  |
[INFO] [stdout] 33 | |     }
[INFO] [stdout] 34 | | }
[INFO] [stdout]    | |_^
[INFO] [stdout]    |
[INFO] [stdout]    = note: this warning originates in the macro `quick_error` (in Nightly builds, run with -Z macro-backtrace for more info)
[INFO] [stdout] 
[INFO] [stdout] 
[INFO] [stdout] warning: use of deprecated associated function `std::error::Error::description`: use the Display impl or to_string()
[INFO] [stdout]   --> client/src/create_backup/config.rs:17:1
[INFO] [stdout]    |
[INFO] [stdout] 17 | / quick_error! {
[INFO] [stdout] 18 | |     #[derive(Debug)]
[INFO] [stdout] 19 | |     pub enum CreateBackupConfigError {
[INFO] [stdout] 20 | |         NonExistingDirectory(dirname: String) {}
[INFO] [stdout] ...  |
[INFO] [stdout] 33 | |     }
[INFO] [stdout] 34 | | }
[INFO] [stdout]    | |_^
[INFO] [stdout]    |
[INFO] [stdout]    = note: this warning originates in the macro `quick_error` (in Nightly builds, run with -Z macro-backtrace for more info)
[INFO] [stdout] 
[INFO] [stdout] 
[INFO] [stdout] warning: use of deprecated associated function `std::error::Error::description`: use the Display impl or to_string()
[INFO] [stdout]   --> client/src/create_backup/config.rs:17:1
[INFO] [stdout]    |
[INFO] [stdout] 17 | / quick_error! {
[INFO] [stdout] 18 | |     #[derive(Debug)]
[INFO] [stdout] 19 | |     pub enum CreateBackupConfigError {
[INFO] [stdout] 20 | |         NonExistingDirectory(dirname: String) {}
[INFO] [stdout] ...  |
[INFO] [stdout] 33 | |     }
[INFO] [stdout] 34 | | }
[INFO] [stdout]    | |_^
[INFO] [stdout]    |
[INFO] [stdout]    = note: this warning originates in the macro `quick_error` (in Nightly builds, run with -Z macro-backtrace for more info)
[INFO] [stdout] 
[INFO] [stdout] 
[INFO] [stdout] warning: use of deprecated associated function `std::error::Error::description`: use the Display impl or to_string()
[INFO] [stdout]   --> client/src/create_backup/create_error.rs:6:1
[INFO] [stdout]    |
[INFO] [stdout] 6  | / quick_error!{
[INFO] [stdout] 7  | |     #[derive(Debug)]
[INFO] [stdout] 8  | |     pub enum CreateError {
[INFO] [stdout] 9  | |         DatabaseError(err: DatabaseError) {
[INFO] [stdout] ...  |
[INFO] [stdout] 35 | |     }
[INFO] [stdout] 36 | | }
[INFO] [stdout]    | |_^
[INFO] [stdout]    |
[INFO] [stdout]    = note: this warning originates in the macro `quick_error` (in Nightly builds, run with -Z macro-backtrace for more info)
[INFO] [stdout] 
[INFO] [stdout] 
[INFO] [stdout] warning: use of deprecated associated function `std::error::Error::description`: use the Display impl or to_string()
[INFO] [stdout]   --> client/src/create_backup/create_error.rs:6:1
[INFO] [stdout]    |
[INFO] [stdout] 6  | / quick_error!{
[INFO] [stdout] 7  | |     #[derive(Debug)]
[INFO] [stdout] 8  | |     pub enum CreateError {
[INFO] [stdout] 9  | |         DatabaseError(err: DatabaseError) {
[INFO] [stdout] ...  |
[INFO] [stdout] 35 | |     }
[INFO] [stdout] 36 | | }
[INFO] [stdout]    | |_^
[INFO] [stdout]    |
[INFO] [stdout]    = note: this warning originates in the macro `quick_error` (in Nightly builds, run with -Z macro-backtrace for more info)
[INFO] [stdout] 
[INFO] [stdout] 
[INFO] [stdout] warning: use of deprecated associated function `std::error::Error::description`: use the Display impl or to_string()
[INFO] [stdout]   --> client/src/create_backup/create_error.rs:6:1
[INFO] [stdout]    |
[INFO] [stdout] 6  | / quick_error!{
[INFO] [stdout] 7  | |     #[derive(Debug)]
[INFO] [stdout] 8  | |     pub enum CreateError {
[INFO] [stdout] 9  | |         DatabaseError(err: DatabaseError) {
[INFO] [stdout] ...  |
[INFO] [stdout] 35 | |     }
[INFO] [stdout] 36 | | }
[INFO] [stdout]    | |_^
[INFO] [stdout]    |
[INFO] [stdout]    = note: this warning originates in the macro `quick_error` (in Nightly builds, run with -Z macro-backtrace for more info)
[INFO] [stdout] 
[INFO] [stdout] 
[INFO] [stdout] warning: use of deprecated associated function `std::error::Error::description`: use the Display impl or to_string()
[INFO] [stdout]   --> client/src/create_backup/create_error.rs:6:1
[INFO] [stdout]    |
[INFO] [stdout] 6  | / quick_error!{
[INFO] [stdout] 7  | |     #[derive(Debug)]
[INFO] [stdout] 8  | |     pub enum CreateError {
[INFO] [stdout] 9  | |         DatabaseError(err: DatabaseError) {
[INFO] [stdout] ...  |
[INFO] [stdout] 35 | |     }
[INFO] [stdout] 36 | | }
[INFO] [stdout]    | |_^
[INFO] [stdout]    |
[INFO] [stdout]    = note: this warning originates in the macro `quick_error` (in Nightly builds, run with -Z macro-backtrace for more info)
[INFO] [stdout] 
[INFO] [stdout] 
[INFO] [stdout] warning: use of deprecated associated function `std::error::Error::description`: use the Display impl or to_string()
[INFO] [stdout]   --> client/src/create_backup/create_error.rs:6:1
[INFO] [stdout]    |
[INFO] [stdout] 6  | / quick_error!{
[INFO] [stdout] 7  | |     #[derive(Debug)]
[INFO] [stdout] 8  | |     pub enum CreateError {
[INFO] [stdout] 9  | |         DatabaseError(err: DatabaseError) {
[INFO] [stdout] ...  |
[INFO] [stdout] 35 | |     }
[INFO] [stdout] 36 | | }
[INFO] [stdout]    | |_^
[INFO] [stdout]    |
[INFO] [stdout]    = note: this warning originates in the macro `quick_error` (in Nightly builds, run with -Z macro-backtrace for more info)
[INFO] [stdout] 
[INFO] [stdout] 
[INFO] [stdout] warning: use of deprecated associated function `std::error::Error::description`: use the Display impl or to_string()
[INFO] [stdout]   --> client/src/list_backups/error.rs:3:1
[INFO] [stdout]    |
[INFO] [stdout] 3  | / quick_error!{
[INFO] [stdout] 4  | |     #[derive(Debug)]
[INFO] [stdout] 5  | |     pub enum ListBackupsError {
[INFO] [stdout] 6  | |         IoError(err: io::Error) {
[INFO] [stdout] ...  |
[INFO] [stdout] 13 | |     }
[INFO] [stdout] 14 | | }
[INFO] [stdout]    | |_^
[INFO] [stdout]    |
[INFO] [stdout]    = note: this warning originates in the macro `quick_error` (in Nightly builds, run with -Z macro-backtrace for more info)
[INFO] [stdout] 
[INFO] [stdout] 
[INFO] [stdout] warning: use of deprecated associated function `std::error::Error::description`: use the Display impl or to_string()
[INFO] [stdout]   --> client/src/list_backups/error.rs:3:1
[INFO] [stdout]    |
[INFO] [stdout] 3  | / quick_error!{
[INFO] [stdout] 4  | |     #[derive(Debug)]
[INFO] [stdout] 5  | |     pub enum ListBackupsError {
[INFO] [stdout] 6  | |         IoError(err: io::Error) {
[INFO] [stdout] ...  |
[INFO] [stdout] 13 | |     }
[INFO] [stdout] 14 | | }
[INFO] [stdout]    | |_^
[INFO] [stdout]    |
[INFO] [stdout]    = note: this warning originates in the macro `quick_error` (in Nightly builds, run with -Z macro-backtrace for more info)
[INFO] [stdout] 
[INFO] [stdout] 
[INFO] [stdout] warning: use of deprecated associated function `std::error::Error::description`: use the Display impl or to_string()
[INFO] [stdout]   --> client/src/restore_backup/config.rs:10:1
[INFO] [stdout]    |
[INFO] [stdout] 10 | / quick_error! {
[INFO] [stdout] 11 | |     #[derive(Debug)]
[INFO] [stdout] 12 | |     pub enum RestoreBackupConfigError {
[INFO] [stdout] 13 | |         NonExistingDirectory(dirname: String) {}
[INFO] [stdout] 14 | |         InvalidBackupId(id: String) {}
[INFO] [stdout] 15 | |     }
[INFO] [stdout] 16 | | }
[INFO] [stdout]    | |_^
[INFO] [stdout]    |
[INFO] [stdout]    = note: this warning originates in the macro `quick_error` (in Nightly builds, run with -Z macro-backtrace for more info)
[INFO] [stdout] 
[INFO] [stdout] 
[INFO] [stdout] warning: use of deprecated associated function `std::error::Error::description`: use the Display impl or to_string()
[INFO] [stdout]   --> client/src/restore_backup/config.rs:10:1
[INFO] [stdout]    |
[INFO] [stdout] 10 | / quick_error! {
[INFO] [stdout] 11 | |     #[derive(Debug)]
[INFO] [stdout] 12 | |     pub enum RestoreBackupConfigError {
[INFO] [stdout] 13 | |         NonExistingDirectory(dirname: String) {}
[INFO] [stdout] 14 | |         InvalidBackupId(id: String) {}
[INFO] [stdout] 15 | |     }
[INFO] [stdout] 16 | | }
[INFO] [stdout]    | |_^
[INFO] [stdout]    |
[INFO] [stdout]    = note: this warning originates in the macro `quick_error` (in Nightly builds, run with -Z macro-backtrace for more info)
[INFO] [stdout] 
[INFO] [stdout] 
[INFO] [stdout] warning: use of deprecated associated function `std::error::Error::description`: use the Display impl or to_string()
[INFO] [stdout]   --> client/src/restore_backup/error.rs:5:1
[INFO] [stdout]    |
[INFO] [stdout] 5  | / quick_error!{
[INFO] [stdout] 6  | |     #[derive(Debug)]
[INFO] [stdout] 7  | |     pub enum RestoreBackupError {
[INFO] [stdout] 8  | |         DatabaseError(err: DatabaseError) {
[INFO] [stdout] ...  |
[INFO] [stdout] 29 | |     }
[INFO] [stdout] 30 | | }
[INFO] [stdout]    | |_^
[INFO] [stdout]    |
[INFO] [stdout]    = note: this warning originates in the macro `quick_error` (in Nightly builds, run with -Z macro-backtrace for more info)
[INFO] [stdout] 
[INFO] [stdout] 
[INFO] [stdout] warning: use of deprecated associated function `std::error::Error::description`: use the Display impl or to_string()
[INFO] [stdout]   --> client/src/chunk_index/mod.rs:17:1
[INFO] [stdout]    |
[INFO] [stdout] 17 | / quick_error! {
[INFO] [stdout] 18 | |     #[derive(Debug)]
[INFO] [stdout] 19 | |     pub enum DatabaseError {
[INFO] [stdout] 20 | |         PoolInitializationError(err: r2d2::InitializationError) {
[INFO] [stdout] ...  |
[INFO] [stdout] 32 | |     }
[INFO] [stdout] 33 | | }
[INFO] [stdout]    | |_^
[INFO] [stdout]    |
[INFO] [stdout]    = note: this warning originates in the macro `quick_error` (in Nightly builds, run with -Z macro-backtrace for more info)
[INFO] [stdout] 
[INFO] [stdout] 
[INFO] [stdout] warning: use of deprecated associated function `std::error::Error::description`: use the Display impl or to_string()
[INFO] [stdout]   --> client/src/chunk_index/mod.rs:17:1
[INFO] [stdout]    |
[INFO] [stdout] 17 | / quick_error! {
[INFO] [stdout] 18 | |     #[derive(Debug)]
[INFO] [stdout] 19 | |     pub enum DatabaseError {
[INFO] [stdout] 20 | |         PoolInitializationError(err: r2d2::InitializationError) {
[INFO] [stdout] ...  |
[INFO] [stdout] 32 | |     }
[INFO] [stdout] 33 | | }
[INFO] [stdout]    | |_^
[INFO] [stdout]    |
[INFO] [stdout]    = note: this warning originates in the macro `quick_error` (in Nightly builds, run with -Z macro-backtrace for more info)
[INFO] [stdout] 
[INFO] [stdout] 
[INFO] [stdout] warning: use of deprecated associated function `std::error::Error::description`: use the Display impl or to_string()
[INFO] [stdout]   --> client/src/chunk_index/mod.rs:17:1
[INFO] [stdout]    |
[INFO] [stdout] 17 | / quick_error! {
[INFO] [stdout] 18 | |     #[derive(Debug)]
[INFO] [stdout] 19 | |     pub enum DatabaseError {
[INFO] [stdout] 20 | |         PoolInitializationError(err: r2d2::InitializationError) {
[INFO] [stdout] ...  |
[INFO] [stdout] 32 | |     }
[INFO] [stdout] 33 | | }
[INFO] [stdout]    | |_^
[INFO] [stdout]    |
[INFO] [stdout]    = note: this warning originates in the macro `quick_error` (in Nightly builds, run with -Z macro-backtrace for more info)
[INFO] [stdout] 
[INFO] [stdout] 
[INFO] [stdout] warning: use of deprecated associated function `std::error::Error::description`: use the Display impl or to_string()
[INFO] [stdout]   --> client/src/chunk_index/mod.rs:17:1
[INFO] [stdout]    |
[INFO] [stdout] 17 | / quick_error! {
[INFO] [stdout] 18 | |     #[derive(Debug)]
[INFO] [stdout] 19 | |     pub enum DatabaseError {
[INFO] [stdout] 20 | |         PoolInitializationError(err: r2d2::InitializationError) {
[INFO] [stdout] ...  |
[INFO] [stdout] 32 | |     }
[INFO] [stdout] 33 | | }
[INFO] [stdout]    | |_^
[INFO] [stdout]    |
[INFO] [stdout]    = note: this warning originates in the macro `quick_error` (in Nightly builds, run with -Z macro-backtrace for more info)
[INFO] [stdout] 
[INFO] [stdout] 
[INFO] [stdout] warning: use of deprecated associated function `std::error::Error::description`: use the Display impl or to_string()
[INFO] [stdout]   --> client/src/config.rs:32:43
[INFO] [stdout]    |
[INFO] [stdout] 32 |             ParseError::InvalidHostname(e.description().into())
[INFO] [stdout]    |                                           ^^^^^^^^^^^
[INFO] [stdout] 
[INFO] [stdout] 
[INFO] [stdout] warning: 24 warnings emitted
[INFO] [stdout] 
[INFO] [stdout] 
[INFO] [stdout] warning: unused doc comment
[INFO] [stdout]  --> node/src/chunk_table/schema.rs:1:1
[INFO] [stdout]   |
[INFO] [stdout] 1 | /// Infer the database schema to rust types. Please see the `diesel` crate for more information.
[INFO] [stdout]   | ^^^^^^^^^^^^^^^^^^^^^^^^^^^^^^^^^^^^^^^^^^^^^^^^^^^^^^^^^^^^^^^^^^^^^^^^^^^^^^^^^^^^^^^^^^^^^^^^ rustdoc does not generate documentation for macro invocations
[INFO] [stdout]   |
[INFO] [stdout]   = note: `#[warn(unused_doc_comments)]` on by default
[INFO] [stdout]   = help: to document an item produced by a macro, the macro must produce the documentation as part of its expansion
[INFO] [stdout] 
[INFO] [stdout] 
[INFO] [stdout] warning: trait objects without an explicit `dyn` are deprecated
[INFO] [stdout]   --> node/src/service.rs:26:23
[INFO] [stdout]    |
[INFO] [stdout] 26 |     type Future = Box<Future<Item = Self::Response, Error = io::Error>>;
[INFO] [stdout]    |                       ^^^^^^^^^^^^^^^^^^^^^^^^^^^^^^^^^^^^^^^^^^^^^^^^ help: use `dyn`: `dyn Future<Item = Self::Response, Error = io::Error>`
[INFO] [stdout]    |
[INFO] [stdout]    = note: `#[warn(bare_trait_objects)]` on by default
[INFO] [stdout]    = warning: this is accepted in the current edition (Rust 2015) but is a hard error in Rust 2021!
[INFO] [stdout]    = note: for more information, see issue #80165 <https://github.com/rust-lang/rust/issues/80165>
[INFO] [stdout] 
[INFO] [stdout] 
[INFO] [stdout] warning: trait objects without an explicit `dyn` are deprecated
[INFO] [stdout]   --> node/src/service.rs:51:37
[INFO] [stdout]    |
[INFO] [stdout] 51 |     fn handle_unknown(&self) -> Box<Future<Item = Message, Error = io::Error>> {
[INFO] [stdout]    |                                     ^^^^^^^^^^^^^^^^^^^^^^^^^^^^^^^^^^^^^^^^^ help: use `dyn`: `dyn Future<Item = Message, Error = io::Error>`
[INFO] [stdout]    |
[INFO] [stdout]    = warning: this is accepted in the current edition (Rust 2015) but is a hard error in Rust 2021!
[INFO] [stdout]    = note: for more information, see issue #80165 <https://github.com/rust-lang/rust/issues/80165>
[INFO] [stdout] 
[INFO] [stdout] 
[INFO] [stdout] warning: trait objects without an explicit `dyn` are deprecated
[INFO] [stdout]   --> node/src/service.rs:59:41
[INFO] [stdout]    |
[INFO] [stdout] 59 |     fn handle_designation(&self) -> Box<Future<Item = Message, Error = io::Error>> {
[INFO] [stdout]    |                                         ^^^^^^^^^^^^^^^^^^^^^^^^^^^^^^^^^^^^^^^^^ help: use `dyn`: `dyn Future<Item = Message, Error = io::Error>`
[INFO] [stdout]    |
[INFO] [stdout]    = warning: this is accepted in the current edition (Rust 2015) but is a hard error in Rust 2021!
[INFO] [stdout]    = note: for more information, see issue #80165 <https://github.com/rust-lang/rust/issues/80165>
[INFO] [stdout] 
[INFO] [stdout] 
[INFO] [stdout] warning: trait objects without an explicit `dyn` are deprecated
[INFO] [stdout]   --> node/src/service.rs:68:14
[INFO] [stdout]    |
[INFO] [stdout] 68 |     ) -> Box<Future<Item = Message, Error = io::Error>> {
[INFO] [stdout]    |              ^^^^^^^^^^^^^^^^^^^^^^^^^^^^^^^^^^^^^^^^^ help: use `dyn`: `dyn Future<Item = Message, Error = io::Error>`
[INFO] [stdout]    |
[INFO] [stdout]    = warning: this is accepted in the current edition (Rust 2015) but is a hard error in Rust 2021!
[INFO] [stdout]    = note: for more information, see issue #80165 <https://github.com/rust-lang/rust/issues/80165>
[INFO] [stdout] 
[INFO] [stdout] 
[INFO] [stdout] warning: trait objects without an explicit `dyn` are deprecated
[INFO] [stdout]   --> node/src/service.rs:93:14
[INFO] [stdout]    |
[INFO] [stdout] 93 |     ) -> Box<Future<Item = Message, Error = io::Error>> {
[INFO] [stdout]    |              ^^^^^^^^^^^^^^^^^^^^^^^^^^^^^^^^^^^^^^^^^ help: use `dyn`: `dyn Future<Item = Message, Error = io::Error>`
[INFO] [stdout]    |
[INFO] [stdout]    = warning: this is accepted in the current edition (Rust 2015) but is a hard error in Rust 2021!
[INFO] [stdout]    = note: for more information, see issue #80165 <https://github.com/rust-lang/rust/issues/80165>
[INFO] [stdout] 
[INFO] [stdout] 
[INFO] [stdout] warning: trait objects without an explicit `dyn` are deprecated
[INFO] [stdout]    --> node/src/service.rs:144:49
[INFO] [stdout]     |
[INFO] [stdout] 144 |     fn handle_return_root_handles(&self) -> Box<Future<Item = Message, Error = io::Error>> {
[INFO] [stdout]     |                                                 ^^^^^^^^^^^^^^^^^^^^^^^^^^^^^^^^^^^^^^^^^ help: use `dyn`: `dyn Future<Item = Message, Error = io::Error>`
[INFO] [stdout]     |
[INFO] [stdout]     = warning: this is accepted in the current edition (Rust 2015) but is a hard error in Rust 2021!
[INFO] [stdout]     = note: for more information, see issue #80165 <https://github.com/rust-lang/rust/issues/80165>
[INFO] [stdout] 
[INFO] [stdout] 
[INFO] [stdout] warning: trait objects without an explicit `dyn` are deprecated
[INFO] [stdout]    --> node/src/service.rs:171:57
[INFO] [stdout]     |
[INFO] [stdout] 171 |     fn handle_get_chunks(&self, body: GetChunks) -> Box<Future<Item = Message, Error = io::Error>> {
[INFO] [stdout]     |                                                         ^^^^^^^^^^^^^^^^^^^^^^^^^^^^^^^^^^^^^^^^^ help: use `dyn`: `dyn Future<Item = Message, Error = io::Error>`
[INFO] [stdout]     |
[INFO] [stdout]     = warning: this is accepted in the current edition (Rust 2015) but is a hard error in Rust 2021!
[INFO] [stdout]     = note: for more information, see issue #80165 <https://github.com/rust-lang/rust/issues/80165>
[INFO] [stdout] 
[INFO] [stdout] 
[INFO] [stdout] warning: trait objects without an explicit `dyn` are deprecated
[INFO] [stdout]   --> node/src/schedule/mod.rs:50:15
[INFO] [stdout]    |
[INFO] [stdout] 50 |     task: Arc<Task>,
[INFO] [stdout]    |               ^^^^ help: use `dyn`: `dyn Task`
[INFO] [stdout]    |
[INFO] [stdout]    = warning: this is accepted in the current edition (Rust 2015) but is a hard error in Rust 2021!
[INFO] [stdout]    = note: for more information, see issue #80165 <https://github.com/rust-lang/rust/issues/80165>
[INFO] [stdout] 
[INFO] [stdout] 
[INFO] [stdout] warning: trait objects without an explicit `dyn` are deprecated
[INFO] [stdout]   --> node/src/schedule/mod.rs:57:38
[INFO] [stdout]    |
[INFO] [stdout] 57 |     fn new(handle: Handle, task: Arc<Task>, timeout: Duration) -> Self {
[INFO] [stdout]    |                                      ^^^^ help: use `dyn`: `dyn Task`
[INFO] [stdout]    |
[INFO] [stdout]    = warning: this is accepted in the current edition (Rust 2015) but is a hard error in Rust 2021!
[INFO] [stdout]    = note: for more information, see issue #80165 <https://github.com/rust-lang/rust/issues/80165>
[INFO] [stdout] 
[INFO] [stdout] 
[INFO] [stderr]    Compiling redbackup-client v0.1.0 (/opt/rustwide/workdir/client)
[INFO] [stdout] warning: use of deprecated associated function `std::error::Error::description`: use the Display impl or to_string()
[INFO] [stdout]   --> node/src/schedule/replication.rs:58:1
[INFO] [stdout]    |
[INFO] [stdout] 58 | / quick_error!{
[INFO] [stdout] 59 | |     #[derive(Debug)]
[INFO] [stdout] 60 | |     pub enum ReplicationError {
[INFO] [stdout] 61 | |         NodeCommunicationError
[INFO] [stdout] ...  |
[INFO] [stdout] 85 | |     }
[INFO] [stdout] 86 | | }
[INFO] [stdout]    | |_^
[INFO] [stdout]    |
[INFO] [stdout]    = note: `#[warn(deprecated)]` on by default
[INFO] [stdout]    = note: this warning originates in the macro `quick_error` (in Nightly builds, run with -Z macro-backtrace for more info)
[INFO] [stdout] 
[INFO] [stdout] 
[INFO] [stderr]    Compiling redbackup-node v0.1.0 (/opt/rustwide/workdir/node)
[INFO] [stdout] warning: use of deprecated associated function `std::error::Error::description`: use the Display impl or to_string()
[INFO] [stdout]   --> node/src/utils.rs:49:53
[INFO] [stdout]    |
[INFO] [stdout] 49 |             warn!("Failed to load chunk: {:?}", err.description());
[INFO] [stdout]    |                                                     ^^^^^^^^^^^
[INFO] [stdout] 
[INFO] [stdout] 
[INFO] [stdout] warning: 12 warnings emitted
[INFO] [stdout] 
[INFO] [stdout] 
[INFO] [stdout] warning: use of deprecated associated function `std::error::Error::description`: use the Display impl or to_string()
[INFO] [stdout]   --> storage/src/lib.rs:14:1
[INFO] [stdout]    |
[INFO] [stdout] 14 | / quick_error! {
[INFO] [stdout] 15 | |     #[derive(Debug)]
[INFO] [stdout] 16 | |     pub enum StorageError {
[INFO] [stdout] 17 | |         IoError(err: std::io::Error) {
[INFO] [stdout] ...  |
[INFO] [stdout] 37 | |     }
[INFO] [stdout] 38 | | }
[INFO] [stdout]    | |_^
[INFO] [stdout]    |
[INFO] [stdout]    = note: `#[warn(deprecated)]` on by default
[INFO] [stdout]    = note: this warning originates in the macro `quick_error` (in Nightly builds, run with -Z macro-backtrace for more info)
[INFO] [stdout] 
[INFO] [stdout] 
[INFO] [stderr]    Compiling redbackup-node-cli v0.1.0 (/opt/rustwide/workdir/node-cli)
[INFO] [stdout] warning: use of deprecated associated function `std::error::Error::description`: use the Display impl or to_string()
[INFO] [stdout]   --> protocol/src/lib.rs:84:23
[INFO] [stdout]    |
[INFO] [stdout] 84 |                     e.description(),
[INFO] [stdout]    |                       ^^^^^^^^^^^
[INFO] [stdout]    |
[INFO] [stdout]    = note: `#[warn(deprecated)]` on by default
[INFO] [stdout] 
[INFO] [stdout] 
[INFO] [stderr]    Compiling redbackup-client-cli v0.1.0 (/opt/rustwide/workdir/client-cli)
[INFO] [stdout] warning: use of deprecated associated function `std::error::Error::cause`: replaced by Error::source, which can support downcasting
[INFO] [stdout]   --> protocol/src/lib.rs:85:23
[INFO] [stdout]    |
[INFO] [stdout] 85 |                     e.cause()
[INFO] [stdout]    |                       ^^^^^
[INFO] [stdout] 
[INFO] [stdout] 
[INFO] [stdout] warning: use of deprecated associated function `std::error::Error::description`: use the Display impl or to_string()
[INFO] [stdout]    --> protocol/src/lib.rs:142:24
[INFO] [stdout]     |
[INFO] [stdout] 142 |         assert_eq!(err.description(), "error while decoding value");
[INFO] [stdout]     |                        ^^^^^^^^^^^
[INFO] [stdout] 
[INFO] [stdout] 
[INFO] [stdout] warning: use of deprecated associated function `std::error::Error::description`: use the Display impl or to_string()
[INFO] [stdout]    --> protocol/src/lib.rs:280:24
[INFO] [stdout]     |
[INFO] [stdout] 280 |         assert_eq!(err.description(), "error while decoding value");
[INFO] [stdout]     |                        ^^^^^^^^^^^
[INFO] [stdout] 
[INFO] [stdout] 
[INFO] [stdout] warning: use of deprecated associated function `std::error::Error::description`: use the Display impl or to_string()
[INFO] [stdout]    --> client-cli/src/main.rs:193:38
[INFO] [stdout]     |
[INFO] [stdout] 193 |     eprintln!("Description: {}", err.description());
[INFO] [stdout]     |                                      ^^^^^^^^^^^
[INFO] [stdout]     |
[INFO] [stdout]     = note: `#[warn(deprecated)]` on by default
[INFO] [stdout] 
[INFO] [stdout] 
[INFO] [stdout] warning: use of deprecated associated function `std::error::Error::cause`: replaced by Error::source, which can support downcasting
[INFO] [stdout]    --> client-cli/src/main.rs:194:43
[INFO] [stdout]     |
[INFO] [stdout] 194 |     eprintln!("Cause (if any): {:?}", err.cause());
[INFO] [stdout]     |                                           ^^^^^
[INFO] [stdout] 
[INFO] [stdout] 
[INFO] [stdout] warning: unused doc comment
[INFO] [stdout]  --> node/src/chunk_table/schema.rs:1:1
[INFO] [stdout]   |
[INFO] [stdout] 1 | /// Infer the database schema to rust types. Please see the `diesel` crate for more information.
[INFO] [stdout]   | ^^^^^^^^^^^^^^^^^^^^^^^^^^^^^^^^^^^^^^^^^^^^^^^^^^^^^^^^^^^^^^^^^^^^^^^^^^^^^^^^^^^^^^^^^^^^^^^^ rustdoc does not generate documentation for macro invocations
[INFO] [stdout]   |
[INFO] [stdout]   = note: `#[warn(unused_doc_comments)]` on by default
[INFO] [stdout]   = help: to document an item produced by a macro, the macro must produce the documentation as part of its expansion
[INFO] [stdout] 
[INFO] [stdout] 
[INFO] [stdout] warning: trait objects without an explicit `dyn` are deprecated
[INFO] [stdout]   --> node/src/service.rs:26:23
[INFO] [stdout]    |
[INFO] [stdout] 26 |     type Future = Box<Future<Item = Self::Response, Error = io::Error>>;
[INFO] [stdout]    |                       ^^^^^^^^^^^^^^^^^^^^^^^^^^^^^^^^^^^^^^^^^^^^^^^^ help: use `dyn`: `dyn Future<Item = Self::Response, Error = io::Error>`
[INFO] [stdout]    |
[INFO] [stdout]    = note: `#[warn(bare_trait_objects)]` on by default
[INFO] [stdout]    = warning: this is accepted in the current edition (Rust 2015) but is a hard error in Rust 2021!
[INFO] [stdout]    = note: for more information, see issue #80165 <https://github.com/rust-lang/rust/issues/80165>
[INFO] [stdout] 
[INFO] [stdout] 
[INFO] [stdout] warning: trait objects without an explicit `dyn` are deprecated
[INFO] [stdout]   --> node/src/service.rs:51:37
[INFO] [stdout]    |
[INFO] [stdout] 51 |     fn handle_unknown(&self) -> Box<Future<Item = Message, Error = io::Error>> {
[INFO] [stdout]    |                                     ^^^^^^^^^^^^^^^^^^^^^^^^^^^^^^^^^^^^^^^^^ help: use `dyn`: `dyn Future<Item = Message, Error = io::Error>`
[INFO] [stdout]    |
[INFO] [stdout]    = warning: this is accepted in the current edition (Rust 2015) but is a hard error in Rust 2021!
[INFO] [stdout]    = note: for more information, see issue #80165 <https://github.com/rust-lang/rust/issues/80165>
[INFO] [stdout] 
[INFO] [stdout] 
[INFO] [stdout] warning: trait objects without an explicit `dyn` are deprecated
[INFO] [stdout]   --> node/src/service.rs:59:41
[INFO] [stdout]    |
[INFO] [stdout] 59 |     fn handle_designation(&self) -> Box<Future<Item = Message, Error = io::Error>> {
[INFO] [stdout]    |                                         ^^^^^^^^^^^^^^^^^^^^^^^^^^^^^^^^^^^^^^^^^ help: use `dyn`: `dyn Future<Item = Message, Error = io::Error>`
[INFO] [stdout]    |
[INFO] [stdout]    = warning: this is accepted in the current edition (Rust 2015) but is a hard error in Rust 2021!
[INFO] [stdout]    = note: for more information, see issue #80165 <https://github.com/rust-lang/rust/issues/80165>
[INFO] [stdout] 
[INFO] [stdout] 
[INFO] [stdout] warning: the item `files` is imported redundantly
[INFO] [stdout]    --> client/src/chunk_index/mod.rs:135:13
[INFO] [stdout]     |
[INFO] [stdout] 13  | use self::schema::*;
[INFO] [stdout]     |     --------------- the item `files` is already imported here
[INFO] [stdout] ...
[INFO] [stdout] 135 |         use self::files;
[INFO] [stdout]     |             ^^^^^^^^^^^
[INFO] [stdout]     |
[INFO] [stdout]     = note: `#[warn(unused_imports)]` on by default
[INFO] [stdout] 
[INFO] [stdout] 
[INFO] [stdout] warning: trait objects without an explicit `dyn` are deprecated
[INFO] [stdout]   --> node/src/service.rs:68:14
[INFO] [stdout]    |
[INFO] [stdout] 68 |     ) -> Box<Future<Item = Message, Error = io::Error>> {
[INFO] [stdout]    |              ^^^^^^^^^^^^^^^^^^^^^^^^^^^^^^^^^^^^^^^^^ help: use `dyn`: `dyn Future<Item = Message, Error = io::Error>`
[INFO] [stdout]    |
[INFO] [stdout]    = warning: this is accepted in the current edition (Rust 2015) but is a hard error in Rust 2021!
[INFO] [stdout]    = note: for more information, see issue #80165 <https://github.com/rust-lang/rust/issues/80165>
[INFO] [stdout] 
[INFO] [stdout] 
[INFO] [stdout] warning: trait objects without an explicit `dyn` are deprecated
[INFO] [stdout]   --> node/src/service.rs:93:14
[INFO] [stdout]    |
[INFO] [stdout] 93 |     ) -> Box<Future<Item = Message, Error = io::Error>> {
[INFO] [stdout]    |              ^^^^^^^^^^^^^^^^^^^^^^^^^^^^^^^^^^^^^^^^^ help: use `dyn`: `dyn Future<Item = Message, Error = io::Error>`
[INFO] [stdout]    |
[INFO] [stdout]    = warning: this is accepted in the current edition (Rust 2015) but is a hard error in Rust 2021!
[INFO] [stdout]    = note: for more information, see issue #80165 <https://github.com/rust-lang/rust/issues/80165>
[INFO] [stdout] 
[INFO] [stdout] 
[INFO] [stdout] warning: trait objects without an explicit `dyn` are deprecated
[INFO] [stdout]    --> node/src/service.rs:144:49
[INFO] [stdout]     |
[INFO] [stdout] 144 |     fn handle_return_root_handles(&self) -> Box<Future<Item = Message, Error = io::Error>> {
[INFO] [stdout]     |                                                 ^^^^^^^^^^^^^^^^^^^^^^^^^^^^^^^^^^^^^^^^^ help: use `dyn`: `dyn Future<Item = Message, Error = io::Error>`
[INFO] [stdout]     |
[INFO] [stdout]     = warning: this is accepted in the current edition (Rust 2015) but is a hard error in Rust 2021!
[INFO] [stdout]     = note: for more information, see issue #80165 <https://github.com/rust-lang/rust/issues/80165>
[INFO] [stdout] 
[INFO] [stdout] 
[INFO] [stdout] warning: trait objects without an explicit `dyn` are deprecated
[INFO] [stdout]    --> node/src/service.rs:171:57
[INFO] [stdout]     |
[INFO] [stdout] 171 |     fn handle_get_chunks(&self, body: GetChunks) -> Box<Future<Item = Message, Error = io::Error>> {
[INFO] [stdout]     |                                                         ^^^^^^^^^^^^^^^^^^^^^^^^^^^^^^^^^^^^^^^^^ help: use `dyn`: `dyn Future<Item = Message, Error = io::Error>`
[INFO] [stdout]     |
[INFO] [stdout]     = warning: this is accepted in the current edition (Rust 2015) but is a hard error in Rust 2021!
[INFO] [stdout]     = note: for more information, see issue #80165 <https://github.com/rust-lang/rust/issues/80165>
[INFO] [stdout] 
[INFO] [stdout] 
[INFO] [stdout] warning: trait objects without an explicit `dyn` are deprecated
[INFO] [stdout]   --> node/src/schedule/mod.rs:50:15
[INFO] [stdout]    |
[INFO] [stdout] 50 |     task: Arc<Task>,
[INFO] [stdout]    |               ^^^^ help: use `dyn`: `dyn Task`
[INFO] [stdout]    |
[INFO] [stdout]    = warning: this is accepted in the current edition (Rust 2015) but is a hard error in Rust 2021!
[INFO] [stdout]    = note: for more information, see issue #80165 <https://github.com/rust-lang/rust/issues/80165>
[INFO] [stdout] 
[INFO] [stdout] 
[INFO] [stdout] warning: trait objects without an explicit `dyn` are deprecated
[INFO] [stdout]   --> node/src/schedule/mod.rs:57:38
[INFO] [stdout]    |
[INFO] [stdout] 57 |     fn new(handle: Handle, task: Arc<Task>, timeout: Duration) -> Self {
[INFO] [stdout]    |                                      ^^^^ help: use `dyn`: `dyn Task`
[INFO] [stdout]    |
[INFO] [stdout]    = warning: this is accepted in the current edition (Rust 2015) but is a hard error in Rust 2021!
[INFO] [stdout]    = note: for more information, see issue #80165 <https://github.com/rust-lang/rust/issues/80165>
[INFO] [stdout] 
[INFO] [stdout] 
[INFO] [stdout] warning: use of deprecated associated function `std::error::Error::description`: use the Display impl or to_string()
[INFO] [stdout]   --> client/src/config.rs:16:1
[INFO] [stdout]    |
[INFO] [stdout] 16 | / quick_error! {
[INFO] [stdout] 17 | |     #[derive(Debug)]
[INFO] [stdout] 18 | |     pub enum ParseError {
[INFO] [stdout] 19 | |         InvalidHostname(err: String) {}
[INFO] [stdout] ...  |
[INFO] [stdout] 22 | |     }
[INFO] [stdout] 23 | | }
[INFO] [stdout]    | |_^
[INFO] [stdout]    |
[INFO] [stdout]    = note: `#[warn(deprecated)]` on by default
[INFO] [stdout]    = note: this warning originates in the macro `quick_error` (in Nightly builds, run with -Z macro-backtrace for more info)
[INFO] [stdout] 
[INFO] [stdout] 
[INFO] [stdout] warning: use of deprecated associated function `std::error::Error::description`: use the Display impl or to_string()
[INFO] [stdout]   --> node/src/schedule/replication.rs:58:1
[INFO] [stdout]    |
[INFO] [stdout] 58 | / quick_error!{
[INFO] [stdout] 59 | |     #[derive(Debug)]
[INFO] [stdout] 60 | |     pub enum ReplicationError {
[INFO] [stdout] 61 | |         NodeCommunicationError
[INFO] [stdout] ...  |
[INFO] [stdout] 85 | |     }
[INFO] [stdout] 86 | | }
[INFO] [stdout]    | |_^
[INFO] [stdout]    |
[INFO] [stdout]    = note: `#[warn(deprecated)]` on by default
[INFO] [stdout]    = note: this warning originates in the macro `quick_error` (in Nightly builds, run with -Z macro-backtrace for more info)
[INFO] [stdout] 
[INFO] [stdout] 
[INFO] [stdout] warning: use of deprecated associated function `std::error::Error::description`: use the Display impl or to_string()
[INFO] [stdout]   --> client/src/config.rs:16:1
[INFO] [stdout]    |
[INFO] [stdout] 16 | / quick_error! {
[INFO] [stdout] 17 | |     #[derive(Debug)]
[INFO] [stdout] 18 | |     pub enum ParseError {
[INFO] [stdout] 19 | |         InvalidHostname(err: String) {}
[INFO] [stdout] ...  |
[INFO] [stdout] 22 | |     }
[INFO] [stdout] 23 | | }
[INFO] [stdout]    | |_^
[INFO] [stdout]    |
[INFO] [stdout]    = note: this warning originates in the macro `quick_error` (in Nightly builds, run with -Z macro-backtrace for more info)
[INFO] [stdout] 
[INFO] [stdout] 
[INFO] [stdout] warning: use of deprecated associated function `std::error::Error::description`: use the Display impl or to_string()
[INFO] [stdout]   --> client/src/config.rs:16:1
[INFO] [stdout]    |
[INFO] [stdout] 16 | / quick_error! {
[INFO] [stdout] 17 | |     #[derive(Debug)]
[INFO] [stdout] 18 | |     pub enum ParseError {
[INFO] [stdout] 19 | |         InvalidHostname(err: String) {}
[INFO] [stdout] ...  |
[INFO] [stdout] 22 | |     }
[INFO] [stdout] 23 | | }
[INFO] [stdout]    | |_^
[INFO] [stdout]    |
[INFO] [stdout]    = note: this warning originates in the macro `quick_error` (in Nightly builds, run with -Z macro-backtrace for more info)
[INFO] [stdout] 
[INFO] [stdout] 
[INFO] [stdout] warning: use of deprecated associated function `std::error::Error::description`: use the Display impl or to_string()
[INFO] [stdout]   --> client/src/create_backup/create_chunk_index.rs:13:1
[INFO] [stdout]    |
[INFO] [stdout] 13 | / quick_error! {
[INFO] [stdout] 14 | |     #[derive(Debug)]
[INFO] [stdout] 15 | |     pub enum BuilderError {
[INFO] [stdout] 16 | |         DatabaseError(err: DatabaseError) {
[INFO] [stdout] ...  |
[INFO] [stdout] 28 | |     }
[INFO] [stdout] 29 | | }
[INFO] [stdout]    | |_^
[INFO] [stdout]    |
[INFO] [stdout]    = note: this warning originates in the macro `quick_error` (in Nightly builds, run with -Z macro-backtrace for more info)
[INFO] [stdout] 
[INFO] [stdout] 
[INFO] [stdout] warning: use of deprecated associated function `std::error::Error::description`: use the Display impl or to_string()
[INFO] [stdout]   --> client/src/create_backup/create_chunk_index.rs:13:1
[INFO] [stdout]    |
[INFO] [stdout] 13 | / quick_error! {
[INFO] [stdout] 14 | |     #[derive(Debug)]
[INFO] [stdout] 15 | |     pub enum BuilderError {
[INFO] [stdout] 16 | |         DatabaseError(err: DatabaseError) {
[INFO] [stdout] ...  |
[INFO] [stdout] 28 | |     }
[INFO] [stdout] 29 | | }
[INFO] [stdout]    | |_^
[INFO] [stdout]    |
[INFO] [stdout]    = note: this warning originates in the macro `quick_error` (in Nightly builds, run with -Z macro-backtrace for more info)
[INFO] [stdout] 
[INFO] [stdout] 
[INFO] [stdout] warning: use of deprecated associated function `std::error::Error::description`: use the Display impl or to_string()
[INFO] [stdout]   --> node/src/utils.rs:49:53
[INFO] [stdout]    |
[INFO] [stdout] 49 |             warn!("Failed to load chunk: {:?}", err.description());
[INFO] [stdout]    |                                                     ^^^^^^^^^^^
[INFO] [stdout] 
[INFO] [stdout] 
[INFO] [stdout] warning: use of deprecated associated function `std::error::Error::description`: use the Display impl or to_string()
[INFO] [stdout]   --> client/src/create_backup/config.rs:17:1
[INFO] [stdout]    |
[INFO] [stdout] 17 | / quick_error! {
[INFO] [stdout] 18 | |     #[derive(Debug)]
[INFO] [stdout] 19 | |     pub enum CreateBackupConfigError {
[INFO] [stdout] 20 | |         NonExistingDirectory(dirname: String) {}
[INFO] [stdout] ...  |
[INFO] [stdout] 33 | |     }
[INFO] [stdout] 34 | | }
[INFO] [stdout]    | |_^
[INFO] [stdout]    |
[INFO] [stdout]    = note: this warning originates in the macro `quick_error` (in Nightly builds, run with -Z macro-backtrace for more info)
[INFO] [stdout] 
[INFO] [stdout] 
[INFO] [stdout] warning: use of deprecated associated function `std::error::Error::description`: use the Display impl or to_string()
[INFO] [stdout]   --> client/src/create_backup/config.rs:17:1
[INFO] [stdout]    |
[INFO] [stdout] 17 | / quick_error! {
[INFO] [stdout] 18 | |     #[derive(Debug)]
[INFO] [stdout] 19 | |     pub enum CreateBackupConfigError {
[INFO] [stdout] 20 | |         NonExistingDirectory(dirname: String) {}
[INFO] [stdout] ...  |
[INFO] [stdout] 33 | |     }
[INFO] [stdout] 34 | | }
[INFO] [stdout]    | |_^
[INFO] [stdout]    |
[INFO] [stdout]    = note: this warning originates in the macro `quick_error` (in Nightly builds, run with -Z macro-backtrace for more info)
[INFO] [stdout] 
[INFO] [stdout] 
[INFO] [stdout] warning: use of deprecated associated function `std::error::Error::description`: use the Display impl or to_string()
[INFO] [stdout]   --> client/src/create_backup/config.rs:17:1
[INFO] [stdout]    |
[INFO] [stdout] 17 | / quick_error! {
[INFO] [stdout] 18 | |     #[derive(Debug)]
[INFO] [stdout] 19 | |     pub enum CreateBackupConfigError {
[INFO] [stdout] 20 | |         NonExistingDirectory(dirname: String) {}
[INFO] [stdout] ...  |
[INFO] [stdout] 33 | |     }
[INFO] [stdout] 34 | | }
[INFO] [stdout]    | |_^
[INFO] [stdout]    |
[INFO] [stdout]    = note: this warning originates in the macro `quick_error` (in Nightly builds, run with -Z macro-backtrace for more info)
[INFO] [stdout] 
[INFO] [stdout] 
[INFO] [stdout] warning: use of deprecated associated function `std::error::Error::description`: use the Display impl or to_string()
[INFO] [stdout]   --> client/src/create_backup/create_error.rs:6:1
[INFO] [stdout]    |
[INFO] [stdout] 6  | / quick_error!{
[INFO] [stdout] 7  | |     #[derive(Debug)]
[INFO] [stdout] 8  | |     pub enum CreateError {
[INFO] [stdout] 9  | |         DatabaseError(err: DatabaseError) {
[INFO] [stdout] ...  |
[INFO] [stdout] 35 | |     }
[INFO] [stdout] 36 | | }
[INFO] [stdout]    | |_^
[INFO] [stdout]    |
[INFO] [stdout]    = note: this warning originates in the macro `quick_error` (in Nightly builds, run with -Z macro-backtrace for more info)
[INFO] [stdout] 
[INFO] [stdout] 
[INFO] [stdout] warning: use of deprecated associated function `std::error::Error::description`: use the Display impl or to_string()
[INFO] [stdout]   --> client/src/create_backup/create_error.rs:6:1
[INFO] [stdout]    |
[INFO] [stdout] 6  | / quick_error!{
[INFO] [stdout] 7  | |     #[derive(Debug)]
[INFO] [stdout] 8  | |     pub enum CreateError {
[INFO] [stdout] 9  | |         DatabaseError(err: DatabaseError) {
[INFO] [stdout] ...  |
[INFO] [stdout] 35 | |     }
[INFO] [stdout] 36 | | }
[INFO] [stdout]    | |_^
[INFO] [stdout]    |
[INFO] [stdout]    = note: this warning originates in the macro `quick_error` (in Nightly builds, run with -Z macro-backtrace for more info)
[INFO] [stdout] 
[INFO] [stdout] 
[INFO] [stdout] warning: use of deprecated associated function `std::error::Error::description`: use the Display impl or to_string()
[INFO] [stdout]   --> client/src/create_backup/create_error.rs:6:1
[INFO] [stdout]    |
[INFO] [stdout] 6  | / quick_error!{
[INFO] [stdout] 7  | |     #[derive(Debug)]
[INFO] [stdout] 8  | |     pub enum CreateError {
[INFO] [stdout] 9  | |         DatabaseError(err: DatabaseError) {
[INFO] [stdout] ...  |
[INFO] [stdout] 35 | |     }
[INFO] [stdout] 36 | | }
[INFO] [stdout]    | |_^
[INFO] [stdout]    |
[INFO] [stdout]    = note: this warning originates in the macro `quick_error` (in Nightly builds, run with -Z macro-backtrace for more info)
[INFO] [stdout] 
[INFO] [stdout] 
[INFO] [stdout] warning: use of deprecated associated function `std::error::Error::description`: use the Display impl or to_string()
[INFO] [stdout]   --> client/src/create_backup/create_error.rs:6:1
[INFO] [stdout]    |
[INFO] [stdout] 6  | / quick_error!{
[INFO] [stdout] 7  | |     #[derive(Debug)]
[INFO] [stdout] 8  | |     pub enum CreateError {
[INFO] [stdout] 9  | |         DatabaseError(err: DatabaseError) {
[INFO] [stdout] ...  |
[INFO] [stdout] 35 | |     }
[INFO] [stdout] 36 | | }
[INFO] [stdout]    | |_^
[INFO] [stdout]    |
[INFO] [stdout]    = note: this warning originates in the macro `quick_error` (in Nightly builds, run with -Z macro-backtrace for more info)
[INFO] [stdout] 
[INFO] [stdout] 
[INFO] [stdout] warning: use of deprecated associated function `std::error::Error::description`: use the Display impl or to_string()
[INFO] [stdout]   --> client/src/create_backup/create_error.rs:6:1
[INFO] [stdout]    |
[INFO] [stdout] 6  | / quick_error!{
[INFO] [stdout] 7  | |     #[derive(Debug)]
[INFO] [stdout] 8  | |     pub enum CreateError {
[INFO] [stdout] 9  | |         DatabaseError(err: DatabaseError) {
[INFO] [stdout] ...  |
[INFO] [stdout] 35 | |     }
[INFO] [stdout] 36 | | }
[INFO] [stdout]    | |_^
[INFO] [stdout]    |
[INFO] [stdout]    = note: this warning originates in the macro `quick_error` (in Nightly builds, run with -Z macro-backtrace for more info)
[INFO] [stdout] 
[INFO] [stdout] 
[INFO] [stdout] warning: use of deprecated associated function `std::error::Error::description`: use the Display impl or to_string()
[INFO] [stdout]   --> client/src/list_backups/error.rs:3:1
[INFO] [stdout]    |
[INFO] [stdout] 3  | / quick_error!{
[INFO] [stdout] 4  | |     #[derive(Debug)]
[INFO] [stdout] 5  | |     pub enum ListBackupsError {
[INFO] [stdout] 6  | |         IoError(err: io::Error) {
[INFO] [stdout] ...  |
[INFO] [stdout] 13 | |     }
[INFO] [stdout] 14 | | }
[INFO] [stdout]    | |_^
[INFO] [stdout]    |
[INFO] [stdout]    = note: this warning originates in the macro `quick_error` (in Nightly builds, run with -Z macro-backtrace for more info)
[INFO] [stdout] 
[INFO] [stdout] 
[INFO] [stdout] warning: use of deprecated associated function `std::error::Error::description`: use the Display impl or to_string()
[INFO] [stdout]   --> client/src/list_backups/error.rs:3:1
[INFO] [stdout]    |
[INFO] [stdout] 3  | / quick_error!{
[INFO] [stdout] 4  | |     #[derive(Debug)]
[INFO] [stdout] 5  | |     pub enum ListBackupsError {
[INFO] [stdout] 6  | |         IoError(err: io::Error) {
[INFO] [stdout] ...  |
[INFO] [stdout] 13 | |     }
[INFO] [stdout] 14 | | }
[INFO] [stdout]    | |_^
[INFO] [stdout]    |
[INFO] [stdout]    = note: this warning originates in the macro `quick_error` (in Nightly builds, run with -Z macro-backtrace for more info)
[INFO] [stdout] 
[INFO] [stdout] 
[INFO] [stdout] warning: use of deprecated associated function `std::error::Error::description`: use the Display impl or to_string()
[INFO] [stdout]   --> client/src/restore_backup/config.rs:10:1
[INFO] [stdout]    |
[INFO] [stdout] 10 | / quick_error! {
[INFO] [stdout] 11 | |     #[derive(Debug)]
[INFO] [stdout] 12 | |     pub enum RestoreBackupConfigError {
[INFO] [stdout] 13 | |         NonExistingDirectory(dirname: String) {}
[INFO] [stdout] 14 | |         InvalidBackupId(id: String) {}
[INFO] [stdout] 15 | |     }
[INFO] [stdout] 16 | | }
[INFO] [stdout]    | |_^
[INFO] [stdout]    |
[INFO] [stdout]    = note: this warning originates in the macro `quick_error` (in Nightly builds, run with -Z macro-backtrace for more info)
[INFO] [stdout] 
[INFO] [stdout] 
[INFO] [stdout] warning: use of deprecated associated function `std::error::Error::description`: use the Display impl or to_string()
[INFO] [stdout]   --> client/src/restore_backup/config.rs:10:1
[INFO] [stdout]    |
[INFO] [stdout] 10 | / quick_error! {
[INFO] [stdout] 11 | |     #[derive(Debug)]
[INFO] [stdout] 12 | |     pub enum RestoreBackupConfigError {
[INFO] [stdout] 13 | |         NonExistingDirectory(dirname: String) {}
[INFO] [stdout] 14 | |         InvalidBackupId(id: String) {}
[INFO] [stdout] 15 | |     }
[INFO] [stdout] 16 | | }
[INFO] [stdout]    | |_^
[INFO] [stdout]    |
[INFO] [stdout]    = note: this warning originates in the macro `quick_error` (in Nightly builds, run with -Z macro-backtrace for more info)
[INFO] [stdout] 
[INFO] [stdout] 
[INFO] [stdout] warning: use of deprecated associated function `std::error::Error::description`: use the Display impl or to_string()
[INFO] [stdout]   --> client/src/restore_backup/error.rs:5:1
[INFO] [stdout]    |
[INFO] [stdout] 5  | / quick_error!{
[INFO] [stdout] 6  | |     #[derive(Debug)]
[INFO] [stdout] 7  | |     pub enum RestoreBackupError {
[INFO] [stdout] 8  | |         DatabaseError(err: DatabaseError) {
[INFO] [stdout] ...  |
[INFO] [stdout] 29 | |     }
[INFO] [stdout] 30 | | }
[INFO] [stdout]    | |_^
[INFO] [stdout]    |
[INFO] [stdout]    = note: this warning originates in the macro `quick_error` (in Nightly builds, run with -Z macro-backtrace for more info)
[INFO] [stdout] 
[INFO] [stdout] 
[INFO] [stdout] warning: use of deprecated associated function `std::error::Error::description`: use the Display impl or to_string()
[INFO] [stdout]   --> client/src/chunk_index/mod.rs:17:1
[INFO] [stdout]    |
[INFO] [stdout] 17 | / quick_error! {
[INFO] [stdout] 18 | |     #[derive(Debug)]
[INFO] [stdout] 19 | |     pub enum DatabaseError {
[INFO] [stdout] 20 | |         PoolInitializationError(err: r2d2::InitializationError) {
[INFO] [stdout] ...  |
[INFO] [stdout] 32 | |     }
[INFO] [stdout] 33 | | }
[INFO] [stdout]    | |_^
[INFO] [stdout]    |
[INFO] [stdout]    = note: this warning originates in the macro `quick_error` (in Nightly builds, run with -Z macro-backtrace for more info)
[INFO] [stdout] 
[INFO] [stdout] 
[INFO] [stdout] warning: use of deprecated associated function `std::error::Error::description`: use the Display impl or to_string()
[INFO] [stdout]   --> client/src/chunk_index/mod.rs:17:1
[INFO] [stdout]    |
[INFO] [stdout] 17 | / quick_error! {
[INFO] [stdout] 18 | |     #[derive(Debug)]
[INFO] [stdout] 19 | |     pub enum DatabaseError {
[INFO] [stdout] 20 | |         PoolInitializationError(err: r2d2::InitializationError) {
[INFO] [stdout] ...  |
[INFO] [stdout] 32 | |     }
[INFO] [stdout] 33 | | }
[INFO] [stdout]    | |_^
[INFO] [stdout]    |
[INFO] [stdout]    = note: this warning originates in the macro `quick_error` (in Nightly builds, run with -Z macro-backtrace for more info)
[INFO] [stdout] 
[INFO] [stdout] 
[INFO] [stdout] warning: use of deprecated associated function `std::error::Error::description`: use the Display impl or to_string()
[INFO] [stdout]   --> client/src/chunk_index/mod.rs:17:1
[INFO] [stdout]    |
[INFO] [stdout] 17 | / quick_error! {
[INFO] [stdout] 18 | |     #[derive(Debug)]
[INFO] [stdout] 19 | |     pub enum DatabaseError {
[INFO] [stdout] 20 | |         PoolInitializationError(err: r2d2::InitializationError) {
[INFO] [stdout] ...  |
[INFO] [stdout] 32 | |     }
[INFO] [stdout] 33 | | }
[INFO] [stdout]    | |_^
[INFO] [stdout]    |
[INFO] [stdout]    = note: this warning originates in the macro `quick_error` (in Nightly builds, run with -Z macro-backtrace for more info)
[INFO] [stdout] 
[INFO] [stdout] 
[INFO] [stdout] warning: use of deprecated associated function `std::error::Error::description`: use the Display impl or to_string()
[INFO] [stdout]   --> client/src/chunk_index/mod.rs:17:1
[INFO] [stdout]    |
[INFO] [stdout] 17 | / quick_error! {
[INFO] [stdout] 18 | |     #[derive(Debug)]
[INFO] [stdout] 19 | |     pub enum DatabaseError {
[INFO] [stdout] 20 | |         PoolInitializationError(err: r2d2::InitializationError) {
[INFO] [stdout] ...  |
[INFO] [stdout] 32 | |     }
[INFO] [stdout] 33 | | }
[INFO] [stdout]    | |_^
[INFO] [stdout]    |
[INFO] [stdout]    = note: this warning originates in the macro `quick_error` (in Nightly builds, run with -Z macro-backtrace for more info)
[INFO] [stdout] 
[INFO] [stdout] 
[INFO] [stdout] warning: use of deprecated associated function `std::error::Error::description`: use the Display impl or to_string()
[INFO] [stdout]   --> client/src/config.rs:32:43
[INFO] [stdout]    |
[INFO] [stdout] 32 |             ParseError::InvalidHostname(e.description().into())
[INFO] [stdout]    |                                           ^^^^^^^^^^^
[INFO] [stdout] 
[INFO] [stdout] 
[INFO] [stdout] warning: 2 warnings emitted
[INFO] [stdout] 
[INFO] [stdout] 
[INFO] [stdout] warning: 4 warnings emitted
[INFO] [stdout] 
[INFO] [stdout] 
[INFO] [stdout] warning: 12 warnings emitted
[INFO] [stdout] 
[INFO] [stdout] 
[INFO] [stdout] warning: 24 warnings emitted
[INFO] [stdout] 
[INFO] [stdout] 
[INFO] [stdout] warning: 1 warning emitted
[INFO] [stdout] 
[INFO] [stdout] 
[INFO] [stderr]     Finished test [unoptimized + debuginfo] target(s) in 51.00s
[INFO] running `Command { std: "docker" "inspect" "d6e404e63d5ad5d02e2d92f5cef1f392ff09ad1fd905c633e55a232660126716", kill_on_drop: false }`
[INFO] running `Command { std: "docker" "rm" "-f" "d6e404e63d5ad5d02e2d92f5cef1f392ff09ad1fd905c633e55a232660126716", kill_on_drop: false }`
[INFO] [stdout] d6e404e63d5ad5d02e2d92f5cef1f392ff09ad1fd905c633e55a232660126716
[INFO] running `Command { std: "docker" "create" "-v" "/var/lib/crater-agent-workspace/builds/worker-68/target:/opt/rustwide/target:rw,Z" "-v" "/var/lib/crater-agent-workspace/builds/worker-68/source:/opt/rustwide/workdir:ro,Z" "-v" "/var/lib/crater-agent-workspace/cargo-home:/opt/rustwide/cargo-home:ro,Z" "-v" "/var/lib/crater-agent-workspace/rustup-home:/opt/rustwide/rustup-home:ro,Z" "-e" "SOURCE_DIR=/opt/rustwide/workdir" "-e" "CARGO_TARGET_DIR=/opt/rustwide/target" "-e" "CARGO_INCREMENTAL=0" "-e" "RUST_BACKTRACE=full" "-e" "RUSTFLAGS=--cap-lints=warn" "-e" "CARGO_HOME=/opt/rustwide/cargo-home" "-e" "RUSTUP_HOME=/opt/rustwide/rustup-home" "-w" "/opt/rustwide/workdir" "-m" "1610612736" "--user" "0:0" "--network" "none" "ghcr.io/rust-lang/crates-build-env/linux@sha256:34b6a614d2c27851fe6cbf88fbd1137609cefab8b10d0615aaeb6fd47975d74e" "/opt/rustwide/cargo-home/bin/cargo" "+beta-2021-08-01" "test" "--frozen", kill_on_drop: false }`
[INFO] [stdout] 2b44e0066d585092cb704648e32c18430bb81f668e1237364f1285a38743d793
[INFO] running `Command { std: "docker" "start" "-a" "2b44e0066d585092cb704648e32c18430bb81f668e1237364f1285a38743d793", kill_on_drop: false }`
[INFO] [stderr]     Blocking waiting for file lock on package cache
[INFO] [stderr] warning: use of deprecated associated function `std::error::Error::description`: use the Display impl or to_string()
[INFO] [stderr]   --> protocol/src/lib.rs:84:23
[INFO] [stderr]    |
[INFO] [stderr] 84 |                     e.description(),
[INFO] [stderr]    |                       ^^^^^^^^^^^
[INFO] [stderr]    |
[INFO] [stderr]    = note: `#[warn(deprecated)]` on by default
[INFO] [stderr] 
[INFO] [stderr] warning: use of deprecated associated function `std::error::Error::cause`: replaced by Error::source, which can support downcasting
[INFO] [stderr]   --> protocol/src/lib.rs:85:23
[INFO] [stderr]    |
[INFO] [stderr] 85 |                     e.cause()
[INFO] [stderr]    |                       ^^^^^
[INFO] [stderr] 
[INFO] [stderr] warning: use of deprecated associated function `std::error::Error::description`: use the Display impl or to_string()
[INFO] [stderr]   --> storage/src/lib.rs:14:1
[INFO] [stderr]    |
[INFO] [stderr] 14 | / quick_error! {
[INFO] [stderr] 15 | |     #[derive(Debug)]
[INFO] [stderr] 16 | |     pub enum StorageError {
[INFO] [stderr] 17 | |         IoError(err: std::io::Error) {
[INFO] [stderr] ...  |
[INFO] [stderr] 37 | |     }
[INFO] [stderr] 38 | | }
[INFO] [stderr]    | |_^
[INFO] [stderr]    |
[INFO] [stderr]    = note: `#[warn(deprecated)]` on by default
[INFO] [stderr]    = note: this warning originates in the macro `quick_error` (in Nightly builds, run with -Z macro-backtrace for more info)
[INFO] [stderr] 
[INFO] [stderr] warning: use of deprecated associated function `std::error::Error::description`: use the Display impl or to_string()
[INFO] [stderr]    --> protocol/src/lib.rs:142:24
[INFO] [stderr]     |
[INFO] [stderr] 142 |         assert_eq!(err.description(), "error while decoding value");
[INFO] [stderr]     |                        ^^^^^^^^^^^
[INFO] [stderr] 
[INFO] [stderr] warning: use of deprecated associated function `std::error::Error::description`: use the Display impl or to_string()
[INFO] [stderr]    --> protocol/src/lib.rs:280:24
[INFO] [stderr]     |
[INFO] [stderr] 280 |         assert_eq!(err.description(), "error while decoding value");
[INFO] [stderr]     |                        ^^^^^^^^^^^
[INFO] [stderr] 
[INFO] [stderr] warning: `redbackup-protocol` (lib) generated 2 warnings
[INFO] [stderr] warning: `redbackup-storage` (lib) generated 1 warning
[INFO] [stderr] warning: `redbackup-storage` (lib test) generated 1 warning (1 duplicate)
[INFO] [stderr] warning: `redbackup-protocol` (lib test) generated 4 warnings (2 duplicates)
[INFO] [stderr] warning: the item `files` is imported redundantly
[INFO] [stderr]    --> client/src/chunk_index/mod.rs:135:13
[INFO] [stderr]     |
[INFO] [stderr] 13  | use self::schema::*;
[INFO] [stderr]     |     --------------- the item `files` is already imported here
[INFO] [stderr] ...
[INFO] [stderr] 135 |         use self::files;
[INFO] [stderr]     |             ^^^^^^^^^^^
[INFO] [stderr]     |
[INFO] [stderr]     = note: `#[warn(unused_imports)]` on by default
[INFO] [stderr] 
[INFO] [stderr] warning: use of deprecated associated function `std::error::Error::description`: use the Display impl or to_string()
[INFO] [stderr]   --> client/src/config.rs:16:1
[INFO] [stderr]    |
[INFO] [stderr] 16 | / quick_error! {
[INFO] [stderr] 17 | |     #[derive(Debug)]
[INFO] [stderr] 18 | |     pub enum ParseError {
[INFO] [stderr] 19 | |         InvalidHostname(err: String) {}
[INFO] [stderr] ...  |
[INFO] [stderr] 22 | |     }
[INFO] [stderr] 23 | | }
[INFO] [stderr]    | |_^
[INFO] [stderr]    |
[INFO] [stderr]    = note: `#[warn(deprecated)]` on by default
[INFO] [stderr]    = note: this warning originates in the macro `quick_error` (in Nightly builds, run with -Z macro-backtrace for more info)
[INFO] [stderr] 
[INFO] [stderr] warning: use of deprecated associated function `std::error::Error::description`: use the Display impl or to_string()
[INFO] [stderr]   --> client/src/config.rs:16:1
[INFO] [stderr]    |
[INFO] [stderr] 16 | / quick_error! {
[INFO] [stderr] 17 | |     #[derive(Debug)]
[INFO] [stderr] 18 | |     pub enum ParseError {
[INFO] [stderr] 19 | |         InvalidHostname(err: String) {}
[INFO] [stderr] ...  |
[INFO] [stderr] 22 | |     }
[INFO] [stderr] 23 | | }
[INFO] [stderr]    | |_^
[INFO] [stderr]    |
[INFO] [stderr]    = note: this warning originates in the macro `quick_error` (in Nightly builds, run with -Z macro-backtrace for more info)
[INFO] [stderr] 
[INFO] [stderr] warning: use of deprecated associated function `std::error::Error::description`: use the Display impl or to_string()
[INFO] [stderr]   --> client/src/create_backup/create_chunk_index.rs:13:1
[INFO] [stderr]    |
[INFO] [stderr] 13 | / quick_error! {
[INFO] [stderr] 14 | |     #[derive(Debug)]
[INFO] [stderr] 15 | |     pub enum BuilderError {
[INFO] [stderr] 16 | |         DatabaseError(err: DatabaseError) {
[INFO] [stderr] ...  |
[INFO] [stderr] 28 | |     }
[INFO] [stderr] 29 | | }
[INFO] [stderr]    | |_^
[INFO] [stderr]    |
[INFO] [stderr]    = note: this warning originates in the macro `quick_error` (in Nightly builds, run with -Z macro-backtrace for more info)
[INFO] [stderr] 
[INFO] [stderr] warning: use of deprecated associated function `std::error::Error::description`: use the Display impl or to_string()
[INFO] [stderr]   --> client/src/create_backup/config.rs:17:1
[INFO] [stderr]    |
[INFO] [stderr] 17 | / quick_error! {
[INFO] [stderr] 18 | |     #[derive(Debug)]
[INFO] [stderr] 19 | |     pub enum CreateBackupConfigError {
[INFO] [stderr] 20 | |         NonExistingDirectory(dirname: String) {}
[INFO] [stderr] ...  |
[INFO] [stderr] 33 | |     }
[INFO] [stderr] 34 | | }
[INFO] [stderr]    | |_^
[INFO] [stderr]    |
[INFO] [stderr]    = note: this warning originates in the macro `quick_error` (in Nightly builds, run with -Z macro-backtrace for more info)
[INFO] [stderr] 
[INFO] [stderr] warning: use of deprecated associated function `std::error::Error::description`: use the Display impl or to_string()
[INFO] [stderr]   --> client/src/create_backup/create_error.rs:6:1
[INFO] [stderr]    |
[INFO] [stderr] 6  | / quick_error!{
[INFO] [stderr] 7  | |     #[derive(Debug)]
[INFO] [stderr] 8  | |     pub enum CreateError {
[INFO] [stderr] 9  | |         DatabaseError(err: DatabaseError) {
[INFO] [stderr] ...  |
[INFO] [stderr] 35 | |     }
[INFO] [stderr] 36 | | }
[INFO] [stderr]    | |_^
[INFO] [stderr]    |
[INFO] [stderr]    = note: this warning originates in the macro `quick_error` (in Nightly builds, run with -Z macro-backtrace for more info)
[INFO] [stderr] 
[INFO] [stderr] warning: use of deprecated associated function `std::error::Error::description`: use the Display impl or to_string()
[INFO] [stderr]   --> client/src/list_backups/error.rs:3:1
[INFO] [stderr]    |
[INFO] [stderr] 3  | / quick_error!{
[INFO] [stderr] 4  | |     #[derive(Debug)]
[INFO] [stderr] 5  | |     pub enum ListBackupsError {
[INFO] [stderr] 6  | |         IoError(err: io::Error) {
[INFO] [stderr] ...  |
[INFO] [stderr] 13 | |     }
[INFO] [stderr] 14 | | }
[INFO] [stderr]    | |_^
[INFO] [stderr]    |
[INFO] [stderr]    = note: this warning originates in the macro `quick_error` (in Nightly builds, run with -Z macro-backtrace for more info)
[INFO] [stderr] 
[INFO] [stderr] warning: use of deprecated associated function `std::error::Error::description`: use the Display impl or to_string()
[INFO] [stderr]   --> client/src/restore_backup/config.rs:10:1
[INFO] [stderr]    |
[INFO] [stderr] 10 | / quick_error! {
[INFO] [stderr] 11 | |     #[derive(Debug)]
[INFO] [stderr] 12 | |     pub enum RestoreBackupConfigError {
[INFO] [stderr] 13 | |         NonExistingDirectory(dirname: String) {}
[INFO] [stderr] 14 | |         InvalidBackupId(id: String) {}
[INFO] [stderr] 15 | |     }
[INFO] [stderr] 16 | | }
[INFO] [stderr]    | |_^
[INFO] [stderr]    |
[INFO] [stderr]    = note: this warning originates in the macro `quick_error` (in Nightly builds, run with -Z macro-backtrace for more info)
[INFO] [stderr] 
[INFO] [stderr] warning: use of deprecated associated function `std::error::Error::description`: use the Display impl or to_string()
[INFO] [stderr]   --> client/src/restore_backup/error.rs:5:1
[INFO] [stderr]    |
[INFO] [stderr] 5  | / quick_error!{
[INFO] [stderr] 6  | |     #[derive(Debug)]
[INFO] [stderr] 7  | |     pub enum RestoreBackupError {
[INFO] [stderr] 8  | |         DatabaseError(err: DatabaseError) {
[INFO] [stderr] ...  |
[INFO] [stderr] 29 | |     }
[INFO] [stderr] 30 | | }
[INFO] [stderr]    | |_^
[INFO] [stderr]    |
[INFO] [stderr]    = note: this warning originates in the macro `quick_error` (in Nightly builds, run with -Z macro-backtrace for more info)
[INFO] [stderr] 
[INFO] [stderr] warning: use of deprecated associated function `std::error::Error::description`: use the Display impl or to_string()
[INFO] [stderr]   --> client/src/chunk_index/mod.rs:17:1
[INFO] [stderr]    |
[INFO] [stderr] 17 | / quick_error! {
[INFO] [stderr] 18 | |     #[derive(Debug)]
[INFO] [stderr] 19 | |     pub enum DatabaseError {
[INFO] [stderr] 20 | |         PoolInitializationError(err: r2d2::InitializationError) {
[INFO] [stderr] ...  |
[INFO] [stderr] 32 | |     }
[INFO] [stderr] 33 | | }
[INFO] [stderr]    | |_^
[INFO] [stderr]    |
[INFO] [stderr]    = note: this warning originates in the macro `quick_error` (in Nightly builds, run with -Z macro-backtrace for more info)
[INFO] [stderr] 
[INFO] [stderr] warning: use of deprecated associated function `std::error::Error::description`: use the Display impl or to_string()
[INFO] [stderr]   --> client/src/config.rs:32:43
[INFO] [stderr]    |
[INFO] [stderr] 32 |             ParseError::InvalidHostname(e.description().into())
[INFO] [stderr]    |                                           ^^^^^^^^^^^
[INFO] [stderr] 
[INFO] [stderr] warning: unused doc comment
[INFO] [stderr]  --> node/src/chunk_table/schema.rs:1:1
[INFO] [stderr]   |
[INFO] [stderr] 1 | /// Infer the database schema to rust types. Please see the `diesel` crate for more information.
[INFO] [stderr]   | ^^^^^^^^^^^^^^^^^^^^^^^^^^^^^^^^^^^^^^^^^^^^^^^^^^^^^^^^^^^^^^^^^^^^^^^^^^^^^^^^^^^^^^^^^^^^^^^^ rustdoc does not generate documentation for macro invocations
[INFO] [stderr]   |
[INFO] [stderr]   = note: `#[warn(unused_doc_comments)]` on by default
[INFO] [stderr]   = help: to document an item produced by a macro, the macro must produce the documentation as part of its expansion
[INFO] [stderr] 
[INFO] [stderr] warning: trait objects without an explicit `dyn` are deprecated
[INFO] [stderr]   --> node/src/service.rs:26:23
[INFO] [stderr]    |
[INFO] [stderr] 26 |     type Future = Box<Future<Item = Self::Response, Error = io::Error>>;
[INFO] [stderr]    |                       ^^^^^^^^^^^^^^^^^^^^^^^^^^^^^^^^^^^^^^^^^^^^^^^^ help: use `dyn`: `dyn Future<Item = Self::Response, Error = io::Error>`
[INFO] [stderr]    |
[INFO] [stderr]    = note: `#[warn(bare_trait_objects)]` on by default
[INFO] [stderr]    = warning: this is accepted in the current edition (Rust 2015) but is a hard error in Rust 2021!
[INFO] [stderr]    = note: for more information, see issue #80165 <https://github.com/rust-lang/rust/issues/80165>
[INFO] [stderr] 
[INFO] [stderr] warning: trait objects without an explicit `dyn` are deprecated
[INFO] [stderr]   --> node/src/service.rs:51:37
[INFO] [stderr]    |
[INFO] [stderr] 51 |     fn handle_unknown(&self) -> Box<Future<Item = Message, Error = io::Error>> {
[INFO] [stderr]    |                                     ^^^^^^^^^^^^^^^^^^^^^^^^^^^^^^^^^^^^^^^^^ help: use `dyn`: `dyn Future<Item = Message, Error = io::Error>`
[INFO] [stderr]    |
[INFO] [stderr]    = warning: this is accepted in the current edition (Rust 2015) but is a hard error in Rust 2021!
[INFO] [stderr]    = note: for more information, see issue #80165 <https://github.com/rust-lang/rust/issues/80165>
[INFO] [stderr] 
[INFO] [stderr] warning: trait objects without an explicit `dyn` are deprecated
[INFO] [stderr]   --> node/src/service.rs:59:41
[INFO] [stderr]    |
[INFO] [stderr] 59 |     fn handle_designation(&self) -> Box<Future<Item = Message, Error = io::Error>> {
[INFO] [stderr]    |                                         ^^^^^^^^^^^^^^^^^^^^^^^^^^^^^^^^^^^^^^^^^ help: use `dyn`: `dyn Future<Item = Message, Error = io::Error>`
[INFO] [stderr]    |
[INFO] [stderr]    = warning: this is accepted in the current edition (Rust 2015) but is a hard error in Rust 2021!
[INFO] [stderr]    = note: for more information, see issue #80165 <https://github.com/rust-lang/rust/issues/80165>
[INFO] [stderr] 
[INFO] [stderr] warning: trait objects without an explicit `dyn` are deprecated
[INFO] [stderr]   --> node/src/service.rs:68:14
[INFO] [stderr]    |
[INFO] [stderr] 68 |     ) -> Box<Future<Item = Message, Error = io::Error>> {
[INFO] [stderr]    |              ^^^^^^^^^^^^^^^^^^^^^^^^^^^^^^^^^^^^^^^^^ help: use `dyn`: `dyn Future<Item = Message, Error = io::Error>`
[INFO] [stderr]    |
[INFO] [stderr]    = warning: this is accepted in the current edition (Rust 2015) but is a hard error in Rust 2021!
[INFO] [stderr]    = note: for more information, see issue #80165 <https://github.com/rust-lang/rust/issues/80165>
[INFO] [stderr] 
[INFO] [stderr] warning: trait objects without an explicit `dyn` are deprecated
[INFO] [stderr]   --> node/src/service.rs:93:14
[INFO] [stderr]    |
[INFO] [stderr] 93 |     ) -> Box<Future<Item = Message, Error = io::Error>> {
[INFO] [stderr]    |              ^^^^^^^^^^^^^^^^^^^^^^^^^^^^^^^^^^^^^^^^^ help: use `dyn`: `dyn Future<Item = Message, Error = io::Error>`
[INFO] [stderr]    |
[INFO] [stderr]    = warning: this is accepted in the current edition (Rust 2015) but is a hard error in Rust 2021!
[INFO] [stderr]    = note: for more information, see issue #80165 <https://github.com/rust-lang/rust/issues/80165>
[INFO] [stderr] 
[INFO] [stderr] warning: trait objects without an explicit `dyn` are deprecated
[INFO] [stderr]    --> node/src/service.rs:144:49
[INFO] [stderr]     |
[INFO] [stderr] 144 |     fn handle_return_root_handles(&self) -> Box<Future<Item = Message, Error = io::Error>> {
[INFO] [stderr]     |                                                 ^^^^^^^^^^^^^^^^^^^^^^^^^^^^^^^^^^^^^^^^^ help: use `dyn`: `dyn Future<Item = Message, Error = io::Error>`
[INFO] [stderr]     |
[INFO] [stderr]     = warning: this is accepted in the current edition (Rust 2015) but is a hard error in Rust 2021!
[INFO] [stderr]     = note: for more information, see issue #80165 <https://github.com/rust-lang/rust/issues/80165>
[INFO] [stderr] 
[INFO] [stderr] warning: trait objects without an explicit `dyn` are deprecated
[INFO] [stderr]    --> node/src/service.rs:171:57
[INFO] [stderr]     |
[INFO] [stderr] 171 |     fn handle_get_chunks(&self, body: GetChunks) -> Box<Future<Item = Message, Error = io::Error>> {
[INFO] [stderr]     |                                                         ^^^^^^^^^^^^^^^^^^^^^^^^^^^^^^^^^^^^^^^^^ help: use `dyn`: `dyn Future<Item = Message, Error = io::Error>`
[INFO] [stderr]     |
[INFO] [stderr]     = warning: this is accepted in the current edition (Rust 2015) but is a hard error in Rust 2021!
[INFO] [stderr]     = note: for more information, see issue #80165 <https://github.com/rust-lang/rust/issues/80165>
[INFO] [stderr] 
[INFO] [stderr] warning: trait objects without an explicit `dyn` are deprecated
[INFO] [stderr]   --> node/src/schedule/mod.rs:50:15
[INFO] [stderr]    |
[INFO] [stderr] 50 |     task: Arc<Task>,
[INFO] [stderr]    |               ^^^^ help: use `dyn`: `dyn Task`
[INFO] [stderr]    |
[INFO] [stderr]    = warning: this is accepted in the current edition (Rust 2015) but is a hard error in Rust 2021!
[INFO] [stderr]    = note: for more information, see issue #80165 <https://github.com/rust-lang/rust/issues/80165>
[INFO] [stderr] 
[INFO] [stderr] warning: trait objects without an explicit `dyn` are deprecated
[INFO] [stderr]   --> node/src/schedule/mod.rs:57:38
[INFO] [stderr]    |
[INFO] [stderr] 57 |     fn new(handle: Handle, task: Arc<Task>, timeout: Duration) -> Self {
[INFO] [stderr]    |                                      ^^^^ help: use `dyn`: `dyn Task`
[INFO] [stderr]    |
[INFO] [stderr]    = warning: this is accepted in the current edition (Rust 2015) but is a hard error in Rust 2021!
[INFO] [stderr]    = note: for more information, see issue #80165 <https://github.com/rust-lang/rust/issues/80165>
[INFO] [stderr] 
[INFO] [stderr] warning: use of deprecated associated function `std::error::Error::description`: use the Display impl or to_string()
[INFO] [stderr]   --> node/src/schedule/replication.rs:58:1
[INFO] [stderr]    |
[INFO] [stderr] 58 | / quick_error!{
[INFO] [stderr] 59 | |     #[derive(Debug)]
[INFO] [stderr] 60 | |     pub enum ReplicationError {
[INFO] [stderr] 61 | |         NodeCommunicationError
[INFO] [stderr] ...  |
[INFO] [stderr] 85 | |     }
[INFO] [stderr] 86 | | }
[INFO] [stderr]    | |_^
[INFO] [stderr]    |
[INFO] [stderr]    = note: `#[warn(deprecated)]` on by default
[INFO] [stderr]    = note: this warning originates in the macro `quick_error` (in Nightly builds, run with -Z macro-backtrace for more info)
[INFO] [stderr] 
[INFO] [stderr] warning: use of deprecated associated function `std::error::Error::description`: use the Display impl or to_string()
[INFO] [stderr]   --> node/src/utils.rs:49:53
[INFO] [stderr]    |
[INFO] [stderr] 49 |             warn!("Failed to load chunk: {:?}", err.description());
[INFO] [stderr]    |                                                     ^^^^^^^^^^^
[INFO] [stderr] 
[INFO] [stderr] warning: `redbackup-client` (lib) generated 24 warnings (13 duplicates)
[INFO] [stderr] warning: `redbackup-node` (lib) generated 12 warnings
[INFO] [stderr] warning: `redbackup-client` (lib test) generated 24 warnings (24 duplicates)
[INFO] [stderr] warning: `redbackup-node` (lib test) generated 12 warnings (12 duplicates)
[INFO] [stderr] warning: use of deprecated associated function `std::error::Error::description`: use the Display impl or to_string()
[INFO] [stderr]    --> client-cli/src/main.rs:193:38
[INFO] [stderr]     |
[INFO] [stderr] 193 |     eprintln!("Description: {}", err.description());
[INFO] [stderr]     |                                      ^^^^^^^^^^^
[INFO] [stderr]     |
[INFO] [stderr]     = note: `#[warn(deprecated)]` on by default
[INFO] [stderr] 
[INFO] [stderr] warning: use of deprecated associated function `std::error::Error::cause`: replaced by Error::source, which can support downcasting
[INFO] [stderr]    --> client-cli/src/main.rs:194:43
[INFO] [stderr]     |
[INFO] [stderr] 194 |     eprintln!("Cause (if any): {:?}", err.cause());
[INFO] [stderr]     |                                           ^^^^^
[INFO] [stderr] 
[INFO] [stderr] warning: `redbackup-client-cli` (bin "redbackup-client-cli" test) generated 2 warnings
[INFO] [stderr]     Finished test [unoptimized + debuginfo] target(s) in 4.83s
[INFO] [stdout] 
[INFO] [stderr]      Running unittests (/opt/rustwide/target/debug/deps/redbackup_client-b03094a504d55a03)
[INFO] [stdout] running 14 tests
[INFO] [stdout] test tests::restore_backup_utils::restore_file_content ... ok
[INFO] [stdout] test tests::create_utils::file_hash ... ok
[INFO] [stdout] test tests::restore_backup_utils::create_folder ... ok
[INFO] [stdout] test tests::create_utils::read_file_content ... ok
[INFO] [stdout] test tests::chunk_index::create_chunk_index ... ok
[INFO] [stdout] test tests::chunk_index::add_file ... ok
[INFO] [stdout] test tests::chunk_index::add_folders ... ok
[INFO] [stdout] test tests::chunk_index::get_folders_by_parent ... ok
[INFO] [stdout] test tests::chunk_index::get_all_chunks ... ok
[INFO] [stdout] test tests::chunk_index::add_chunks ... ok
[INFO] [stdout] test tests::chunk_index::get_file_path ... ok
[INFO] [stdout] test tests::create_chunk_index::exclude_glob ... ok
[INFO] [stdout] test tests::create_chunk_index::new ... ok
[INFO] [stdout] test tests::create_chunk_index::build ... ok
[INFO] [stdout] 
[INFO] [stdout] test result: ok. 14 passed; 0 failed; 0 ignored; 0 measured; 0 filtered out; finished in 1.46s
[INFO] [stdout] 
[INFO] [stderr]      Running unittests (/opt/rustwide/target/debug/deps/redbackup_client_cli-131dcbbefe4bf353)
[INFO] [stdout] 
[INFO] [stdout] running 0 tests
[INFO] [stdout] 
[INFO] [stdout] test result: ok. 0 passed; 0 failed; 0 ignored; 0 measured; 0 filtered out; finished in 0.00s
[INFO] [stdout] 
[INFO] [stdout] 
[INFO] [stdout] running 16 tests
[INFO] [stderr]      Running unittests (/opt/rustwide/target/debug/deps/redbackup_node-b1949b5f052d221d)
[INFO] [stdout] test tests::service::empty_set_get_chunks_results_in_empty_response ... ok
[INFO] [stdout] test tests::chunk_table::get_chunk ... ok
[INFO] [stdout] test tests::service::ensure_existing_chunks_are_updated ... ok
[INFO] [stdout] test tests::service::empty_set_of_chunk_results_in_empty_response ... ok
[INFO] [stdout] test tests::service::allways_give_designation ... ok
[INFO] [stdout] test tests::service::service_responds_if_wrong_message ... ok
[INFO] [stdout] test tests::chunk_table::load_random_chunks ... ok
[INFO] [stdout] test tests::chunk_table::add_chunk ... ok
[INFO] [stdout] test tests::chunk_table::update_chunk ... ok
[INFO] [stdout] test tests::chunk_table::update_chunk_older_date ... ok
[INFO] [stdout] test tests::service::post_existing_chunks_in_db ... ok
[INFO] [stdout] test tests::service::get_chunks_returns_chunks ... ok
[INFO] [stdout] test tests::service::empty_set_of_post_chunks_results_in_empty_response ... ok
[INFO] [stdout] test tests::service::no_root_handles_if_none_present ... ok
[INFO] [stdout] test tests::service::load_all_root_handles ... ok
[INFO] [stdout] test tests::service::post_non_existing_chunks ... ok
[INFO] [stdout] 
[INFO] [stdout] test result: ok. 16 passed; 0 failed; 0 ignored; 0 measured; 0 filtered out; finished in 1.70s
[INFO] [stdout] 
[INFO] [stderr]      Running unittests (/opt/rustwide/target/debug/deps/redbackup_node_cli-f33159f5a045eb58)
[INFO] [stdout] 
[INFO] [stdout] running 0 tests
[INFO] [stdout] 
[INFO] [stdout] test result: ok. 0 passed; 0 failed; 0 ignored; 0 measured; 0 filtered out; finished in 0.00s
[INFO] [stdout] 
[INFO] [stderr]      Running unittests (/opt/rustwide/target/debug/deps/redbackup_protocol-f615b3c800dd2513)
[INFO] [stdout] 
[INFO] [stdout] running 4 tests
[INFO] [stderr]      Running unittests (/opt/rustwide/target/debug/deps/redbackup_storage-28552472488c3e88)
[INFO] [stdout] test tests::decode_broken_incomming_message ... ok
[INFO] [stdout] test tests::test_encode_incomming_message_with_invalid_contents ... ok
[INFO] [stdout] test tests::test_encode_outgoing_message ... ok
[INFO] [stdout] test tests::test_encode_incomming_message ... ok
[INFO] [stdout] 
[INFO] [stdout] test result: ok. 4 passed; 0 failed; 0 ignored; 0 measured; 0 filtered out; finished in 0.01s
[INFO] [stdout] 
[INFO] [stdout] 
[INFO] [stdout] running 0 tests
[INFO] [stdout] 
[INFO] [stdout] test result: ok. 0 passed; 0 failed; 0 ignored; 0 measured; 0 filtered out; finished in 0.00s
[INFO] [stdout] 
[INFO] [stderr]      Running tests/tests.rs (/opt/rustwide/target/debug/deps/tests-c6caaf7467234505)
[INFO] [stdout] 
[INFO] [stdout] running 7 tests
[INFO] [stdout] test create_storage_for_nonexisting_location ... FAILED
[INFO] [stdout] test create_storage_for_existing_location ... FAILED
[INFO] [stdout] test ensure_corrupted_chunk_is_detected ... FAILED
[INFO] [stdout] test ensure_deleting_nonexisting_chunk_fails ... FAILED
[INFO] [stdout] test persist_and_get_data ... FAILED
[INFO] [stdout] test ensure_get_nonexisting_chunk_fails ... FAILED
[INFO] [stderr] error: test failed, to rerun pass '-p redbackup-storage --test tests'
[INFO] [stdout] test ensure_persisting_existing_chunk_fails ... FAILED
[INFO] [stdout] 
[INFO] [stdout] failures:
[INFO] [stdout] 
[INFO] [stdout] ---- create_storage_for_nonexisting_location stdout ----
[INFO] [stdout] thread 'create_storage_for_nonexisting_location' panicked at 'called `Result::unwrap()` on an `Err` value: IoError(Os { code: 30, kind: ReadOnlyFilesystem, message: "Read-only file system" })', storage/tests/tests.rs:26:48
[INFO] [stdout] stack backtrace:
[INFO] [stdout]    0:     0x562ca45d3670 - std::backtrace_rs::backtrace::libunwind::trace::hff4d1766e93f64f1
[INFO] [stdout]                                at /rustc/53fd98ca776cb875bc9e5514f56b52eb74f9e7a9/library/std/src/../../backtrace/src/backtrace/libunwind.rs:90:5
[INFO] [stdout]    1:     0x562ca45d3670 - std::backtrace_rs::backtrace::trace_unsynchronized::h56bbc8eb78770bcb
[INFO] [stdout]                                at /rustc/53fd98ca776cb875bc9e5514f56b52eb74f9e7a9/library/std/src/../../backtrace/src/backtrace/mod.rs:66:5
[INFO] [stdout]    2:     0x562ca45d3670 - std::sys_common::backtrace::_print_fmt::h5c8e75464faca780
[INFO] [stdout]                                at /rustc/53fd98ca776cb875bc9e5514f56b52eb74f9e7a9/library/std/src/sys_common/backtrace.rs:67:5
[INFO] [stdout]    3:     0x562ca45d3670 - <std::sys_common::backtrace::_print::DisplayBacktrace as core::fmt::Display>::fmt::h48b88277def8b362
[INFO] [stdout]                                at /rustc/53fd98ca776cb875bc9e5514f56b52eb74f9e7a9/library/std/src/sys_common/backtrace.rs:46:22
[INFO] [stdout]    4:     0x562ca45f6e0c - core::fmt::write::h3381b3176fe2b3d3
[INFO] [stdout]                                at /rustc/53fd98ca776cb875bc9e5514f56b52eb74f9e7a9/library/core/src/fmt/mod.rs:1115:17
[INFO] [stdout]    5:     0x562ca45d0395 - std::io::Write::write_fmt::h5f34a676f60246b5
[INFO] [stdout]                                at /rustc/53fd98ca776cb875bc9e5514f56b52eb74f9e7a9/library/std/src/io/mod.rs:1665:15
[INFO] [stdout]    6:     0x562ca45d5c1b - std::sys_common::backtrace::_print::ha537687d6c17dd0d
[INFO] [stdout]                                at /rustc/53fd98ca776cb875bc9e5514f56b52eb74f9e7a9/library/std/src/sys_common/backtrace.rs:49:5
[INFO] [stdout]    7:     0x562ca45d5c1b - std::sys_common::backtrace::print::h61376ae57d131d72
[INFO] [stdout]                                at /rustc/53fd98ca776cb875bc9e5514f56b52eb74f9e7a9/library/std/src/sys_common/backtrace.rs:36:9
[INFO] [stdout]    8:     0x562ca45d5c1b - std::panicking::default_hook::{{closure}}::h0f7208c0b9644a54
[INFO] [stdout]                                at /rustc/53fd98ca776cb875bc9e5514f56b52eb74f9e7a9/library/std/src/panicking.rs:208:50
[INFO] [stdout]    9:     0x562ca45d572c - std::panicking::default_hook::hdac7fc06578c14ce
[INFO] [stdout]                                at /rustc/53fd98ca776cb875bc9e5514f56b52eb74f9e7a9/library/std/src/panicking.rs:222:9
[INFO] [stdout]   10:     0x562ca45d62e4 - std::panicking::rust_panic_with_hook::h72b21c283da3d1ef
[INFO] [stdout]                                at /rustc/53fd98ca776cb875bc9e5514f56b52eb74f9e7a9/library/std/src/panicking.rs:622:17
[INFO] [stdout]   11:     0x562ca45d5dc7 - std::panicking::begin_panic_handler::{{closure}}::he5778f1729cff84a
[INFO] [stdout]                                at /rustc/53fd98ca776cb875bc9e5514f56b52eb74f9e7a9/library/std/src/panicking.rs:519:13
[INFO] [stdout]   12:     0x562ca45d3b4c - std::sys_common::backtrace::__rust_end_short_backtrace::h2d11ca8b453b4b1d
[INFO] [stdout]                                at /rustc/53fd98ca776cb875bc9e5514f56b52eb74f9e7a9/library/std/src/sys_common/backtrace.rs:141:18
[INFO] [stdout]   13:     0x562ca45d5d29 - rust_begin_unwind
[INFO] [stdout]                                at /rustc/53fd98ca776cb875bc9e5514f56b52eb74f9e7a9/library/std/src/panicking.rs:515:5
[INFO] [stdout]   14:     0x562ca45683c1 - core::panicking::panic_fmt::hf9de31d4acbce4db
[INFO] [stdout]                                at /rustc/53fd98ca776cb875bc9e5514f56b52eb74f9e7a9/library/core/src/panicking.rs:92:14
[INFO] [stdout]   15:     0x562ca45684b3 - core::result::unwrap_failed::ha0c84e81219e5878
[INFO] [stdout]                                at /rustc/53fd98ca776cb875bc9e5514f56b52eb74f9e7a9/library/core/src/result.rs:1599:5
[INFO] [stdout]   16:     0x562ca456c86f - core::result::Result<T,E>::unwrap::h777dbedf8f8bec04
[INFO] [stdout]                                at /rustc/53fd98ca776cb875bc9e5514f56b52eb74f9e7a9/library/core/src/result.rs:1281:23
[INFO] [stdout]   17:     0x562ca4568fbf - tests::_setup_empty_storage::h4b755abed548f589
[INFO] [stdout]                                at /opt/rustwide/workdir/storage/tests/tests.rs:26:19
[INFO] [stdout]   18:     0x562ca45692f8 - tests::create_storage_for_nonexisting_location::h5ef058d5fe2df32e
[INFO] [stdout]                                at /opt/rustwide/workdir/storage/tests/tests.rs:36:5
[INFO] [stdout]   19:     0x562ca45692ca - tests::create_storage_for_nonexisting_location::{{closure}}::hb68104fa557cf86f
[INFO] [stdout]                                at /opt/rustwide/workdir/storage/tests/tests.rs:35:1
[INFO] [stdout]   20:     0x562ca456beee - core::ops::function::FnOnce::call_once::h42ce2b0a8f896f8d
[INFO] [stdout]                                at /rustc/53fd98ca776cb875bc9e5514f56b52eb74f9e7a9/library/core/src/ops/function.rs:227:5
[INFO] [stdout]   21:     0x562ca45a0f43 - core::ops::function::FnOnce::call_once::hbb52c4519d3137b0
[INFO] [stdout]                                at /rustc/53fd98ca776cb875bc9e5514f56b52eb74f9e7a9/library/core/src/ops/function.rs:227:5
[INFO] [stdout]   22:     0x562ca45a0f43 - test::__rust_begin_short_backtrace::h86fe3a2a5a5121af
[INFO] [stdout]                                at /rustc/53fd98ca776cb875bc9e5514f56b52eb74f9e7a9/library/test/src/lib.rs:578:5
[INFO] [stdout]   23:     0x562ca459f9f8 - <alloc::boxed::Box<F,A> as core::ops::function::FnOnce<Args>>::call_once::hfd956bc3d57399be
[INFO] [stdout]                                at /rustc/53fd98ca776cb875bc9e5514f56b52eb74f9e7a9/library/alloc/src/boxed.rs:1572:9
[INFO] [stdout]   24:     0x562ca459f9f8 - <std::panic::AssertUnwindSafe<F> as core::ops::function::FnOnce<()>>::call_once::h40dc93e0ddb5938a
[INFO] [stdout]                                at /rustc/53fd98ca776cb875bc9e5514f56b52eb74f9e7a9/library/std/src/panic.rs:347:9
[INFO] [stdout]   25:     0x562ca459f9f8 - std::panicking::try::do_call::h90d07750cb47c562
[INFO] [stdout]                                at /rustc/53fd98ca776cb875bc9e5514f56b52eb74f9e7a9/library/std/src/panicking.rs:401:40
[INFO] [stdout]   26:     0x562ca459f9f8 - std::panicking::try::h063c84733ad2a629
[INFO] [stdout]                                at /rustc/53fd98ca776cb875bc9e5514f56b52eb74f9e7a9/library/std/src/panicking.rs:365:19
[INFO] [stdout]   27:     0x562ca459f9f8 - std::panic::catch_unwind::h0c464836a84e7c08
[INFO] [stdout]                                at /rustc/53fd98ca776cb875bc9e5514f56b52eb74f9e7a9/library/std/src/panic.rs:434:14
[INFO] [stdout]   28:     0x562ca459f9f8 - test::run_test_in_process::h5cb06ef620b157fc
[INFO] [stdout]                                at /rustc/53fd98ca776cb875bc9e5514f56b52eb74f9e7a9/library/test/src/lib.rs:601:18
[INFO] [stdout]   29:     0x562ca459f9f8 - test::run_test::run_test_inner::{{closure}}::h76f677f4b93f9828
[INFO] [stdout]                                at /rustc/53fd98ca776cb875bc9e5514f56b52eb74f9e7a9/library/test/src/lib.rs:493:39
[INFO] [stdout]   30:     0x562ca456e18d - test::run_test::run_test_inner::{{closure}}::h366d01fe04f4d67a
[INFO] [stdout]                                at /rustc/53fd98ca776cb875bc9e5514f56b52eb74f9e7a9/library/test/src/lib.rs:520:37
[INFO] [stdout]   31:     0x562ca456e18d - std::sys_common::backtrace::__rust_begin_short_backtrace::h7dfa0de4eb395af2
[INFO] [stdout]                                at /rustc/53fd98ca776cb875bc9e5514f56b52eb74f9e7a9/library/std/src/sys_common/backtrace.rs:125:18
[INFO] [stdout]   32:     0x562ca4572958 - std::thread::Builder::spawn_unchecked::{{closure}}::{{closure}}::hf0a74bb58798037f
[INFO] [stdout]                                at /rustc/53fd98ca776cb875bc9e5514f56b52eb74f9e7a9/library/std/src/thread/mod.rs:476:17
[INFO] [stdout]   33:     0x562ca4572958 - <std::panic::AssertUnwindSafe<F> as core::ops::function::FnOnce<()>>::call_once::hb024e854818586ac
[INFO] [stdout]                                at /rustc/53fd98ca776cb875bc9e5514f56b52eb74f9e7a9/library/std/src/panic.rs:347:9
[INFO] [stdout]   34:     0x562ca4572958 - std::panicking::try::do_call::hb2dd9f1d0d48e41d
[INFO] [stdout]                                at /rustc/53fd98ca776cb875bc9e5514f56b52eb74f9e7a9/library/std/src/panicking.rs:401:40
[INFO] [stdout]   35:     0x562ca4572958 - std::panicking::try::h4717ae7bac8b2bf3
[INFO] [stdout]                                at /rustc/53fd98ca776cb875bc9e5514f56b52eb74f9e7a9/library/std/src/panicking.rs:365:19
[INFO] [stdout]   36:     0x562ca4572958 - std::panic::catch_unwind::h0dc8a061326ce8d8
[INFO] [stdout]                                at /rustc/53fd98ca776cb875bc9e5514f56b52eb74f9e7a9/library/std/src/panic.rs:434:14
[INFO] [stdout]   37:     0x562ca4572958 - std::thread::Builder::spawn_unchecked::{{closure}}::haa369e2d6fd00aa1
[INFO] [stdout]                                at /rustc/53fd98ca776cb875bc9e5514f56b52eb74f9e7a9/library/std/src/thread/mod.rs:475:30
[INFO] [stdout]   38:     0x562ca4572958 - core::ops::function::FnOnce::call_once{{vtable.shim}}::h36dcf3de8b056f17
[INFO] [stdout]                                at /rustc/53fd98ca776cb875bc9e5514f56b52eb74f9e7a9/library/core/src/ops/function.rs:227:5
[INFO] [stdout]   39:     0x562ca45db9f7 - <alloc::boxed::Box<F,A> as core::ops::function::FnOnce<Args>>::call_once::h65c29e4642be2358
[INFO] [stdout]                                at /rustc/53fd98ca776cb875bc9e5514f56b52eb74f9e7a9/library/alloc/src/boxed.rs:1572:9
[INFO] [stdout]   40:     0x562ca45db9f7 - <alloc::boxed::Box<F,A> as core::ops::function::FnOnce<Args>>::call_once::hd0f8f7fbbd9fffbf
[INFO] [stdout]                                at /rustc/53fd98ca776cb875bc9e5514f56b52eb74f9e7a9/library/alloc/src/boxed.rs:1572:9
[INFO] [stdout]   41:     0x562ca45db9f7 - std::sys::unix::thread::Thread::new::thread_start::h2fd22fee3ca77b65
[INFO] [stdout]                                at /rustc/53fd98ca776cb875bc9e5514f56b52eb74f9e7a9/library/std/src/sys/unix/thread.rs:74:17
[INFO] [stdout]   42:     0x7fb74a7a0609 - start_thread
[INFO] [stdout]   43:     0x7fb74a572293 - clone
[INFO] [stdout]   44:                0x0 - <unknown>
[INFO] [stdout] 
[INFO] [stdout] ---- create_storage_for_existing_location stdout ----
[INFO] [stdout] thread 'create_storage_for_existing_location' panicked at 'called `Result::unwrap()` on an `Err` value: IoError(Os { code: 30, kind: ReadOnlyFilesystem, message: "Read-only file system" })', storage/tests/tests.rs:26:48
[INFO] [stdout] stack backtrace:
[INFO] [stdout]    0:     0x562ca45d3670 - std::backtrace_rs::backtrace::libunwind::trace::hff4d1766e93f64f1
[INFO] [stdout]                                at /rustc/53fd98ca776cb875bc9e5514f56b52eb74f9e7a9/library/std/src/../../backtrace/src/backtrace/libunwind.rs:90:5
[INFO] [stdout]    1:     0x562ca45d3670 - std::backtrace_rs::backtrace::trace_unsynchronized::h56bbc8eb78770bcb
[INFO] [stdout]                                at /rustc/53fd98ca776cb875bc9e5514f56b52eb74f9e7a9/library/std/src/../../backtrace/src/backtrace/mod.rs:66:5
[INFO] [stdout]    2:     0x562ca45d3670 - std::sys_common::backtrace::_print_fmt::h5c8e75464faca780
[INFO] [stdout]                                at /rustc/53fd98ca776cb875bc9e5514f56b52eb74f9e7a9/library/std/src/sys_common/backtrace.rs:67:5
[INFO] [stdout]    3:     0x562ca45d3670 - <std::sys_common::backtrace::_print::DisplayBacktrace as core::fmt::Display>::fmt::h48b88277def8b362
[INFO] [stdout]                                at /rustc/53fd98ca776cb875bc9e5514f56b52eb74f9e7a9/library/std/src/sys_common/backtrace.rs:46:22
[INFO] [stdout]    4:     0x562ca45f6e0c - core::fmt::write::h3381b3176fe2b3d3
[INFO] [stdout]                                at /rustc/53fd98ca776cb875bc9e5514f56b52eb74f9e7a9/library/core/src/fmt/mod.rs:1115:17
[INFO] [stdout]    5:     0x562ca45d0395 - std::io::Write::write_fmt::h5f34a676f60246b5
[INFO] [stdout]                                at /rustc/53fd98ca776cb875bc9e5514f56b52eb74f9e7a9/library/std/src/io/mod.rs:1665:15
[INFO] [stdout]    6:     0x562ca45d5c1b - std::sys_common::backtrace::_print::ha537687d6c17dd0d
[INFO] [stdout]                                at /rustc/53fd98ca776cb875bc9e5514f56b52eb74f9e7a9/library/std/src/sys_common/backtrace.rs:49:5
[INFO] [stdout]    7:     0x562ca45d5c1b - std::sys_common::backtrace::print::h61376ae57d131d72
[INFO] [stdout]                                at /rustc/53fd98ca776cb875bc9e5514f56b52eb74f9e7a9/library/std/src/sys_common/backtrace.rs:36:9
[INFO] [stdout]    8:     0x562ca45d5c1b - std::panicking::default_hook::{{closure}}::h0f7208c0b9644a54
[INFO] [stdout]                                at /rustc/53fd98ca776cb875bc9e5514f56b52eb74f9e7a9/library/std/src/panicking.rs:208:50
[INFO] [stdout]    9:     0x562ca45d572c - std::panicking::default_hook::hdac7fc06578c14ce
[INFO] [stdout]                                at /rustc/53fd98ca776cb875bc9e5514f56b52eb74f9e7a9/library/std/src/panicking.rs:222:9
[INFO] [stdout]   10:     0x562ca45d62e4 - std::panicking::rust_panic_with_hook::h72b21c283da3d1ef
[INFO] [stdout]                                at /rustc/53fd98ca776cb875bc9e5514f56b52eb74f9e7a9/library/std/src/panicking.rs:622:17
[INFO] [stdout]   11:     0x562ca45d5dc7 - std::panicking::begin_panic_handler::{{closure}}::he5778f1729cff84a
[INFO] [stdout]                                at /rustc/53fd98ca776cb875bc9e5514f56b52eb74f9e7a9/library/std/src/panicking.rs:519:13
[INFO] [stdout]   12:     0x562ca45d3b4c - std::sys_common::backtrace::__rust_end_short_backtrace::h2d11ca8b453b4b1d
[INFO] [stdout]                                at /rustc/53fd98ca776cb875bc9e5514f56b52eb74f9e7a9/library/std/src/sys_common/backtrace.rs:141:18
[INFO] [stdout]   13:     0x562ca45d5d29 - rust_begin_unwind
[INFO] [stdout]                                at /rustc/53fd98ca776cb875bc9e5514f56b52eb74f9e7a9/library/std/src/panicking.rs:515:5
[INFO] [stdout]   14:     0x562ca45683c1 - core::panicking::panic_fmt::hf9de31d4acbce4db
[INFO] [stdout]                                at /rustc/53fd98ca776cb875bc9e5514f56b52eb74f9e7a9/library/core/src/panicking.rs:92:14
[INFO] [stdout]   15:     0x562ca45684b3 - core::result::unwrap_failed::ha0c84e81219e5878
[INFO] [stdout]                                at /rustc/53fd98ca776cb875bc9e5514f56b52eb74f9e7a9/library/core/src/result.rs:1599:5
[INFO] [stdout]   16:     0x562ca456c86f - core::result::Result<T,E>::unwrap::h777dbedf8f8bec04
[INFO] [stdout]                                at /rustc/53fd98ca776cb875bc9e5514f56b52eb74f9e7a9/library/core/src/result.rs:1281:23
[INFO] [stdout]   17:     0x562ca4568fbf - tests::_setup_empty_storage::h4b755abed548f589
[INFO] [stdout]                                at /opt/rustwide/workdir/storage/tests/tests.rs:26:19
[INFO] [stdout]   18:     0x562ca456934d - tests::create_storage_for_existing_location::h4d271018c3d4bf03
[INFO] [stdout]                                at /opt/rustwide/workdir/storage/tests/tests.rs:40:19
[INFO] [stdout]   19:     0x562ca456931a - tests::create_storage_for_existing_location::{{closure}}::h9670425f4f948473
[INFO] [stdout]                                at /opt/rustwide/workdir/storage/tests/tests.rs:39:1
[INFO] [stdout]   20:     0x562ca456bf2e - core::ops::function::FnOnce::call_once::h4711b2f391794942
[INFO] [stdout]                                at /rustc/53fd98ca776cb875bc9e5514f56b52eb74f9e7a9/library/core/src/ops/function.rs:227:5
[INFO] [stdout]   21:     0x562ca45a0f43 - core::ops::function::FnOnce::call_once::hbb52c4519d3137b0
[INFO] [stdout]                                at /rustc/53fd98ca776cb875bc9e5514f56b52eb74f9e7a9/library/core/src/ops/function.rs:227:5
[INFO] [stdout]   22:     0x562ca45a0f43 - test::__rust_begin_short_backtrace::h86fe3a2a5a5121af
[INFO] [stdout]                                at /rustc/53fd98ca776cb875bc9e5514f56b52eb74f9e7a9/library/test/src/lib.rs:578:5
[INFO] [stdout]   23:     0x562ca459f9f8 - <alloc::boxed::Box<F,A> as core::ops::function::FnOnce<Args>>::call_once::hfd956bc3d57399be
[INFO] [stdout]                                at /rustc/53fd98ca776cb875bc9e5514f56b52eb74f9e7a9/library/alloc/src/boxed.rs:1572:9
[INFO] [stdout]   24:     0x562ca459f9f8 - <std::panic::AssertUnwindSafe<F> as core::ops::function::FnOnce<()>>::call_once::h40dc93e0ddb5938a
[INFO] [stdout]                                at /rustc/53fd98ca776cb875bc9e5514f56b52eb74f9e7a9/library/std/src/panic.rs:347:9
[INFO] [stdout]   25:     0x562ca459f9f8 - std::panicking::try::do_call::h90d07750cb47c562
[INFO] [stdout]                                at /rustc/53fd98ca776cb875bc9e5514f56b52eb74f9e7a9/library/std/src/panicking.rs:401:40
[INFO] [stdout]   26:     0x562ca459f9f8 - std::panicking::try::h063c84733ad2a629
[INFO] [stdout]                                at /rustc/53fd98ca776cb875bc9e5514f56b52eb74f9e7a9/library/std/src/panicking.rs:365:19
[INFO] [stdout]   27:     0x562ca459f9f8 - std::panic::catch_unwind::h0c464836a84e7c08
[INFO] [stdout]                                at /rustc/53fd98ca776cb875bc9e5514f56b52eb74f9e7a9/library/std/src/panic.rs:434:14
[INFO] [stdout]   28:     0x562ca459f9f8 - test::run_test_in_process::h5cb06ef620b157fc
[INFO] [stdout]                                at /rustc/53fd98ca776cb875bc9e5514f56b52eb74f9e7a9/library/test/src/lib.rs:601:18
[INFO] [stdout]   29:     0x562ca459f9f8 - test::run_test::run_test_inner::{{closure}}::h76f677f4b93f9828
[INFO] [stdout]                                at /rustc/53fd98ca776cb875bc9e5514f56b52eb74f9e7a9/library/test/src/lib.rs:493:39
[INFO] [stdout]   30:     0x562ca456e18d - test::run_test::run_test_inner::{{closure}}::h366d01fe04f4d67a
[INFO] [stdout]                                at /rustc/53fd98ca776cb875bc9e5514f56b52eb74f9e7a9/library/test/src/lib.rs:520:37
[INFO] [stdout]   31:     0x562ca456e18d - std::sys_common::backtrace::__rust_begin_short_backtrace::h7dfa0de4eb395af2
[INFO] [stdout]                                at /rustc/53fd98ca776cb875bc9e5514f56b52eb74f9e7a9/library/std/src/sys_common/backtrace.rs:125:18
[INFO] [stdout]   32:     0x562ca4572958 - std::thread::Builder::spawn_unchecked::{{closure}}::{{closure}}::hf0a74bb58798037f
[INFO] [stdout]                                at /rustc/53fd98ca776cb875bc9e5514f56b52eb74f9e7a9/library/std/src/thread/mod.rs:476:17
[INFO] [stdout]   33:     0x562ca4572958 - <std::panic::AssertUnwindSafe<F> as core::ops::function::FnOnce<()>>::call_once::hb024e854818586ac
[INFO] [stdout]                                at /rustc/53fd98ca776cb875bc9e5514f56b52eb74f9e7a9/library/std/src/panic.rs:347:9
[INFO] [stdout]   34:     0x562ca4572958 - std::panicking::try::do_call::hb2dd9f1d0d48e41d
[INFO] [stdout]                                at /rustc/53fd98ca776cb875bc9e5514f56b52eb74f9e7a9/library/std/src/panicking.rs:401:40
[INFO] [stdout]   35:     0x562ca4572958 - std::panicking::try::h4717ae7bac8b2bf3
[INFO] [stdout]                                at /rustc/53fd98ca776cb875bc9e5514f56b52eb74f9e7a9/library/std/src/panicking.rs:365:19
[INFO] [stdout]   36:     0x562ca4572958 - std::panic::catch_unwind::h0dc8a061326ce8d8
[INFO] [stdout]                                at /rustc/53fd98ca776cb875bc9e5514f56b52eb74f9e7a9/library/std/src/panic.rs:434:14
[INFO] [stdout]   37:     0x562ca4572958 - std::thread::Builder::spawn_unchecked::{{closure}}::haa369e2d6fd00aa1
[INFO] [stdout]                                at /rustc/53fd98ca776cb875bc9e5514f56b52eb74f9e7a9/library/std/src/thread/mod.rs:475:30
[INFO] [stdout]   38:     0x562ca4572958 - core::ops::function::FnOnce::call_once{{vtable.shim}}::h36dcf3de8b056f17
[INFO] [stdout]                                at /rustc/53fd98ca776cb875bc9e5514f56b52eb74f9e7a9/library/core/src/ops/function.rs:227:5
[INFO] [stdout]   39:     0x562ca45db9f7 - <alloc::boxed::Box<F,A> as core::ops::function::FnOnce<Args>>::call_once::h65c29e4642be2358
[INFO] [stdout]                                at /rustc/53fd98ca776cb875bc9e5514f56b52eb74f9e7a9/library/alloc/src/boxed.rs:1572:9
[INFO] [stdout]   40:     0x562ca45db9f7 - <alloc::boxed::Box<F,A> as core::ops::function::FnOnce<Args>>::call_once::hd0f8f7fbbd9fffbf
[INFO] [stdout]                                at /rustc/53fd98ca776cb875bc9e5514f56b52eb74f9e7a9/library/alloc/src/boxed.rs:1572:9
[INFO] [stdout]   41:     0x562ca45db9f7 - std::sys::unix::thread::Thread::new::thread_start::h2fd22fee3ca77b65
[INFO] [stdout]                                at /rustc/53fd98ca776cb875bc9e5514f56b52eb74f9e7a9/library/std/src/sys/unix/thread.rs:74:17
[INFO] [stdout]   42:     0x7fb74a7a0609 - start_thread
[INFO] [stdout]   43:     0x7fb74a572293 - clone
[INFO] [stdout]   44:                0x0 - <unknown>
[INFO] [stdout] 
[INFO] [stdout] ---- ensure_corrupted_chunk_is_detected stdout ----
[INFO] [stdout] thread 'ensure_corrupted_chunk_is_detected' panicked at 'called `Result::unwrap()` on an `Err` value: IoError(Os { code: 30, kind: ReadOnlyFilesystem, message: "Read-only file system" })', storage/tests/tests.rs:26:48
[INFO] [stdout] stack backtrace:
[INFO] [stdout]    0:     0x562ca45d3670 - std::backtrace_rs::backtrace::libunwind::trace::hff4d1766e93f64f1
[INFO] [stdout]                                at /rustc/53fd98ca776cb875bc9e5514f56b52eb74f9e7a9/library/std/src/../../backtrace/src/backtrace/libunwind.rs:90:5
[INFO] [stdout]    1:     0x562ca45d3670 - std::backtrace_rs::backtrace::trace_unsynchronized::h56bbc8eb78770bcb
[INFO] [stdout]                                at /rustc/53fd98ca776cb875bc9e5514f56b52eb74f9e7a9/library/std/src/../../backtrace/src/backtrace/mod.rs:66:5
[INFO] [stdout]    2:     0x562ca45d3670 - std::sys_common::backtrace::_print_fmt::h5c8e75464faca780
[INFO] [stdout]                                at /rustc/53fd98ca776cb875bc9e5514f56b52eb74f9e7a9/library/std/src/sys_common/backtrace.rs:67:5
[INFO] [stdout]    3:     0x562ca45d3670 - <std::sys_common::backtrace::_print::DisplayBacktrace as core::fmt::Display>::fmt::h48b88277def8b362
[INFO] [stdout]                                at /rustc/53fd98ca776cb875bc9e5514f56b52eb74f9e7a9/library/std/src/sys_common/backtrace.rs:46:22
[INFO] [stdout]    4:     0x562ca45f6e0c - core::fmt::write::h3381b3176fe2b3d3
[INFO] [stdout]                                at /rustc/53fd98ca776cb875bc9e5514f56b52eb74f9e7a9/library/core/src/fmt/mod.rs:1115:17
[INFO] [stdout]    5:     0x562ca45d0395 - std::io::Write::write_fmt::h5f34a676f60246b5
[INFO] [stdout]                                at /rustc/53fd98ca776cb875bc9e5514f56b52eb74f9e7a9/library/std/src/io/mod.rs:1665:15
[INFO] [stdout]    6:     0x562ca45d5c1b - std::sys_common::backtrace::_print::ha537687d6c17dd0d
[INFO] [stdout]                                at /rustc/53fd98ca776cb875bc9e5514f56b52eb74f9e7a9/library/std/src/sys_common/backtrace.rs:49:5
[INFO] [stdout]    7:     0x562ca45d5c1b - std::sys_common::backtrace::print::h61376ae57d131d72
[INFO] [stdout]                                at /rustc/53fd98ca776cb875bc9e5514f56b52eb74f9e7a9/library/std/src/sys_common/backtrace.rs:36:9
[INFO] [stdout]    8:     0x562ca45d5c1b - std::panicking::default_hook::{{closure}}::h0f7208c0b9644a54
[INFO] [stdout]                                at /rustc/53fd98ca776cb875bc9e5514f56b52eb74f9e7a9/library/std/src/panicking.rs:208:50
[INFO] [stdout]    9:     0x562ca45d572c - std::panicking::default_hook::hdac7fc06578c14ce
[INFO] [stdout]                                at /rustc/53fd98ca776cb875bc9e5514f56b52eb74f9e7a9/library/std/src/panicking.rs:222:9
[INFO] [stdout]   10:     0x562ca45d62e4 - std::panicking::rust_panic_with_hook::h72b21c283da3d1ef
[INFO] [stdout]                                at /rustc/53fd98ca776cb875bc9e5514f56b52eb74f9e7a9/library/std/src/panicking.rs:622:17
[INFO] [stdout]   11:     0x562ca45d5dc7 - std::panicking::begin_panic_handler::{{closure}}::he5778f1729cff84a
[INFO] [stdout]                                at /rustc/53fd98ca776cb875bc9e5514f56b52eb74f9e7a9/library/std/src/panicking.rs:519:13
[INFO] [stdout]   12:     0x562ca45d3b4c - std::sys_common::backtrace::__rust_end_short_backtrace::h2d11ca8b453b4b1d
[INFO] [stdout]                                at /rustc/53fd98ca776cb875bc9e5514f56b52eb74f9e7a9/library/std/src/sys_common/backtrace.rs:141:18
[INFO] [stdout]   13:     0x562ca45d5d29 - rust_begin_unwind
[INFO] [stdout]                                at /rustc/53fd98ca776cb875bc9e5514f56b52eb74f9e7a9/library/std/src/panicking.rs:515:5
[INFO] [stdout]   14:     0x562ca45683c1 - core::panicking::panic_fmt::hf9de31d4acbce4db
[INFO] [stdout]                                at /rustc/53fd98ca776cb875bc9e5514f56b52eb74f9e7a9/library/core/src/panicking.rs:92:14
[INFO] [stdout]   15:     0x562ca45684b3 - core::result::unwrap_failed::ha0c84e81219e5878
[INFO] [stdout]                                at /rustc/53fd98ca776cb875bc9e5514f56b52eb74f9e7a9/library/core/src/result.rs:1599:5
[INFO] [stdout]   16:     0x562ca456c86f - core::result::Result<T,E>::unwrap::h777dbedf8f8bec04
[INFO] [stdout]                                at /rustc/53fd98ca776cb875bc9e5514f56b52eb74f9e7a9/library/core/src/result.rs:1281:23
[INFO] [stdout]   17:     0x562ca4568fbf - tests::_setup_empty_storage::h4b755abed548f589
[INFO] [stdout]                                at /opt/rustwide/workdir/storage/tests/tests.rs:26:19
[INFO] [stdout]   18:     0x562ca456a3bd - tests::ensure_corrupted_chunk_is_detected::h9f3262aa917d7ce7
[INFO] [stdout]                                at /opt/rustwide/workdir/storage/tests/tests.rs:109:19
[INFO] [stdout]   19:     0x562ca456a38a - tests::ensure_corrupted_chunk_is_detected::{{closure}}::h9e9b43769ffa05a3
[INFO] [stdout]                                at /opt/rustwide/workdir/storage/tests/tests.rs:108:1
[INFO] [stdout]   20:     0x562ca456bfee - core::ops::function::FnOnce::call_once::hf21f39cdb3ead82c
[INFO] [stdout]                                at /rustc/53fd98ca776cb875bc9e5514f56b52eb74f9e7a9/library/core/src/ops/function.rs:227:5
[INFO] [stdout]   21:     0x562ca45a0f43 - core::ops::function::FnOnce::call_once::hbb52c4519d3137b0
[INFO] [stdout]                                at /rustc/53fd98ca776cb875bc9e5514f56b52eb74f9e7a9/library/core/src/ops/function.rs:227:5
[INFO] [stdout]   22:     0x562ca45a0f43 - test::__rust_begin_short_backtrace::h86fe3a2a5a5121af
[INFO] [stdout]                                at /rustc/53fd98ca776cb875bc9e5514f56b52eb74f9e7a9/library/test/src/lib.rs:578:5
[INFO] [stdout]   23:     0x562ca459f9f8 - <alloc::boxed::Box<F,A> as core::ops::function::FnOnce<Args>>::call_once::hfd956bc3d57399be
[INFO] [stdout]                                at /rustc/53fd98ca776cb875bc9e5514f56b52eb74f9e7a9/library/alloc/src/boxed.rs:1572:9
[INFO] [stdout]   24:     0x562ca459f9f8 - <std::panic::AssertUnwindSafe<F> as core::ops::function::FnOnce<()>>::call_once::h40dc93e0ddb5938a
[INFO] [stdout]                                at /rustc/53fd98ca776cb875bc9e5514f56b52eb74f9e7a9/library/std/src/panic.rs:347:9
[INFO] [stdout]   25:     0x562ca459f9f8 - std::panicking::try::do_call::h90d07750cb47c562
[INFO] [stdout]                                at /rustc/53fd98ca776cb875bc9e5514f56b52eb74f9e7a9/library/std/src/panicking.rs:401:40
[INFO] [stdout]   26:     0x562ca459f9f8 - std::panicking::try::h063c84733ad2a629
[INFO] [stdout]                                at /rustc/53fd98ca776cb875bc9e5514f56b52eb74f9e7a9/library/std/src/panicking.rs:365:19
[INFO] [stdout]   27:     0x562ca459f9f8 - std::panic::catch_unwind::h0c464836a84e7c08
[INFO] [stdout]                                at /rustc/53fd98ca776cb875bc9e5514f56b52eb74f9e7a9/library/std/src/panic.rs:434:14
[INFO] [stdout]   28:     0x562ca459f9f8 - test::run_test_in_process::h5cb06ef620b157fc
[INFO] [stdout]                                at /rustc/53fd98ca776cb875bc9e5514f56b52eb74f9e7a9/library/test/src/lib.rs:601:18
[INFO] [stdout]   29:     0x562ca459f9f8 - test::run_test::run_test_inner::{{closure}}::h76f677f4b93f9828
[INFO] [stdout]                                at /rustc/53fd98ca776cb875bc9e5514f56b52eb74f9e7a9/library/test/src/lib.rs:493:39
[INFO] [stdout]   30:     0x562ca456e18d - test::run_test::run_test_inner::{{closure}}::h366d01fe04f4d67a
[INFO] [stdout]                                at /rustc/53fd98ca776cb875bc9e5514f56b52eb74f9e7a9/library/test/src/lib.rs:520:37
[INFO] [stdout]   31:     0x562ca456e18d - std::sys_common::backtrace::__rust_begin_short_backtrace::h7dfa0de4eb395af2
[INFO] [stdout]                                at /rustc/53fd98ca776cb875bc9e5514f56b52eb74f9e7a9/library/std/src/sys_common/backtrace.rs:125:18
[INFO] [stdout]   32:     0x562ca4572958 - std::thread::Builder::spawn_unchecked::{{closure}}::{{closure}}::hf0a74bb58798037f
[INFO] [stdout]                                at /rustc/53fd98ca776cb875bc9e5514f56b52eb74f9e7a9/library/std/src/thread/mod.rs:476:17
[INFO] [stdout]   33:     0x562ca4572958 - <std::panic::AssertUnwindSafe<F> as core::ops::function::FnOnce<()>>::call_once::hb024e854818586ac
[INFO] [stdout]                                at /rustc/53fd98ca776cb875bc9e5514f56b52eb74f9e7a9/library/std/src/panic.rs:347:9
[INFO] [stdout]   34:     0x562ca4572958 - std::panicking::try::do_call::hb2dd9f1d0d48e41d
[INFO] [stdout]                                at /rustc/53fd98ca776cb875bc9e5514f56b52eb74f9e7a9/library/std/src/panicking.rs:401:40
[INFO] [stdout]   35:     0x562ca4572958 - std::panicking::try::h4717ae7bac8b2bf3
[INFO] [stdout]                                at /rustc/53fd98ca776cb875bc9e5514f56b52eb74f9e7a9/library/std/src/panicking.rs:365:19
[INFO] [stdout]   36:     0x562ca4572958 - std::panic::catch_unwind::h0dc8a061326ce8d8
[INFO] [stdout]                                at /rustc/53fd98ca776cb875bc9e5514f56b52eb74f9e7a9/library/std/src/panic.rs:434:14
[INFO] [stdout]   37:     0x562ca4572958 - std::thread::Builder::spawn_unchecked::{{closure}}::haa369e2d6fd00aa1
[INFO] [stdout]                                at /rustc/53fd98ca776cb875bc9e5514f56b52eb74f9e7a9/library/std/src/thread/mod.rs:475:30
[INFO] [stdout]   38:     0x562ca4572958 - core::ops::function::FnOnce::call_once{{vtable.shim}}::h36dcf3de8b056f17
[INFO] [stdout]                                at /rustc/53fd98ca776cb875bc9e5514f56b52eb74f9e7a9/library/core/src/ops/function.rs:227:5
[INFO] [stdout]   39:     0x562ca45db9f7 - <alloc::boxed::Box<F,A> as core::ops::function::FnOnce<Args>>::call_once::h65c29e4642be2358
[INFO] [stdout]                                at /rustc/53fd98ca776cb875bc9e5514f56b52eb74f9e7a9/library/alloc/src/boxed.rs:1572:9
[INFO] [stdout]   40:     0x562ca45db9f7 - <alloc::boxed::Box<F,A> as core::ops::function::FnOnce<Args>>::call_once::hd0f8f7fbbd9fffbf
[INFO] [stdout]                                at /rustc/53fd98ca776cb875bc9e5514f56b52eb74f9e7a9/library/alloc/src/boxed.rs:1572:9
[INFO] [stdout]   41:     0x562ca45db9f7 - std::sys::unix::thread::Thread::new::thread_start::h2fd22fee3ca77b65
[INFO] [stdout]                                at /rustc/53fd98ca776cb875bc9e5514f56b52eb74f9e7a9/library/std/src/sys/unix/thread.rs:74:17
[INFO] [stdout]   42:     0x7fb74a7a0609 - start_thread
[INFO] [stdout]   43:     0x7fb74a572293 - clone
[INFO] [stdout]   44:                0x0 - <unknown>
[INFO] [stdout] 
[INFO] [stdout] ---- ensure_deleting_nonexisting_chunk_fails stdout ----
[INFO] [stdout] thread 'ensure_deleting_nonexisting_chunk_fails' panicked at 'called `Result::unwrap()` on an `Err` value: IoError(Os { code: 30, kind: ReadOnlyFilesystem, message: "Read-only file system" })', storage/tests/tests.rs:26:48
[INFO] [stdout] stack backtrace:
[INFO] [stdout]    0:     0x562ca45d3670 - std::backtrace_rs::backtrace::libunwind::trace::hff4d1766e93f64f1
[INFO] [stdout]                                at /rustc/53fd98ca776cb875bc9e5514f56b52eb74f9e7a9/library/std/src/../../backtrace/src/backtrace/libunwind.rs:90:5
[INFO] [stdout]    1:     0x562ca45d3670 - std::backtrace_rs::backtrace::trace_unsynchronized::h56bbc8eb78770bcb
[INFO] [stdout]                                at /rustc/53fd98ca776cb875bc9e5514f56b52eb74f9e7a9/library/std/src/../../backtrace/src/backtrace/mod.rs:66:5
[INFO] [stdout]    2:     0x562ca45d3670 - std::sys_common::backtrace::_print_fmt::h5c8e75464faca780
[INFO] [stdout]                                at /rustc/53fd98ca776cb875bc9e5514f56b52eb74f9e7a9/library/std/src/sys_common/backtrace.rs:67:5
[INFO] [stdout]    3:     0x562ca45d3670 - <std::sys_common::backtrace::_print::DisplayBacktrace as core::fmt::Display>::fmt::h48b88277def8b362
[INFO] [stdout]                                at /rustc/53fd98ca776cb875bc9e5514f56b52eb74f9e7a9/library/std/src/sys_common/backtrace.rs:46:22
[INFO] [stdout]    4:     0x562ca45f6e0c - core::fmt::write::h3381b3176fe2b3d3
[INFO] [stdout]                                at /rustc/53fd98ca776cb875bc9e5514f56b52eb74f9e7a9/library/core/src/fmt/mod.rs:1115:17
[INFO] [stdout]    5:     0x562ca45d0395 - std::io::Write::write_fmt::h5f34a676f60246b5
[INFO] [stdout]                                at /rustc/53fd98ca776cb875bc9e5514f56b52eb74f9e7a9/library/std/src/io/mod.rs:1665:15
[INFO] [stdout]    6:     0x562ca45d5c1b - std::sys_common::backtrace::_print::ha537687d6c17dd0d
[INFO] [stdout]                                at /rustc/53fd98ca776cb875bc9e5514f56b52eb74f9e7a9/library/std/src/sys_common/backtrace.rs:49:5
[INFO] [stdout]    7:     0x562ca45d5c1b - std::sys_common::backtrace::print::h61376ae57d131d72
[INFO] [stdout]                                at /rustc/53fd98ca776cb875bc9e5514f56b52eb74f9e7a9/library/std/src/sys_common/backtrace.rs:36:9
[INFO] [stdout]    8:     0x562ca45d5c1b - std::panicking::default_hook::{{closure}}::h0f7208c0b9644a54
[INFO] [stdout]                                at /rustc/53fd98ca776cb875bc9e5514f56b52eb74f9e7a9/library/std/src/panicking.rs:208:50
[INFO] [stdout]    9:     0x562ca45d572c - std::panicking::default_hook::hdac7fc06578c14ce
[INFO] [stdout]                                at /rustc/53fd98ca776cb875bc9e5514f56b52eb74f9e7a9/library/std/src/panicking.rs:222:9
[INFO] [stdout]   10:     0x562ca45d62e4 - std::panicking::rust_panic_with_hook::h72b21c283da3d1ef
[INFO] [stdout]                                at /rustc/53fd98ca776cb875bc9e5514f56b52eb74f9e7a9/library/std/src/panicking.rs:622:17
[INFO] [stdout]   11:     0x562ca45d5dc7 - std::panicking::begin_panic_handler::{{closure}}::he5778f1729cff84a
[INFO] [stdout]                                at /rustc/53fd98ca776cb875bc9e5514f56b52eb74f9e7a9/library/std/src/panicking.rs:519:13
[INFO] [stdout]   12:     0x562ca45d3b4c - std::sys_common::backtrace::__rust_end_short_backtrace::h2d11ca8b453b4b1d
[INFO] [stdout]                                at /rustc/53fd98ca776cb875bc9e5514f56b52eb74f9e7a9/library/std/src/sys_common/backtrace.rs:141:18
[INFO] [stdout]   13:     0x562ca45d5d29 - rust_begin_unwind
[INFO] [stdout]                                at /rustc/53fd98ca776cb875bc9e5514f56b52eb74f9e7a9/library/std/src/panicking.rs:515:5
[INFO] [stdout]   14:     0x562ca45683c1 - core::panicking::panic_fmt::hf9de31d4acbce4db
[INFO] [stdout]                                at /rustc/53fd98ca776cb875bc9e5514f56b52eb74f9e7a9/library/core/src/panicking.rs:92:14
[INFO] [stdout]   15:     0x562ca45684b3 - core::result::unwrap_failed::ha0c84e81219e5878
[INFO] [stdout]                                at /rustc/53fd98ca776cb875bc9e5514f56b52eb74f9e7a9/library/core/src/result.rs:1599:5
[INFO] [stdout]   16:     0x562ca456c86f - core::result::Result<T,E>::unwrap::h777dbedf8f8bec04
[INFO] [stdout]                                at /rustc/53fd98ca776cb875bc9e5514f56b52eb74f9e7a9/library/core/src/result.rs:1281:23
[INFO] [stdout]   17:     0x562ca4568fbf - tests::_setup_empty_storage::h4b755abed548f589
[INFO] [stdout]                                at /opt/rustwide/workdir/storage/tests/tests.rs:26:19
[INFO] [stdout]   18:     0x562ca4569c9d - tests::ensure_deleting_nonexisting_chunk_fails::h2579d284d7845949
[INFO] [stdout]                                at /opt/rustwide/workdir/storage/tests/tests.rs:81:19
[INFO] [stdout]   19:     0x562ca4569c6a - tests::ensure_deleting_nonexisting_chunk_fails::{{closure}}::h7981e98ae3458b99
[INFO] [stdout]                                at /opt/rustwide/workdir/storage/tests/tests.rs:80:1
[INFO] [stdout]   20:     0x562ca456bfae - core::ops::function::FnOnce::call_once::h87b69c21474ea0ae
[INFO] [stdout]                                at /rustc/53fd98ca776cb875bc9e5514f56b52eb74f9e7a9/library/core/src/ops/function.rs:227:5
[INFO] [stdout]   21:     0x562ca45a0f43 - core::ops::function::FnOnce::call_once::hbb52c4519d3137b0
[INFO] [stdout]                                at /rustc/53fd98ca776cb875bc9e5514f56b52eb74f9e7a9/library/core/src/ops/function.rs:227:5
[INFO] [stdout]   22:     0x562ca45a0f43 - test::__rust_begin_short_backtrace::h86fe3a2a5a5121af
[INFO] [stdout]                                at /rustc/53fd98ca776cb875bc9e5514f56b52eb74f9e7a9/library/test/src/lib.rs:578:5
[INFO] [stdout]   23:     0x562ca459f9f8 - <alloc::boxed::Box<F,A> as core::ops::function::FnOnce<Args>>::call_once::hfd956bc3d57399be
[INFO] [stdout]                                at /rustc/53fd98ca776cb875bc9e5514f56b52eb74f9e7a9/library/alloc/src/boxed.rs:1572:9
[INFO] [stdout]   24:     0x562ca459f9f8 - <std::panic::AssertUnwindSafe<F> as core::ops::function::FnOnce<()>>::call_once::h40dc93e0ddb5938a
[INFO] [stdout]                                at /rustc/53fd98ca776cb875bc9e5514f56b52eb74f9e7a9/library/std/src/panic.rs:347:9
[INFO] [stdout]   25:     0x562ca459f9f8 - std::panicking::try::do_call::h90d07750cb47c562
[INFO] [stdout]                                at /rustc/53fd98ca776cb875bc9e5514f56b52eb74f9e7a9/library/std/src/panicking.rs:401:40
[INFO] [stdout]   26:     0x562ca459f9f8 - std::panicking::try::h063c84733ad2a629
[INFO] [stdout]                                at /rustc/53fd98ca776cb875bc9e5514f56b52eb74f9e7a9/library/std/src/panicking.rs:365:19
[INFO] [stdout]   27:     0x562ca459f9f8 - std::panic::catch_unwind::h0c464836a84e7c08
[INFO] [stdout]                                at /rustc/53fd98ca776cb875bc9e5514f56b52eb74f9e7a9/library/std/src/panic.rs:434:14
[INFO] [stdout]   28:     0x562ca459f9f8 - test::run_test_in_process::h5cb06ef620b157fc
[INFO] [stdout]                                at /rustc/53fd98ca776cb875bc9e5514f56b52eb74f9e7a9/library/test/src/lib.rs:601:18
[INFO] [stdout]   29:     0x562ca459f9f8 - test::run_test::run_test_inner::{{closure}}::h76f677f4b93f9828
[INFO] [stdout]                                at /rustc/53fd98ca776cb875bc9e5514f56b52eb74f9e7a9/library/test/src/lib.rs:493:39
[INFO] [stdout]   30:     0x562ca456e18d - test::run_test::run_test_inner::{{closure}}::h366d01fe04f4d67a
[INFO] [stdout]                                at /rustc/53fd98ca776cb875bc9e5514f56b52eb74f9e7a9/library/test/src/lib.rs:520:37
[INFO] [stdout]   31:     0x562ca456e18d - std::sys_common::backtrace::__rust_begin_short_backtrace::h7dfa0de4eb395af2
[INFO] [stdout]                                at /rustc/53fd98ca776cb875bc9e5514f56b52eb74f9e7a9/library/std/src/sys_common/backtrace.rs:125:18
[INFO] [stdout]   32:     0x562ca4572958 - std::thread::Builder::spawn_unchecked::{{closure}}::{{closure}}::hf0a74bb58798037f
[INFO] [stdout]                                at /rustc/53fd98ca776cb875bc9e5514f56b52eb74f9e7a9/library/std/src/thread/mod.rs:476:17
[INFO] [stdout]   33:     0x562ca4572958 - <std::panic::AssertUnwindSafe<F> as core::ops::function::FnOnce<()>>::call_once::hb024e854818586ac
[INFO] [stdout]                                at /rustc/53fd98ca776cb875bc9e5514f56b52eb74f9e7a9/library/std/src/panic.rs:347:9
[INFO] [stdout]   34:     0x562ca4572958 - std::panicking::try::do_call::hb2dd9f1d0d48e41d
[INFO] [stdout]                                at /rustc/53fd98ca776cb875bc9e5514f56b52eb74f9e7a9/library/std/src/panicking.rs:401:40
[INFO] [stdout]   35:     0x562ca4572958 - std::panicking::try::h4717ae7bac8b2bf3
[INFO] [stdout]                                at /rustc/53fd98ca776cb875bc9e5514f56b52eb74f9e7a9/library/std/src/panicking.rs:365:19
[INFO] [stdout]   36:     0x562ca4572958 - std::panic::catch_unwind::h0dc8a061326ce8d8
[INFO] [stdout]                                at /rustc/53fd98ca776cb875bc9e5514f56b52eb74f9e7a9/library/std/src/panic.rs:434:14
[INFO] [stdout]   37:     0x562ca4572958 - std::thread::Builder::spawn_unchecked::{{closure}}::haa369e2d6fd00aa1
[INFO] [stdout]                                at /rustc/53fd98ca776cb875bc9e5514f56b52eb74f9e7a9/library/std/src/thread/mod.rs:475:30
[INFO] [stdout]   38:     0x562ca4572958 - core::ops::function::FnOnce::call_once{{vtable.shim}}::h36dcf3de8b056f17
[INFO] [stdout]                                at /rustc/53fd98ca776cb875bc9e5514f56b52eb74f9e7a9/library/core/src/ops/function.rs:227:5
[INFO] [stdout]   39:     0x562ca45db9f7 - <alloc::boxed::Box<F,A> as core::ops::function::FnOnce<Args>>::call_once::h65c29e4642be2358
[INFO] [stdout]                                at /rustc/53fd98ca776cb875bc9e5514f56b52eb74f9e7a9/library/alloc/src/boxed.rs:1572:9
[INFO] [stdout]   40:     0x562ca45db9f7 - <alloc::boxed::Box<F,A> as core::ops::function::FnOnce<Args>>::call_once::hd0f8f7fbbd9fffbf
[INFO] [stdout]                                at /rustc/53fd98ca776cb875bc9e5514f56b52eb74f9e7a9/library/alloc/src/boxed.rs:1572:9
[INFO] [stdout]   41:     0x562ca45db9f7 - std::sys::unix::thread::Thread::new::thread_start::h2fd22fee3ca77b65
[INFO] [stdout]                                at /rustc/53fd98ca776cb875bc9e5514f56b52eb74f9e7a9/library/std/src/sys/unix/thread.rs:74:17
[INFO] [stdout]   42:     0x7fb74a7a0609 - start_thread
[INFO] [stdout]   43:     0x7fb74a572293 - clone
[INFO] [stdout]   44:                0x0 - <unknown>
[INFO] [stdout] 
[INFO] [stdout] ---- persist_and_get_data stdout ----
[INFO] [stdout] thread 'persist_and_get_data' panicked at 'called `Result::unwrap()` on an `Err` value: IoError(Os { code: 30, kind: ReadOnlyFilesystem, message: "Read-only file system" })', storage/tests/tests.rs:26:48
[INFO] [stdout] stack backtrace:
[INFO] [stdout]    0:     0x562ca45d3670 - std::backtrace_rs::backtrace::libunwind::trace::hff4d1766e93f64f1
[INFO] [stdout]                                at /rustc/53fd98ca776cb875bc9e5514f56b52eb74f9e7a9/library/std/src/../../backtrace/src/backtrace/libunwind.rs:90:5
[INFO] [stdout]    1:     0x562ca45d3670 - std::backtrace_rs::backtrace::trace_unsynchronized::h56bbc8eb78770bcb
[INFO] [stdout]                                at /rustc/53fd98ca776cb875bc9e5514f56b52eb74f9e7a9/library/std/src/../../backtrace/src/backtrace/mod.rs:66:5
[INFO] [stdout]    2:     0x562ca45d3670 - std::sys_common::backtrace::_print_fmt::h5c8e75464faca780
[INFO] [stdout]                                at /rustc/53fd98ca776cb875bc9e5514f56b52eb74f9e7a9/library/std/src/sys_common/backtrace.rs:67:5
[INFO] [stdout]    3:     0x562ca45d3670 - <std::sys_common::backtrace::_print::DisplayBacktrace as core::fmt::Display>::fmt::h48b88277def8b362
[INFO] [stdout]                                at /rustc/53fd98ca776cb875bc9e5514f56b52eb74f9e7a9/library/std/src/sys_common/backtrace.rs:46:22
[INFO] [stdout]    4:     0x562ca45f6e0c - core::fmt::write::h3381b3176fe2b3d3
[INFO] [stdout]                                at /rustc/53fd98ca776cb875bc9e5514f56b52eb74f9e7a9/library/core/src/fmt/mod.rs:1115:17
[INFO] [stdout]    5:     0x562ca45d0395 - std::io::Write::write_fmt::h5f34a676f60246b5
[INFO] [stdout]                                at /rustc/53fd98ca776cb875bc9e5514f56b52eb74f9e7a9/library/std/src/io/mod.rs:1665:15
[INFO] [stdout]    6:     0x562ca45d5c1b - std::sys_common::backtrace::_print::ha537687d6c17dd0d
[INFO] [stdout]                                at /rustc/53fd98ca776cb875bc9e5514f56b52eb74f9e7a9/library/std/src/sys_common/backtrace.rs:49:5
[INFO] [stdout]    7:     0x562ca45d5c1b - std::sys_common::backtrace::print::h61376ae57d131d72
[INFO] [stdout]                                at /rustc/53fd98ca776cb875bc9e5514f56b52eb74f9e7a9/library/std/src/sys_common/backtrace.rs:36:9
[INFO] [stdout]    8:     0x562ca45d5c1b - std::panicking::default_hook::{{closure}}::h0f7208c0b9644a54
[INFO] [stdout]                                at /rustc/53fd98ca776cb875bc9e5514f56b52eb74f9e7a9/library/std/src/panicking.rs:208:50
[INFO] [stdout]    9:     0x562ca45d572c - std::panicking::default_hook::hdac7fc06578c14ce
[INFO] [stdout]                                at /rustc/53fd98ca776cb875bc9e5514f56b52eb74f9e7a9/library/std/src/panicking.rs:222:9
[INFO] [stdout]   10:     0x562ca45d62e4 - std::panicking::rust_panic_with_hook::h72b21c283da3d1ef
[INFO] [stdout]                                at /rustc/53fd98ca776cb875bc9e5514f56b52eb74f9e7a9/library/std/src/panicking.rs:622:17
[INFO] [stdout]   11:     0x562ca45d5dc7 - std::panicking::begin_panic_handler::{{closure}}::he5778f1729cff84a
[INFO] [stdout]                                at /rustc/53fd98ca776cb875bc9e5514f56b52eb74f9e7a9/library/std/src/panicking.rs:519:13
[INFO] [stdout]   12:     0x562ca45d3b4c - std::sys_common::backtrace::__rust_end_short_backtrace::h2d11ca8b453b4b1d
[INFO] [stdout]                                at /rustc/53fd98ca776cb875bc9e5514f56b52eb74f9e7a9/library/std/src/sys_common/backtrace.rs:141:18
[INFO] [stdout]   13:     0x562ca45d5d29 - rust_begin_unwind
[INFO] [stdout]                                at /rustc/53fd98ca776cb875bc9e5514f56b52eb74f9e7a9/library/std/src/panicking.rs:515:5
[INFO] [stdout]   14:     0x562ca45683c1 - core::panicking::panic_fmt::hf9de31d4acbce4db
[INFO] [stdout]                                at /rustc/53fd98ca776cb875bc9e5514f56b52eb74f9e7a9/library/core/src/panicking.rs:92:14
[INFO] [stdout]   15:     0x562ca45684b3 - core::result::unwrap_failed::ha0c84e81219e5878
[INFO] [stdout]                                at /rustc/53fd98ca776cb875bc9e5514f56b52eb74f9e7a9/library/core/src/result.rs:1599:5
[INFO] [stdout]   16:     0x562ca456c86f - core::result::Result<T,E>::unwrap::h777dbedf8f8bec04
[INFO] [stdout]                                at /rustc/53fd98ca776cb875bc9e5514f56b52eb74f9e7a9/library/core/src/result.rs:1281:23
[INFO] [stdout]   17:     0x562ca4568fbf - tests::_setup_empty_storage::h4b755abed548f589
[INFO] [stdout]                                at /opt/rustwide/workdir/storage/tests/tests.rs:26:19
[INFO] [stdout]   18:     0x562ca45695cd - tests::persist_and_get_data::h2e33036d813888e9
[INFO] [stdout]                                at /opt/rustwide/workdir/storage/tests/tests.rs:54:19
[INFO] [stdout]   19:     0x562ca456959a - tests::persist_and_get_data::{{closure}}::h9e645b38a1fd0405
[INFO] [stdout]                                at /opt/rustwide/workdir/storage/tests/tests.rs:53:1
[INFO] [stdout]   20:     0x562ca456beae - core::ops::function::FnOnce::call_once::h1ea00cf1ce1a9763
[INFO] [stdout]                                at /rustc/53fd98ca776cb875bc9e5514f56b52eb74f9e7a9/library/core/src/ops/function.rs:227:5
[INFO] [stdout]   21:     0x562ca45a0f43 - core::ops::function::FnOnce::call_once::hbb52c4519d3137b0
[INFO] [stdout]                                at /rustc/53fd98ca776cb875bc9e5514f56b52eb74f9e7a9/library/core/src/ops/function.rs:227:5
[INFO] [stdout]   22:     0x562ca45a0f43 - test::__rust_begin_short_backtrace::h86fe3a2a5a5121af
[INFO] [stdout]                                at /rustc/53fd98ca776cb875bc9e5514f56b52eb74f9e7a9/library/test/src/lib.rs:578:5
[INFO] [stdout]   23:     0x562ca459f9f8 - <alloc::boxed::Box<F,A> as core::ops::function::FnOnce<Args>>::call_once::hfd956bc3d57399be
[INFO] [stdout]                                at /rustc/53fd98ca776cb875bc9e5514f56b52eb74f9e7a9/library/alloc/src/boxed.rs:1572:9
[INFO] [stdout]   24:     0x562ca459f9f8 - <std::panic::AssertUnwindSafe<F> as core::ops::function::FnOnce<()>>::call_once::h40dc93e0ddb5938a
[INFO] [stdout]                                at /rustc/53fd98ca776cb875bc9e5514f56b52eb74f9e7a9/library/std/src/panic.rs:347:9
[INFO] [stdout]   25:     0x562ca459f9f8 - std::panicking::try::do_call::h90d07750cb47c562
[INFO] [stdout]                                at /rustc/53fd98ca776cb875bc9e5514f56b52eb74f9e7a9/library/std/src/panicking.rs:401:40
[INFO] [stdout]   26:     0x562ca459f9f8 - std::panicking::try::h063c84733ad2a629
[INFO] [stdout]                                at /rustc/53fd98ca776cb875bc9e5514f56b52eb74f9e7a9/library/std/src/panicking.rs:365:19
[INFO] [stdout]   27:     0x562ca459f9f8 - std::panic::catch_unwind::h0c464836a84e7c08
[INFO] [stdout]                                at /rustc/53fd98ca776cb875bc9e5514f56b52eb74f9e7a9/library/std/src/panic.rs:434:14
[INFO] [stdout]   28:     0x562ca459f9f8 - test::run_test_in_process::h5cb06ef620b157fc
[INFO] [stdout]                                at /rustc/53fd98ca776cb875bc9e5514f56b52eb74f9e7a9/library/test/src/lib.rs:601:18
[INFO] [stdout]   29:     0x562ca459f9f8 - test::run_test::run_test_inner::{{closure}}::h76f677f4b93f9828
[INFO] [stdout]                                at /rustc/53fd98ca776cb875bc9e5514f56b52eb74f9e7a9/library/test/src/lib.rs:493:39
[INFO] [stdout]   30:     0x562ca456e18d - test::run_test::run_test_inner::{{closure}}::h366d01fe04f4d67a
[INFO] [stdout]                                at /rustc/53fd98ca776cb875bc9e5514f56b52eb74f9e7a9/library/test/src/lib.rs:520:37
[INFO] [stdout]   31:     0x562ca456e18d - std::sys_common::backtrace::__rust_begin_short_backtrace::h7dfa0de4eb395af2
[INFO] [stdout]                                at /rustc/53fd98ca776cb875bc9e5514f56b52eb74f9e7a9/library/std/src/sys_common/backtrace.rs:125:18
[INFO] [stdout]   32:     0x562ca4572958 - std::thread::Builder::spawn_unchecked::{{closure}}::{{closure}}::hf0a74bb58798037f
[INFO] [stdout]                                at /rustc/53fd98ca776cb875bc9e5514f56b52eb74f9e7a9/library/std/src/thread/mod.rs:476:17
[INFO] [stdout]   33:     0x562ca4572958 - <std::panic::AssertUnwindSafe<F> as core::ops::function::FnOnce<()>>::call_once::hb024e854818586ac
[INFO] [stdout]                                at /rustc/53fd98ca776cb875bc9e5514f56b52eb74f9e7a9/library/std/src/panic.rs:347:9
[INFO] [stdout]   34:     0x562ca4572958 - std::panicking::try::do_call::hb2dd9f1d0d48e41d
[INFO] [stdout]                                at /rustc/53fd98ca776cb875bc9e5514f56b52eb74f9e7a9/library/std/src/panicking.rs:401:40
[INFO] [stdout]   35:     0x562ca4572958 - std::panicking::try::h4717ae7bac8b2bf3
[INFO] [stdout]                                at /rustc/53fd98ca776cb875bc9e5514f56b52eb74f9e7a9/library/std/src/panicking.rs:365:19
[INFO] [stdout]   36:     0x562ca4572958 - std::panic::catch_unwind::h0dc8a061326ce8d8
[INFO] [stdout]                                at /rustc/53fd98ca776cb875bc9e5514f56b52eb74f9e7a9/library/std/src/panic.rs:434:14
[INFO] [stdout]   37:     0x562ca4572958 - std::thread::Builder::spawn_unchecked::{{closure}}::haa369e2d6fd00aa1
[INFO] [stdout]                                at /rustc/53fd98ca776cb875bc9e5514f56b52eb74f9e7a9/library/std/src/thread/mod.rs:475:30
[INFO] [stdout]   38:     0x562ca4572958 - core::ops::function::FnOnce::call_once{{vtable.shim}}::h36dcf3de8b056f17
[INFO] [stdout]                                at /rustc/53fd98ca776cb875bc9e5514f56b52eb74f9e7a9/library/core/src/ops/function.rs:227:5
[INFO] [stdout]   39:     0x562ca45db9f7 - <alloc::boxed::Box<F,A> as core::ops::function::FnOnce<Args>>::call_once::h65c29e4642be2358
[INFO] [stdout]                                at /rustc/53fd98ca776cb875bc9e5514f56b52eb74f9e7a9/library/alloc/src/boxed.rs:1572:9
[INFO] [stdout]   40:     0x562ca45db9f7 - <alloc::boxed::Box<F,A> as core::ops::function::FnOnce<Args>>::call_once::hd0f8f7fbbd9fffbf
[INFO] [stdout]                                at /rustc/53fd98ca776cb875bc9e5514f56b52eb74f9e7a9/library/alloc/src/boxed.rs:1572:9
[INFO] [stdout]   41:     0x562ca45db9f7 - std::sys::unix::thread::Thread::new::thread_start::h2fd22fee3ca77b65
[INFO] [stdout]                                at /rustc/53fd98ca776cb875bc9e5514f56b52eb74f9e7a9/library/std/src/sys/unix/thread.rs:74:17
[INFO] [stdout]   42:     0x7fb74a7a0609 - start_thread
[INFO] [stdout]   43:     0x7fb74a572293 - clone
[INFO] [stdout]   44:                0x0 - <unknown>
[INFO] [stdout] 
[INFO] [stdout] ---- ensure_get_nonexisting_chunk_fails stdout ----
[INFO] [stdout] thread 'ensure_get_nonexisting_chunk_fails' panicked at 'called `Result::unwrap()` on an `Err` value: IoError(Os { code: 30, kind: ReadOnlyFilesystem, message: "Read-only file system" })', storage/tests/tests.rs:26:48
[INFO] [stdout] stack backtrace:
[INFO] [stdout]    0:     0x562ca45d3670 - std::backtrace_rs::backtrace::libunwind::trace::hff4d1766e93f64f1
[INFO] [stdout]                                at /rustc/53fd98ca776cb875bc9e5514f56b52eb74f9e7a9/library/std/src/../../backtrace/src/backtrace/libunwind.rs:90:5
[INFO] [stdout]    1:     0x562ca45d3670 - std::backtrace_rs::backtrace::trace_unsynchronized::h56bbc8eb78770bcb
[INFO] [stdout]                                at /rustc/53fd98ca776cb875bc9e5514f56b52eb74f9e7a9/library/std/src/../../backtrace/src/backtrace/mod.rs:66:5
[INFO] [stdout]    2:     0x562ca45d3670 - std::sys_common::backtrace::_print_fmt::h5c8e75464faca780
[INFO] [stdout]                                at /rustc/53fd98ca776cb875bc9e5514f56b52eb74f9e7a9/library/std/src/sys_common/backtrace.rs:67:5
[INFO] [stdout]    3:     0x562ca45d3670 - <std::sys_common::backtrace::_print::DisplayBacktrace as core::fmt::Display>::fmt::h48b88277def8b362
[INFO] [stdout]                                at /rustc/53fd98ca776cb875bc9e5514f56b52eb74f9e7a9/library/std/src/sys_common/backtrace.rs:46:22
[INFO] [stdout]    4:     0x562ca45f6e0c - core::fmt::write::h3381b3176fe2b3d3
[INFO] [stdout]                                at /rustc/53fd98ca776cb875bc9e5514f56b52eb74f9e7a9/library/core/src/fmt/mod.rs:1115:17
[INFO] [stdout]    5:     0x562ca45d0395 - std::io::Write::write_fmt::h5f34a676f60246b5
[INFO] [stdout]                                at /rustc/53fd98ca776cb875bc9e5514f56b52eb74f9e7a9/library/std/src/io/mod.rs:1665:15
[INFO] [stdout]    6:     0x562ca45d5c1b - std::sys_common::backtrace::_print::ha537687d6c17dd0d
[INFO] [stdout]                                at /rustc/53fd98ca776cb875bc9e5514f56b52eb74f9e7a9/library/std/src/sys_common/backtrace.rs:49:5
[INFO] [stdout]    7:     0x562ca45d5c1b - std::sys_common::backtrace::print::h61376ae57d131d72
[INFO] [stdout]                                at /rustc/53fd98ca776cb875bc9e5514f56b52eb74f9e7a9/library/std/src/sys_common/backtrace.rs:36:9
[INFO] [stdout]    8:     0x562ca45d5c1b - std::panicking::default_hook::{{closure}}::h0f7208c0b9644a54
[INFO] [stdout]                                at /rustc/53fd98ca776cb875bc9e5514f56b52eb74f9e7a9/library/std/src/panicking.rs:208:50
[INFO] [stdout]    9:     0x562ca45d572c - std::panicking::default_hook::hdac7fc06578c14ce
[INFO] [stdout]                                at /rustc/53fd98ca776cb875bc9e5514f56b52eb74f9e7a9/library/std/src/panicking.rs:222:9
[INFO] [stdout]   10:     0x562ca45d62e4 - std::panicking::rust_panic_with_hook::h72b21c283da3d1ef
[INFO] [stdout]                                at /rustc/53fd98ca776cb875bc9e5514f56b52eb74f9e7a9/library/std/src/panicking.rs:622:17
[INFO] [stdout]   11:     0x562ca45d5dc7 - std::panicking::begin_panic_handler::{{closure}}::he5778f1729cff84a
[INFO] [stdout]                                at /rustc/53fd98ca776cb875bc9e5514f56b52eb74f9e7a9/library/std/src/panicking.rs:519:13
[INFO] [stdout]   12:     0x562ca45d3b4c - std::sys_common::backtrace::__rust_end_short_backtrace::h2d11ca8b453b4b1d
[INFO] [stdout]                                at /rustc/53fd98ca776cb875bc9e5514f56b52eb74f9e7a9/library/std/src/sys_common/backtrace.rs:141:18
[INFO] [stdout]   13:     0x562ca45d5d29 - rust_begin_unwind
[INFO] [stdout]                                at /rustc/53fd98ca776cb875bc9e5514f56b52eb74f9e7a9/library/std/src/panicking.rs:515:5
[INFO] [stdout]   14:     0x562ca45683c1 - core::panicking::panic_fmt::hf9de31d4acbce4db
[INFO] [stdout]                                at /rustc/53fd98ca776cb875bc9e5514f56b52eb74f9e7a9/library/core/src/panicking.rs:92:14
[INFO] [stdout]   15:     0x562ca45684b3 - core::result::unwrap_failed::ha0c84e81219e5878
[INFO] [stdout]                                at /rustc/53fd98ca776cb875bc9e5514f56b52eb74f9e7a9/library/core/src/result.rs:1599:5
[INFO] [stdout]   16:     0x562ca456c86f - core::result::Result<T,E>::unwrap::h777dbedf8f8bec04
[INFO] [stdout]                                at /rustc/53fd98ca776cb875bc9e5514f56b52eb74f9e7a9/library/core/src/result.rs:1281:23
[INFO] [stdout]   17:     0x562ca4568fbf - tests::_setup_empty_storage::h4b755abed548f589
[INFO] [stdout]                                at /opt/rustwide/workdir/storage/tests/tests.rs:26:19
[INFO] [stdout]   18:     0x562ca456a02d - tests::ensure_get_nonexisting_chunk_fails::h65c75a594da8d8a2
[INFO] [stdout]                                at /opt/rustwide/workdir/storage/tests/tests.rs:95:19
[INFO] [stdout]   19:     0x562ca4569ffa - tests::ensure_get_nonexisting_chunk_fails::{{closure}}::h04509a615df42ad8
[INFO] [stdout]                                at /opt/rustwide/workdir/storage/tests/tests.rs:94:1
[INFO] [stdout]   20:     0x562ca456c02e - core::ops::function::FnOnce::call_once::hf4c652ec128961dc
[INFO] [stdout]                                at /rustc/53fd98ca776cb875bc9e5514f56b52eb74f9e7a9/library/core/src/ops/function.rs:227:5
[INFO] [stdout]   21:     0x562ca45a0f43 - core::ops::function::FnOnce::call_once::hbb52c4519d3137b0
[INFO] [stdout]                                at /rustc/53fd98ca776cb875bc9e5514f56b52eb74f9e7a9/library/core/src/ops/function.rs:227:5
[INFO] [stdout]   22:     0x562ca45a0f43 - test::__rust_begin_short_backtrace::h86fe3a2a5a5121af
[INFO] [stdout]                                at /rustc/53fd98ca776cb875bc9e5514f56b52eb74f9e7a9/library/test/src/lib.rs:578:5
[INFO] [stdout]   23:     0x562ca459f9f8 - <alloc::boxed::Box<F,A> as core::ops::function::FnOnce<Args>>::call_once::hfd956bc3d57399be
[INFO] [stdout]                                at /rustc/53fd98ca776cb875bc9e5514f56b52eb74f9e7a9/library/alloc/src/boxed.rs:1572:9
[INFO] [stdout]   24:     0x562ca459f9f8 - <std::panic::AssertUnwindSafe<F> as core::ops::function::FnOnce<()>>::call_once::h40dc93e0ddb5938a
[INFO] [stdout]                                at /rustc/53fd98ca776cb875bc9e5514f56b52eb74f9e7a9/library/std/src/panic.rs:347:9
[INFO] [stdout]   25:     0x562ca459f9f8 - std::panicking::try::do_call::h90d07750cb47c562
[INFO] [stdout]                                at /rustc/53fd98ca776cb875bc9e5514f56b52eb74f9e7a9/library/std/src/panicking.rs:401:40
[INFO] [stdout]   26:     0x562ca459f9f8 - std::panicking::try::h063c84733ad2a629
[INFO] [stdout]                                at /rustc/53fd98ca776cb875bc9e5514f56b52eb74f9e7a9/library/std/src/panicking.rs:365:19
[INFO] [stdout]   27:     0x562ca459f9f8 - std::panic::catch_unwind::h0c464836a84e7c08
[INFO] [stdout]                                at /rustc/53fd98ca776cb875bc9e5514f56b52eb74f9e7a9/library/std/src/panic.rs:434:14
[INFO] [stdout]   28:     0x562ca459f9f8 - test::run_test_in_process::h5cb06ef620b157fc
[INFO] [stdout]                                at /rustc/53fd98ca776cb875bc9e5514f56b52eb74f9e7a9/library/test/src/lib.rs:601:18
[INFO] [stdout]   29:     0x562ca459f9f8 - test::run_test::run_test_inner::{{closure}}::h76f677f4b93f9828
[INFO] [stdout]                                at /rustc/53fd98ca776cb875bc9e5514f56b52eb74f9e7a9/library/test/src/lib.rs:493:39
[INFO] [stdout]   30:     0x562ca456e18d - test::run_test::run_test_inner::{{closure}}::h366d01fe04f4d67a
[INFO] [stdout]                                at /rustc/53fd98ca776cb875bc9e5514f56b52eb74f9e7a9/library/test/src/lib.rs:520:37
[INFO] [stdout]   31:     0x562ca456e18d - std::sys_common::backtrace::__rust_begin_short_backtrace::h7dfa0de4eb395af2
[INFO] [stdout]                                at /rustc/53fd98ca776cb875bc9e5514f56b52eb74f9e7a9/library/std/src/sys_common/backtrace.rs:125:18
[INFO] [stdout]   32:     0x562ca4572958 - std::thread::Builder::spawn_unchecked::{{closure}}::{{closure}}::hf0a74bb58798037f
[INFO] [stdout]                                at /rustc/53fd98ca776cb875bc9e5514f56b52eb74f9e7a9/library/std/src/thread/mod.rs:476:17
[INFO] [stdout]   33:     0x562ca4572958 - <std::panic::AssertUnwindSafe<F> as core::ops::function::FnOnce<()>>::call_once::hb024e854818586ac
[INFO] [stdout]                                at /rustc/53fd98ca776cb875bc9e5514f56b52eb74f9e7a9/library/std/src/panic.rs:347:9
[INFO] [stdout]   34:     0x562ca4572958 - std::panicking::try::do_call::hb2dd9f1d0d48e41d
[INFO] [stdout]                                at /rustc/53fd98ca776cb875bc9e5514f56b52eb74f9e7a9/library/std/src/panicking.rs:401:40
[INFO] [stdout]   35:     0x562ca4572958 - std::panicking::try::h4717ae7bac8b2bf3
[INFO] [stdout]                                at /rustc/53fd98ca776cb875bc9e5514f56b52eb74f9e7a9/library/std/src/panicking.rs:365:19
[INFO] [stdout]   36:     0x562ca4572958 - std::panic::catch_unwind::h0dc8a061326ce8d8
[INFO] [stdout]                                at /rustc/53fd98ca776cb875bc9e5514f56b52eb74f9e7a9/library/std/src/panic.rs:434:14
[INFO] [stdout]   37:     0x562ca4572958 - std::thread::Builder::spawn_unchecked::{{closure}}::haa369e2d6fd00aa1
[INFO] [stdout]                                at /rustc/53fd98ca776cb875bc9e5514f56b52eb74f9e7a9/library/std/src/thread/mod.rs:475:30
[INFO] [stdout]   38:     0x562ca4572958 - core::ops::function::FnOnce::call_once{{vtable.shim}}::h36dcf3de8b056f17
[INFO] [stdout]                                at /rustc/53fd98ca776cb875bc9e5514f56b52eb74f9e7a9/library/core/src/ops/function.rs:227:5
[INFO] [stdout]   39:     0x562ca45db9f7 - <alloc::boxed::Box<F,A> as core::ops::function::FnOnce<Args>>::call_once::h65c29e4642be2358
[INFO] [stdout]                                at /rustc/53fd98ca776cb875bc9e5514f56b52eb74f9e7a9/library/alloc/src/boxed.rs:1572:9
[INFO] [stdout]   40:     0x562ca45db9f7 - <alloc::boxed::Box<F,A> as core::ops::function::FnOnce<Args>>::call_once::hd0f8f7fbbd9fffbf
[INFO] [stdout]                                at /rustc/53fd98ca776cb875bc9e5514f56b52eb74f9e7a9/library/alloc/src/boxed.rs:1572:9
[INFO] [stdout]   41:     0x562ca45db9f7 - std::sys::unix::thread::Thread::new::thread_start::h2fd22fee3ca77b65
[INFO] [stdout]                                at /rustc/53fd98ca776cb875bc9e5514f56b52eb74f9e7a9/library/std/src/sys/unix/thread.rs:74:17
[INFO] [stdout]   42:     0x7fb74a7a0609 - start_thread
[INFO] [stdout]   43:     0x7fb74a572293 - clone
[INFO] [stdout]   44:                0x0 - <unknown>
[INFO] [stdout] 
[INFO] [stdout] ---- ensure_persisting_existing_chunk_fails stdout ----
[INFO] [stdout] thread 'ensure_persisting_existing_chunk_fails' panicked at 'called `Result::unwrap()` on an `Err` value: IoError(Os { code: 30, kind: ReadOnlyFilesystem, message: "Read-only file system" })', storage/tests/tests.rs:26:48
[INFO] [stdout] stack backtrace:
[INFO] [stdout]    0:     0x562ca45d3670 - std::backtrace_rs::backtrace::libunwind::trace::hff4d1766e93f64f1
[INFO] [stdout]                                at /rustc/53fd98ca776cb875bc9e5514f56b52eb74f9e7a9/library/std/src/../../backtrace/src/backtrace/libunwind.rs:90:5
[INFO] [stdout]    1:     0x562ca45d3670 - std::backtrace_rs::backtrace::trace_unsynchronized::h56bbc8eb78770bcb
[INFO] [stdout]                                at /rustc/53fd98ca776cb875bc9e5514f56b52eb74f9e7a9/library/std/src/../../backtrace/src/backtrace/mod.rs:66:5
[INFO] [stdout]    2:     0x562ca45d3670 - std::sys_common::backtrace::_print_fmt::h5c8e75464faca780
[INFO] [stdout]                                at /rustc/53fd98ca776cb875bc9e5514f56b52eb74f9e7a9/library/std/src/sys_common/backtrace.rs:67:5
[INFO] [stdout]    3:     0x562ca45d3670 - <std::sys_common::backtrace::_print::DisplayBacktrace as core::fmt::Display>::fmt::h48b88277def8b362
[INFO] [stdout]                                at /rustc/53fd98ca776cb875bc9e5514f56b52eb74f9e7a9/library/std/src/sys_common/backtrace.rs:46:22
[INFO] [stdout]    4:     0x562ca45f6e0c - core::fmt::write::h3381b3176fe2b3d3
[INFO] [stdout]                                at /rustc/53fd98ca776cb875bc9e5514f56b52eb74f9e7a9/library/core/src/fmt/mod.rs:1115:17
[INFO] [stdout]    5:     0x562ca45d0395 - std::io::Write::write_fmt::h5f34a676f60246b5
[INFO] [stdout]                                at /rustc/53fd98ca776cb875bc9e5514f56b52eb74f9e7a9/library/std/src/io/mod.rs:1665:15
[INFO] [stdout]    6:     0x562ca45d5c1b - std::sys_common::backtrace::_print::ha537687d6c17dd0d
[INFO] [stdout]                                at /rustc/53fd98ca776cb875bc9e5514f56b52eb74f9e7a9/library/std/src/sys_common/backtrace.rs:49:5
[INFO] [stdout]    7:     0x562ca45d5c1b - std::sys_common::backtrace::print::h61376ae57d131d72
[INFO] [stdout]                                at /rustc/53fd98ca776cb875bc9e5514f56b52eb74f9e7a9/library/std/src/sys_common/backtrace.rs:36:9
[INFO] [stdout]    8:     0x562ca45d5c1b - std::panicking::default_hook::{{closure}}::h0f7208c0b9644a54
[INFO] [stdout]                                at /rustc/53fd98ca776cb875bc9e5514f56b52eb74f9e7a9/library/std/src/panicking.rs:208:50
[INFO] [stdout]    9:     0x562ca45d572c - std::panicking::default_hook::hdac7fc06578c14ce
[INFO] [stdout]                                at /rustc/53fd98ca776cb875bc9e5514f56b52eb74f9e7a9/library/std/src/panicking.rs:222:9
[INFO] [stdout]   10:     0x562ca45d62e4 - std::panicking::rust_panic_with_hook::h72b21c283da3d1ef
[INFO] [stdout]                                at /rustc/53fd98ca776cb875bc9e5514f56b52eb74f9e7a9/library/std/src/panicking.rs:622:17
[INFO] [stdout]   11:     0x562ca45d5dc7 - std::panicking::begin_panic_handler::{{closure}}::he5778f1729cff84a
[INFO] [stdout]                                at /rustc/53fd98ca776cb875bc9e5514f56b52eb74f9e7a9/library/std/src/panicking.rs:519:13
[INFO] [stdout]   12:     0x562ca45d3b4c - std::sys_common::backtrace::__rust_end_short_backtrace::h2d11ca8b453b4b1d
[INFO] [stdout]                                at /rustc/53fd98ca776cb875bc9e5514f56b52eb74f9e7a9/library/std/src/sys_common/backtrace.rs:141:18
[INFO] [stdout]   13:     0x562ca45d5d29 - rust_begin_unwind
[INFO] [stdout]                                at /rustc/53fd98ca776cb875bc9e5514f56b52eb74f9e7a9/library/std/src/panicking.rs:515:5
[INFO] [stdout]   14:     0x562ca45683c1 - core::panicking::panic_fmt::hf9de31d4acbce4db
[INFO] [stdout]                                at /rustc/53fd98ca776cb875bc9e5514f56b52eb74f9e7a9/library/core/src/panicking.rs:92:14
[INFO] [stdout]   15:     0x562ca45684b3 - core::result::unwrap_failed::ha0c84e81219e5878
[INFO] [stdout]                                at /rustc/53fd98ca776cb875bc9e5514f56b52eb74f9e7a9/library/core/src/result.rs:1599:5
[INFO] [stdout]   16:     0x562ca456c86f - core::result::Result<T,E>::unwrap::h777dbedf8f8bec04
[INFO] [stdout]                                at /rustc/53fd98ca776cb875bc9e5514f56b52eb74f9e7a9/library/core/src/result.rs:1281:23
[INFO] [stdout]   17:     0x562ca4568fbf - tests::_setup_empty_storage::h4b755abed548f589
[INFO] [stdout]                                at /opt/rustwide/workdir/storage/tests/tests.rs:26:19
[INFO] [stdout]   18:     0x562ca456987d - tests::ensure_persisting_existing_chunk_fails::ha1dd0ef04cec7091
[INFO] [stdout]                                at /opt/rustwide/workdir/storage/tests/tests.rs:66:19
[INFO] [stdout]   19:     0x562ca456984a - tests::ensure_persisting_existing_chunk_fails::{{closure}}::h4a0a575d4245859f
[INFO] [stdout]                                at /opt/rustwide/workdir/storage/tests/tests.rs:65:1
[INFO] [stdout]   20:     0x562ca456bf6e - core::ops::function::FnOnce::call_once::h687884146e79d203
[INFO] [stdout]                                at /rustc/53fd98ca776cb875bc9e5514f56b52eb74f9e7a9/library/core/src/ops/function.rs:227:5
[INFO] [stdout]   21:     0x562ca45a0f43 - core::ops::function::FnOnce::call_once::hbb52c4519d3137b0
[INFO] [stdout]                                at /rustc/53fd98ca776cb875bc9e5514f56b52eb74f9e7a9/library/core/src/ops/function.rs:227:5
[INFO] [stdout]   22:     0x562ca45a0f43 - test::__rust_begin_short_backtrace::h86fe3a2a5a5121af
[INFO] [stdout]                                at /rustc/53fd98ca776cb875bc9e5514f56b52eb74f9e7a9/library/test/src/lib.rs:578:5
[INFO] [stdout]   23:     0x562ca459f9f8 - <alloc::boxed::Box<F,A> as core::ops::function::FnOnce<Args>>::call_once::hfd956bc3d57399be
[INFO] [stdout]                                at /rustc/53fd98ca776cb875bc9e5514f56b52eb74f9e7a9/library/alloc/src/boxed.rs:1572:9
[INFO] [stdout]   24:     0x562ca459f9f8 - <std::panic::AssertUnwindSafe<F> as core::ops::function::FnOnce<()>>::call_once::h40dc93e0ddb5938a
[INFO] [stdout]                                at /rustc/53fd98ca776cb875bc9e5514f56b52eb74f9e7a9/library/std/src/panic.rs:347:9
[INFO] [stdout]   25:     0x562ca459f9f8 - std::panicking::try::do_call::h90d07750cb47c562
[INFO] [stdout]                                at /rustc/53fd98ca776cb875bc9e5514f56b52eb74f9e7a9/library/std/src/panicking.rs:401:40
[INFO] [stdout]   26:     0x562ca459f9f8 - std::panicking::try::h063c84733ad2a629
[INFO] [stdout]                                at /rustc/53fd98ca776cb875bc9e5514f56b52eb74f9e7a9/library/std/src/panicking.rs:365:19
[INFO] [stdout]   27:     0x562ca459f9f8 - std::panic::catch_unwind::h0c464836a84e7c08
[INFO] [stdout]                                at /rustc/53fd98ca776cb875bc9e5514f56b52eb74f9e7a9/library/std/src/panic.rs:434:14
[INFO] [stdout]   28:     0x562ca459f9f8 - test::run_test_in_process::h5cb06ef620b157fc
[INFO] [stdout]                                at /rustc/53fd98ca776cb875bc9e5514f56b52eb74f9e7a9/library/test/src/lib.rs:601:18
[INFO] [stdout]   29:     0x562ca459f9f8 - test::run_test::run_test_inner::{{closure}}::h76f677f4b93f9828
[INFO] [stdout]                                at /rustc/53fd98ca776cb875bc9e5514f56b52eb74f9e7a9/library/test/src/lib.rs:493:39
[INFO] [stdout]   30:     0x562ca456e18d - test::run_test::run_test_inner::{{closure}}::h366d01fe04f4d67a
[INFO] [stdout]                                at /rustc/53fd98ca776cb875bc9e5514f56b52eb74f9e7a9/library/test/src/lib.rs:520:37
[INFO] [stdout]   31:     0x562ca456e18d - std::sys_common::backtrace::__rust_begin_short_backtrace::h7dfa0de4eb395af2
[INFO] [stdout]                                at /rustc/53fd98ca776cb875bc9e5514f56b52eb74f9e7a9/library/std/src/sys_common/backtrace.rs:125:18
[INFO] [stdout]   32:     0x562ca4572958 - std::thread::Builder::spawn_unchecked::{{closure}}::{{closure}}::hf0a74bb58798037f
[INFO] [stdout]                                at /rustc/53fd98ca776cb875bc9e5514f56b52eb74f9e7a9/library/std/src/thread/mod.rs:476:17
[INFO] [stdout]   33:     0x562ca4572958 - <std::panic::AssertUnwindSafe<F> as core::ops::function::FnOnce<()>>::call_once::hb024e854818586ac
[INFO] [stdout]                                at /rustc/53fd98ca776cb875bc9e5514f56b52eb74f9e7a9/library/std/src/panic.rs:347:9
[INFO] [stdout]   34:     0x562ca4572958 - std::panicking::try::do_call::hb2dd9f1d0d48e41d
[INFO] [stdout]                                at /rustc/53fd98ca776cb875bc9e5514f56b52eb74f9e7a9/library/std/src/panicking.rs:401:40
[INFO] [stdout]   35:     0x562ca4572958 - std::panicking::try::h4717ae7bac8b2bf3
[INFO] [stdout]                                at /rustc/53fd98ca776cb875bc9e5514f56b52eb74f9e7a9/library/std/src/panicking.rs:365:19
[INFO] [stdout]   36:     0x562ca4572958 - std::panic::catch_unwind::h0dc8a061326ce8d8
[INFO] [stdout]                                at /rustc/53fd98ca776cb875bc9e5514f56b52eb74f9e7a9/library/std/src/panic.rs:434:14
[INFO] [stdout]   37:     0x562ca4572958 - std::thread::Builder::spawn_unchecked::{{closure}}::haa369e2d6fd00aa1
[INFO] [stdout]                                at /rustc/53fd98ca776cb875bc9e5514f56b52eb74f9e7a9/library/std/src/thread/mod.rs:475:30
[INFO] [stdout]   38:     0x562ca4572958 - core::ops::function::FnOnce::call_once{{vtable.shim}}::h36dcf3de8b056f17
[INFO] [stdout]                                at /rustc/53fd98ca776cb875bc9e5514f56b52eb74f9e7a9/library/core/src/ops/function.rs:227:5
[INFO] [stdout]   39:     0x562ca45db9f7 - <alloc::boxed::Box<F,A> as core::ops::function::FnOnce<Args>>::call_once::h65c29e4642be2358
[INFO] [stdout]                                at /rustc/53fd98ca776cb875bc9e5514f56b52eb74f9e7a9/library/alloc/src/boxed.rs:1572:9
[INFO] [stdout]   40:     0x562ca45db9f7 - <alloc::boxed::Box<F,A> as core::ops::function::FnOnce<Args>>::call_once::hd0f8f7fbbd9fffbf
[INFO] [stdout]                                at /rustc/53fd98ca776cb875bc9e5514f56b52eb74f9e7a9/library/alloc/src/boxed.rs:1572:9
[INFO] [stdout]   41:     0x562ca45db9f7 - std::sys::unix::thread::Thread::new::thread_start::h2fd22fee3ca77b65
[INFO] [stdout]                                at /rustc/53fd98ca776cb875bc9e5514f56b52eb74f9e7a9/library/std/src/sys/unix/thread.rs:74:17
[INFO] [stdout]   42:     0x7fb74a7a0609 - start_thread
[INFO] [stdout]   43:     0x7fb74a572293 - clone
[INFO] [stdout]   44:                0x0 - <unknown>
[INFO] [stdout] 
[INFO] [stdout] 
[INFO] [stdout] failures:
[INFO] [stdout]     create_storage_for_existing_location
[INFO] [stdout]     create_storage_for_nonexisting_location
[INFO] [stdout]     ensure_corrupted_chunk_is_detected
[INFO] [stdout]     ensure_deleting_nonexisting_chunk_fails
[INFO] [stdout]     ensure_get_nonexisting_chunk_fails
[INFO] [stdout]     ensure_persisting_existing_chunk_fails
[INFO] [stdout]     persist_and_get_data
[INFO] [stdout] 
[INFO] [stdout] test result: FAILED. 0 passed; 7 failed; 0 ignored; 0 measured; 0 filtered out; finished in 0.04s
[INFO] [stdout] 
[INFO] running `Command { std: "docker" "inspect" "2b44e0066d585092cb704648e32c18430bb81f668e1237364f1285a38743d793", kill_on_drop: false }`
[INFO] running `Command { std: "docker" "rm" "-f" "2b44e0066d585092cb704648e32c18430bb81f668e1237364f1285a38743d793", kill_on_drop: false }`
[INFO] [stdout] 2b44e0066d585092cb704648e32c18430bb81f668e1237364f1285a38743d793
