[INFO] cloning repository https://github.com/rcoy-v/photo-album
[INFO] running `Command { std: "git" "-c" "credential.helper=" "-c" "credential.helper=/workspace/cargo-home/bin/git-credential-null" "clone" "--bare" "https://github.com/rcoy-v/photo-album" "/workspace/cache/git-repos/https%3A%2F%2Fgithub.com%2Frcoy-v%2Fphoto-album", kill_on_drop: false }`
[INFO] [stderr] Cloning into bare repository '/workspace/cache/git-repos/https%3A%2F%2Fgithub.com%2Frcoy-v%2Fphoto-album'...
[INFO] running `Command { std: "git" "rev-parse" "HEAD", kill_on_drop: false }`
[INFO] [stdout] 212681f751bdce741d9d793c2606773778564808
[INFO] testing rcoy-v/photo-album against beta-2021-08-01 for beta-1.55-1
[INFO] running `Command { std: "git" "clone" "/workspace/cache/git-repos/https%3A%2F%2Fgithub.com%2Frcoy-v%2Fphoto-album" "/workspace/builds/worker-66/source", kill_on_drop: false }`
[INFO] [stderr] Cloning into '/workspace/builds/worker-66/source'...
[INFO] [stderr] done.
[INFO] validating manifest of git repo https://github.com/rcoy-v/photo-album on toolchain beta-2021-08-01
[INFO] running `Command { std: "/workspace/cargo-home/bin/cargo" "+beta-2021-08-01" "metadata" "--manifest-path" "Cargo.toml" "--no-deps", kill_on_drop: false }`
[INFO] started tweaking git repo https://github.com/rcoy-v/photo-album
[INFO] finished tweaking git repo https://github.com/rcoy-v/photo-album
[INFO] tweaked toml for git repo https://github.com/rcoy-v/photo-album written to /workspace/builds/worker-66/source/Cargo.toml
[INFO] crate git repo https://github.com/rcoy-v/photo-album already has a lockfile, it will not be regenerated
[INFO] running `Command { std: "/workspace/cargo-home/bin/cargo" "+beta-2021-08-01" "fetch" "--manifest-path" "Cargo.toml", kill_on_drop: false }`
[INFO] [stderr]     Blocking waiting for file lock on package cache
[INFO] [stderr]  Downloading crates ...
[INFO] [stderr]   Downloaded assert-json-diff v1.0.3
[INFO] [stderr]   Downloaded extend v0.1.1
[INFO] [stderr]   Downloaded wasm-bindgen-futures v0.4.8
[INFO] [stderr]   Downloaded openssl-sys v0.9.54
[INFO] [stderr]   Downloaded regex-syntax v0.6.15
[INFO] [stderr]   Downloaded reqwest v0.10.3
[INFO] [stderr]   Downloaded hyper v0.13.2
[INFO] [stderr]   Downloaded mockito v0.23.3
[INFO] [stderr]   Downloaded openssl v0.10.28
[INFO] running `Command { std: "docker" "create" "-v" "/var/lib/crater-agent-workspace/builds/worker-66/target:/opt/rustwide/target:rw,Z" "-v" "/var/lib/crater-agent-workspace/builds/worker-66/source:/opt/rustwide/workdir:ro,Z" "-v" "/var/lib/crater-agent-workspace/cargo-home:/opt/rustwide/cargo-home:ro,Z" "-v" "/var/lib/crater-agent-workspace/rustup-home:/opt/rustwide/rustup-home:ro,Z" "-e" "SOURCE_DIR=/opt/rustwide/workdir" "-e" "CARGO_TARGET_DIR=/opt/rustwide/target" "-e" "CARGO_HOME=/opt/rustwide/cargo-home" "-e" "RUSTUP_HOME=/opt/rustwide/rustup-home" "-w" "/opt/rustwide/workdir" "-m" "1610612736" "--user" "0:0" "--network" "none" "ghcr.io/rust-lang/crates-build-env/linux@sha256:34b6a614d2c27851fe6cbf88fbd1137609cefab8b10d0615aaeb6fd47975d74e" "/opt/rustwide/cargo-home/bin/cargo" "+beta-2021-08-01" "metadata" "--no-deps" "--format-version=1", kill_on_drop: false }`
[INFO] [stdout] 1d4cce89f6e98238dac212f396ba4880f56ec36077eb851c5aa2f62be96a13b6
[INFO] running `Command { std: "docker" "start" "-a" "1d4cce89f6e98238dac212f396ba4880f56ec36077eb851c5aa2f62be96a13b6", kill_on_drop: false }`
[INFO] running `Command { std: "docker" "inspect" "1d4cce89f6e98238dac212f396ba4880f56ec36077eb851c5aa2f62be96a13b6", kill_on_drop: false }`
[INFO] running `Command { std: "docker" "rm" "-f" "1d4cce89f6e98238dac212f396ba4880f56ec36077eb851c5aa2f62be96a13b6", kill_on_drop: false }`
[INFO] [stdout] 1d4cce89f6e98238dac212f396ba4880f56ec36077eb851c5aa2f62be96a13b6
[INFO] running `Command { std: "docker" "create" "-v" "/var/lib/crater-agent-workspace/builds/worker-66/target:/opt/rustwide/target:rw,Z" "-v" "/var/lib/crater-agent-workspace/builds/worker-66/source:/opt/rustwide/workdir:ro,Z" "-v" "/var/lib/crater-agent-workspace/cargo-home:/opt/rustwide/cargo-home:ro,Z" "-v" "/var/lib/crater-agent-workspace/rustup-home:/opt/rustwide/rustup-home:ro,Z" "-e" "SOURCE_DIR=/opt/rustwide/workdir" "-e" "CARGO_TARGET_DIR=/opt/rustwide/target" "-e" "CARGO_INCREMENTAL=0" "-e" "RUST_BACKTRACE=full" "-e" "RUSTFLAGS=--cap-lints=warn" "-e" "CARGO_HOME=/opt/rustwide/cargo-home" "-e" "RUSTUP_HOME=/opt/rustwide/rustup-home" "-w" "/opt/rustwide/workdir" "-m" "1610612736" "--user" "0:0" "--network" "none" "ghcr.io/rust-lang/crates-build-env/linux@sha256:34b6a614d2c27851fe6cbf88fbd1137609cefab8b10d0615aaeb6fd47975d74e" "/opt/rustwide/cargo-home/bin/cargo" "+beta-2021-08-01" "build" "--frozen" "--message-format=json", kill_on_drop: false }`
[INFO] [stdout] f64b2b32227377fc7f760ccd05694b985a07d99a111b81a7c972938fd745c471
[INFO] running `Command { std: "docker" "start" "-a" "f64b2b32227377fc7f760ccd05694b985a07d99a111b81a7c972938fd745c471", kill_on_drop: false }`
[INFO] [stderr]    Compiling libc v0.2.67
[INFO] [stderr]    Compiling proc-macro2 v1.0.9
[INFO] [stderr]    Compiling syn v1.0.16
[INFO] [stderr]    Compiling version_check v0.9.1
[INFO] [stderr]    Compiling itoa v0.4.5
[INFO] [stderr]    Compiling cc v1.0.50
[INFO] [stderr]    Compiling bytes v0.5.4
[INFO] [stderr]    Compiling serde v1.0.104
[INFO] [stderr]    Compiling pin-project-lite v0.1.4
[INFO] [stderr]    Compiling futures-core v0.3.4
[INFO] [stderr]    Compiling httparse v1.3.4
[INFO] [stderr]    Compiling ryu v1.0.2
[INFO] [stderr]    Compiling openssl v0.10.28
[INFO] [stderr]    Compiling futures-io v0.3.4
[INFO] [stderr]    Compiling futures-sink v0.3.4
[INFO] [stderr]    Compiling pin-utils v0.1.0-alpha.4
[INFO] [stderr]    Compiling smallvec v1.2.0
[INFO] [stderr]    Compiling native-tls v0.2.3
[INFO] [stderr]    Compiling futures-task v0.3.4
[INFO] [stderr]    Compiling try-lock v0.2.2
[INFO] [stderr]    Compiling tower-service v0.3.0
[INFO] [stderr]    Compiling encoding_rs v0.8.22
[INFO] [stderr]    Compiling regex-syntax v0.6.15
[INFO] [stderr]    Compiling dtoa v0.4.5
[INFO] [stderr]    Compiling base64 v0.11.0
[INFO] [stderr]    Compiling difference v2.0.0
[INFO] [stderr]    Compiling log v0.4.8
[INFO] [stderr]    Compiling indexmap v1.3.2
[INFO] [stderr]    Compiling getrandom v0.1.14
[INFO] [stderr]    Compiling c2-chacha v0.2.3
[INFO] [stderr]    Compiling aho-corasick v0.7.9
[INFO] [stderr]    Compiling unicode-normalization v0.1.12
[INFO] [stderr]    Compiling http v0.2.0
[INFO] [stderr]    Compiling futures-util v0.3.4
[INFO] [stderr]    Compiling futures-channel v0.3.4
[INFO] [stderr]    Compiling want v0.3.0
[INFO] [stderr]    Compiling openssl-sys v0.9.54
[INFO] [stderr]    Compiling regex v1.3.4
[INFO] [stderr]    Compiling unicase v2.6.0
[INFO] [stderr]    Compiling proc-macro-error-attr v0.4.11
[INFO] [stderr]    Compiling proc-macro-error v0.4.11
[INFO] [stderr]    Compiling quote v1.0.2
[INFO] [stderr]    Compiling net2 v0.2.33
[INFO] [stderr]    Compiling iovec v0.1.4
[INFO] [stderr]    Compiling num_cpus v1.12.0
[INFO] [stderr]    Compiling time v0.1.42
[INFO] [stderr]    Compiling atty v0.2.14
[INFO] [stderr]    Compiling idna v0.2.0
[INFO] [stderr]    Compiling rand_core v0.5.1
[INFO] [stderr]    Compiling colored v1.9.3
[INFO] [stderr]    Compiling mio v0.6.21
[INFO] [stderr]    Compiling rand_chacha v0.2.1
[INFO] [stderr]    Compiling url v2.1.1
[INFO] [stderr]    Compiling mime_guess v2.0.3
[INFO] [stderr]    Compiling rand v0.7.3
[INFO] [stderr]    Compiling tokio v0.2.13
[INFO] [stderr]    Compiling http-body v0.3.1
[INFO] [stderr]    Compiling tokio-util v0.2.0
[INFO] [stderr]    Compiling tokio-tls v0.3.0
[INFO] [stderr]    Compiling h2 v0.2.1
[INFO] [stderr]    Compiling syn-mid v0.5.0
[INFO] [stderr]    Compiling serde_derive v1.0.104
[INFO] [stderr]    Compiling pin-project-internal v0.4.8
[INFO] [stderr]    Compiling extend v0.1.1
[INFO] [stderr]    Compiling pin-project v0.4.8
[INFO] [stderr]    Compiling hyper v0.13.2
[INFO] [stderr]    Compiling hyper-tls v0.4.1
[INFO] [stderr]    Compiling serde_json v1.0.48
[INFO] [stderr]    Compiling serde_urlencoded v0.6.1
[INFO] [stderr]    Compiling assert-json-diff v1.0.3
[INFO] [stderr]    Compiling reqwest v0.10.3
[INFO] [stderr]    Compiling mockito v0.23.3
[INFO] [stderr]    Compiling photo-album v1.0.0 (/opt/rustwide/workdir)
[INFO] [stderr]     Finished dev [unoptimized + debuginfo] target(s) in 47.27s
[INFO] running `Command { std: "docker" "inspect" "f64b2b32227377fc7f760ccd05694b985a07d99a111b81a7c972938fd745c471", kill_on_drop: false }`
[INFO] running `Command { std: "docker" "rm" "-f" "f64b2b32227377fc7f760ccd05694b985a07d99a111b81a7c972938fd745c471", kill_on_drop: false }`
[INFO] [stdout] f64b2b32227377fc7f760ccd05694b985a07d99a111b81a7c972938fd745c471
[INFO] running `Command { std: "docker" "create" "-v" "/var/lib/crater-agent-workspace/builds/worker-66/target:/opt/rustwide/target:rw,Z" "-v" "/var/lib/crater-agent-workspace/builds/worker-66/source:/opt/rustwide/workdir:ro,Z" "-v" "/var/lib/crater-agent-workspace/cargo-home:/opt/rustwide/cargo-home:ro,Z" "-v" "/var/lib/crater-agent-workspace/rustup-home:/opt/rustwide/rustup-home:ro,Z" "-e" "SOURCE_DIR=/opt/rustwide/workdir" "-e" "CARGO_TARGET_DIR=/opt/rustwide/target" "-e" "CARGO_INCREMENTAL=0" "-e" "RUST_BACKTRACE=full" "-e" "RUSTFLAGS=--cap-lints=warn" "-e" "CARGO_HOME=/opt/rustwide/cargo-home" "-e" "RUSTUP_HOME=/opt/rustwide/rustup-home" "-w" "/opt/rustwide/workdir" "-m" "1610612736" "--user" "0:0" "--network" "none" "ghcr.io/rust-lang/crates-build-env/linux@sha256:34b6a614d2c27851fe6cbf88fbd1137609cefab8b10d0615aaeb6fd47975d74e" "/opt/rustwide/cargo-home/bin/cargo" "+beta-2021-08-01" "test" "--frozen" "--no-run" "--message-format=json", kill_on_drop: false }`
[INFO] [stdout] 0d1dd4805adf2cf59861b9f9e3803d6342d3bf9d0b5c9b91412f6aba3485a185
[INFO] running `Command { std: "docker" "start" "-a" "0d1dd4805adf2cf59861b9f9e3803d6342d3bf9d0b5c9b91412f6aba3485a185", kill_on_drop: false }`
[INFO] [stderr]    Compiling photo-album v1.0.0 (/opt/rustwide/workdir)
[INFO] [stderr]     Finished test [unoptimized + debuginfo] target(s) in 17.70s
[INFO] running `Command { std: "docker" "inspect" "0d1dd4805adf2cf59861b9f9e3803d6342d3bf9d0b5c9b91412f6aba3485a185", kill_on_drop: false }`
[INFO] running `Command { std: "docker" "rm" "-f" "0d1dd4805adf2cf59861b9f9e3803d6342d3bf9d0b5c9b91412f6aba3485a185", kill_on_drop: false }`
[INFO] [stdout] 0d1dd4805adf2cf59861b9f9e3803d6342d3bf9d0b5c9b91412f6aba3485a185
[INFO] running `Command { std: "docker" "create" "-v" "/var/lib/crater-agent-workspace/builds/worker-66/target:/opt/rustwide/target:rw,Z" "-v" "/var/lib/crater-agent-workspace/builds/worker-66/source:/opt/rustwide/workdir:ro,Z" "-v" "/var/lib/crater-agent-workspace/cargo-home:/opt/rustwide/cargo-home:ro,Z" "-v" "/var/lib/crater-agent-workspace/rustup-home:/opt/rustwide/rustup-home:ro,Z" "-e" "SOURCE_DIR=/opt/rustwide/workdir" "-e" "CARGO_TARGET_DIR=/opt/rustwide/target" "-e" "CARGO_INCREMENTAL=0" "-e" "RUST_BACKTRACE=full" "-e" "RUSTFLAGS=--cap-lints=warn" "-e" "CARGO_HOME=/opt/rustwide/cargo-home" "-e" "RUSTUP_HOME=/opt/rustwide/rustup-home" "-w" "/opt/rustwide/workdir" "-m" "1610612736" "--user" "0:0" "--network" "none" "ghcr.io/rust-lang/crates-build-env/linux@sha256:34b6a614d2c27851fe6cbf88fbd1137609cefab8b10d0615aaeb6fd47975d74e" "/opt/rustwide/cargo-home/bin/cargo" "+beta-2021-08-01" "test" "--frozen", kill_on_drop: false }`
[INFO] [stdout] 455099985c744ce9c83baa228c487712aed496bfc3933c0ebe0fbaeefa96c75f
[INFO] running `Command { std: "docker" "start" "-a" "455099985c744ce9c83baa228c487712aed496bfc3933c0ebe0fbaeefa96c75f", kill_on_drop: false }`
[INFO] [stderr]     Finished test [unoptimized + debuginfo] target(s) in 0.12s
[INFO] [stderr]      Running unittests (/opt/rustwide/target/debug/deps/photo_album-e7373c228843fb8d)
[INFO] [stdout] 
[INFO] [stdout] running 5 tests
[INFO] [stdout] test run::tests::should_err_if_invalid_album_id_given ... ok
[INFO] [stdout] test run::tests::should_err_if_no_album_id_given ... ok
[INFO] [stdout] test run::tests::should_use_album_id_if_given ... ok
[INFO] [stdout] test photo_collection::test::should_correctly_return_matching_photos_by_album ... FAILED
[INFO] [stderr] error: test failed, to rerun pass '--lib'
[INFO] [stdout] test photo_collection::test::should_return_empty_list_when_no_matching_photos ... FAILED
[INFO] [stdout] 
[INFO] [stdout] failures:
[INFO] [stdout] 
[INFO] [stdout] ---- photo_collection::test::should_correctly_return_matching_photos_by_album stdout ----
[INFO] [stdout] thread 'photo_collection::test::should_correctly_return_matching_photos_by_album' panicked at 'called `Result::unwrap()` on an `Err` value: reqwest::Error { kind: Request, url: "https://jsonplaceholder.typicode.com/photos?albumId=1", source: hyper::Error(Connect, ConnectError("dns error", Custom { kind: Uncategorized, error: "failed to lookup address information: Temporary failure in name resolution" })) }', src/lib/photo_collection.rs:79:69
[INFO] [stdout] stack backtrace:
[INFO] [stdout]    0:     0x55570ca71d90 - std::backtrace_rs::backtrace::libunwind::trace::hff4d1766e93f64f1
[INFO] [stdout]                                at /rustc/53fd98ca776cb875bc9e5514f56b52eb74f9e7a9/library/std/src/../../backtrace/src/backtrace/libunwind.rs:90:5
[INFO] [stdout]    1:     0x55570ca71d90 - std::backtrace_rs::backtrace::trace_unsynchronized::h56bbc8eb78770bcb
[INFO] [stdout]                                at /rustc/53fd98ca776cb875bc9e5514f56b52eb74f9e7a9/library/std/src/../../backtrace/src/backtrace/mod.rs:66:5
[INFO] [stdout]    2:     0x55570ca71d90 - std::sys_common::backtrace::_print_fmt::h5c8e75464faca780
[INFO] [stdout]                                at /rustc/53fd98ca776cb875bc9e5514f56b52eb74f9e7a9/library/std/src/sys_common/backtrace.rs:67:5
[INFO] [stdout]    3:     0x55570ca71d90 - <std::sys_common::backtrace::_print::DisplayBacktrace as core::fmt::Display>::fmt::h48b88277def8b362
[INFO] [stdout]                                at /rustc/53fd98ca776cb875bc9e5514f56b52eb74f9e7a9/library/std/src/sys_common/backtrace.rs:46:22
[INFO] [stdout]    4:     0x55570ca95f2c - core::fmt::write::h3381b3176fe2b3d3
[INFO] [stdout]                                at /rustc/53fd98ca776cb875bc9e5514f56b52eb74f9e7a9/library/core/src/fmt/mod.rs:1115:17
[INFO] [stdout]    5:     0x55570ca6af45 - std::io::Write::write_fmt::h5f34a676f60246b5
[INFO] [stdout]                                at /rustc/53fd98ca776cb875bc9e5514f56b52eb74f9e7a9/library/std/src/io/mod.rs:1665:15
[INFO] [stdout]    6:     0x55570ca73f5b - std::sys_common::backtrace::_print::ha537687d6c17dd0d
[INFO] [stdout]                                at /rustc/53fd98ca776cb875bc9e5514f56b52eb74f9e7a9/library/std/src/sys_common/backtrace.rs:49:5
[INFO] [stdout]    7:     0x55570ca73f5b - std::sys_common::backtrace::print::h61376ae57d131d72
[INFO] [stdout]                                at /rustc/53fd98ca776cb875bc9e5514f56b52eb74f9e7a9/library/std/src/sys_common/backtrace.rs:36:9
[INFO] [stdout]    8:     0x55570ca73f5b - std::panicking::default_hook::{{closure}}::h0f7208c0b9644a54
[INFO] [stdout]                                at /rustc/53fd98ca776cb875bc9e5514f56b52eb74f9e7a9/library/std/src/panicking.rs:208:50
[INFO] [stdout]    9:     0x55570ca73a6c - std::panicking::default_hook::hdac7fc06578c14ce
[INFO] [stdout]                                at /rustc/53fd98ca776cb875bc9e5514f56b52eb74f9e7a9/library/std/src/panicking.rs:222:9
[INFO] [stdout]   10:     0x55570ca74624 - std::panicking::rust_panic_with_hook::h72b21c283da3d1ef
[INFO] [stdout]                                at /rustc/53fd98ca776cb875bc9e5514f56b52eb74f9e7a9/library/std/src/panicking.rs:622:17
[INFO] [stdout]   11:     0x55570ca74107 - std::panicking::begin_panic_handler::{{closure}}::he5778f1729cff84a
[INFO] [stdout]                                at /rustc/53fd98ca776cb875bc9e5514f56b52eb74f9e7a9/library/std/src/panicking.rs:519:13
[INFO] [stdout]   12:     0x55570ca7226c - std::sys_common::backtrace::__rust_end_short_backtrace::h2d11ca8b453b4b1d
[INFO] [stdout]                                at /rustc/53fd98ca776cb875bc9e5514f56b52eb74f9e7a9/library/std/src/sys_common/backtrace.rs:141:18
[INFO] [stdout]   13:     0x55570ca74069 - rust_begin_unwind
[INFO] [stdout]                                at /rustc/53fd98ca776cb875bc9e5514f56b52eb74f9e7a9/library/std/src/panicking.rs:515:5
[INFO] [stdout]   14:     0x55570c42caa1 - core::panicking::panic_fmt::hf9de31d4acbce4db
[INFO] [stdout]                                at /rustc/53fd98ca776cb875bc9e5514f56b52eb74f9e7a9/library/core/src/panicking.rs:92:14
[INFO] [stdout]   15:     0x55570c42cb93 - core::result::unwrap_failed::ha0c84e81219e5878
[INFO] [stdout]                                at /rustc/53fd98ca776cb875bc9e5514f56b52eb74f9e7a9/library/core/src/result.rs:1599:5
[INFO] [stdout]   16:     0x55570c441954 - core::result::Result<T,E>::unwrap::h136eb5fc9e5d6be2
[INFO] [stdout]                                at /rustc/53fd98ca776cb875bc9e5514f56b52eb74f9e7a9/library/core/src/result.rs:1281:23
[INFO] [stdout]   17:     0x55570c445a5a - photo_album::photo_collection::test::should_correctly_return_matching_photos_by_album::h9349dc243b0e9972
[INFO] [stdout]                                at /opt/rustwide/workdir/src/lib/photo_collection.rs:79:22
[INFO] [stdout]   18:     0x55570c44535a - photo_album::photo_collection::test::should_correctly_return_matching_photos_by_album::{{closure}}::heb441e710e506691
[INFO] [stdout]                                at /opt/rustwide/workdir/src/lib/photo_collection.rs:54:5
[INFO] [stdout]   19:     0x55570c43b23e - core::ops::function::FnOnce::call_once::h256ec2bd073f1250
[INFO] [stdout]                                at /rustc/53fd98ca776cb875bc9e5514f56b52eb74f9e7a9/library/core/src/ops/function.rs:227:5
[INFO] [stdout]   20:     0x55570c479d23 - core::ops::function::FnOnce::call_once::hbb52c4519d3137b0
[INFO] [stdout]                                at /rustc/53fd98ca776cb875bc9e5514f56b52eb74f9e7a9/library/core/src/ops/function.rs:227:5
[INFO] [stdout]   21:     0x55570c479d23 - test::__rust_begin_short_backtrace::h86fe3a2a5a5121af
[INFO] [stdout]                                at /rustc/53fd98ca776cb875bc9e5514f56b52eb74f9e7a9/library/test/src/lib.rs:578:5
[INFO] [stdout]   22:     0x55570c4787d8 - <alloc::boxed::Box<F,A> as core::ops::function::FnOnce<Args>>::call_once::hfd956bc3d57399be
[INFO] [stdout]                                at /rustc/53fd98ca776cb875bc9e5514f56b52eb74f9e7a9/library/alloc/src/boxed.rs:1572:9
[INFO] [stdout]   23:     0x55570c4787d8 - <std::panic::AssertUnwindSafe<F> as core::ops::function::FnOnce<()>>::call_once::h40dc93e0ddb5938a
[INFO] [stdout]                                at /rustc/53fd98ca776cb875bc9e5514f56b52eb74f9e7a9/library/std/src/panic.rs:347:9
[INFO] [stdout]   24:     0x55570c4787d8 - std::panicking::try::do_call::h90d07750cb47c562
[INFO] [stdout]                                at /rustc/53fd98ca776cb875bc9e5514f56b52eb74f9e7a9/library/std/src/panicking.rs:401:40
[INFO] [stdout]   25:     0x55570c4787d8 - std::panicking::try::h063c84733ad2a629
[INFO] [stdout]                                at /rustc/53fd98ca776cb875bc9e5514f56b52eb74f9e7a9/library/std/src/panicking.rs:365:19
[INFO] [stdout]   26:     0x55570c4787d8 - std::panic::catch_unwind::h0c464836a84e7c08
[INFO] [stdout]                                at /rustc/53fd98ca776cb875bc9e5514f56b52eb74f9e7a9/library/std/src/panic.rs:434:14
[INFO] [stdout]   27:     0x55570c4787d8 - test::run_test_in_process::h5cb06ef620b157fc
[INFO] [stdout]                                at /rustc/53fd98ca776cb875bc9e5514f56b52eb74f9e7a9/library/test/src/lib.rs:601:18
[INFO] [stdout]   28:     0x55570c4787d8 - test::run_test::run_test_inner::{{closure}}::h76f677f4b93f9828
[INFO] [stdout]                                at /rustc/53fd98ca776cb875bc9e5514f56b52eb74f9e7a9/library/test/src/lib.rs:493:39
[INFO] [stdout]   29:     0x55570c446f6d - test::run_test::run_test_inner::{{closure}}::h366d01fe04f4d67a
[INFO] [stdout]                                at /rustc/53fd98ca776cb875bc9e5514f56b52eb74f9e7a9/library/test/src/lib.rs:520:37
[INFO] [stdout]   30:     0x55570c446f6d - std::sys_common::backtrace::__rust_begin_short_backtrace::h7dfa0de4eb395af2
[INFO] [stdout]                                at /rustc/53fd98ca776cb875bc9e5514f56b52eb74f9e7a9/library/std/src/sys_common/backtrace.rs:125:18
[INFO] [stdout]   31:     0x55570c44b738 - std::thread::Builder::spawn_unchecked::{{closure}}::{{closure}}::hf0a74bb58798037f
[INFO] [stdout]                                at /rustc/53fd98ca776cb875bc9e5514f56b52eb74f9e7a9/library/std/src/thread/mod.rs:476:17
[INFO] [stdout]   32:     0x55570c44b738 - <std::panic::AssertUnwindSafe<F> as core::ops::function::FnOnce<()>>::call_once::hb024e854818586ac
[INFO] [stdout]                                at /rustc/53fd98ca776cb875bc9e5514f56b52eb74f9e7a9/library/std/src/panic.rs:347:9
[INFO] [stdout]   33:     0x55570c44b738 - std::panicking::try::do_call::hb2dd9f1d0d48e41d
[INFO] [stdout]                                at /rustc/53fd98ca776cb875bc9e5514f56b52eb74f9e7a9/library/std/src/panicking.rs:401:40
[INFO] [stdout]   34:     0x55570c44b738 - std::panicking::try::h4717ae7bac8b2bf3
[INFO] [stdout]                                at /rustc/53fd98ca776cb875bc9e5514f56b52eb74f9e7a9/library/std/src/panicking.rs:365:19
[INFO] [stdout]   35:     0x55570c44b738 - std::panic::catch_unwind::h0dc8a061326ce8d8
[INFO] [stdout]                                at /rustc/53fd98ca776cb875bc9e5514f56b52eb74f9e7a9/library/std/src/panic.rs:434:14
[INFO] [stdout]   36:     0x55570c44b738 - std::thread::Builder::spawn_unchecked::{{closure}}::haa369e2d6fd00aa1
[INFO] [stdout]                                at /rustc/53fd98ca776cb875bc9e5514f56b52eb74f9e7a9/library/std/src/thread/mod.rs:475:30
[INFO] [stdout]   37:     0x55570c44b738 - core::ops::function::FnOnce::call_once{{vtable.shim}}::h36dcf3de8b056f17
[INFO] [stdout]                                at /rustc/53fd98ca776cb875bc9e5514f56b52eb74f9e7a9/library/core/src/ops/function.rs:227:5
[INFO] [stdout]   38:     0x55570ca79cd7 - <alloc::boxed::Box<F,A> as core::ops::function::FnOnce<Args>>::call_once::h65c29e4642be2358
[INFO] [stdout]                                at /rustc/53fd98ca776cb875bc9e5514f56b52eb74f9e7a9/library/alloc/src/boxed.rs:1572:9
[INFO] [stdout]   39:     0x55570ca79cd7 - <alloc::boxed::Box<F,A> as core::ops::function::FnOnce<Args>>::call_once::hd0f8f7fbbd9fffbf
[INFO] [stdout]                                at /rustc/53fd98ca776cb875bc9e5514f56b52eb74f9e7a9/library/alloc/src/boxed.rs:1572:9
[INFO] [stdout]   40:     0x55570ca79cd7 - std::sys::unix::thread::Thread::new::thread_start::h2fd22fee3ca77b65
[INFO] [stdout]                                at /rustc/53fd98ca776cb875bc9e5514f56b52eb74f9e7a9/library/std/src/sys/unix/thread.rs:74:17
[INFO] [stdout]   41:     0x7f2ef3f72609 - start_thread
[INFO] [stdout]   42:     0x7f2ef3d48293 - clone
[INFO] [stdout]   43:                0x0 - <unknown>
[INFO] [stdout] 
[INFO] [stdout] ---- photo_collection::test::should_return_empty_list_when_no_matching_photos stdout ----
[INFO] [stdout] thread 'photo_collection::test::should_return_empty_list_when_no_matching_photos' panicked at 'called `Result::unwrap()` on an `Err` value: reqwest::Error { kind: Request, url: "https://jsonplaceholder.typicode.com/photos?albumId=1", source: hyper::Error(Connect, ConnectError("dns error", Custom { kind: Uncategorized, error: "failed to lookup address information: Temporary failure in name resolution" })) }', src/lib/photo_collection.rs:97:69
[INFO] [stdout] stack backtrace:
[INFO] [stdout]    0:     0x55570ca71d90 - std::backtrace_rs::backtrace::libunwind::trace::hff4d1766e93f64f1
[INFO] [stdout]                                at /rustc/53fd98ca776cb875bc9e5514f56b52eb74f9e7a9/library/std/src/../../backtrace/src/backtrace/libunwind.rs:90:5
[INFO] [stdout]    1:     0x55570ca71d90 - std::backtrace_rs::backtrace::trace_unsynchronized::h56bbc8eb78770bcb
[INFO] [stdout]                                at /rustc/53fd98ca776cb875bc9e5514f56b52eb74f9e7a9/library/std/src/../../backtrace/src/backtrace/mod.rs:66:5
[INFO] [stdout]    2:     0x55570ca71d90 - std::sys_common::backtrace::_print_fmt::h5c8e75464faca780
[INFO] [stdout]                                at /rustc/53fd98ca776cb875bc9e5514f56b52eb74f9e7a9/library/std/src/sys_common/backtrace.rs:67:5
[INFO] [stdout]    3:     0x55570ca71d90 - <std::sys_common::backtrace::_print::DisplayBacktrace as core::fmt::Display>::fmt::h48b88277def8b362
[INFO] [stdout]                                at /rustc/53fd98ca776cb875bc9e5514f56b52eb74f9e7a9/library/std/src/sys_common/backtrace.rs:46:22
[INFO] [stdout]    4:     0x55570ca95f2c - core::fmt::write::h3381b3176fe2b3d3
[INFO] [stdout]                                at /rustc/53fd98ca776cb875bc9e5514f56b52eb74f9e7a9/library/core/src/fmt/mod.rs:1115:17
[INFO] [stdout]    5:     0x55570ca6af45 - std::io::Write::write_fmt::h5f34a676f60246b5
[INFO] [stdout]                                at /rustc/53fd98ca776cb875bc9e5514f56b52eb74f9e7a9/library/std/src/io/mod.rs:1665:15
[INFO] [stdout]    6:     0x55570ca73f5b - std::sys_common::backtrace::_print::ha537687d6c17dd0d
[INFO] [stdout]                                at /rustc/53fd98ca776cb875bc9e5514f56b52eb74f9e7a9/library/std/src/sys_common/backtrace.rs:49:5
[INFO] [stdout]    7:     0x55570ca73f5b - std::sys_common::backtrace::print::h61376ae57d131d72
[INFO] [stdout]                                at /rustc/53fd98ca776cb875bc9e5514f56b52eb74f9e7a9/library/std/src/sys_common/backtrace.rs:36:9
[INFO] [stdout]    8:     0x55570ca73f5b - std::panicking::default_hook::{{closure}}::h0f7208c0b9644a54
[INFO] [stdout]                                at /rustc/53fd98ca776cb875bc9e5514f56b52eb74f9e7a9/library/std/src/panicking.rs:208:50
[INFO] [stdout]    9:     0x55570ca73a6c - std::panicking::default_hook::hdac7fc06578c14ce
[INFO] [stdout]                                at /rustc/53fd98ca776cb875bc9e5514f56b52eb74f9e7a9/library/std/src/panicking.rs:222:9
[INFO] [stdout]   10:     0x55570ca74624 - std::panicking::rust_panic_with_hook::h72b21c283da3d1ef
[INFO] [stdout]                                at /rustc/53fd98ca776cb875bc9e5514f56b52eb74f9e7a9/library/std/src/panicking.rs:622:17
[INFO] [stdout]   11:     0x55570ca74107 - std::panicking::begin_panic_handler::{{closure}}::he5778f1729cff84a
[INFO] [stdout]                                at /rustc/53fd98ca776cb875bc9e5514f56b52eb74f9e7a9/library/std/src/panicking.rs:519:13
[INFO] [stdout]   12:     0x55570ca7226c - std::sys_common::backtrace::__rust_end_short_backtrace::h2d11ca8b453b4b1d
[INFO] [stdout]                                at /rustc/53fd98ca776cb875bc9e5514f56b52eb74f9e7a9/library/std/src/sys_common/backtrace.rs:141:18
[INFO] [stdout]   13:     0x55570ca74069 - rust_begin_unwind
[INFO] [stdout]                                at /rustc/53fd98ca776cb875bc9e5514f56b52eb74f9e7a9/library/std/src/panicking.rs:515:5
[INFO] [stdout]   14:     0x55570c42caa1 - core::panicking::panic_fmt::hf9de31d4acbce4db
[INFO] [stdout]                                at /rustc/53fd98ca776cb875bc9e5514f56b52eb74f9e7a9/library/core/src/panicking.rs:92:14
[INFO] [stdout]   15:     0x55570c42cb93 - core::result::unwrap_failed::ha0c84e81219e5878
[INFO] [stdout]                                at /rustc/53fd98ca776cb875bc9e5514f56b52eb74f9e7a9/library/core/src/result.rs:1599:5
[INFO] [stdout]   16:     0x55570c441954 - core::result::Result<T,E>::unwrap::h136eb5fc9e5d6be2
[INFO] [stdout]                                at /rustc/53fd98ca776cb875bc9e5514f56b52eb74f9e7a9/library/core/src/result.rs:1281:23
[INFO] [stdout]   17:     0x55570c44607c - photo_album::photo_collection::test::should_return_empty_list_when_no_matching_photos::hfda67c4898c5b8ea
[INFO] [stdout]                                at /opt/rustwide/workdir/src/lib/photo_collection.rs:97:22
[INFO] [stdout]   18:     0x55570c445daa - photo_album::photo_collection::test::should_return_empty_list_when_no_matching_photos::{{closure}}::h71fb11ef277854a2
[INFO] [stdout]                                at /opt/rustwide/workdir/src/lib/photo_collection.rs:88:5
[INFO] [stdout]   19:     0x55570c43b27e - core::ops::function::FnOnce::call_once::h548ddd165679ad69
[INFO] [stdout]                                at /rustc/53fd98ca776cb875bc9e5514f56b52eb74f9e7a9/library/core/src/ops/function.rs:227:5
[INFO] [stdout]   20:     0x55570c479d23 - core::ops::function::FnOnce::call_once::hbb52c4519d3137b0
[INFO] [stdout]                                at /rustc/53fd98ca776cb875bc9e5514f56b52eb74f9e7a9/library/core/src/ops/function.rs:227:5
[INFO] [stdout]   21:     0x55570c479d23 - test::__rust_begin_short_backtrace::h86fe3a2a5a5121af
[INFO] [stdout]                                at /rustc/53fd98ca776cb875bc9e5514f56b52eb74f9e7a9/library/test/src/lib.rs:578:5
[INFO] [stdout]   22:     0x55570c4787d8 - <alloc::boxed::Box<F,A> as core::ops::function::FnOnce<Args>>::call_once::hfd956bc3d57399be
[INFO] [stdout]                                at /rustc/53fd98ca776cb875bc9e5514f56b52eb74f9e7a9/library/alloc/src/boxed.rs:1572:9
[INFO] [stdout]   23:     0x55570c4787d8 - <std::panic::AssertUnwindSafe<F> as core::ops::function::FnOnce<()>>::call_once::h40dc93e0ddb5938a
[INFO] [stdout]                                at /rustc/53fd98ca776cb875bc9e5514f56b52eb74f9e7a9/library/std/src/panic.rs:347:9
[INFO] [stdout]   24:     0x55570c4787d8 - std::panicking::try::do_call::h90d07750cb47c562
[INFO] [stdout]                                at /rustc/53fd98ca776cb875bc9e5514f56b52eb74f9e7a9/library/std/src/panicking.rs:401:40
[INFO] [stdout]   25:     0x55570c4787d8 - std::panicking::try::h063c84733ad2a629
[INFO] [stdout]                                at /rustc/53fd98ca776cb875bc9e5514f56b52eb74f9e7a9/library/std/src/panicking.rs:365:19
[INFO] [stdout]   26:     0x55570c4787d8 - std::panic::catch_unwind::h0c464836a84e7c08
[INFO] [stdout]                                at /rustc/53fd98ca776cb875bc9e5514f56b52eb74f9e7a9/library/std/src/panic.rs:434:14
[INFO] [stdout]   27:     0x55570c4787d8 - test::run_test_in_process::h5cb06ef620b157fc
[INFO] [stdout]                                at /rustc/53fd98ca776cb875bc9e5514f56b52eb74f9e7a9/library/test/src/lib.rs:601:18
[INFO] [stdout]   28:     0x55570c4787d8 - test::run_test::run_test_inner::{{closure}}::h76f677f4b93f9828
[INFO] [stdout]                                at /rustc/53fd98ca776cb875bc9e5514f56b52eb74f9e7a9/library/test/src/lib.rs:493:39
[INFO] [stdout]   29:     0x55570c446f6d - test::run_test::run_test_inner::{{closure}}::h366d01fe04f4d67a
[INFO] [stdout]                                at /rustc/53fd98ca776cb875bc9e5514f56b52eb74f9e7a9/library/test/src/lib.rs:520:37
[INFO] [stdout]   30:     0x55570c446f6d - std::sys_common::backtrace::__rust_begin_short_backtrace::h7dfa0de4eb395af2
[INFO] [stdout]                                at /rustc/53fd98ca776cb875bc9e5514f56b52eb74f9e7a9/library/std/src/sys_common/backtrace.rs:125:18
[INFO] [stdout]   31:     0x55570c44b738 - std::thread::Builder::spawn_unchecked::{{closure}}::{{closure}}::hf0a74bb58798037f
[INFO] [stdout]                                at /rustc/53fd98ca776cb875bc9e5514f56b52eb74f9e7a9/library/std/src/thread/mod.rs:476:17
[INFO] [stdout]   32:     0x55570c44b738 - <std::panic::AssertUnwindSafe<F> as core::ops::function::FnOnce<()>>::call_once::hb024e854818586ac
[INFO] [stdout]                                at /rustc/53fd98ca776cb875bc9e5514f56b52eb74f9e7a9/library/std/src/panic.rs:347:9
[INFO] [stdout]   33:     0x55570c44b738 - std::panicking::try::do_call::hb2dd9f1d0d48e41d
[INFO] [stdout]                                at /rustc/53fd98ca776cb875bc9e5514f56b52eb74f9e7a9/library/std/src/panicking.rs:401:40
[INFO] [stdout]   34:     0x55570c44b738 - std::panicking::try::h4717ae7bac8b2bf3
[INFO] [stdout]                                at /rustc/53fd98ca776cb875bc9e5514f56b52eb74f9e7a9/library/std/src/panicking.rs:365:19
[INFO] [stdout]   35:     0x55570c44b738 - std::panic::catch_unwind::h0dc8a061326ce8d8
[INFO] [stdout]                                at /rustc/53fd98ca776cb875bc9e5514f56b52eb74f9e7a9/library/std/src/panic.rs:434:14
[INFO] [stdout]   36:     0x55570c44b738 - std::thread::Builder::spawn_unchecked::{{closure}}::haa369e2d6fd00aa1
[INFO] [stdout]                                at /rustc/53fd98ca776cb875bc9e5514f56b52eb74f9e7a9/library/std/src/thread/mod.rs:475:30
[INFO] [stdout]   37:     0x55570c44b738 - core::ops::function::FnOnce::call_once{{vtable.shim}}::h36dcf3de8b056f17
[INFO] [stdout]                                at /rustc/53fd98ca776cb875bc9e5514f56b52eb74f9e7a9/library/core/src/ops/function.rs:227:5
[INFO] [stdout]   38:     0x55570ca79cd7 - <alloc::boxed::Box<F,A> as core::ops::function::FnOnce<Args>>::call_once::h65c29e4642be2358
[INFO] [stdout]                                at /rustc/53fd98ca776cb875bc9e5514f56b52eb74f9e7a9/library/alloc/src/boxed.rs:1572:9
[INFO] [stdout]   39:     0x55570ca79cd7 - <alloc::boxed::Box<F,A> as core::ops::function::FnOnce<Args>>::call_once::hd0f8f7fbbd9fffbf
[INFO] [stdout]                                at /rustc/53fd98ca776cb875bc9e5514f56b52eb74f9e7a9/library/alloc/src/boxed.rs:1572:9
[INFO] [stdout]   40:     0x55570ca79cd7 - std::sys::unix::thread::Thread::new::thread_start::h2fd22fee3ca77b65
[INFO] [stdout]                                at /rustc/53fd98ca776cb875bc9e5514f56b52eb74f9e7a9/library/std/src/sys/unix/thread.rs:74:17
[INFO] [stdout]   41:     0x7f2ef3f72609 - start_thread
[INFO] [stdout]   42:     0x7f2ef3d48293 - clone
[INFO] [stdout]   43:                0x0 - <unknown>
[INFO] [stdout] 
[INFO] [stdout] 
[INFO] [stdout] failures:
[INFO] [stdout]     photo_collection::test::should_correctly_return_matching_photos_by_album
[INFO] [stdout]     photo_collection::test::should_return_empty_list_when_no_matching_photos
[INFO] [stdout] 
[INFO] [stdout] test result: FAILED. 3 passed; 2 failed; 0 ignored; 0 measured; 0 filtered out; finished in 0.11s
[INFO] [stdout] 
[INFO] running `Command { std: "docker" "inspect" "455099985c744ce9c83baa228c487712aed496bfc3933c0ebe0fbaeefa96c75f", kill_on_drop: false }`
[INFO] running `Command { std: "docker" "rm" "-f" "455099985c744ce9c83baa228c487712aed496bfc3933c0ebe0fbaeefa96c75f", kill_on_drop: false }`
[INFO] [stdout] 455099985c744ce9c83baa228c487712aed496bfc3933c0ebe0fbaeefa96c75f
