[INFO] cloning repository https://github.com/rask/wppr
[INFO] running `Command { std: "git" "-c" "credential.helper=" "-c" "credential.helper=/workspace/cargo-home/bin/git-credential-null" "clone" "--bare" "https://github.com/rask/wppr" "/workspace/cache/git-repos/https%3A%2F%2Fgithub.com%2Frask%2Fwppr", kill_on_drop: false }`
[INFO] [stderr] Cloning into bare repository '/workspace/cache/git-repos/https%3A%2F%2Fgithub.com%2Frask%2Fwppr'...
[INFO] running `Command { std: "git" "rev-parse" "HEAD", kill_on_drop: false }`
[INFO] [stdout] b4fa94247a0271c1a65df8da0991c674b31b137f
[INFO] testing rask/wppr against beta-2021-08-01 for beta-1.55-1
[INFO] running `Command { std: "git" "clone" "/workspace/cache/git-repos/https%3A%2F%2Fgithub.com%2Frask%2Fwppr" "/workspace/builds/worker-85/source", kill_on_drop: false }`
[INFO] [stderr] Cloning into '/workspace/builds/worker-85/source'...
[INFO] [stderr] done.
[INFO] validating manifest of git repo https://github.com/rask/wppr on toolchain beta-2021-08-01
[INFO] running `Command { std: "/workspace/cargo-home/bin/cargo" "+beta-2021-08-01" "metadata" "--manifest-path" "Cargo.toml" "--no-deps", kill_on_drop: false }`
[INFO] started tweaking git repo https://github.com/rask/wppr
[INFO] finished tweaking git repo https://github.com/rask/wppr
[INFO] tweaked toml for git repo https://github.com/rask/wppr written to /workspace/builds/worker-85/source/Cargo.toml
[INFO] crate git repo https://github.com/rask/wppr already has a lockfile, it will not be regenerated
[INFO] running `Command { std: "/workspace/cargo-home/bin/cargo" "+beta-2021-08-01" "fetch" "--manifest-path" "Cargo.toml", kill_on_drop: false }`
[INFO] [stderr]     Blocking waiting for file lock on package cache
[INFO] [stderr]  Downloading crates ...
[INFO] [stderr]   Downloaded assert_cli v0.5.4
[INFO] [stderr]   Downloaded csv v0.15.0
[INFO] [stderr]   Downloaded difference v1.0.0
[INFO] [stderr]   Downloaded prettytable-rs v0.6.7
[INFO] [stderr]   Downloaded pulldown-cmark v0.1.2
[INFO] [stderr]   Downloaded fs_extra v1.1.0
[INFO] [stderr]   Downloaded getopts v0.2.18
[INFO] [stderr]   Downloaded encode_unicode v0.3.3
[INFO] [stderr]   Downloaded cargo_metadata v0.5.8
[INFO] [stderr]   Downloaded walkdir v2.2.5
[INFO] [stderr]   Downloaded same-file v1.0.3
[INFO] [stderr]   Downloaded text-diff v0.4.0
[INFO] [stderr]   Downloaded skeptic v0.13.3
[INFO] running `Command { std: "docker" "create" "-v" "/var/lib/crater-agent-workspace/builds/worker-85/target:/opt/rustwide/target:rw,Z" "-v" "/var/lib/crater-agent-workspace/builds/worker-85/source:/opt/rustwide/workdir:ro,Z" "-v" "/var/lib/crater-agent-workspace/cargo-home:/opt/rustwide/cargo-home:ro,Z" "-v" "/var/lib/crater-agent-workspace/rustup-home:/opt/rustwide/rustup-home:ro,Z" "-e" "SOURCE_DIR=/opt/rustwide/workdir" "-e" "CARGO_TARGET_DIR=/opt/rustwide/target" "-e" "CARGO_HOME=/opt/rustwide/cargo-home" "-e" "RUSTUP_HOME=/opt/rustwide/rustup-home" "-w" "/opt/rustwide/workdir" "-m" "1610612736" "--user" "0:0" "--network" "none" "ghcr.io/rust-lang/crates-build-env/linux@sha256:34b6a614d2c27851fe6cbf88fbd1137609cefab8b10d0615aaeb6fd47975d74e" "/opt/rustwide/cargo-home/bin/cargo" "+beta-2021-08-01" "metadata" "--no-deps" "--format-version=1", kill_on_drop: false }`
[INFO] [stdout] c2840df0d88cb66baa394c58d53d4e16b6ebbed5b7f168c0fe1420438f292a8b
[INFO] running `Command { std: "docker" "start" "-a" "c2840df0d88cb66baa394c58d53d4e16b6ebbed5b7f168c0fe1420438f292a8b", kill_on_drop: false }`
[INFO] running `Command { std: "docker" "inspect" "c2840df0d88cb66baa394c58d53d4e16b6ebbed5b7f168c0fe1420438f292a8b", kill_on_drop: false }`
[INFO] running `Command { std: "docker" "rm" "-f" "c2840df0d88cb66baa394c58d53d4e16b6ebbed5b7f168c0fe1420438f292a8b", kill_on_drop: false }`
[INFO] [stdout] c2840df0d88cb66baa394c58d53d4e16b6ebbed5b7f168c0fe1420438f292a8b
[INFO] running `Command { std: "docker" "create" "-v" "/var/lib/crater-agent-workspace/builds/worker-85/target:/opt/rustwide/target:rw,Z" "-v" "/var/lib/crater-agent-workspace/builds/worker-85/source:/opt/rustwide/workdir:ro,Z" "-v" "/var/lib/crater-agent-workspace/cargo-home:/opt/rustwide/cargo-home:ro,Z" "-v" "/var/lib/crater-agent-workspace/rustup-home:/opt/rustwide/rustup-home:ro,Z" "-e" "SOURCE_DIR=/opt/rustwide/workdir" "-e" "CARGO_TARGET_DIR=/opt/rustwide/target" "-e" "CARGO_INCREMENTAL=0" "-e" "RUST_BACKTRACE=full" "-e" "RUSTFLAGS=--cap-lints=warn" "-e" "CARGO_HOME=/opt/rustwide/cargo-home" "-e" "RUSTUP_HOME=/opt/rustwide/rustup-home" "-w" "/opt/rustwide/workdir" "-m" "1610612736" "--user" "0:0" "--network" "none" "ghcr.io/rust-lang/crates-build-env/linux@sha256:34b6a614d2c27851fe6cbf88fbd1137609cefab8b10d0615aaeb6fd47975d74e" "/opt/rustwide/cargo-home/bin/cargo" "+beta-2021-08-01" "build" "--frozen" "--message-format=json", kill_on_drop: false }`
[INFO] [stdout] 97eade3749d1909c381b0de36e857e31942850198012e77c1df45877112d2341
[INFO] running `Command { std: "docker" "start" "-a" "97eade3749d1909c381b0de36e857e31942850198012e77c1df45877112d2341", kill_on_drop: false }`
[INFO] [stderr]     Blocking waiting for file lock on package cache
[INFO] [stderr]    Compiling version_check v0.1.5
[INFO] [stderr]    Compiling libc v0.2.43
[INFO] [stderr]    Compiling proc-macro2 v0.4.20
[INFO] [stderr]    Compiling unicode-xid v0.1.0
[INFO] [stderr]    Compiling cfg-if v0.1.5
[INFO] [stderr]    Compiling serde v1.0.80
[INFO] [stderr]    Compiling unicode-width v0.1.5
[INFO] [stderr]    Compiling regex v0.2.11
[INFO] [stderr]    Compiling byteorder v1.2.6
[INFO] [stderr]    Compiling rustc-serialize v0.3.24
[INFO] [stderr]    Compiling ucd-util v0.1.1
[INFO] [stderr]    Compiling encode_unicode v0.3.3
[INFO] [stderr]    Compiling strsim v0.7.0
[INFO] [stderr]    Compiling utf8-ranges v1.0.1
[INFO] [stderr]    Compiling lazy_static v0.2.11
[INFO] [stderr]    Compiling bitflags v1.0.4
[INFO] [stderr]    Compiling term v0.4.6
[INFO] [stderr]    Compiling fs_extra v1.1.0
[INFO] [stderr]    Compiling textwrap v0.10.0
[INFO] [stderr]    Compiling regex-syntax v0.5.6
[INFO] [stderr]    Compiling lazy_static v1.1.0
[INFO] [stderr]    Compiling memchr v2.1.0
[INFO] [stderr]    Compiling memchr v1.0.2
[INFO] [stderr]    Compiling atty v0.2.11
[INFO] [stderr]    Compiling clap v2.32.0
[INFO] [stderr]    Compiling thread_local v0.3.6
[INFO] [stderr]    Compiling quote v0.6.8
[INFO] [stderr]    Compiling aho-corasick v0.6.8
[INFO] [stderr]    Compiling syn v0.15.12
[INFO] [stderr]    Compiling csv v0.15.0
[INFO] [stderr]    Compiling prettytable-rs v0.6.7
[INFO] [stderr]    Compiling serde_derive v1.0.80
[INFO] [stderr]    Compiling toml v0.4.8
[INFO] [stderr]    Compiling wppr v0.1.0 (/opt/rustwide/workdir)
[INFO] [stderr]     Finished dev [unoptimized + debuginfo] target(s) in 25.69s
[INFO] running `Command { std: "docker" "inspect" "97eade3749d1909c381b0de36e857e31942850198012e77c1df45877112d2341", kill_on_drop: false }`
[INFO] running `Command { std: "docker" "rm" "-f" "97eade3749d1909c381b0de36e857e31942850198012e77c1df45877112d2341", kill_on_drop: false }`
[INFO] [stdout] 97eade3749d1909c381b0de36e857e31942850198012e77c1df45877112d2341
[INFO] running `Command { std: "docker" "create" "-v" "/var/lib/crater-agent-workspace/builds/worker-85/target:/opt/rustwide/target:rw,Z" "-v" "/var/lib/crater-agent-workspace/builds/worker-85/source:/opt/rustwide/workdir:ro,Z" "-v" "/var/lib/crater-agent-workspace/cargo-home:/opt/rustwide/cargo-home:ro,Z" "-v" "/var/lib/crater-agent-workspace/rustup-home:/opt/rustwide/rustup-home:ro,Z" "-e" "SOURCE_DIR=/opt/rustwide/workdir" "-e" "CARGO_TARGET_DIR=/opt/rustwide/target" "-e" "CARGO_INCREMENTAL=0" "-e" "RUST_BACKTRACE=full" "-e" "RUSTFLAGS=--cap-lints=warn" "-e" "CARGO_HOME=/opt/rustwide/cargo-home" "-e" "RUSTUP_HOME=/opt/rustwide/rustup-home" "-w" "/opt/rustwide/workdir" "-m" "1610612736" "--user" "0:0" "--network" "none" "ghcr.io/rust-lang/crates-build-env/linux@sha256:34b6a614d2c27851fe6cbf88fbd1137609cefab8b10d0615aaeb6fd47975d74e" "/opt/rustwide/cargo-home/bin/cargo" "+beta-2021-08-01" "test" "--frozen" "--no-run" "--message-format=json", kill_on_drop: false }`
[INFO] [stdout] fee9c856235e60871334824c8055fd2535c1164d78f75fc506df7397c439d745
[INFO] running `Command { std: "docker" "start" "-a" "fee9c856235e60871334824c8055fd2535c1164d78f75fc506df7397c439d745", kill_on_drop: false }`
[INFO] [stderr]    Compiling cc v1.0.25
[INFO] [stderr]    Compiling ryu v0.2.6
[INFO] [stderr]    Compiling rustc-demangle v0.1.9
[INFO] [stderr]    Compiling pulldown-cmark v0.1.2
[INFO] [stderr]    Compiling itoa v0.4.3
[INFO] [stderr]    Compiling winapi-build v0.1.1
[INFO] [stderr]    Compiling bitflags v0.9.1
[INFO] [stderr]    Compiling remove_dir_all v0.5.1
[INFO] [stderr]    Compiling same-file v1.0.3
[INFO] [stderr]    Compiling bytecount v0.3.2
[INFO] [stderr]    Compiling glob v0.2.11
[INFO] [stderr]    Compiling winapi v0.2.8
[INFO] [stderr]    Compiling difference v1.0.0
[INFO] [stderr]    Compiling environment v0.1.1
[INFO] [stderr]    Compiling rand v0.4.3
[INFO] [stderr]    Compiling getopts v0.2.18
[INFO] [stderr]    Compiling semver v0.9.0
[INFO] [stderr]    Compiling colored v1.6.1
[INFO] [stderr]    Compiling walkdir v2.2.5
[INFO] [stderr]    Compiling kernel32-sys v0.2.2
[INFO] [stderr]    Compiling serde_json v1.0.32
[INFO] [stderr]    Compiling term v0.2.14
[INFO] [stderr]    Compiling tempdir v0.3.7
[INFO] [stderr]    Compiling backtrace-sys v0.1.24
[INFO] [stderr]    Compiling text-diff v0.4.0
[INFO] [stderr]    Compiling backtrace v0.3.9
[INFO] [stderr]    Compiling error-chain v0.11.0
[INFO] [stderr]    Compiling cargo_metadata v0.5.8
[INFO] [stderr]    Compiling skeptic v0.13.3
[INFO] [stderr]    Compiling assert_cli v0.5.4
[INFO] [stderr]    Compiling wppr v0.1.0 (/opt/rustwide/workdir)
[INFO] [stdout] warning: function is never used: `setup_test_dummy_project`
[INFO] [stdout]   --> tests/./testfns.rs:26:8
[INFO] [stdout]    |
[INFO] [stdout] 26 | pub fn setup_test_dummy_project() {
[INFO] [stdout]    |        ^^^^^^^^^^^^^^^^^^^^^^^^
[INFO] [stdout]    |
[INFO] [stdout]    = note: `#[warn(dead_code)]` on by default
[INFO] [stdout] 
[INFO] [stdout] 
[INFO] [stdout] warning: function is never used: `update_test_dummy_project`
[INFO] [stdout]   --> tests/./testfns.rs:50:8
[INFO] [stdout]    |
[INFO] [stdout] 50 | pub fn update_test_dummy_project() {
[INFO] [stdout]    |        ^^^^^^^^^^^^^^^^^^^^^^^^^
[INFO] [stdout] 
[INFO] [stdout] 
[INFO] [stdout] warning: function is never used: `discard_test_dummy_project`
[INFO] [stdout]   --> tests/./testfns.rs:84:8
[INFO] [stdout]    |
[INFO] [stdout] 84 | pub fn discard_test_dummy_project() {
[INFO] [stdout]    |        ^^^^^^^^^^^^^^^^^^^^^^^^^^
[INFO] [stdout] 
[INFO] [stdout] 
[INFO] [stdout] warning: function is never used: `setup_test_dummy_project`
[INFO] [stdout]   --> tests/./testfns.rs:26:8
[INFO] [stdout]    |
[INFO] [stdout] 26 | pub fn setup_test_dummy_project() {
[INFO] [stdout]    |        ^^^^^^^^^^^^^^^^^^^^^^^^
[INFO] [stdout]    |
[INFO] [stdout]    = note: `#[warn(dead_code)]` on by default
[INFO] [stdout] 
[INFO] [stdout] 
[INFO] [stdout] warning: function is never used: `update_test_dummy_project`
[INFO] [stdout]   --> tests/./testfns.rs:50:8
[INFO] [stdout]    |
[INFO] [stdout] 50 | pub fn update_test_dummy_project() {
[INFO] [stdout]    |        ^^^^^^^^^^^^^^^^^^^^^^^^^
[INFO] [stdout] 
[INFO] [stdout] 
[INFO] [stdout] warning: function is never used: `discard_test_dummy_project`
[INFO] [stdout]   --> tests/./testfns.rs:84:8
[INFO] [stdout]    |
[INFO] [stdout] 84 | pub fn discard_test_dummy_project() {
[INFO] [stdout]    |        ^^^^^^^^^^^^^^^^^^^^^^^^^^
[INFO] [stdout] 
[INFO] [stdout] 
[INFO] [stdout] warning: unreachable statement
[INFO] [stdout]   --> tests/testfns_test.rs:14:5
[INFO] [stdout]    |
[INFO] [stdout] 12 |       return (); // FIXME the test is shaky and fails from time to time
[INFO] [stdout]    |       --------- any code following this expression is unreachable
[INFO] [stdout] 13 | 
[INFO] [stdout] 14 | /     let actualdest: PathBuf = PathBuf::from(
[INFO] [stdout] 15 | |         env::current_dir().unwrap().to_str().unwrap().to_string() + "/tests/data/testproj"
[INFO] [stdout] 16 | |     );
[INFO] [stdout]    | |______^ unreachable statement
[INFO] [stdout]    |
[INFO] [stdout]    = note: `#[warn(unreachable_code)]` on by default
[INFO] [stdout] 
[INFO] [stdout] 
[INFO] [stdout] warning: function is never used: `setup_test_dummy_project`
[INFO] [stdout]   --> tests/./testfns.rs:26:8
[INFO] [stdout]    |
[INFO] [stdout] 26 | pub fn setup_test_dummy_project() {
[INFO] [stdout]    |        ^^^^^^^^^^^^^^^^^^^^^^^^
[INFO] [stdout]    |
[INFO] [stdout]    = note: `#[warn(dead_code)]` on by default
[INFO] [stdout] 
[INFO] [stdout] 
[INFO] [stdout] warning: function is never used: `update_test_dummy_project`
[INFO] [stdout]   --> tests/./testfns.rs:50:8
[INFO] [stdout]    |
[INFO] [stdout] 50 | pub fn update_test_dummy_project() {
[INFO] [stdout]    |        ^^^^^^^^^^^^^^^^^^^^^^^^^
[INFO] [stdout] 
[INFO] [stdout] 
[INFO] [stdout] warning: function is never used: `discard_test_dummy_project`
[INFO] [stdout]   --> tests/./testfns.rs:84:8
[INFO] [stdout]    |
[INFO] [stdout] 84 | pub fn discard_test_dummy_project() {
[INFO] [stdout]    |        ^^^^^^^^^^^^^^^^^^^^^^^^^^
[INFO] [stdout] 
[INFO] [stdout] 
[INFO] [stdout] warning: unreachable statement
[INFO] [stdout]   --> tests/testfns_test.rs:45:5
[INFO] [stdout]    |
[INFO] [stdout] 43 |       return (); // FIXME the test is shaky and fails from time to time
[INFO] [stdout]    |       --------- any code following this expression is unreachable
[INFO] [stdout] 44 | 
[INFO] [stdout] 45 | /     let actualdest: PathBuf = PathBuf::from(
[INFO] [stdout] 46 | |         env::current_dir().unwrap().to_str().unwrap().to_string() + "/tests/data/testproj"
[INFO] [stdout] 47 | |     );
[INFO] [stdout]    | |______^ unreachable statement
[INFO] [stdout] 
[INFO] [stdout] 
[INFO] [stdout] warning: function is never used: `setup_test_dummy_project`
[INFO] [stdout]   --> tests/./testfns.rs:26:8
[INFO] [stdout]    |
[INFO] [stdout] 26 | pub fn setup_test_dummy_project() {
[INFO] [stdout]    |        ^^^^^^^^^^^^^^^^^^^^^^^^
[INFO] [stdout]    |
[INFO] [stdout]    = note: `#[warn(dead_code)]` on by default
[INFO] [stdout] 
[INFO] [stdout] 
[INFO] [stdout] warning: function is never used: `update_test_dummy_project`
[INFO] [stdout]   --> tests/./testfns.rs:50:8
[INFO] [stdout]    |
[INFO] [stdout] 50 | pub fn update_test_dummy_project() {
[INFO] [stdout]    |        ^^^^^^^^^^^^^^^^^^^^^^^^^
[INFO] [stdout] 
[INFO] [stdout] 
[INFO] [stdout] warning: function is never used: `discard_test_dummy_project`
[INFO] [stdout]   --> tests/./testfns.rs:84:8
[INFO] [stdout]    |
[INFO] [stdout] 84 | pub fn discard_test_dummy_project() {
[INFO] [stdout]    |        ^^^^^^^^^^^^^^^^^^^^^^^^^^
[INFO] [stdout] 
[INFO] [stdout] 
[INFO] [stdout] warning: unreachable statement
[INFO] [stdout]   --> tests/testfns_test.rs:90:5
[INFO] [stdout]    |
[INFO] [stdout] 88 |       return (); // FIXME the test is shaky and fails from time to time
[INFO] [stdout]    |       --------- any code following this expression is unreachable
[INFO] [stdout] 89 | 
[INFO] [stdout] 90 | /     let actualdest: PathBuf = PathBuf::from(
[INFO] [stdout] 91 | |         env::current_dir().unwrap().to_str().unwrap().to_string() + "/tests/data/testproj"
[INFO] [stdout] 92 | |     );
[INFO] [stdout]    | |______^ unreachable statement
[INFO] [stdout] 
[INFO] [stdout] 
[INFO] [stdout] warning: 3 warnings emitted
[INFO] [stdout] 
[INFO] [stdout] 
[INFO] [stdout] warning: 3 warnings emitted
[INFO] [stdout] 
[INFO] [stdout] 
[INFO] [stdout] warning: 3 warnings emitted
[INFO] [stdout] 
[INFO] [stdout] 
[INFO] [stdout] warning: 3 warnings emitted
[INFO] [stdout] 
[INFO] [stdout] 
[INFO] [stdout] warning: 3 warnings emitted
[INFO] [stdout] 
[INFO] [stdout] 
[INFO] [stderr]     Finished test [unoptimized + debuginfo] target(s) in 10.85s
[INFO] running `Command { std: "docker" "inspect" "fee9c856235e60871334824c8055fd2535c1164d78f75fc506df7397c439d745", kill_on_drop: false }`
[INFO] running `Command { std: "docker" "rm" "-f" "fee9c856235e60871334824c8055fd2535c1164d78f75fc506df7397c439d745", kill_on_drop: false }`
[INFO] [stdout] fee9c856235e60871334824c8055fd2535c1164d78f75fc506df7397c439d745
[INFO] running `Command { std: "docker" "create" "-v" "/var/lib/crater-agent-workspace/builds/worker-85/target:/opt/rustwide/target:rw,Z" "-v" "/var/lib/crater-agent-workspace/builds/worker-85/source:/opt/rustwide/workdir:ro,Z" "-v" "/var/lib/crater-agent-workspace/cargo-home:/opt/rustwide/cargo-home:ro,Z" "-v" "/var/lib/crater-agent-workspace/rustup-home:/opt/rustwide/rustup-home:ro,Z" "-e" "SOURCE_DIR=/opt/rustwide/workdir" "-e" "CARGO_TARGET_DIR=/opt/rustwide/target" "-e" "CARGO_INCREMENTAL=0" "-e" "RUST_BACKTRACE=full" "-e" "RUSTFLAGS=--cap-lints=warn" "-e" "CARGO_HOME=/opt/rustwide/cargo-home" "-e" "RUSTUP_HOME=/opt/rustwide/rustup-home" "-w" "/opt/rustwide/workdir" "-m" "1610612736" "--user" "0:0" "--network" "none" "ghcr.io/rust-lang/crates-build-env/linux@sha256:34b6a614d2c27851fe6cbf88fbd1137609cefab8b10d0615aaeb6fd47975d74e" "/opt/rustwide/cargo-home/bin/cargo" "+beta-2021-08-01" "test" "--frozen", kill_on_drop: false }`
[INFO] [stdout] 6e9246deabed7f6c1bd799c589be39392981edc77522bb97fbff1738ac1690e3
[INFO] running `Command { std: "docker" "start" "-a" "6e9246deabed7f6c1bd799c589be39392981edc77522bb97fbff1738ac1690e3", kill_on_drop: false }`
[INFO] [stderr] warning: function is never used: `setup_test_dummy_project`
[INFO] [stderr]   --> tests/./testfns.rs:26:8
[INFO] [stderr]    |
[INFO] [stderr] 26 | pub fn setup_test_dummy_project() {
[INFO] [stderr]    |        ^^^^^^^^^^^^^^^^^^^^^^^^
[INFO] [stderr]    |
[INFO] [stderr]    = note: `#[warn(dead_code)]` on by default
[INFO] [stderr] 
[INFO] [stderr] warning: function is never used: `update_test_dummy_project`
[INFO] [stderr]   --> tests/./testfns.rs:50:8
[INFO] [stderr]    |
[INFO] [stderr] 50 | pub fn update_test_dummy_project() {
[INFO] [stderr]    |        ^^^^^^^^^^^^^^^^^^^^^^^^^
[INFO] [stderr] 
[INFO] [stderr] warning: function is never used: `discard_test_dummy_project`
[INFO] [stderr]   --> tests/./testfns.rs:84:8
[INFO] [stderr]    |
[INFO] [stderr] 84 | pub fn discard_test_dummy_project() {
[INFO] [stderr]    |        ^^^^^^^^^^^^^^^^^^^^^^^^^^
[INFO] [stderr] 
[INFO] [stderr] warning: unreachable statement
[INFO] [stderr]   --> tests/testfns_test.rs:14:5
[INFO] [stderr]    |
[INFO] [stderr] 12 |       return (); // FIXME the test is shaky and fails from time to time
[INFO] [stderr]    |       --------- any code following this expression is unreachable
[INFO] [stderr] 13 | 
[INFO] [stderr] 14 | /     let actualdest: PathBuf = PathBuf::from(
[INFO] [stderr] 15 | |         env::current_dir().unwrap().to_str().unwrap().to_string() + "/tests/data/testproj"
[INFO] [stderr] 16 | |     );
[INFO] [stderr]    | |______^ unreachable statement
[INFO] [stderr]    |
[INFO] [stderr]    = note: `#[warn(unreachable_code)]` on by default
[INFO] [stderr] 
[INFO] [stderr] warning: unreachable statement
[INFO] [stderr]   --> tests/testfns_test.rs:45:5
[INFO] [stderr]    |
[INFO] [stderr] 43 |       return (); // FIXME the test is shaky and fails from time to time
[INFO] [stderr]    |       --------- any code following this expression is unreachable
[INFO] [stderr] 44 | 
[INFO] [stderr] 45 | /     let actualdest: PathBuf = PathBuf::from(
[INFO] [stderr] 46 | |         env::current_dir().unwrap().to_str().unwrap().to_string() + "/tests/data/testproj"
[INFO] [stderr] 47 | |     );
[INFO] [stderr]    | |______^ unreachable statement
[INFO] [stderr] 
[INFO] [stderr] warning: unreachable statement
[INFO] [stderr]   --> tests/testfns_test.rs:90:5
[INFO] [stderr]    |
[INFO] [stderr] 88 |       return (); // FIXME the test is shaky and fails from time to time
[INFO] [stderr]    |       --------- any code following this expression is unreachable
[INFO] [stderr] 89 | 
[INFO] [stderr] 90 | /     let actualdest: PathBuf = PathBuf::from(
[INFO] [stderr] 91 | |         env::current_dir().unwrap().to_str().unwrap().to_string() + "/tests/data/testproj"
[INFO] [stderr] 92 | |     );
[INFO] [stderr]    | |______^ unreachable statement
[INFO] [stderr] 
[INFO] [stderr] warning: `wppr` (test "config_test") generated 3 warnings
[INFO] [stderr] warning: `wppr` (test "wordpress_test") generated 3 warnings (3 duplicates)
[INFO] [stderr] warning: `wppr` (test "testfns_test") generated 3 warnings
[INFO] [stderr] warning: `wppr` (test "commands_test") generated 3 warnings (3 duplicates)
[INFO] [stderr] warning: `wppr` (test "lib_test") generated 3 warnings (3 duplicates)
[INFO] [stderr]     Finished test [unoptimized + debuginfo] target(s) in 0.08s
[INFO] [stderr]      Running unittests (/opt/rustwide/target/debug/deps/wppr-4a0bd9067d45b2a5)
[INFO] [stdout] 
[INFO] [stdout] running 4 tests
[INFO] [stdout] test config::tests::test_config_getters_and_setters ... ok
[INFO] [stdout] test wordpress::tests::test_plugin_nicename_can_be_fetched ... ok
[INFO] [stdout] test config::tests::test_validate_binary ... ok
[INFO] [stderr]      Running unittests (/opt/rustwide/target/debug/deps/wppr-a8b6fc94ae65d6e2)
[INFO] [stdout] test config::tests::test_validate_config ... ok
[INFO] [stdout] 
[INFO] [stdout] test result: ok. 4 passed; 0 failed; 0 ignored; 0 measured; 0 filtered out; finished in 0.00s
[INFO] [stdout] 
[INFO] [stderr]      Running tests/commands_test.rs (/opt/rustwide/target/debug/deps/commands_test-2c25722eec74d4a3)
[INFO] [stdout] 
[INFO] [stdout] running 0 tests
[INFO] [stdout] 
[INFO] [stdout] test result: ok. 0 passed; 0 failed; 0 ignored; 0 measured; 0 filtered out; finished in 0.00s
[INFO] [stdout] 
[INFO] [stdout] 
[INFO] [stdout] running 2 tests
[INFO] [stdout] test test_plugins_can_be_updated_with_pipelines ... ok
[INFO] [stdout] test test_all_plugins_can_be_fetched ... ok
[INFO] [stdout] 
[INFO] [stdout] test result: ok. 2 passed; 0 failed; 0 ignored; 0 measured; 0 filtered out; finished in 0.02s
[INFO] [stdout] 
[INFO] [stderr]      Running tests/config_test.rs (/opt/rustwide/target/debug/deps/config_test-441ced11ead61f8f)
[INFO] [stdout] 
[INFO] [stdout] running 3 tests
[INFO] [stdout] test test_configuration_file_is_loaded_properly ... ok
[INFO] [stdout] test test_configuration_is_loaded_from_toml ... ok
[INFO] [stdout] test test_configuration_is_flattened_to_runtime_config ... ok
[INFO] [stdout] 
[INFO] [stdout] test result: ok. 3 passed; 0 failed; 0 ignored; 0 measured; 0 filtered out; finished in 0.00s
[INFO] [stdout] 
[INFO] [stderr]      Running tests/lib_test.rs (/opt/rustwide/target/debug/deps/lib_test-e38874704748b64c)
[INFO] [stdout] 
[INFO] [stdout] running 1 test
[INFO] [stdout] test test_app_config_works ... FAILED
[INFO] [stdout] 
[INFO] [stdout] failures:
[INFO] [stdout] 
[INFO] [stdout] ---- test_app_config_works stdout ----
[INFO] [stdout] thread 'test_app_config_works' panicked at 'No such file or directory (os error 2)', /opt/rustwide/cargo-home/registry/src/github.com-1ecc6299db9ec823/assert_cli-0.5.4/src/assert.rs:368:13
[INFO] [stdout] stack backtrace:
[INFO] [stdout]    0:     0x55cd967ed830 - std::backtrace_rs::backtrace::libunwind::trace::hff4d1766e93f64f1
[INFO] [stdout]                                at /rustc/53fd98ca776cb875bc9e5514f56b52eb74f9e7a9/library/std/src/../../backtrace/src/backtrace/libunwind.rs:90:5
[INFO] [stdout]    1:     0x55cd967ed830 - std::backtrace_rs::backtrace::trace_unsynchronized::h56bbc8eb78770bcb
[INFO] [stdout]                                at /rustc/53fd98ca776cb875bc9e5514f56b52eb74f9e7a9/library/std/src/../../backtrace/src/backtrace/mod.rs:66:5
[INFO] [stdout]    2:     0x55cd967ed830 - std::sys_common::backtrace::_print_fmt::h5c8e75464faca780
[INFO] [stdout]                                at /rustc/53fd98ca776cb875bc9e5514f56b52eb74f9e7a9/library/std/src/sys_common/backtrace.rs:67:5
[INFO] [stdout]    3:     0x55cd967ed830 - <std::sys_common::backtrace::_print::DisplayBacktrace as core::fmt::Display>::fmt::h48b88277def8b362
[INFO] [stdout]                                at /rustc/53fd98ca776cb875bc9e5514f56b52eb74f9e7a9/library/std/src/sys_common/backtrace.rs:46:22
[INFO] [stdout]    4:     0x55cd9681020c - core::fmt::write::h3381b3176fe2b3d3
[INFO] [stdout]                                at /rustc/53fd98ca776cb875bc9e5514f56b52eb74f9e7a9/library/core/src/fmt/mod.rs:1115:17
[INFO] [stdout]    5:     0x55cd967ea615 - std::io::Write::write_fmt::h5f34a676f60246b5
[INFO] [stdout]                                at /rustc/53fd98ca776cb875bc9e5514f56b52eb74f9e7a9/library/std/src/io/mod.rs:1665:15
[INFO] [stdout]    6:     0x55cd967ef9ab - std::sys_common::backtrace::_print::ha537687d6c17dd0d
[INFO] [stdout]                                at /rustc/53fd98ca776cb875bc9e5514f56b52eb74f9e7a9/library/std/src/sys_common/backtrace.rs:49:5
[INFO] [stdout]    7:     0x55cd967ef9ab - std::sys_common::backtrace::print::h61376ae57d131d72
[INFO] [stdout]                                at /rustc/53fd98ca776cb875bc9e5514f56b52eb74f9e7a9/library/std/src/sys_common/backtrace.rs:36:9
[INFO] [stdout]    8:     0x55cd967ef9ab - std::panicking::default_hook::{{closure}}::h0f7208c0b9644a54
[INFO] [stdout]                                at /rustc/53fd98ca776cb875bc9e5514f56b52eb74f9e7a9/library/std/src/panicking.rs:208:50
[INFO] [stdout]    9:     0x55cd967ef4bc - std::panicking::default_hook::hdac7fc06578c14ce
[INFO] [stdout]                                at /rustc/53fd98ca776cb875bc9e5514f56b52eb74f9e7a9/library/std/src/panicking.rs:222:9
[INFO] [stdout]   10:     0x55cd967f0074 - std::panicking::rust_panic_with_hook::h72b21c283da3d1ef
[INFO] [stdout]                                at /rustc/53fd98ca776cb875bc9e5514f56b52eb74f9e7a9/library/std/src/panicking.rs:622:17
[INFO] [stdout]   11:     0x55cd967efb57 - std::panicking::begin_panic_handler::{{closure}}::he5778f1729cff84a
[INFO] [stdout]                                at /rustc/53fd98ca776cb875bc9e5514f56b52eb74f9e7a9/library/std/src/panicking.rs:519:13
[INFO] [stdout]   12:     0x55cd967edd0c - std::sys_common::backtrace::__rust_end_short_backtrace::h2d11ca8b453b4b1d
[INFO] [stdout]                                at /rustc/53fd98ca776cb875bc9e5514f56b52eb74f9e7a9/library/std/src/sys_common/backtrace.rs:141:18
[INFO] [stdout]   13:     0x55cd967efab9 - rust_begin_unwind
[INFO] [stdout]                                at /rustc/53fd98ca776cb875bc9e5514f56b52eb74f9e7a9/library/std/src/panicking.rs:515:5
[INFO] [stdout]   14:     0x55cd96734d5b - std::panicking::begin_panic_fmt::h746518bde832d259
[INFO] [stdout]                                at /rustc/53fd98ca776cb875bc9e5514f56b52eb74f9e7a9/library/std/src/panicking.rs:457:5
[INFO] [stdout]   15:     0x55cd96789769 - assert_cli::assert::Assert::unwrap::hb29c7997ff407cfc
[INFO] [stdout]                                at /opt/rustwide/cargo-home/registry/src/github.com-1ecc6299db9ec823/assert_cli-0.5.4/src/assert.rs:368:13
[INFO] [stdout]   16:     0x55cd96737042 - lib_test::test_app_config_works::h9802a4600c26e0a5
[INFO] [stdout]                                at /opt/rustwide/workdir/tests/lib_test.rs:18:5
[INFO] [stdout]   17:     0x55cd96736e4a - lib_test::test_app_config_works::{{closure}}::hd74a7a45bd836c5e
[INFO] [stdout]                                at /opt/rustwide/workdir/tests/lib_test.rs:10:1
[INFO] [stdout]   18:     0x55cd96736b0e - core::ops::function::FnOnce::call_once::h69b6729790a3ce2c
[INFO] [stdout]                                at /rustc/53fd98ca776cb875bc9e5514f56b52eb74f9e7a9/library/core/src/ops/function.rs:227:5
[INFO] [stdout]   19:     0x55cd9676ab13 - core::ops::function::FnOnce::call_once::hbb52c4519d3137b0
[INFO] [stdout]                                at /rustc/53fd98ca776cb875bc9e5514f56b52eb74f9e7a9/library/core/src/ops/function.rs:227:5
[INFO] [stdout]   20:     0x55cd9676ab13 - test::__rust_begin_short_backtrace::h86fe3a2a5a5121af
[INFO] [stdout]                                at /rustc/53fd98ca776cb875bc9e5514f56b52eb74f9e7a9/library/test/src/lib.rs:578:5
[INFO] [stdout]   21:     0x55cd967695c8 - <alloc::boxed::Box<F,A> as core::ops::function::FnOnce<Args>>::call_once::hfd956bc3d57399be
[INFO] [stdout]                                at /rustc/53fd98ca776cb875bc9e5514f56b52eb74f9e7a9/library/alloc/src/boxed.rs:1572:9
[INFO] [stdout]   22:     0x55cd967695c8 - <std::panic::AssertUnwindSafe<F> as core::ops::function::FnOnce<()>>::call_once::h40dc93e0ddb5938a
[INFO] [stdout]                                at /rustc/53fd98ca776cb875bc9e5514f56b52eb74f9e7a9/library/std/src/panic.rs:347:9
[INFO] [stdout]   23:     0x55cd967695c8 - std::panicking::try::do_call::h90d07750cb47c562
[INFO] [stdout]                                at /rustc/53fd98ca776cb875bc9e5514f56b52eb74f9e7a9/library/std/src/panicking.rs:401:40
[INFO] [stdout]   24:     0x55cd967695c8 - std::panicking::try::h063c84733ad2a629
[INFO] [stdout]                                at /rustc/53fd98ca776cb875bc9e5514f56b52eb74f9e7a9/library/std/src/panicking.rs:365:19
[INFO] [stdout]   25:     0x55cd967695c8 - std::panic::catch_unwind::h0c464836a84e7c08
[INFO] [stdout]                                at /rustc/53fd98ca776cb875bc9e5514f56b52eb74f9e7a9/library/std/src/panic.rs:434:14
[INFO] [stdout]   26:     0x55cd967695c8 - test::run_test_in_process::h5cb06ef620b157fc
[INFO] [stdout]                                at /rustc/53fd98ca776cb875bc9e5514f56b52eb74f9e7a9/library/test/src/lib.rs:601:18
[INFO] [stdout]   27:     0x55cd967695c8 - test::run_test::run_test_inner::{{closure}}::h76f677f4b93f9828
[INFO] [stdout]                                at /rustc/53fd98ca776cb875bc9e5514f56b52eb74f9e7a9/library/test/src/lib.rs:493:39
[INFO] [stdout]   28:     0x55cd96737d5d - test::run_test::run_test_inner::{{closure}}::h366d01fe04f4d67a
[INFO] [stdout]                                at /rustc/53fd98ca776cb875bc9e5514f56b52eb74f9e7a9/library/test/src/lib.rs:520:37
[INFO] [stdout]   29:     0x55cd96737d5d - std::sys_common::backtrace::__rust_begin_short_backtrace::h7dfa0de4eb395af2
[INFO] [stdout]                                at /rustc/53fd98ca776cb875bc9e5514f56b52eb74f9e7a9/library/std/src/sys_common/backtrace.rs:125:18
[INFO] [stdout]   30:     0x55cd9673c528 - std::thread::Builder::spawn_unchecked::{{closure}}::{{closure}}::hf0a74bb58798037f
[INFO] [stdout]                                at /rustc/53fd98ca776cb875bc9e5514f56b52eb74f9e7a9/library/std/src/thread/mod.rs:476:17
[INFO] [stdout]   31:     0x55cd9673c528 - <std::panic::AssertUnwindSafe<F> as core::ops::function::FnOnce<()>>::call_once::hb024e854818586ac
[INFO] [stdout]                                at /rustc/53fd98ca776cb875bc9e5514f56b52eb74f9e7a9/library/std/src/panic.rs:347:9
[INFO] [stdout]   32:     0x55cd9673c528 - std::panicking::try::do_call::hb2dd9f1d0d48e41d
[INFO] [stdout]                                at /rustc/53fd98ca776cb875bc9e5514f56b52eb74f9e7a9/library/std/src/panicking.rs:401:40
[INFO] [stdout]   33:     0x55cd9673c528 - std::panicking::try::h4717ae7bac8b2bf3
[INFO] [stdout]                                at /rustc/53fd98ca776cb875bc9e5514f56b52eb74f9e7a9/library/std/src/panicking.rs:365:19
[INFO] [stdout]   34:     0x55cd9673c528 - std::panic::catch_unwind::h0dc8a061326ce8d8
[INFO] [stdout]                                at /rustc/53fd98ca776cb875bc9e5514f56b52eb74f9e7a9/library/std/src/panic.rs:434:14
[INFO] [stdout]   35:     0x55cd9673c528 - std::thread::Builder::spawn_unchecked::{{closure}}::haa369e2d6fd00aa1
[INFO] [stdout]                                at /rustc/53fd98ca776cb875bc9e5514f56b52eb74f9e7a9/library/std/src/thread/mod.rs:475:30
[INFO] [stdout]   36:     0x55cd9673c528 - core::ops::function::FnOnce::call_once{{vtable.shim}}::h36dcf3de8b056f17
[INFO] [stdout]                                at /rustc/53fd98ca776cb875bc9e5514f56b52eb74f9e7a9/library/core/src/ops/function.rs:227:5
[INFO] [stdout]   37:     0x55cd967f4d77 - <alloc::boxed::Box<F,A> as core::ops::function::FnOnce<Args>>::call_once::h65c29e4642be2358
[INFO] [stdout]                                at /rustc/53fd98ca776cb875bc9e5514f56b52eb74f9e7a9/library/alloc/src/boxed.rs:1572:9
[INFO] [stdout]   38:     0x55cd967f4d77 - <alloc::boxed::Box<F,A> as core::ops::function::FnOnce<Args>>::call_once::hd0f8f7fbbd9fffbf
[INFO] [stdout]                                at /rustc/53fd98ca776cb875bc9e5514f56b52eb74f9e7a9/library/alloc/src/boxed.rs:1572:9
[INFO] [stdout]   39:     0x55cd967f4d77 - std::sys::unix::thread::Thread::new::thread_start::h2fd22fee3ca77b65
[INFO] [stdout]                                at /rustc/53fd98ca776cb875bc9e5514f56b52eb74f9e7a9/library/std/src/sys/unix/thread.rs:74:17
[INFO] [stdout]   40:     0x7f969557c609 - start_thread
[INFO] [stdout]   41:     0x7f969534e293 - clone
[INFO] [stdout]   42:                0x0 - <unknown>
[INFO] [stdout] 
[INFO] [stdout] 
[INFO] [stdout] failures:
[INFO] [stdout]     test_app_config_works
[INFO] [stdout] 
[INFO] [stdout] test result: FAILED. 0 passed; 1 failed; 0 ignored; 0 measured; 0 filtered out; finished in 0.23s
[INFO] [stdout] 
[INFO] [stderr] error: test failed, to rerun pass '--test lib_test'
[INFO] running `Command { std: "docker" "inspect" "6e9246deabed7f6c1bd799c589be39392981edc77522bb97fbff1738ac1690e3", kill_on_drop: false }`
[INFO] running `Command { std: "docker" "rm" "-f" "6e9246deabed7f6c1bd799c589be39392981edc77522bb97fbff1738ac1690e3", kill_on_drop: false }`
[INFO] [stdout] 6e9246deabed7f6c1bd799c589be39392981edc77522bb97fbff1738ac1690e3
