[INFO] cloning repository https://github.com/qeda/qeda-rs
[INFO] running `Command { std: "git" "-c" "credential.helper=" "-c" "credential.helper=/workspace/cargo-home/bin/git-credential-null" "clone" "--bare" "https://github.com/qeda/qeda-rs" "/workspace/cache/git-repos/https%3A%2F%2Fgithub.com%2Fqeda%2Fqeda-rs", kill_on_drop: false }`
[INFO] [stderr] Cloning into bare repository '/workspace/cache/git-repos/https%3A%2F%2Fgithub.com%2Fqeda%2Fqeda-rs'...
[INFO] running `Command { std: "git" "rev-parse" "HEAD", kill_on_drop: false }`
[INFO] [stdout] 861b53ca9b3947673e7908ecd2268a0d748c7096
[INFO] testing qeda/qeda-rs against 1.54.0 for beta-1.55-1
[INFO] running `Command { std: "git" "clone" "/workspace/cache/git-repos/https%3A%2F%2Fgithub.com%2Fqeda%2Fqeda-rs" "/workspace/builds/worker-3/source", kill_on_drop: false }`
[INFO] [stderr] Cloning into '/workspace/builds/worker-3/source'...
[INFO] [stderr] done.
[INFO] validating manifest of git repo https://github.com/qeda/qeda-rs on toolchain 1.54.0
[INFO] running `Command { std: "/workspace/cargo-home/bin/cargo" "+1.54.0" "metadata" "--manifest-path" "Cargo.toml" "--no-deps", kill_on_drop: false }`
[INFO] started tweaking git repo https://github.com/qeda/qeda-rs
[INFO] finished tweaking git repo https://github.com/qeda/qeda-rs
[INFO] tweaked toml for git repo https://github.com/qeda/qeda-rs written to /workspace/builds/worker-3/source/Cargo.toml
[INFO] crate git repo https://github.com/qeda/qeda-rs already has a lockfile, it will not be regenerated
[INFO] running `Command { std: "/workspace/cargo-home/bin/cargo" "+1.54.0" "fetch" "--manifest-path" "Cargo.toml", kill_on_drop: false }`
[INFO] running `Command { std: "docker" "create" "-v" "/var/lib/crater-agent-workspace/builds/worker-3/target:/opt/rustwide/target:rw,Z" "-v" "/var/lib/crater-agent-workspace/builds/worker-3/source:/opt/rustwide/workdir:ro,Z" "-v" "/var/lib/crater-agent-workspace/cargo-home:/opt/rustwide/cargo-home:ro,Z" "-v" "/var/lib/crater-agent-workspace/rustup-home:/opt/rustwide/rustup-home:ro,Z" "-e" "SOURCE_DIR=/opt/rustwide/workdir" "-e" "CARGO_TARGET_DIR=/opt/rustwide/target" "-e" "CARGO_HOME=/opt/rustwide/cargo-home" "-e" "RUSTUP_HOME=/opt/rustwide/rustup-home" "-w" "/opt/rustwide/workdir" "-m" "1610612736" "--user" "0:0" "--network" "none" "ghcr.io/rust-lang/crates-build-env/linux@sha256:34b6a614d2c27851fe6cbf88fbd1137609cefab8b10d0615aaeb6fd47975d74e" "/opt/rustwide/cargo-home/bin/cargo" "+1.54.0" "metadata" "--no-deps" "--format-version=1", kill_on_drop: false }`
[INFO] [stdout] 64e0dd4ca8395cec5e74bce0d88766a2cae11120292944c48cd24191776f606b
[INFO] running `Command { std: "docker" "start" "-a" "64e0dd4ca8395cec5e74bce0d88766a2cae11120292944c48cd24191776f606b", kill_on_drop: false }`
[INFO] running `Command { std: "docker" "inspect" "64e0dd4ca8395cec5e74bce0d88766a2cae11120292944c48cd24191776f606b", kill_on_drop: false }`
[INFO] running `Command { std: "docker" "rm" "-f" "64e0dd4ca8395cec5e74bce0d88766a2cae11120292944c48cd24191776f606b", kill_on_drop: false }`
[INFO] [stdout] 64e0dd4ca8395cec5e74bce0d88766a2cae11120292944c48cd24191776f606b
[INFO] running `Command { std: "docker" "create" "-v" "/var/lib/crater-agent-workspace/builds/worker-3/target:/opt/rustwide/target:rw,Z" "-v" "/var/lib/crater-agent-workspace/builds/worker-3/source:/opt/rustwide/workdir:ro,Z" "-v" "/var/lib/crater-agent-workspace/cargo-home:/opt/rustwide/cargo-home:ro,Z" "-v" "/var/lib/crater-agent-workspace/rustup-home:/opt/rustwide/rustup-home:ro,Z" "-e" "SOURCE_DIR=/opt/rustwide/workdir" "-e" "CARGO_TARGET_DIR=/opt/rustwide/target" "-e" "CARGO_INCREMENTAL=0" "-e" "RUST_BACKTRACE=full" "-e" "RUSTFLAGS=--cap-lints=warn" "-e" "CARGO_HOME=/opt/rustwide/cargo-home" "-e" "RUSTUP_HOME=/opt/rustwide/rustup-home" "-w" "/opt/rustwide/workdir" "-m" "1610612736" "--user" "0:0" "--network" "none" "ghcr.io/rust-lang/crates-build-env/linux@sha256:34b6a614d2c27851fe6cbf88fbd1137609cefab8b10d0615aaeb6fd47975d74e" "/opt/rustwide/cargo-home/bin/cargo" "+1.54.0" "build" "--frozen" "--message-format=json", kill_on_drop: false }`
[INFO] [stdout] 724e4bddc174937ae99c5f7c270445a41b3fa4c5373a967f352761f9cac23502
[INFO] running `Command { std: "docker" "start" "-a" "724e4bddc174937ae99c5f7c270445a41b3fa4c5373a967f352761f9cac23502", kill_on_drop: false }`
[INFO] [stderr]    Compiling libc v0.2.82
[INFO] [stderr]    Compiling autocfg v1.0.1
[INFO] [stderr]    Compiling proc-macro2 v1.0.24
[INFO] [stderr]    Compiling unicode-xid v0.2.1
[INFO] [stderr]    Compiling syn v1.0.58
[INFO] [stderr]    Compiling log v0.4.11
[INFO] [stderr]    Compiling cfg-if v0.1.10
[INFO] [stderr]    Compiling lazy_static v1.4.0
[INFO] [stderr]    Compiling cfg-if v1.0.0
[INFO] [stderr]    Compiling version_check v0.9.2
[INFO] [stderr]    Compiling memchr v2.3.4
[INFO] [stderr]    Compiling slab v0.4.2
[INFO] [stderr]    Compiling futures-core v0.3.9
[INFO] [stderr]    Compiling pkg-config v0.3.19
[INFO] [stderr]    Compiling cc v1.0.66
[INFO] [stderr]    Compiling proc-macro-hack v0.5.19
[INFO] [stderr]    Compiling pin-project-lite v0.2.3
[INFO] [stderr]    Compiling fnv v1.0.7
[INFO] [stderr]    Compiling futures-sink v0.3.9
[INFO] [stderr]    Compiling once_cell v1.5.2
[INFO] [stderr]    Compiling proc-macro-nested v0.1.6
[INFO] [stderr]    Compiling bitflags v1.2.1
[INFO] [stderr]    Compiling itoa v0.4.7
[INFO] [stderr]    Compiling pin-project-internal v0.4.27
[INFO] [stderr]    Compiling bytes v0.5.6
[INFO] [stderr]    Compiling pin-project-lite v0.1.11
[INFO] [stderr]    Compiling foreign-types-shared v0.1.1
[INFO] [stderr]    Compiling pin-utils v0.1.0
[INFO] [stderr]    Compiling futures-io v0.3.9
[INFO] [stderr]    Compiling openssl v0.10.32
[INFO] [stderr]    Compiling bytes v1.0.0
[INFO] [stderr]    Compiling matches v0.1.8
[INFO] [stderr]    Compiling hashbrown v0.9.1
[INFO] [stderr]    Compiling ryu v1.0.5
[INFO] [stderr]    Compiling tinyvec_macros v0.1.0
[INFO] [stderr]    Compiling serde v1.0.118
[INFO] [stderr]    Compiling native-tls v0.2.7
[INFO] [stderr]    Compiling httparse v1.3.4
[INFO] [stderr]    Compiling openssl-probe v0.1.2
[INFO] [stderr]    Compiling try-lock v0.2.3
[INFO] [stderr]    Compiling percent-encoding v2.1.0
[INFO] [stderr]    Compiling tower-service v0.3.0
[INFO] [stderr]    Compiling smallvec v1.6.1
[INFO] [stderr]    Compiling encoding_rs v0.8.26
[INFO] [stderr]    Compiling scopeguard v1.1.0
[INFO] [stderr]    Compiling httpdate v0.3.2
[INFO] [stderr]    Compiling unicode-segmentation v1.7.1
[INFO] [stderr]    Compiling serde_json v1.0.61
[INFO] [stderr]    Compiling anyhow v1.0.37
[INFO] [stderr]    Compiling unicode-width v0.1.8
[INFO] [stderr]    Compiling float-cmp v0.5.3
[INFO] [stderr]    Compiling mime v0.3.16
[INFO] [stderr]    Compiling xmlparser v0.9.0
[INFO] [stderr]    Compiling siphasher v0.2.3
[INFO] [stderr]    Compiling linked-hash-map v0.5.4
[INFO] [stderr]    Compiling termcolor v1.1.2
[INFO] [stderr]    Compiling regex-syntax v0.6.22
[INFO] [stderr]    Compiling vec_map v0.8.2
[INFO] [stderr]    Compiling ipnet v2.3.0
[INFO] [stderr]    Compiling base64 v0.13.0
[INFO] [stderr]    Compiling strsim v0.10.0
[INFO] [stderr]    Compiling xmlwriter v0.1.0
[INFO] [stderr]    Compiling hex v0.3.2
[INFO] [stderr]    Compiling os_str_bytes v2.4.0
[INFO] [stderr]    Compiling hex v0.4.2
[INFO] [stderr]    Compiling unicode-bidi v0.3.4
[INFO] [stderr]    Compiling instant v0.1.9
[INFO] [stderr]    Compiling tracing-core v0.1.17
[INFO] [stderr]    Compiling thread_local v1.1.0
[INFO] [stderr]    Compiling tinyvec v1.1.0
[INFO] [stderr]    Compiling foreign-types v0.3.2
[INFO] [stderr]    Compiling futures-channel v0.3.9
[INFO] [stderr]    Compiling futures-task v0.3.9
[INFO] [stderr]    Compiling form_urlencoded v1.0.0
[INFO] [stderr]    Compiling lock_api v0.4.2
[INFO] [stderr]    Compiling http v0.2.3
[INFO] [stderr]    Compiling textwrap v0.12.1
[INFO] [stderr]    Compiling svgtypes v0.5.0
[INFO] [stderr]    Compiling heck v0.3.2
[INFO] [stderr]    Compiling indexmap v1.6.1
[INFO] [stderr]    Compiling num-traits v0.2.14
[INFO] [stderr]    Compiling num-integer v0.1.44
[INFO] [stderr]    Compiling tokio v1.0.1
[INFO] [stderr]    Compiling yaml-rust v0.4.5
[INFO] [stderr]    Compiling unicase v2.6.0
[INFO] [stderr]    Compiling proc-macro-error-attr v1.0.4
[INFO] [stderr]    Compiling proc-macro-error v1.0.4
[INFO] [stderr]    Compiling roxmltree v0.6.1
[INFO] [stderr]    Compiling want v0.3.0
[INFO] [stderr]    Compiling simplecss v0.2.0
[INFO] [stderr]    Compiling aho-corasick v0.7.15
[INFO] [stderr]    Compiling tracing v0.1.22
[INFO] [stderr]    Compiling iovec v0.1.4
[INFO] [stderr]    Compiling net2 v0.2.37
[INFO] [stderr]    Compiling socket2 v0.3.19
[INFO] [stderr]    Compiling parking_lot_core v0.8.2
[INFO] [stderr]    Compiling mio v0.7.7
[INFO] [stderr]    Compiling signal-hook-registry v1.3.0
[INFO] [stderr]    Compiling time v0.1.44
[INFO] [stderr]    Compiling atty v0.2.14
[INFO] [stderr]    Compiling num_cpus v1.13.0
[INFO] [stderr]    Compiling dirs-sys v0.3.5
[INFO] [stderr]    Compiling quote v1.0.8
[INFO] [stderr]    Compiling unicode-normalization v0.1.16
[INFO] [stderr]    Compiling parking_lot v0.11.1
[INFO] [stderr]    Compiling mio v0.6.23
[INFO] [stderr]    Compiling svgdom v0.18.0
[INFO] [stderr]    Compiling directories v3.0.1
[INFO] [stderr]    Compiling regex v1.4.3
[INFO] [stderr]    Compiling openssl-sys v0.9.60
[INFO] [stderr]    Compiling mime_guess v2.0.3
[INFO] [stderr]    Compiling tokio v0.2.24
[INFO] [stderr]    Compiling idna v0.2.0
[INFO] [stderr]    Compiling http-body v0.3.1
[INFO] [stderr]    Compiling chrono v0.4.19
[INFO] [stderr]    Compiling url v2.2.0
[INFO] [stderr]    Compiling serde_urlencoded v0.7.0
[INFO] [stderr]    Compiling tokio-util v0.3.1
[INFO] [stderr]    Compiling crypto-hash v0.3.4
[INFO] [stderr]    Compiling tokio-tls v0.3.1
[INFO] [stderr]    Compiling futures-macro v0.3.9
[INFO] [stderr]    Compiling pin-project-internal v1.0.4
[INFO] [stderr]    Compiling tokio-macros v1.0.0
[INFO] [stderr]    Compiling clap_derive v3.0.0-beta.2
[INFO] [stderr]    Compiling thiserror-impl v1.0.23
[INFO] [stderr]    Compiling async-recursion v0.3.1
[INFO] [stderr]    Compiling futures-util v0.3.9
[INFO] [stderr]    Compiling thiserror v1.0.23
[INFO] [stderr]    Compiling pin-project v1.0.4
[INFO] [stderr]    Compiling pin-project v0.4.27
[INFO] [stderr]    Compiling tracing-futures v0.2.4
[INFO] [stderr]    Compiling clap v3.0.0-beta.2
[INFO] [stderr]    Compiling h2 v0.2.7
[INFO] [stderr]    Compiling futures-executor v0.3.9
[INFO] [stderr]    Compiling futures v0.3.9
[INFO] [stderr]    Compiling hyper v0.13.9
[INFO] [stderr]    Compiling hyper-tls v0.4.3
[INFO] [stderr]    Compiling reqwest v0.10.10
[INFO] [stderr]    Compiling qeda v0.0.4 (/opt/rustwide/workdir)
[INFO] [stderr]     Finished dev [unoptimized + debuginfo] target(s) in 1m 29s
[INFO] running `Command { std: "docker" "inspect" "724e4bddc174937ae99c5f7c270445a41b3fa4c5373a967f352761f9cac23502", kill_on_drop: false }`
[INFO] running `Command { std: "docker" "rm" "-f" "724e4bddc174937ae99c5f7c270445a41b3fa4c5373a967f352761f9cac23502", kill_on_drop: false }`
[INFO] [stdout] 724e4bddc174937ae99c5f7c270445a41b3fa4c5373a967f352761f9cac23502
[INFO] running `Command { std: "docker" "create" "-v" "/var/lib/crater-agent-workspace/builds/worker-3/target:/opt/rustwide/target:rw,Z" "-v" "/var/lib/crater-agent-workspace/builds/worker-3/source:/opt/rustwide/workdir:ro,Z" "-v" "/var/lib/crater-agent-workspace/cargo-home:/opt/rustwide/cargo-home:ro,Z" "-v" "/var/lib/crater-agent-workspace/rustup-home:/opt/rustwide/rustup-home:ro,Z" "-e" "SOURCE_DIR=/opt/rustwide/workdir" "-e" "CARGO_TARGET_DIR=/opt/rustwide/target" "-e" "CARGO_INCREMENTAL=0" "-e" "RUST_BACKTRACE=full" "-e" "RUSTFLAGS=--cap-lints=warn" "-e" "CARGO_HOME=/opt/rustwide/cargo-home" "-e" "RUSTUP_HOME=/opt/rustwide/rustup-home" "-w" "/opt/rustwide/workdir" "-m" "1610612736" "--user" "0:0" "--network" "none" "ghcr.io/rust-lang/crates-build-env/linux@sha256:34b6a614d2c27851fe6cbf88fbd1137609cefab8b10d0615aaeb6fd47975d74e" "/opt/rustwide/cargo-home/bin/cargo" "+1.54.0" "test" "--frozen" "--no-run" "--message-format=json", kill_on_drop: false }`
[INFO] [stdout] a1f6bcf36f38b0b0fefc5bf7a7a486082d58514157cb84aee107441a2be3eb66
[INFO] running `Command { std: "docker" "start" "-a" "a1f6bcf36f38b0b0fefc5bf7a7a486082d58514157cb84aee107441a2be3eb66", kill_on_drop: false }`
[INFO] [stderr]    Compiling qeda v0.0.4 (/opt/rustwide/workdir)
[INFO] [stderr]     Finished test [unoptimized + debuginfo] target(s) in 5.90s
[INFO] running `Command { std: "docker" "inspect" "a1f6bcf36f38b0b0fefc5bf7a7a486082d58514157cb84aee107441a2be3eb66", kill_on_drop: false }`
[INFO] running `Command { std: "docker" "rm" "-f" "a1f6bcf36f38b0b0fefc5bf7a7a486082d58514157cb84aee107441a2be3eb66", kill_on_drop: false }`
[INFO] [stdout] a1f6bcf36f38b0b0fefc5bf7a7a486082d58514157cb84aee107441a2be3eb66
[INFO] running `Command { std: "docker" "create" "-v" "/var/lib/crater-agent-workspace/builds/worker-3/target:/opt/rustwide/target:rw,Z" "-v" "/var/lib/crater-agent-workspace/builds/worker-3/source:/opt/rustwide/workdir:ro,Z" "-v" "/var/lib/crater-agent-workspace/cargo-home:/opt/rustwide/cargo-home:ro,Z" "-v" "/var/lib/crater-agent-workspace/rustup-home:/opt/rustwide/rustup-home:ro,Z" "-e" "SOURCE_DIR=/opt/rustwide/workdir" "-e" "CARGO_TARGET_DIR=/opt/rustwide/target" "-e" "CARGO_INCREMENTAL=0" "-e" "RUST_BACKTRACE=full" "-e" "RUSTFLAGS=--cap-lints=warn" "-e" "CARGO_HOME=/opt/rustwide/cargo-home" "-e" "RUSTUP_HOME=/opt/rustwide/rustup-home" "-w" "/opt/rustwide/workdir" "-m" "1610612736" "--user" "0:0" "--network" "none" "ghcr.io/rust-lang/crates-build-env/linux@sha256:34b6a614d2c27851fe6cbf88fbd1137609cefab8b10d0615aaeb6fd47975d74e" "/opt/rustwide/cargo-home/bin/cargo" "+1.54.0" "test" "--frozen", kill_on_drop: false }`
[INFO] [stdout] 96ea1b613d9d436744b1c1ad3dcc5c324dbe88d8aabe3167ed7e031df5c40bd9
[INFO] running `Command { std: "docker" "start" "-a" "96ea1b613d9d436744b1c1ad3dcc5c324dbe88d8aabe3167ed7e031df5c40bd9", kill_on_drop: false }`
[INFO] [stderr]     Finished test [unoptimized + debuginfo] target(s) in 0.13s
[INFO] [stderr]      Running unittests (/opt/rustwide/target/debug/deps/qeda-798c70c70fcfa7b0)
[INFO] [stdout] 
[INFO] [stdout] running 7 tests
[INFO] [stdout] test pattern::calc::tests::ipc ... ok
[INFO] [stdout] test config::tests::json ... ok
[INFO] [stdout] test config::tests::range ... ok
[INFO] [stdout] test config::tests::element ... ok
[INFO] [stdout] test config::tests::pair ... ok
[INFO] [stdout] test pinout::tests::group ... ok
[INFO] [stderr]      Running unittests (/opt/rustwide/target/debug/deps/qeda-3da529048aba1346)
[INFO] [stdout] test pinout::tests::pinout ... ok
[INFO] [stderr]    Doc-tests qeda
[INFO] [stdout] 
[INFO] [stdout] test result: ok. 7 passed; 0 failed; 0 ignored; 0 measured; 0 filtered out; finished in 0.16s
[INFO] [stdout] 
[INFO] [stdout] 
[INFO] [stdout] running 0 tests
[INFO] [stdout] 
[INFO] [stdout] test result: ok. 0 passed; 0 failed; 0 ignored; 0 measured; 0 filtered out; finished in 0.00s
[INFO] [stdout] 
[INFO] [stdout] 
[INFO] [stdout] running 4 tests
[INFO] [stdout] test src/library.rs - library::Library::load_component (line 109) ... FAILED
[INFO] [stdout] test src/library.rs - library::Library::new (line 34) ... ok
[INFO] [stdout] test src/library.rs - library::Library::add_component (line 81) ... FAILED
[INFO] [stdout] test src/library.rs - library::Library::from_config (line 53) ... FAILED
[INFO] [stdout] 
[INFO] [stdout] failures:
[INFO] [stdout] 
[INFO] [stdout] ---- src/library.rs - library::Library::load_component (line 109) stdout ----
[INFO] [stdout] error: linking with `cc` failed: exit status: 1
[INFO] [stdout]   |
[INFO] [stdout]   = note: "cc" "-m64" "/tmp/rustdoctestlLi9Vf/rust_out.rust_out.7rcbfp3g-cgu.0.rcgu.o" "/tmp/rustdoctestlLi9Vf/rust_out.33dyzt1ekirinwy8.rcgu.o" "-Wl,--as-needed" "-L" "/opt/rustwide/target/debug/deps" "-L" "/opt/rustwide/target/debug/deps" "-L" "/opt/rustwide/rustup-home/toolchains/1.54.0-x86_64-unknown-linux-gnu/lib/rustlib/x86_64-unknown-linux-gnu/lib" "-Wl,-Bstatic" "/opt/rustwide/target/debug/deps/libqeda-b4ad0b70db3e8923.rlib" "/opt/rustwide/target/debug/deps/libreqwest-b2417682ec6457be.rlib" "/opt/rustwide/target/debug/deps/libhyper_tls-2f3a4e8faf135d94.rlib" "/opt/rustwide/target/debug/deps/libserde_urlencoded-c78d59ebc1a33074.rlib" "/opt/rustwide/target/debug/deps/libipnet-ea18a4d807066a23.rlib" "/opt/rustwide/target/debug/deps/libtokio_tls-53aecaec4155969c.rlib" "/opt/rustwide/target/debug/deps/libencoding_rs-91ec5e92d67b6d3b.rlib" "/opt/rustwide/target/debug/deps/libbase64-5c7414cfb92860e8.rlib" "/opt/rustwide/target/debug/deps/libmime_guess-53ac31b7231bfa62.rlib" "/opt/rustwide/target/debug/deps/libunicase-4a08b382c01023e9.rlib" "/opt/rustwide/target/debug/deps/libmime-12522ef5c2462da9.rlib" "/opt/rustwide/target/debug/deps/libnative_tls-cf5e03dcf66f8e90.rlib" "/opt/rustwide/target/debug/deps/libopenssl_probe-448ee40efb9df675.rlib" "/opt/rustwide/target/debug/deps/libhyper-32fd2124e9fafded.rlib" "/opt/rustwide/target/debug/deps/libhttparse-7d96f3722cd1a069.rlib" "/opt/rustwide/target/debug/deps/libwant-3cb9a4b0fbd1e2a2.rlib" "/opt/rustwide/target/debug/deps/libtry_lock-a39996d6fbbee158.rlib" "/opt/rustwide/target/debug/deps/libh2-b6bb95264ffa6ace.rlib" "/opt/rustwide/target/debug/deps/libtracing_futures-608c8699f0ee4c19.rlib" "/opt/rustwide/target/debug/deps/libpin_project-c91e4fbf4aff936b.rlib" "/opt/rustwide/target/debug/deps/libtokio_util-4269e3466c692de5.rlib" "/opt/rustwide/target/debug/deps/libhttpdate-ec1c6030e5d9e9dd.rlib" "/opt/rustwide/target/debug/deps/libsocket2-851a699a24d448a8.rlib" "/opt/rustwide/target/debug/deps/libtower_service-f2293a18d860c644.rlib" "/opt/rustwide/target/debug/deps/libpin_project-1e9cec1f0075b4f0.rlib" "/opt/rustwide/target/debug/deps/libtracing-5ce15b6deb4fb4f6.rlib" "/opt/rustwide/target/debug/deps/libtracing_core-0927c15890bc5e5e.rlib" "/opt/rustwide/target/debug/deps/libtokio-5ec2c447a82def5f.rlib" "/opt/rustwide/target/debug/deps/libmio-6e755b5a16da614d.rlib" "/opt/rustwide/target/debug/deps/libiovec-272661c71c27840e.rlib" "/opt/rustwide/target/debug/deps/libnet2-ef45937e9e7fb864.rlib" "/opt/rustwide/target/debug/deps/libpin_project_lite-a846630f4822496e.rlib" "/opt/rustwide/target/debug/deps/libhttp_body-26cce2433ea29d3f.rlib" "/opt/rustwide/target/debug/deps/libbytes-4adc91177522b7b0.rlib" "/opt/rustwide/target/debug/deps/liburl-8c41699051e3f152.rlib" "/opt/rustwide/target/debug/deps/libidna-f2fe9094256ae7af.rlib" "/opt/rustwide/target/debug/deps/libunicode_normalization-b6f51d5308f2f6e8.rlib" "/opt/rustwide/target/debug/deps/libtinyvec-0c5a32b8cabe9246.rlib" "/opt/rustwide/target/debug/deps/libtinyvec_macros-f6b5563d3767ea26.rlib" "/opt/rustwide/target/debug/deps/libunicode_bidi-658b16b5d9bb5631.rlib" "/opt/rustwide/target/debug/deps/libform_urlencoded-c1c18490b4197c1f.rlib" "/opt/rustwide/target/debug/deps/libpercent_encoding-549c334c22432c49.rlib" "/opt/rustwide/target/debug/deps/libmatches-5bfcef5685786a07.rlib" "/opt/rustwide/target/debug/deps/libhttp-c03f0972b0ccb1ba.rlib" "/opt/rustwide/target/debug/deps/libfnv-56e05e18a5751d51.rlib" "/opt/rustwide/target/debug/deps/libhex-4d02e2a3e313017d.rlib" "/opt/rustwide/target/debug/deps/libtokio-5df20cbcdcdd8914.rlib" "/opt/rustwide/target/debug/deps/libsignal_hook_registry-19a9ba4375875d46.rlib" "/opt/rustwide/target/debug/deps/libnum_cpus-d99709fc47e2cc6b.rlib" "/opt/rustwide/target/debug/deps/libbytes-a0a357c95f73ed0c.rlib" "/opt/rustwide/target/debug/deps/libmio-f1d415a801b8baee.rlib" "/opt/rustwide/target/debug/deps/libparking_lot-572f2a3169d0d12f.rlib" "/opt/rustwide/target/debug/deps/libparking_lot_core-cd34312f6c97b432.rlib" "/opt/rustwide/target/debug/deps/libsmallvec-cd9632e27e802452.rlib" "/opt/rustwide/target/debug/deps/liblock_api-9ef2fabce16338bc.rlib" "/opt/rustwide/target/debug/deps/libscopeguard-7a1710762e6687e9.rlib" "/opt/rustwide/target/debug/deps/libinstant-b15b767f83caad3c.rlib" "/opt/rustwide/target/debug/deps/libfutures-28f93aabbd97c03c.rlib" "/opt/rustwide/target/debug/deps/libfutures_executor-041a030bcffbb055.rlib" "/opt/rustwide/target/debug/deps/libfutures_util-92c56189c6c19e01.rlib" "/opt/rustwide/target/debug/deps/libfutures_io-14db228564926340.rlib" "/opt/rustwide/target/debug/deps/libfutures_channel-203b500827030cea.rlib" "/opt/rustwide/target/debug/deps/libpin_project_lite-25485df678e43ffa.rlib" "/opt/rustwide/target/debug/deps/libfutures_sink-a34942bbb4877fff.rlib" "/opt/rustwide/target/debug/deps/libfutures_task-b54397fcfd4f8d70.rlib" "/opt/rustwide/target/debug/deps/libonce_cell-d6a3021f3714f6c5.rlib" "/opt/rustwide/target/debug/deps/libpin_utils-576e633f12357c97.rlib" "/opt/rustwide/target/debug/deps/libfutures_core-e5bf9cc0783c23ca.rlib" "/opt/rustwide/target/debug/deps/libdirectories-82bae1d753293a1f.rlib" "/opt/rustwide/target/debug/deps/libdirs_sys-63a97ff9e93c5fc1.rlib" "/opt/rustwide/target/debug/deps/libchrono-9b60c34d8039e65f.rlib" "/opt/rustwide/target/debug/deps/libnum_integer-016eaeb10a6f0eb9.rlib" "/opt/rustwide/target/debug/deps/libnum_traits-3ea67f5534c2ade7.rlib" "/opt/rustwide/target/debug/deps/libtime-d2feb9ac1079c270.rlib" "/opt/rustwide/target/debug/deps/libthiserror-f86085063b3ba4b6.rlib" "/opt/rustwide/target/debug/deps/libanyhow-5f4872489d4bb213.rlib" "/opt/rustwide/target/debug/deps/libsvgdom-4cda82098c1ce2ec.rlib" "/opt/rustwide/target/debug/deps/libsimplecss-74619118e308f5f0.rlib" "/opt/rustwide/target/debug/deps/libxmlwriter-11885f0decdf8d67.rlib" "/opt/rustwide/target/debug/deps/libsvgtypes-5e9318f4f38cb416.rlib" "/opt/rustwide/target/debug/deps/libsiphasher-cafbb31788f4725d.rlib" "/opt/rustwide/target/debug/deps/libfloat_cmp-a42c34e4462e061c.rlib" "/opt/rustwide/target/debug/deps/libroxmltree-403f5bda8118efe0.rlib" "/opt/rustwide/target/debug/deps/libxmlparser-b0e624a23c88389e.rlib" "/opt/rustwide/target/debug/deps/libslab-a95947d689540fa4.rlib" "/opt/rustwide/target/debug/deps/liblog-00ac55f4644ef2c9.rlib" "/opt/rustwide/target/debug/deps/libcfg_if-e7a28af79b261e75.rlib" "/opt/rustwide/target/debug/deps/libyaml_rust-eec896cb942f7bbe.rlib" "/opt/rustwide/target/debug/deps/liblinked_hash_map-d7738624b447d230.rlib" "/opt/rustwide/target/debug/deps/libregex-04bde00504c5e039.rlib" "/opt/rustwide/target/debug/deps/libthread_local-771ae223cf4e6817.rlib" "/opt/rustwide/target/debug/deps/libregex_syntax-ba29fc71cc7d64f6.rlib" "/opt/rustwide/target/debug/deps/libaho_corasick-5234701034b12ee4.rlib" "/opt/rustwide/target/debug/deps/libmemchr-9559fd627c3017a7.rlib" "/opt/rustwide/target/debug/deps/libcrypto_hash-816af18b3555d4dc.rlib" "/opt/rustwide/target/debug/deps/libopenssl-79f814caf2d4ea7d.rlib" "/opt/rustwide/target/debug/deps/libopenssl_sys-fb89f6ccb8c5b356.rlib" "/opt/rustwide/target/debug/deps/libforeign_types-6dd7ccee81750d2f.rlib" "/opt/rustwide/target/debug/deps/libforeign_types_shared-1812f2e1ab1a4883.rlib" "/opt/rustwide/target/debug/deps/libcfg_if-38c8a3e888ecb06a.rlib" "/opt/rustwide/target/debug/deps/libhex-641a19e676acd2d0.rlib" "/opt/rustwide/target/debug/deps/libserde_json-0a6f316020787aad.rlib" "/opt/rustwide/target/debug/deps/libryu-059aa1fbb24cd15e.rlib" "/opt/rustwide/target/debug/deps/libitoa-9ccdb0b3e3d11258.rlib" "/opt/rustwide/target/debug/deps/libserde-4a5b8b557c0c0931.rlib" "/opt/rustwide/target/debug/deps/libclap-8004e67b7e57d6e3.rlib" "/opt/rustwide/target/debug/deps/libstrsim-dc3c4efe59877a12.rlib" "/opt/rustwide/target/debug/deps/libatty-ebb1c63164ee2435.rlib" "/opt/rustwide/target/debug/deps/liblibc-4536b765a5086921.rlib" "/opt/rustwide/target/debug/deps/libtextwrap-bf73e9ca630da424.rlib" "/opt/rustwide/target/debug/deps/libvec_map-07385fbe5fb99a77.rlib" "/opt/rustwide/target/debug/deps/libos_str_bytes-62822305e913935e.rlib" "/opt/rustwide/target/debug/deps/libtermcolor-01d11b91b4e31953.rlib" "/opt/rustwide/target/debug/deps/libunicode_width-5cf7ed896e8bb5a9.rlib" "/opt/rustwide/target/debug/deps/libindexmap-2a44ae6762b15c90.rlib" "/opt/rustwide/target/debug/deps/libhashbrown-a70fed2d776e2164.rlib" "/opt/rustwide/target/debug/deps/liblazy_static-5c53d641eb010a81.rlib" "/opt/rustwide/target/debug/deps/libbitflags-f89ae4b715176e2d.rlib" "-Wl,--start-group" "/opt/rustwide/rustup-home/toolchains/1.54.0-x86_64-unknown-linux-gnu/lib/rustlib/x86_64-unknown-linux-gnu/lib/libstd-2420485b9e5ef5e1.rlib" "/opt/rustwide/rustup-home/toolchains/1.54.0-x86_64-unknown-linux-gnu/lib/rustlib/x86_64-unknown-linux-gnu/lib/libpanic_unwind-785e3cb61c4b1960.rlib" "/opt/rustwide/rustup-home/toolchains/1.54.0-x86_64-unknown-linux-gnu/lib/rustlib/x86_64-unknown-linux-gnu/lib/libminiz_oxide-087191a88bdaa22d.rlib" "/opt/rustwide/rustup-home/toolchains/1.54.0-x86_64-unknown-linux-gnu/lib/rustlib/x86_64-unknown-linux-gnu/lib/libadler-9981842c02975178.rlib" "/opt/rustwide/rustup-home/toolchains/1.54.0-x86_64-unknown-linux-gnu/lib/rustlib/x86_64-unknown-linux-gnu/lib/libobject-6fb405869b015fde.rlib" "/opt/rustwide/rustup-home/toolchains/1.54.0-x86_64-unknown-linux-gnu/lib/rustlib/x86_64-unknown-linux-gnu/lib/libaddr2line-d05c5c3c56004b7b.rlib" "/opt/rustwide/rustup-home/toolchains/1.54.0-x86_64-unknown-linux-gnu/lib/rustlib/x86_64-unknown-linux-gnu/lib/libgimli-42d74d2097528b38.rlib" "/opt/rustwide/rustup-home/toolchains/1.54.0-x86_64-unknown-linux-gnu/lib/rustlib/x86_64-unknown-linux-gnu/lib/libstd_detect-fb36534c113d2209.rlib" "/opt/rustwide/rustup-home/toolchains/1.54.0-x86_64-unknown-linux-gnu/lib/rustlib/x86_64-unknown-linux-gnu/lib/librustc_demangle-b56b9042c12b6535.rlib" "/opt/rustwide/rustup-home/toolchains/1.54.0-x86_64-unknown-linux-gnu/lib/rustlib/x86_64-unknown-linux-gnu/lib/libhashbrown-491902d6cb3e76df.rlib" "/opt/rustwide/rustup-home/toolchains/1.54.0-x86_64-unknown-linux-gnu/lib/rustlib/x86_64-unknown-linux-gnu/lib/librustc_std_workspace_alloc-61834e0981b8c367.rlib" "/opt/rustwide/rustup-home/toolchains/1.54.0-x86_64-unknown-linux-gnu/lib/rustlib/x86_64-unknown-linux-gnu/lib/libunwind-f78aa99d613a55bc.rlib" "/opt/rustwide/rustup-home/toolchains/1.54.0-x86_64-unknown-linux-gnu/lib/rustlib/x86_64-unknown-linux-gnu/lib/libcfg_if-53ee54cd7fed2c57.rlib" "/opt/rustwide/rustup-home/toolchains/1.54.0-x86_64-unknown-linux-gnu/lib/rustlib/x86_64-unknown-linux-gnu/lib/liblibc-544ecdbd6cda3c58.rlib" "/opt/rustwide/rustup-home/toolchains/1.54.0-x86_64-unknown-linux-gnu/lib/rustlib/x86_64-unknown-linux-gnu/lib/liballoc-379cc252b6943a79.rlib" "/opt/rustwide/rustup-home/toolchains/1.54.0-x86_64-unknown-linux-gnu/lib/rustlib/x86_64-unknown-linux-gnu/lib/librustc_std_workspace_core-8063eea38dcc5e62.rlib" "/opt/rustwide/rustup-home/toolchains/1.54.0-x86_64-unknown-linux-gnu/lib/rustlib/x86_64-unknown-linux-gnu/lib/libcore-5b228734afae15ee.rlib" "-Wl,--end-group" "/opt/rustwide/rustup-home/toolchains/1.54.0-x86_64-unknown-linux-gnu/lib/rustlib/x86_64-unknown-linux-gnu/lib/libcompiler_builtins-d6c7a399d95d173f.rlib" "-Wl,-Bdynamic" "-lssl" "-lcrypto" "-lgcc_s" "-lutil" "-lrt" "-lpthread" "-lm" "-ldl" "-lc" "-Wl,--eh-frame-hdr" "-Wl,-znoexecstack" "-L" "/opt/rustwide/rustup-home/toolchains/1.54.0-x86_64-unknown-linux-gnu/lib/rustlib/x86_64-unknown-linux-gnu/lib" "-o" "/tmp/rustdoctestlLi9Vf/rust_out" "-Wl,--gc-sections" "-pie" "-Wl,-zrelro" "-Wl,-znow" "-nodefaultlibs"
[INFO] [stdout]   = note: collect2: fatal error: ld terminated with signal 9 [Killed]
[INFO] [stdout]           compilation terminated.
[INFO] [stdout]           
[INFO] [stdout] 
[INFO] [stdout] error: aborting due to previous error
[INFO] [stdout] 
[INFO] [stdout] Couldn't compile the test.
[INFO] [stdout] ---- src/library.rs - library::Library::add_component (line 81) stdout ----
[INFO] [stdout] Test executable failed (exit code 101).
[INFO] [stdout] 
[INFO] [stdout] stderr:
[INFO] [stdout] info: adding component 'capacitor/c0603'
[INFO] [stdout] info: loading component 'capacitor/c0603'
[INFO] [stdout] thread 'main' panicked at 'there is no timer running, must be called from the context of Tokio runtime', /opt/rustwide/cargo-home/registry/src/github.com-1ecc6299db9ec823/tokio-0.2.24/src/time/driver/handle.rs:25:14
[INFO] [stdout] stack backtrace:
[INFO] [stdout]    0:     0x55d3bcd0c220 - std::backtrace_rs::backtrace::libunwind::trace::h34055254b57d8e79
[INFO] [stdout]                                at /rustc/a178d0322ce20e33eac124758e837cbd80a6f633/library/std/src/../../backtrace/src/backtrace/libunwind.rs:90:5
[INFO] [stdout]    1:     0x55d3bcd0c220 - std::backtrace_rs::backtrace::trace_unsynchronized::h8f1e3fbd9afff6ec
[INFO] [stdout]                                at /rustc/a178d0322ce20e33eac124758e837cbd80a6f633/library/std/src/../../backtrace/src/backtrace/mod.rs:66:5
[INFO] [stdout]    2:     0x55d3bcd0c220 - std::sys_common::backtrace::_print_fmt::h3a99a796b770c360
[INFO] [stdout]                                at /rustc/a178d0322ce20e33eac124758e837cbd80a6f633/library/std/src/sys_common/backtrace.rs:67:5
[INFO] [stdout]    3:     0x55d3bcd0c220 - <std::sys_common::backtrace::_print::DisplayBacktrace as core::fmt::Display>::fmt::h32d1f94a80615d18
[INFO] [stdout]                                at /rustc/a178d0322ce20e33eac124758e837cbd80a6f633/library/std/src/sys_common/backtrace.rs:46:22
[INFO] [stdout]    4:     0x55d3bcd2e09c - core::fmt::write::h306731c068f7162c
[INFO] [stdout]                                at /rustc/a178d0322ce20e33eac124758e837cbd80a6f633/library/core/src/fmt/mod.rs:1110:17
[INFO] [stdout]    5:     0x55d3bcd06cb5 - std::io::Write::write_fmt::hd2fa90334eee2a21
[INFO] [stdout]                                at /rustc/a178d0322ce20e33eac124758e837cbd80a6f633/library/std/src/io/mod.rs:1588:15
[INFO] [stdout]    6:     0x55d3bcd0e23b - std::sys_common::backtrace::_print::h5abaa2601a852287
[INFO] [stdout]                                at /rustc/a178d0322ce20e33eac124758e837cbd80a6f633/library/std/src/sys_common/backtrace.rs:49:5
[INFO] [stdout]    7:     0x55d3bcd0e23b - std::sys_common::backtrace::print::h8d81445442bb638f
[INFO] [stdout]                                at /rustc/a178d0322ce20e33eac124758e837cbd80a6f633/library/std/src/sys_common/backtrace.rs:36:9
[INFO] [stdout]    8:     0x55d3bcd0e23b - std::panicking::default_hook::{{closure}}::hcfe804496a9fa747
[INFO] [stdout]                                at /rustc/a178d0322ce20e33eac124758e837cbd80a6f633/library/std/src/panicking.rs:208:50
[INFO] [stdout]    9:     0x55d3bcd0dd11 - std::panicking::default_hook::hbea8e3ccf2ba8901
[INFO] [stdout]                                at /rustc/a178d0322ce20e33eac124758e837cbd80a6f633/library/std/src/panicking.rs:225:9
[INFO] [stdout]   10:     0x55d3bcd0e904 - std::panicking::rust_panic_with_hook::h7ee9e1a2d0f8975a
[INFO] [stdout]                                at /rustc/a178d0322ce20e33eac124758e837cbd80a6f633/library/std/src/panicking.rs:622:17
[INFO] [stdout]   11:     0x55d3bcd0e3e7 - std::panicking::begin_panic_handler::{{closure}}::h8ab3b4491718b2c7
[INFO] [stdout]                                at /rustc/a178d0322ce20e33eac124758e837cbd80a6f633/library/std/src/panicking.rs:519:13
[INFO] [stdout]   12:     0x55d3bcd0c71c - std::sys_common::backtrace::__rust_end_short_backtrace::hd489062ffa586a9f
[INFO] [stdout]                                at /rustc/a178d0322ce20e33eac124758e837cbd80a6f633/library/std/src/sys_common/backtrace.rs:141:18
[INFO] [stdout]   13:     0x55d3bcd0e349 - rust_begin_unwind
[INFO] [stdout]                                at /rustc/a178d0322ce20e33eac124758e837cbd80a6f633/library/std/src/panicking.rs:515:5
[INFO] [stdout]   14:     0x55d3bc47f921 - core::panicking::panic_fmt::hca6330e3e14086b4
[INFO] [stdout]                                at /rustc/a178d0322ce20e33eac124758e837cbd80a6f633/library/core/src/panicking.rs:92:14
[INFO] [stdout]   15:     0x55d3bc47f813 - core::option::expect_failed::hb6407502861d5eec
[INFO] [stdout]                                at /rustc/a178d0322ce20e33eac124758e837cbd80a6f633/library/core/src/option.rs:1243:5
[INFO] [stdout]   16:     0x55d3bc84919e - core::option::Option<T>::expect::h079fe978f78b8c52
[INFO] [stdout]                                at /rustc/a178d0322ce20e33eac124758e837cbd80a6f633/library/core/src/option.rs:351:21
[INFO] [stdout]   17:     0x55d3bc8554bc - tokio::time::driver::handle::Handle::current::h56b15c51b688ebac
[INFO] [stdout]                                at /opt/rustwide/cargo-home/registry/src/github.com-1ecc6299db9ec823/tokio-0.2.24/src/time/driver/handle.rs:24:9
[INFO] [stdout]   18:     0x55d3bc84fedf - tokio::time::driver::registration::Registration::new::h95b3690a4703b8d3
[INFO] [stdout]                                at /opt/rustwide/cargo-home/registry/src/github.com-1ecc6299db9ec823/tokio-0.2.24/src/time/driver/registration.rs:18:22
[INFO] [stdout]   19:     0x55d3bc84efc2 - tokio::time::delay::delay_until::h14d2c979b0d8089c
[INFO] [stdout]                                at /opt/rustwide/cargo-home/registry/src/github.com-1ecc6299db9ec823/tokio-0.2.24/src/time/delay.rs:19:24
[INFO] [stdout]   20:     0x55d3bc84f039 - tokio::time::delay::delay_for::hcd9d331570b53fb3
[INFO] [stdout]                                at /opt/rustwide/cargo-home/registry/src/github.com-1ecc6299db9ec823/tokio-0.2.24/src/time/delay.rs:56:5
[INFO] [stdout]   21:     0x55d3bc64c37c - core::ops::function::FnOnce::call_once::h54188ad1cbfec0ba
[INFO] [stdout]                                at /rustc/a178d0322ce20e33eac124758e837cbd80a6f633/library/core/src/ops/function.rs:227:5
[INFO] [stdout]   22:     0x55d3bc66eb2e - core::option::Option<T>::map::h69b0d6772581f441
[INFO] [stdout]                                at /rustc/a178d0322ce20e33eac124758e837cbd80a6f633/library/core/src/option.rs:489:29
[INFO] [stdout]   23:     0x55d3bc5c26df - reqwest::async_impl::client::Client::execute_request::hf4b0e1b34bd7746a
[INFO] [stdout]                                at /opt/rustwide/cargo-home/registry/src/github.com-1ecc6299db9ec823/reqwest-0.10.10/src/async_impl/client.rs:1104:23
[INFO] [stdout]   24:     0x55d3bc5f7842 - reqwest::async_impl::request::RequestBuilder::send::hc9052fd2333b4757
[INFO] [stdout]                                at /opt/rustwide/cargo-home/registry/src/github.com-1ecc6299db9ec823/reqwest-0.10.10/src/async_impl/request.rs:412:24
[INFO] [stdout]   25:     0x55d3bc484451 - qeda::library::Library::get_url_contents::{{closure}}::h339ef9454af59efd
[INFO] [stdout]   26:     0x55d3bc488adb - <core::future::from_generator::GenFuture<T> as core::future::future::Future>::poll::h1de3596af1b06cab
[INFO] [stdout]   27:     0x55d3bc4836af - qeda::library::Library::load_component::{{closure}}::h80f8de0636f49ad2
[INFO] [stdout]   28:     0x55d3bc488cc1 - <core::future::from_generator::GenFuture<T> as core::future::future::Future>::poll::he4cbc190e23eb687
[INFO] [stdout]   29:     0x55d3bc482988 - qeda::library::Library::add_component::{{closure}}::h6aeb85edd94b9f1e
[INFO] [stdout]   30:     0x55d3bc488bfa - <core::future::from_generator::GenFuture<T> as core::future::future::Future>::poll::ha5f1c237589beb2a
[INFO] [stdout]   31:     0x55d3bc48600c - tokio::park::thread::CachedParkThread::block_on::{{closure}}::h62ee7d306adc8e5f
[INFO] [stdout]   32:     0x55d3bc485260 - tokio::coop::with_budget::{{closure}}::h7928bbd9c6648fd6
[INFO] [stdout]   33:     0x55d3bc480d4b - std::thread::local::LocalKey<T>::try_with::hac012b30264a7b95
[INFO] [stdout]   34:     0x55d3bc4807d8 - std::thread::local::LocalKey<T>::with::hc6c4641f5c17a705
[INFO] [stdout]   35:     0x55d3bc485dec - tokio::park::thread::CachedParkThread::block_on::h4e8b8bd5ac59f7a7
[INFO] [stdout]   36:     0x55d3bc4877d9 - tokio::runtime::enter::Enter::block_on::h4390d45a36c9cab6
[INFO] [stdout]   37:     0x55d3bc4861f0 - tokio::runtime::thread_pool::ThreadPool::block_on::h993cdfd8f9dbf52c
[INFO] [stdout]   38:     0x55d3bc4879e2 - tokio::runtime::Runtime::block_on::h248b16205bfd6be4
[INFO] [stdout]   39:     0x55d3bc488e23 - rust_out::main::_doctest_main_src_library_rs_81_0::h2adae7d24fc97abc
[INFO] [stdout]   40:     0x55d3bc488d76 - rust_out::main::h2a38bb51b9580a7d
[INFO] [stdout]   41:     0x55d3bc481093 - core::ops::function::FnOnce::call_once::hb73b95e6982fd3f0
[INFO] [stdout]   42:     0x55d3bc480369 - std::sys_common::backtrace::__rust_begin_short_backtrace::h8371d112165838d3
[INFO] [stdout]   43:     0x55d3bc4804f9 - std::rt::lang_start::{{closure}}::h783adf50233ec5ec
[INFO] [stdout]   44:     0x55d3bcd0ef09 - core::ops::function::impls::<impl core::ops::function::FnOnce<A> for &F>::call_once::h2aabc384aab89b7b
[INFO] [stdout]                                at /rustc/a178d0322ce20e33eac124758e837cbd80a6f633/library/core/src/ops/function.rs:259:13
[INFO] [stdout]   45:     0x55d3bcd0ef09 - std::panicking::try::do_call::hc5fcacb7a85fc7b1
[INFO] [stdout]                                at /rustc/a178d0322ce20e33eac124758e837cbd80a6f633/library/std/src/panicking.rs:401:40
[INFO] [stdout]   46:     0x55d3bcd0ef09 - std::panicking::try::hb5d9603af3abbe3a
[INFO] [stdout]                                at /rustc/a178d0322ce20e33eac124758e837cbd80a6f633/library/std/src/panicking.rs:365:19
[INFO] [stdout]   47:     0x55d3bcd0ef09 - std::panic::catch_unwind::h98fe6ac3925e64b4
[INFO] [stdout]                                at /rustc/a178d0322ce20e33eac124758e837cbd80a6f633/library/std/src/panic.rs:434:14
[INFO] [stdout]   48:     0x55d3bcd0ef09 - std::rt::lang_start_internal::h22ac7383c516f93e
[INFO] [stdout]                                at /rustc/a178d0322ce20e33eac124758e837cbd80a6f633/library/std/src/rt.rs:34:21
[INFO] [stdout]   49:     0x55d3bc4804e1 - std::rt::lang_start::h11b9716471e37ff8
[INFO] [stdout]   50:     0x55d3bc488f63 - main
[INFO] [stdout]   51:     0x7ff62d8010b3 - __libc_start_main
[INFO] [stdout]   52:     0x55d3bc48011e - _start
[INFO] [stdout]   53:                0x0 - <unknown>
[INFO] [stdout] 
[INFO] [stdout] 
[INFO] [stdout] ---- src/library.rs - library::Library::from_config (line 53) stdout ----
[INFO] [stdout] Test executable failed (exit code 101).
[INFO] [stdout] 
[INFO] [stdout] stderr:
[INFO] [stdout] info: adding component 'capacitor/c0603'
[INFO] [stdout] info: loading component 'capacitor/c0603'
[INFO] [stdout] thread 'main' panicked at 'there is no timer running, must be called from the context of Tokio runtime', /opt/rustwide/cargo-home/registry/src/github.com-1ecc6299db9ec823/tokio-0.2.24/src/time/driver/handle.rs:25:14
[INFO] [stdout] stack backtrace:
[INFO] [stdout]    0:     0x55b4b5d3a270 - std::backtrace_rs::backtrace::libunwind::trace::h34055254b57d8e79
[INFO] [stdout]                                at /rustc/a178d0322ce20e33eac124758e837cbd80a6f633/library/std/src/../../backtrace/src/backtrace/libunwind.rs:90:5
[INFO] [stdout]    1:     0x55b4b5d3a270 - std::backtrace_rs::backtrace::trace_unsynchronized::h8f1e3fbd9afff6ec
[INFO] [stdout]                                at /rustc/a178d0322ce20e33eac124758e837cbd80a6f633/library/std/src/../../backtrace/src/backtrace/mod.rs:66:5
[INFO] [stdout]    2:     0x55b4b5d3a270 - std::sys_common::backtrace::_print_fmt::h3a99a796b770c360
[INFO] [stdout]                                at /rustc/a178d0322ce20e33eac124758e837cbd80a6f633/library/std/src/sys_common/backtrace.rs:67:5
[INFO] [stdout]    3:     0x55b4b5d3a270 - <std::sys_common::backtrace::_print::DisplayBacktrace as core::fmt::Display>::fmt::h32d1f94a80615d18
[INFO] [stdout]                                at /rustc/a178d0322ce20e33eac124758e837cbd80a6f633/library/std/src/sys_common/backtrace.rs:46:22
[INFO] [stdout]    4:     0x55b4b5d5c0ec - core::fmt::write::h306731c068f7162c
[INFO] [stdout]                                at /rustc/a178d0322ce20e33eac124758e837cbd80a6f633/library/core/src/fmt/mod.rs:1110:17
[INFO] [stdout]    5:     0x55b4b5d34d05 - std::io::Write::write_fmt::hd2fa90334eee2a21
[INFO] [stdout]                                at /rustc/a178d0322ce20e33eac124758e837cbd80a6f633/library/std/src/io/mod.rs:1588:15
[INFO] [stdout]    6:     0x55b4b5d3c28b - std::sys_common::backtrace::_print::h5abaa2601a852287
[INFO] [stdout]                                at /rustc/a178d0322ce20e33eac124758e837cbd80a6f633/library/std/src/sys_common/backtrace.rs:49:5
[INFO] [stdout]    7:     0x55b4b5d3c28b - std::sys_common::backtrace::print::h8d81445442bb638f
[INFO] [stdout]                                at /rustc/a178d0322ce20e33eac124758e837cbd80a6f633/library/std/src/sys_common/backtrace.rs:36:9
[INFO] [stdout]    8:     0x55b4b5d3c28b - std::panicking::default_hook::{{closure}}::hcfe804496a9fa747
[INFO] [stdout]                                at /rustc/a178d0322ce20e33eac124758e837cbd80a6f633/library/std/src/panicking.rs:208:50
[INFO] [stdout]    9:     0x55b4b5d3bd61 - std::panicking::default_hook::hbea8e3ccf2ba8901
[INFO] [stdout]                                at /rustc/a178d0322ce20e33eac124758e837cbd80a6f633/library/std/src/panicking.rs:225:9
[INFO] [stdout]   10:     0x55b4b5d3c954 - std::panicking::rust_panic_with_hook::h7ee9e1a2d0f8975a
[INFO] [stdout]                                at /rustc/a178d0322ce20e33eac124758e837cbd80a6f633/library/std/src/panicking.rs:622:17
[INFO] [stdout]   11:     0x55b4b5d3c437 - std::panicking::begin_panic_handler::{{closure}}::h8ab3b4491718b2c7
[INFO] [stdout]                                at /rustc/a178d0322ce20e33eac124758e837cbd80a6f633/library/std/src/panicking.rs:519:13
[INFO] [stdout]   12:     0x55b4b5d3a76c - std::sys_common::backtrace::__rust_end_short_backtrace::hd489062ffa586a9f
[INFO] [stdout]                                at /rustc/a178d0322ce20e33eac124758e837cbd80a6f633/library/std/src/sys_common/backtrace.rs:141:18
[INFO] [stdout]   13:     0x55b4b5d3c399 - rust_begin_unwind
[INFO] [stdout]                                at /rustc/a178d0322ce20e33eac124758e837cbd80a6f633/library/std/src/panicking.rs:515:5
[INFO] [stdout]   14:     0x55b4b54ac921 - core::panicking::panic_fmt::hca6330e3e14086b4
[INFO] [stdout]                                at /rustc/a178d0322ce20e33eac124758e837cbd80a6f633/library/core/src/panicking.rs:92:14
[INFO] [stdout]   15:     0x55b4b54ac813 - core::option::expect_failed::hb6407502861d5eec
[INFO] [stdout]                                at /rustc/a178d0322ce20e33eac124758e837cbd80a6f633/library/core/src/option.rs:1243:5
[INFO] [stdout]   16:     0x55b4b58771ee - core::option::Option<T>::expect::h079fe978f78b8c52
[INFO] [stdout]                                at /rustc/a178d0322ce20e33eac124758e837cbd80a6f633/library/core/src/option.rs:351:21
[INFO] [stdout]   17:     0x55b4b588350c - tokio::time::driver::handle::Handle::current::h56b15c51b688ebac
[INFO] [stdout]                                at /opt/rustwide/cargo-home/registry/src/github.com-1ecc6299db9ec823/tokio-0.2.24/src/time/driver/handle.rs:24:9
[INFO] [stdout]   18:     0x55b4b587df2f - tokio::time::driver::registration::Registration::new::h95b3690a4703b8d3
[INFO] [stdout]                                at /opt/rustwide/cargo-home/registry/src/github.com-1ecc6299db9ec823/tokio-0.2.24/src/time/driver/registration.rs:18:22
[INFO] [stdout]   19:     0x55b4b587d012 - tokio::time::delay::delay_until::h14d2c979b0d8089c
[INFO] [stdout]                                at /opt/rustwide/cargo-home/registry/src/github.com-1ecc6299db9ec823/tokio-0.2.24/src/time/delay.rs:19:24
[INFO] [stdout]   20:     0x55b4b587d089 - tokio::time::delay::delay_for::hcd9d331570b53fb3
[INFO] [stdout]                                at /opt/rustwide/cargo-home/registry/src/github.com-1ecc6299db9ec823/tokio-0.2.24/src/time/delay.rs:56:5
[INFO] [stdout]   21:     0x55b4b567a3cc - core::ops::function::FnOnce::call_once::h54188ad1cbfec0ba
[INFO] [stdout]                                at /rustc/a178d0322ce20e33eac124758e837cbd80a6f633/library/core/src/ops/function.rs:227:5
[INFO] [stdout]   22:     0x55b4b569cb7e - core::option::Option<T>::map::h69b0d6772581f441
[INFO] [stdout]                                at /rustc/a178d0322ce20e33eac124758e837cbd80a6f633/library/core/src/option.rs:489:29
[INFO] [stdout]   23:     0x55b4b55f072f - reqwest::async_impl::client::Client::execute_request::hf4b0e1b34bd7746a
[INFO] [stdout]                                at /opt/rustwide/cargo-home/registry/src/github.com-1ecc6299db9ec823/reqwest-0.10.10/src/async_impl/client.rs:1104:23
[INFO] [stdout]   24:     0x55b4b5625892 - reqwest::async_impl::request::RequestBuilder::send::hc9052fd2333b4757
[INFO] [stdout]                                at /opt/rustwide/cargo-home/registry/src/github.com-1ecc6299db9ec823/reqwest-0.10.10/src/async_impl/request.rs:412:24
[INFO] [stdout]   25:     0x55b4b54b1ca1 - qeda::library::Library::get_url_contents::{{closure}}::h339ef9454af59efd
[INFO] [stdout]   26:     0x55b4b54b63fb - <core::future::from_generator::GenFuture<T> as core::future::future::Future>::poll::h1de3596af1b06cab
[INFO] [stdout]   27:     0x55b4b54b0eff - qeda::library::Library::load_component::{{closure}}::h80f8de0636f49ad2
[INFO] [stdout]   28:     0x55b4b54b66d1 - <core::future::from_generator::GenFuture<T> as core::future::future::Future>::poll::he4cbc190e23eb687
[INFO] [stdout]   29:     0x55b4b54b01d8 - qeda::library::Library::add_component::{{closure}}::h6aeb85edd94b9f1e
[INFO] [stdout]   30:     0x55b4b54b660a - <core::future::from_generator::GenFuture<T> as core::future::future::Future>::poll::ha5f1c237589beb2a
[INFO] [stdout]   31:     0x55b4b54afc39 - qeda::library::Library::from_config::{{closure}}::h24e9fce9f8f8c0ad
[INFO] [stdout]   32:     0x55b4b54b6541 - <core::future::from_generator::GenFuture<T> as core::future::future::Future>::poll::h95ad855d25acf664
[INFO] [stdout]   33:     0x55b4b54b3768 - tokio::park::thread::CachedParkThread::block_on::{{closure}}::h0e577d15f8e55f75
[INFO] [stdout]   34:     0x55b4b54b2e40 - tokio::coop::with_budget::{{closure}}::hc912a97a24d8da58
[INFO] [stdout]   35:     0x55b4b54adcaa - std::thread::local::LocalKey<T>::try_with::h69f0e8abc4320d84
[INFO] [stdout]   36:     0x55b4b54ad765 - std::thread::local::LocalKey<T>::with::h1b77d8f94d18a2e5
[INFO] [stdout]   37:     0x55b4b54b35a1 - tokio::park::thread::CachedParkThread::block_on::h8e3b06dd29308b5b
[INFO] [stdout]   38:     0x55b4b54b512b - tokio::runtime::enter::Enter::block_on::hf35e46c639b14492
[INFO] [stdout]   39:     0x55b4b54b39c3 - tokio::runtime::thread_pool::ThreadPool::block_on::h7b99878816cf7736
[INFO] [stdout]   40:     0x55b4b54b5296 - tokio::runtime::Runtime::block_on::h86a7e2ce41a6207f
[INFO] [stdout]   41:     0x55b4b54b685b - rust_out::main::_doctest_main_src_library_rs_53_0::hb7bc607abe9a162d
[INFO] [stdout]   42:     0x55b4b54b6796 - rust_out::main::h2a38bb51b9580a7d
[INFO] [stdout]   43:     0x55b4b54ae123 - core::ops::function::FnOnce::call_once::hb73b95e6982fd3f0
[INFO] [stdout]   44:     0x55b4b54ad3f9 - std::sys_common::backtrace::__rust_begin_short_backtrace::h8371d112165838d3
[INFO] [stdout]   45:     0x55b4b54ad589 - std::rt::lang_start::{{closure}}::h783adf50233ec5ec
[INFO] [stdout]   46:     0x55b4b5d3cf59 - core::ops::function::impls::<impl core::ops::function::FnOnce<A> for &F>::call_once::h2aabc384aab89b7b
[INFO] [stdout]                                at /rustc/a178d0322ce20e33eac124758e837cbd80a6f633/library/core/src/ops/function.rs:259:13
[INFO] [stdout]   47:     0x55b4b5d3cf59 - std::panicking::try::do_call::hc5fcacb7a85fc7b1
[INFO] [stdout]                                at /rustc/a178d0322ce20e33eac124758e837cbd80a6f633/library/std/src/panicking.rs:401:40
[INFO] [stdout]   48:     0x55b4b5d3cf59 - std::panicking::try::hb5d9603af3abbe3a
[INFO] [stdout]                                at /rustc/a178d0322ce20e33eac124758e837cbd80a6f633/library/std/src/panicking.rs:365:19
[INFO] [stdout]   49:     0x55b4b5d3cf59 - std::panic::catch_unwind::h98fe6ac3925e64b4
[INFO] [stdout]                                at /rustc/a178d0322ce20e33eac124758e837cbd80a6f633/library/std/src/panic.rs:434:14
[INFO] [stdout]   50:     0x55b4b5d3cf59 - std::rt::lang_start_internal::h22ac7383c516f93e
[INFO] [stdout]                                at /rustc/a178d0322ce20e33eac124758e837cbd80a6f633/library/std/src/rt.rs:34:21
[INFO] [stdout]   51:     0x55b4b54ad571 - std::rt::lang_start::h11b9716471e37ff8
[INFO] [stdout]   52:     0x55b4b54b69d3 - main
[INFO] [stdout]   53:     0x7fd2d30990b3 - __libc_start_main
[INFO] [stdout]   54:     0x55b4b54ad11e - _start
[INFO] [stdout]   55:                0x0 - <unknown>
[INFO] [stdout] 
[INFO] [stdout] 
[INFO] [stdout] 
[INFO] [stdout] failures:
[INFO] [stdout]     src/library.rs - library::Library::add_component (line 81)
[INFO] [stdout]     src/library.rs - library::Library::from_config (line 53)
[INFO] [stdout]     src/library.rs - library::Library::load_component (line 109)
[INFO] [stdout] 
[INFO] [stdout] test result: FAILED. 1 passed; 3 failed; 0 ignored; 0 measured; 0 filtered out; finished in 8.71s
[INFO] [stdout] 
[INFO] [stderr] error: test failed, to rerun pass '--doc'
[INFO] running `Command { std: "docker" "inspect" "96ea1b613d9d436744b1c1ad3dcc5c324dbe88d8aabe3167ed7e031df5c40bd9", kill_on_drop: false }`
[INFO] running `Command { std: "docker" "rm" "-f" "96ea1b613d9d436744b1c1ad3dcc5c324dbe88d8aabe3167ed7e031df5c40bd9", kill_on_drop: false }`
[INFO] [stdout] 96ea1b613d9d436744b1c1ad3dcc5c324dbe88d8aabe3167ed7e031df5c40bd9
