[INFO] cloning repository https://github.com/pwnsquad/yobmef
[INFO] running `Command { std: "git" "-c" "credential.helper=" "-c" "credential.helper=/workspace/cargo-home/bin/git-credential-null" "clone" "--bare" "https://github.com/pwnsquad/yobmef" "/workspace/cache/git-repos/https%3A%2F%2Fgithub.com%2Fpwnsquad%2Fyobmef", kill_on_drop: false }`
[INFO] [stderr] Cloning into bare repository '/workspace/cache/git-repos/https%3A%2F%2Fgithub.com%2Fpwnsquad%2Fyobmef'...
[INFO] running `Command { std: "git" "rev-parse" "HEAD", kill_on_drop: false }`
[INFO] [stdout] 0229e6604d301b0370733e687fe95844fce598b8
[INFO] testing pwnsquad/yobmef against beta-2021-08-01 for beta-1.55-1
[INFO] running `Command { std: "git" "clone" "/workspace/cache/git-repos/https%3A%2F%2Fgithub.com%2Fpwnsquad%2Fyobmef" "/workspace/builds/worker-2/source", kill_on_drop: false }`
[INFO] [stderr] Cloning into '/workspace/builds/worker-2/source'...
[INFO] [stderr] done.
[INFO] validating manifest of git repo https://github.com/pwnsquad/yobmef on toolchain beta-2021-08-01
[INFO] running `Command { std: "/workspace/cargo-home/bin/cargo" "+beta-2021-08-01" "metadata" "--manifest-path" "Cargo.toml" "--no-deps", kill_on_drop: false }`
[INFO] started tweaking git repo https://github.com/pwnsquad/yobmef
[INFO] finished tweaking git repo https://github.com/pwnsquad/yobmef
[INFO] tweaked toml for git repo https://github.com/pwnsquad/yobmef written to /workspace/builds/worker-2/source/Cargo.toml
[INFO] crate git repo https://github.com/pwnsquad/yobmef already has a lockfile, it will not be regenerated
[INFO] running `Command { std: "/workspace/cargo-home/bin/cargo" "+beta-2021-08-01" "fetch" "--manifest-path" "Cargo.toml", kill_on_drop: false }`
[INFO] [stderr]     Blocking waiting for file lock on package cache
[INFO] running `Command { std: "docker" "create" "-v" "/var/lib/crater-agent-workspace/builds/worker-2/target:/opt/rustwide/target:rw,Z" "-v" "/var/lib/crater-agent-workspace/builds/worker-2/source:/opt/rustwide/workdir:ro,Z" "-v" "/var/lib/crater-agent-workspace/cargo-home:/opt/rustwide/cargo-home:ro,Z" "-v" "/var/lib/crater-agent-workspace/rustup-home:/opt/rustwide/rustup-home:ro,Z" "-e" "SOURCE_DIR=/opt/rustwide/workdir" "-e" "CARGO_TARGET_DIR=/opt/rustwide/target" "-e" "CARGO_HOME=/opt/rustwide/cargo-home" "-e" "RUSTUP_HOME=/opt/rustwide/rustup-home" "-w" "/opt/rustwide/workdir" "-m" "1610612736" "--user" "0:0" "--network" "none" "ghcr.io/rust-lang/crates-build-env/linux@sha256:34b6a614d2c27851fe6cbf88fbd1137609cefab8b10d0615aaeb6fd47975d74e" "/opt/rustwide/cargo-home/bin/cargo" "+beta-2021-08-01" "metadata" "--no-deps" "--format-version=1", kill_on_drop: false }`
[INFO] [stdout] da5aefa225c46e1dd2ecab68672cd06cee46594e1042f2b6d86a77f0693e60ea
[INFO] running `Command { std: "docker" "start" "-a" "da5aefa225c46e1dd2ecab68672cd06cee46594e1042f2b6d86a77f0693e60ea", kill_on_drop: false }`
[INFO] running `Command { std: "docker" "inspect" "da5aefa225c46e1dd2ecab68672cd06cee46594e1042f2b6d86a77f0693e60ea", kill_on_drop: false }`
[INFO] running `Command { std: "docker" "rm" "-f" "da5aefa225c46e1dd2ecab68672cd06cee46594e1042f2b6d86a77f0693e60ea", kill_on_drop: false }`
[INFO] [stdout] da5aefa225c46e1dd2ecab68672cd06cee46594e1042f2b6d86a77f0693e60ea
[INFO] running `Command { std: "docker" "create" "-v" "/var/lib/crater-agent-workspace/builds/worker-2/target:/opt/rustwide/target:rw,Z" "-v" "/var/lib/crater-agent-workspace/builds/worker-2/source:/opt/rustwide/workdir:ro,Z" "-v" "/var/lib/crater-agent-workspace/cargo-home:/opt/rustwide/cargo-home:ro,Z" "-v" "/var/lib/crater-agent-workspace/rustup-home:/opt/rustwide/rustup-home:ro,Z" "-e" "SOURCE_DIR=/opt/rustwide/workdir" "-e" "CARGO_TARGET_DIR=/opt/rustwide/target" "-e" "CARGO_INCREMENTAL=0" "-e" "RUST_BACKTRACE=full" "-e" "RUSTFLAGS=--cap-lints=warn" "-e" "CARGO_HOME=/opt/rustwide/cargo-home" "-e" "RUSTUP_HOME=/opt/rustwide/rustup-home" "-w" "/opt/rustwide/workdir" "-m" "1610612736" "--user" "0:0" "--network" "none" "ghcr.io/rust-lang/crates-build-env/linux@sha256:34b6a614d2c27851fe6cbf88fbd1137609cefab8b10d0615aaeb6fd47975d74e" "/opt/rustwide/cargo-home/bin/cargo" "+beta-2021-08-01" "build" "--frozen" "--message-format=json", kill_on_drop: false }`
[INFO] [stdout] 2fa6f0524db2e510453fae1c6f8cc6889e2edc0d228da31db331a8bcf2804d8d
[INFO] running `Command { std: "docker" "start" "-a" "2fa6f0524db2e510453fae1c6f8cc6889e2edc0d228da31db331a8bcf2804d8d", kill_on_drop: false }`
[INFO] [stderr]    Compiling libc v0.2.82
[INFO] [stderr]    Compiling getrandom v0.2.1
[INFO] [stderr]    Compiling cfg-if v1.0.0
[INFO] [stderr]    Compiling ppv-lite86 v0.2.10
[INFO] [stderr]    Compiling rand_core v0.6.1
[INFO] [stderr]    Compiling rand_chacha v0.3.0
[INFO] [stderr]    Compiling rand v0.8.2
[INFO] [stderr]    Compiling yobmef v0.1.0 (/opt/rustwide/workdir)
[INFO] [stdout] warning: unused borrow that must be used
[INFO] [stdout]    --> src/bitboard.rs:157:17
[INFO] [stdout]     |
[INFO] [stdout] 157 |                 &self.0.$fun(rhs.0);
[INFO] [stdout]     |                 ^^^^^^^^^^^^^^^^^^^
[INFO] [stdout] ...
[INFO] [stdout] 184 | impl_op_assign!(BitOrAssign, bitor_assign);
[INFO] [stdout]     | ------------------------------------------- in this macro invocation
[INFO] [stdout]     |
[INFO] [stdout]     = note: `#[warn(unused_must_use)]` on by default
[INFO] [stdout]     = note: this warning originates in the macro `impl_op_assign` (in Nightly builds, run with -Z macro-backtrace for more info)
[INFO] [stdout] 
[INFO] [stdout] 
[INFO] [stdout] warning: unused borrow that must be used
[INFO] [stdout]    --> src/bitboard.rs:157:17
[INFO] [stdout]     |
[INFO] [stdout] 157 |                 &self.0.$fun(rhs.0);
[INFO] [stdout]     |                 ^^^^^^^^^^^^^^^^^^^
[INFO] [stdout] ...
[INFO] [stdout] 187 | impl_op_assign!(BitXorAssign, bitxor_assign);
[INFO] [stdout]     | --------------------------------------------- in this macro invocation
[INFO] [stdout]     |
[INFO] [stdout]     = note: this warning originates in the macro `impl_op_assign` (in Nightly builds, run with -Z macro-backtrace for more info)
[INFO] [stdout] 
[INFO] [stdout] 
[INFO] [stdout] warning: unused borrow that must be used
[INFO] [stdout]    --> src/bitboard.rs:157:17
[INFO] [stdout]     |
[INFO] [stdout] 157 |                 &self.0.$fun(rhs.0);
[INFO] [stdout]     |                 ^^^^^^^^^^^^^^^^^^^
[INFO] [stdout] ...
[INFO] [stdout] 190 | impl_op_assign!(BitAndAssign, bitand_assign);
[INFO] [stdout]     | --------------------------------------------- in this macro invocation
[INFO] [stdout]     |
[INFO] [stdout]     = note: this warning originates in the macro `impl_op_assign` (in Nightly builds, run with -Z macro-backtrace for more info)
[INFO] [stdout] 
[INFO] [stdout] 
[INFO] [stdout] warning: unused borrow that must be used
[INFO] [stdout]    --> src/bitboard.rs:157:17
[INFO] [stdout]     |
[INFO] [stdout] 157 |                 &self.0.$fun(rhs.0);
[INFO] [stdout]     |                 ^^^^^^^^^^^^^^^^^^^
[INFO] [stdout] ...
[INFO] [stdout] 193 | impl_op_assign!(ShlAssign, shl_assign);
[INFO] [stdout]     | --------------------------------------- in this macro invocation
[INFO] [stdout]     |
[INFO] [stdout]     = note: this warning originates in the macro `impl_op_assign` (in Nightly builds, run with -Z macro-backtrace for more info)
[INFO] [stdout] 
[INFO] [stdout] 
[INFO] [stdout] warning: unused borrow that must be used
[INFO] [stdout]    --> src/bitboard.rs:157:17
[INFO] [stdout]     |
[INFO] [stdout] 157 |                 &self.0.$fun(rhs.0);
[INFO] [stdout]     |                 ^^^^^^^^^^^^^^^^^^^
[INFO] [stdout] ...
[INFO] [stdout] 196 | impl_op_assign!(ShrAssign, shr_assign);
[INFO] [stdout]     | --------------------------------------- in this macro invocation
[INFO] [stdout]     |
[INFO] [stdout]     = note: this warning originates in the macro `impl_op_assign` (in Nightly builds, run with -Z macro-backtrace for more info)
[INFO] [stdout] 
[INFO] [stdout] 
[INFO] [stdout] warning: 5 warnings emitted
[INFO] [stdout] 
[INFO] [stdout] 
[INFO] [stderr]     Finished dev [optimized + debuginfo] target(s) in 8.89s
[INFO] running `Command { std: "docker" "inspect" "2fa6f0524db2e510453fae1c6f8cc6889e2edc0d228da31db331a8bcf2804d8d", kill_on_drop: false }`
[INFO] running `Command { std: "docker" "rm" "-f" "2fa6f0524db2e510453fae1c6f8cc6889e2edc0d228da31db331a8bcf2804d8d", kill_on_drop: false }`
[INFO] [stdout] 2fa6f0524db2e510453fae1c6f8cc6889e2edc0d228da31db331a8bcf2804d8d
[INFO] running `Command { std: "docker" "create" "-v" "/var/lib/crater-agent-workspace/builds/worker-2/target:/opt/rustwide/target:rw,Z" "-v" "/var/lib/crater-agent-workspace/builds/worker-2/source:/opt/rustwide/workdir:ro,Z" "-v" "/var/lib/crater-agent-workspace/cargo-home:/opt/rustwide/cargo-home:ro,Z" "-v" "/var/lib/crater-agent-workspace/rustup-home:/opt/rustwide/rustup-home:ro,Z" "-e" "SOURCE_DIR=/opt/rustwide/workdir" "-e" "CARGO_TARGET_DIR=/opt/rustwide/target" "-e" "CARGO_INCREMENTAL=0" "-e" "RUST_BACKTRACE=full" "-e" "RUSTFLAGS=--cap-lints=warn" "-e" "CARGO_HOME=/opt/rustwide/cargo-home" "-e" "RUSTUP_HOME=/opt/rustwide/rustup-home" "-w" "/opt/rustwide/workdir" "-m" "1610612736" "--user" "0:0" "--network" "none" "ghcr.io/rust-lang/crates-build-env/linux@sha256:34b6a614d2c27851fe6cbf88fbd1137609cefab8b10d0615aaeb6fd47975d74e" "/opt/rustwide/cargo-home/bin/cargo" "+beta-2021-08-01" "test" "--frozen" "--no-run" "--message-format=json", kill_on_drop: false }`
[INFO] [stdout] ec02d57ff51130efaa245f6b5c6cf7a5b06706a684e062c4019304c6a676af56
[INFO] running `Command { std: "docker" "start" "-a" "ec02d57ff51130efaa245f6b5c6cf7a5b06706a684e062c4019304c6a676af56", kill_on_drop: false }`
[INFO] [stderr]     Blocking waiting for file lock on package cache
[INFO] [stderr]    Compiling yobmef v0.1.0 (/opt/rustwide/workdir)
[INFO] [stdout] warning: unused borrow that must be used
[INFO] [stdout]    --> src/bitboard.rs:157:17
[INFO] [stdout]     |
[INFO] [stdout] 157 |                 &self.0.$fun(rhs.0);
[INFO] [stdout]     |                 ^^^^^^^^^^^^^^^^^^^
[INFO] [stdout] ...
[INFO] [stdout] 184 | impl_op_assign!(BitOrAssign, bitor_assign);
[INFO] [stdout]     | ------------------------------------------- in this macro invocation
[INFO] [stdout]     |
[INFO] [stdout]     = note: `#[warn(unused_must_use)]` on by default
[INFO] [stdout]     = note: this warning originates in the macro `impl_op_assign` (in Nightly builds, run with -Z macro-backtrace for more info)
[INFO] [stdout] 
[INFO] [stdout] 
[INFO] [stdout] warning: unused borrow that must be used
[INFO] [stdout]    --> src/bitboard.rs:157:17
[INFO] [stdout]     |
[INFO] [stdout] 157 |                 &self.0.$fun(rhs.0);
[INFO] [stdout]     |                 ^^^^^^^^^^^^^^^^^^^
[INFO] [stdout] ...
[INFO] [stdout] 187 | impl_op_assign!(BitXorAssign, bitxor_assign);
[INFO] [stdout]     | --------------------------------------------- in this macro invocation
[INFO] [stdout]     |
[INFO] [stdout]     = note: this warning originates in the macro `impl_op_assign` (in Nightly builds, run with -Z macro-backtrace for more info)
[INFO] [stdout] 
[INFO] [stdout] 
[INFO] [stdout] warning: unused borrow that must be used
[INFO] [stdout]    --> src/bitboard.rs:157:17
[INFO] [stdout]     |
[INFO] [stdout] 157 |                 &self.0.$fun(rhs.0);
[INFO] [stdout]     |                 ^^^^^^^^^^^^^^^^^^^
[INFO] [stdout] ...
[INFO] [stdout] 190 | impl_op_assign!(BitAndAssign, bitand_assign);
[INFO] [stdout]     | --------------------------------------------- in this macro invocation
[INFO] [stdout]     |
[INFO] [stdout]     = note: this warning originates in the macro `impl_op_assign` (in Nightly builds, run with -Z macro-backtrace for more info)
[INFO] [stdout] 
[INFO] [stdout] 
[INFO] [stdout] warning: unused borrow that must be used
[INFO] [stdout]    --> src/bitboard.rs:157:17
[INFO] [stdout]     |
[INFO] [stdout] 157 |                 &self.0.$fun(rhs.0);
[INFO] [stdout]     |                 ^^^^^^^^^^^^^^^^^^^
[INFO] [stdout] ...
[INFO] [stdout] 193 | impl_op_assign!(ShlAssign, shl_assign);
[INFO] [stdout]     | --------------------------------------- in this macro invocation
[INFO] [stdout]     |
[INFO] [stdout]     = note: this warning originates in the macro `impl_op_assign` (in Nightly builds, run with -Z macro-backtrace for more info)
[INFO] [stdout] 
[INFO] [stdout] 
[INFO] [stdout] warning: unused borrow that must be used
[INFO] [stdout]    --> src/bitboard.rs:157:17
[INFO] [stdout]     |
[INFO] [stdout] 157 |                 &self.0.$fun(rhs.0);
[INFO] [stdout]     |                 ^^^^^^^^^^^^^^^^^^^
[INFO] [stdout] ...
[INFO] [stdout] 196 | impl_op_assign!(ShrAssign, shr_assign);
[INFO] [stdout]     | --------------------------------------- in this macro invocation
[INFO] [stdout]     |
[INFO] [stdout]     = note: this warning originates in the macro `impl_op_assign` (in Nightly builds, run with -Z macro-backtrace for more info)
[INFO] [stdout] 
[INFO] [stdout] 
[INFO] [stdout] warning: 5 warnings emitted
[INFO] [stdout] 
[INFO] [stdout] 
[INFO] [stdout] warning: unused borrow that must be used
[INFO] [stdout]    --> src/bitboard.rs:157:17
[INFO] [stdout]     |
[INFO] [stdout] 157 |                 &self.0.$fun(rhs.0);
[INFO] [stdout]     |                 ^^^^^^^^^^^^^^^^^^^
[INFO] [stdout] ...
[INFO] [stdout] 184 | impl_op_assign!(BitOrAssign, bitor_assign);
[INFO] [stdout]     | ------------------------------------------- in this macro invocation
[INFO] [stdout]     |
[INFO] [stdout]     = note: `#[warn(unused_must_use)]` on by default
[INFO] [stdout]     = note: this warning originates in the macro `impl_op_assign` (in Nightly builds, run with -Z macro-backtrace for more info)
[INFO] [stdout] 
[INFO] [stdout] 
[INFO] [stdout] warning: unused borrow that must be used
[INFO] [stdout]    --> src/bitboard.rs:157:17
[INFO] [stdout]     |
[INFO] [stdout] 157 |                 &self.0.$fun(rhs.0);
[INFO] [stdout]     |                 ^^^^^^^^^^^^^^^^^^^
[INFO] [stdout] ...
[INFO] [stdout] 187 | impl_op_assign!(BitXorAssign, bitxor_assign);
[INFO] [stdout]     | --------------------------------------------- in this macro invocation
[INFO] [stdout]     |
[INFO] [stdout]     = note: this warning originates in the macro `impl_op_assign` (in Nightly builds, run with -Z macro-backtrace for more info)
[INFO] [stdout] 
[INFO] [stdout] 
[INFO] [stdout] warning: unused borrow that must be used
[INFO] [stdout]    --> src/bitboard.rs:157:17
[INFO] [stdout]     |
[INFO] [stdout] 157 |                 &self.0.$fun(rhs.0);
[INFO] [stdout]     |                 ^^^^^^^^^^^^^^^^^^^
[INFO] [stdout] ...
[INFO] [stdout] 190 | impl_op_assign!(BitAndAssign, bitand_assign);
[INFO] [stdout]     | --------------------------------------------- in this macro invocation
[INFO] [stdout]     |
[INFO] [stdout]     = note: this warning originates in the macro `impl_op_assign` (in Nightly builds, run with -Z macro-backtrace for more info)
[INFO] [stdout] 
[INFO] [stdout] 
[INFO] [stdout] warning: unused borrow that must be used
[INFO] [stdout]    --> src/bitboard.rs:157:17
[INFO] [stdout]     |
[INFO] [stdout] 157 |                 &self.0.$fun(rhs.0);
[INFO] [stdout]     |                 ^^^^^^^^^^^^^^^^^^^
[INFO] [stdout] ...
[INFO] [stdout] 193 | impl_op_assign!(ShlAssign, shl_assign);
[INFO] [stdout]     | --------------------------------------- in this macro invocation
[INFO] [stdout]     |
[INFO] [stdout]     = note: this warning originates in the macro `impl_op_assign` (in Nightly builds, run with -Z macro-backtrace for more info)
[INFO] [stdout] 
[INFO] [stdout] 
[INFO] [stdout] warning: unused borrow that must be used
[INFO] [stdout]    --> src/bitboard.rs:157:17
[INFO] [stdout]     |
[INFO] [stdout] 157 |                 &self.0.$fun(rhs.0);
[INFO] [stdout]     |                 ^^^^^^^^^^^^^^^^^^^
[INFO] [stdout] ...
[INFO] [stdout] 196 | impl_op_assign!(ShrAssign, shr_assign);
[INFO] [stdout]     | --------------------------------------- in this macro invocation
[INFO] [stdout]     |
[INFO] [stdout]     = note: this warning originates in the macro `impl_op_assign` (in Nightly builds, run with -Z macro-backtrace for more info)
[INFO] [stdout] 
[INFO] [stdout] 
[INFO] [stdout] warning: 5 warnings emitted
[INFO] [stdout] 
[INFO] [stdout] 
[INFO] [stderr]     Finished test [optimized + debuginfo] target(s) in 5.93s
[INFO] running `Command { std: "docker" "inspect" "ec02d57ff51130efaa245f6b5c6cf7a5b06706a684e062c4019304c6a676af56", kill_on_drop: false }`
[INFO] running `Command { std: "docker" "rm" "-f" "ec02d57ff51130efaa245f6b5c6cf7a5b06706a684e062c4019304c6a676af56", kill_on_drop: false }`
[INFO] [stdout] ec02d57ff51130efaa245f6b5c6cf7a5b06706a684e062c4019304c6a676af56
[INFO] running `Command { std: "docker" "create" "-v" "/var/lib/crater-agent-workspace/builds/worker-2/target:/opt/rustwide/target:rw,Z" "-v" "/var/lib/crater-agent-workspace/builds/worker-2/source:/opt/rustwide/workdir:ro,Z" "-v" "/var/lib/crater-agent-workspace/cargo-home:/opt/rustwide/cargo-home:ro,Z" "-v" "/var/lib/crater-agent-workspace/rustup-home:/opt/rustwide/rustup-home:ro,Z" "-e" "SOURCE_DIR=/opt/rustwide/workdir" "-e" "CARGO_TARGET_DIR=/opt/rustwide/target" "-e" "CARGO_INCREMENTAL=0" "-e" "RUST_BACKTRACE=full" "-e" "RUSTFLAGS=--cap-lints=warn" "-e" "CARGO_HOME=/opt/rustwide/cargo-home" "-e" "RUSTUP_HOME=/opt/rustwide/rustup-home" "-w" "/opt/rustwide/workdir" "-m" "1610612736" "--user" "0:0" "--network" "none" "ghcr.io/rust-lang/crates-build-env/linux@sha256:34b6a614d2c27851fe6cbf88fbd1137609cefab8b10d0615aaeb6fd47975d74e" "/opt/rustwide/cargo-home/bin/cargo" "+beta-2021-08-01" "test" "--frozen", kill_on_drop: false }`
[INFO] [stdout] 04899c6939d9634b6038597e420b532673d0c1b4a90d87727fac77dfba8dbc6c
[INFO] running `Command { std: "docker" "start" "-a" "04899c6939d9634b6038597e420b532673d0c1b4a90d87727fac77dfba8dbc6c", kill_on_drop: false }`
[INFO] [stderr] warning: unused borrow that must be used
[INFO] [stderr]    --> src/bitboard.rs:157:17
[INFO] [stderr]     |
[INFO] [stderr] 157 |                 &self.0.$fun(rhs.0);
[INFO] [stderr]     |                 ^^^^^^^^^^^^^^^^^^^
[INFO] [stderr] ...
[INFO] [stderr] 184 | impl_op_assign!(BitOrAssign, bitor_assign);
[INFO] [stderr]     | ------------------------------------------- in this macro invocation
[INFO] [stderr]     |
[INFO] [stderr]     = note: `#[warn(unused_must_use)]` on by default
[INFO] [stderr]     = note: this warning originates in the macro `impl_op_assign` (in Nightly builds, run with -Z macro-backtrace for more info)
[INFO] [stderr] 
[INFO] [stderr] warning: unused borrow that must be used
[INFO] [stderr]    --> src/bitboard.rs:157:17
[INFO] [stderr]     |
[INFO] [stderr] 157 |                 &self.0.$fun(rhs.0);
[INFO] [stderr]     |                 ^^^^^^^^^^^^^^^^^^^
[INFO] [stderr] ...
[INFO] [stderr] 187 | impl_op_assign!(BitXorAssign, bitxor_assign);
[INFO] [stderr]     | --------------------------------------------- in this macro invocation
[INFO] [stderr]     |
[INFO] [stderr]     = note: this warning originates in the macro `impl_op_assign` (in Nightly builds, run with -Z macro-backtrace for more info)
[INFO] [stderr] 
[INFO] [stderr] warning: unused borrow that must be used
[INFO] [stderr]    --> src/bitboard.rs:157:17
[INFO] [stderr]     |
[INFO] [stderr] 157 |                 &self.0.$fun(rhs.0);
[INFO] [stderr]     |                 ^^^^^^^^^^^^^^^^^^^
[INFO] [stderr] ...
[INFO] [stderr] 190 | impl_op_assign!(BitAndAssign, bitand_assign);
[INFO] [stderr]     | --------------------------------------------- in this macro invocation
[INFO] [stderr]     |
[INFO] [stderr]     = note: this warning originates in the macro `impl_op_assign` (in Nightly builds, run with -Z macro-backtrace for more info)
[INFO] [stderr] 
[INFO] [stderr] warning: unused borrow that must be used
[INFO] [stderr]    --> src/bitboard.rs:157:17
[INFO] [stderr]     |
[INFO] [stderr] 157 |                 &self.0.$fun(rhs.0);
[INFO] [stderr]     |                 ^^^^^^^^^^^^^^^^^^^
[INFO] [stderr] ...
[INFO] [stderr] 193 | impl_op_assign!(ShlAssign, shl_assign);
[INFO] [stderr]     | --------------------------------------- in this macro invocation
[INFO] [stderr]     |
[INFO] [stderr]     = note: this warning originates in the macro `impl_op_assign` (in Nightly builds, run with -Z macro-backtrace for more info)
[INFO] [stderr] 
[INFO] [stderr] warning: unused borrow that must be used
[INFO] [stderr]    --> src/bitboard.rs:157:17
[INFO] [stderr]     |
[INFO] [stderr] 157 |                 &self.0.$fun(rhs.0);
[INFO] [stderr]     |                 ^^^^^^^^^^^^^^^^^^^
[INFO] [stderr] ...
[INFO] [stderr] 196 | impl_op_assign!(ShrAssign, shr_assign);
[INFO] [stderr]     | --------------------------------------- in this macro invocation
[INFO] [stderr]     |
[INFO] [stderr]     = note: this warning originates in the macro `impl_op_assign` (in Nightly builds, run with -Z macro-backtrace for more info)
[INFO] [stderr] 
[INFO] [stderr] warning: `yobmef` (lib) generated 5 warnings
[INFO] [stderr] warning: `yobmef` (lib test) generated 5 warnings (5 duplicates)
[INFO] [stderr]     Finished test [optimized + debuginfo] target(s) in 0.02s
[INFO] [stderr]      Running unittests (/opt/rustwide/target/debug/deps/yobmef-095d58f136dc3a45)
[INFO] [stdout] 
[INFO] [stdout] running 86 tests
[INFO] [stdout] test bitboard::tests::test_bitboard_or ... ok
[INFO] [stdout] test bitboard::tests::test_bitboard_population ... ok
[INFO] [stdout] test bitboard::tests::test_iterate ... ok
[INFO] [stdout] test bitboard::tests::test_flip_vertical ... ok
[INFO] [stdout] test bitboard::tests::test_bitboard_get_flip ... ok
[INFO] [stdout] test eval::tests::test_reasonable_d2d4_value_delta ... ok
[INFO] [stdout] test eval::tests::test_get_score_mate_for_white ... ok
[INFO] [stdout] test movegen::king::tests::test_gen_king_moves_bottomright ... ok
[INFO] [stdout] test chess::board::tests::test_is_in_check ... ok
[INFO] [stdout] test chess::board::tests::test_get_king_square ... ok
[INFO] [stdout] test chess::board::tests::test_from_fen_e2e4 ... ok
[INFO] [stdout] test chess::board::tests::test_color_on ... ok
[INFO] [stdout] test movegen::king::tests::test_gen_king_moves_black ... ok
[INFO] [stdout] test chess::board::tests::no_castling ... ok
[INFO] [stdout] test eval::tests::test_get_score_e2e4 ... ok
[INFO] [stdout] test chess::board::tests::test_to_fen_startpos ... ok
[INFO] [stdout] test chess::board::tests::test_make_move_remove_castling ... ok
[INFO] [stdout] test chess::board::tests::test_make_move_capture ... ok
[INFO] [stdout] test movegen::king::tests::test_gen_king_moves ... ok
[INFO] [stdout] test eval::tests::test_get_score_mate_for_black ... ok
[INFO] [stdout] test chess::board::tests::test_piece_on ... ok
[INFO] [stdout] test chess::board::tests::test_make_move_en_passant_cleared ... ok
[INFO] [stdout] test eval::tests::test_get_promise ... ok
[INFO] [stdout] test engine::tests::test_position ... ok
[INFO] [stdout] test chess::board::tests::test_valid_after_capture ... ok
[INFO] [stdout] test chess::board::tests::test_make_move_bishop_en_passant ... ok
[INFO] [stdout] test chess::board::tests::test_make_move_castle ... ok
[INFO] [stdout] test chess::board::tests::test_from_fen_starting ... ok
[INFO] [stdout] test chess::board::tests::test_from_fen_invalid ... ok
[INFO] [stdout] test chess::board::tests::test_from_fen_castling ... ok
[INFO] [stdout] test chess::board::tests::black_castling ... ok
[INFO] [stdout] test chess::board::tests::test_fen_endgame ... ok
[INFO] [stdout] test chess::board::tests::en_passant ... ok
[INFO] [stdout] test movegen::king::tests::test_king_castling_unblocked ... ok
[INFO] [stdout] test movegen::king::tests::test_king_takes_queen ... ok
[INFO] [stdout] test movegen::knight::tests::test_get_knight_moves_edges ... ok
[INFO] [stdout] test movegen::knight::tests::test_get_knight_moves_other_directions ... ok
[INFO] [stdout] test movegen::knight::tests::test_get_knight_moves_startpos ... ok
[INFO] [stdout] test chess::board::tests::test_make_move_promote ... ok
[INFO] [stdout] test chess::board::tests::test_to_fen_e2e4 ... ok
[INFO] [stdout] test engine::tests::test_think_time ... ok
[INFO] [stdout] test movegen::tests::test_move_in_check ... ok
[INFO] [stdout] test eval::tests::test_get_score_castle ... ok
[INFO] [stdout] test movegen::tests::test_move_into_check ... ok
[INFO] [stdout] test chess::board::tests::test_make_move_e2e4 ... ok
[INFO] [stdout] test movegen::magic::tests::test_get_all_sliding_moves ... ok
[INFO] [stdout] test search::tests::test_sort_by_promise_mate ... ignored
[INFO] [stdout] test movegen::magic_utils::tests::test_get_bishop_occupancy_mask ... ok
[INFO] [stdout] test movegen::magic_utils::tests::test_get_bishop_rays ... ok
[INFO] [stdout] test movegen::magic_utils::tests::test_get_questions_and_answers ... ok
[INFO] [stdout] test movegen::magic_utils::tests::test_get_rook_occupancy_mask ... ok
[INFO] [stdout] test movegen::magic_utils::tests::test_get_rook_occupancy_mask_corner ... ok
[INFO] [stdout] test movegen::magic_utils::tests::test_get_rook_rays ... ok
[INFO] [stdout] test movegen::pawn::tests::test_black_pawn_promote ... ok
[INFO] [stdout] test zobrist::tests::test_zobrist_collisions ... ignored
[INFO] [stdout] test movegen::pawn::tests::test_en_passant_capture ... ok
[INFO] [stdout] test movegen::pawn::tests::test_get_pawn_en_passant ... ok
[INFO] [stdout] test movegen::pawn::tests::test_get_pawn_moves_endgame ... ok
[INFO] [stdout] test movegen::pawn::tests::test_get_pawn_moves_startpos ... ok
[INFO] [stdout] test movegen::pawn::tests::test_take_own_pawn ... ok
[INFO] [stdout] test movegen::pawn::tests::test_take_pawn_a_file ... ok
[INFO] [stdout] test movegen::pawn::tests::test_take_pawn_h_file ... ok
[INFO] [stdout] test movegen::king::tests::test_king_castling_through_check ... ok
[INFO] [stdout] test movegen::king::tests::test_king_castling_in_check ... ok
[INFO] [stdout] test movegen::king::tests::test_king_castling_blocked ... ok
[INFO] [stdout] test movegen::king::tests::test_gen_king_moves_topright ... ok
[INFO] [stdout] test movegen::pawn::tests::test_white_pawn_promote ... ok
[INFO] [stdout] test movegen::tests::test_block_check_double_pawn_push ... ok
[INFO] [stdout] test movegen::tests::test_block_check_knight ... ok
[INFO] [stdout] test movegen::tests::test_endgame ... ok
[INFO] [stdout] test movegen::king::tests::test_gen_king_moves_topleft ... ok
[INFO] [stdout] test uci::tests::test_uci ... ok
[INFO] [stdout] test uci::tests::test_parse_go ... ok
[INFO] [stdout] test uci::tests::test_parse_go_infinite ... ok
[INFO] [stdout] test uci::tests::test_position ... ok
[INFO] [stdout] test uci::tests::test_parse_go_ponder ... ok
[INFO] [stdout] test movegen::tests::test_iter_attacked ... ok
[INFO] [stdout] test search::tests::test_think_time_10ms ... FAILED
[INFO] [stdout] test search::tests::test_think_time_100ms ... ok
[INFO] [stdout] test movegen::magic::tests::test_bishop_move_lookup ... ok
[INFO] [stdout] test movegen::magic::tests::test_rook_move_lookup ... ok
[INFO] [stdout] test search::tests::test_think_time_1000ms ... ok
[INFO] [stdout] test search::tests::test_pv_legal_mate_1_white ... ok
[INFO] [stdout] test search::tests::test_pv_deepest_startpos ... ok
[INFO] [stdout] test search::tests::test_pv_deepest_mate2 ... ok
[INFO] [stdout] test search::tests::test_pv_legal_mate_3_black ... ok
[INFO] [stdout] 
[INFO] [stdout] failures:
[INFO] [stdout] 
[INFO] [stdout] ---- search::tests::test_think_time_10ms stdout ----
[INFO] [stdout] thread 'search::tests::test_think_time_10ms' panicked at 'no PV move in TP', src/search.rs:135:41
[INFO] [stdout] stack backtrace:
[INFO] [stdout]    0:     0x560dc63763d0 - std::backtrace_rs::backtrace::libunwind::trace::hff4d1766e93f64f1
[INFO] [stdout]                                at /rustc/53fd98ca776cb875bc9e5514f56b52eb74f9e7a9/library/std/src/../../backtrace/src/backtrace/libunwind.rs:90:5
[INFO] [stdout]    1:     0x560dc63763d0 - std::backtrace_rs::backtrace::trace_unsynchronized::h56bbc8eb78770bcb
[INFO] [stdout]                                at /rustc/53fd98ca776cb875bc9e5514f56b52eb74f9e7a9/library/std/src/../../backtrace/src/backtrace/mod.rs:66:5
[INFO] [stdout]    2:     0x560dc63763d0 - std::sys_common::backtrace::_print_fmt::h5c8e75464faca780
[INFO] [stdout]                                at /rustc/53fd98ca776cb875bc9e5514f56b52eb74f9e7a9/library/std/src/sys_common/backtrace.rs:67:5
[INFO] [stdout]    3:     0x560dc63763d0 - <std::sys_common::backtrace::_print::DisplayBacktrace as core::fmt::Display>::fmt::h48b88277def8b362
[INFO] [stdout]                                at /rustc/53fd98ca776cb875bc9e5514f56b52eb74f9e7a9/library/std/src/sys_common/backtrace.rs:46:22
[INFO] [stdout]    4:     0x560dc639914c - core::fmt::write::h3381b3176fe2b3d3
[INFO] [stdout]                                at /rustc/53fd98ca776cb875bc9e5514f56b52eb74f9e7a9/library/core/src/fmt/mod.rs:1115:17
[INFO] [stdout]    5:     0x560dc63732e5 - std::io::Write::write_fmt::h5f34a676f60246b5
[INFO] [stdout]                                at /rustc/53fd98ca776cb875bc9e5514f56b52eb74f9e7a9/library/std/src/io/mod.rs:1665:15
[INFO] [stdout]    6:     0x560dc637854b - std::sys_common::backtrace::_print::ha537687d6c17dd0d
[INFO] [stdout]                                at /rustc/53fd98ca776cb875bc9e5514f56b52eb74f9e7a9/library/std/src/sys_common/backtrace.rs:49:5
[INFO] [stdout]    7:     0x560dc637854b - std::sys_common::backtrace::print::h61376ae57d131d72
[INFO] [stdout]                                at /rustc/53fd98ca776cb875bc9e5514f56b52eb74f9e7a9/library/std/src/sys_common/backtrace.rs:36:9
[INFO] [stdout]    8:     0x560dc637854b - std::panicking::default_hook::{{closure}}::h0f7208c0b9644a54
[INFO] [stderr] error: test failed, to rerun pass '--lib'
[INFO] [stdout]                                at /rustc/53fd98ca776cb875bc9e5514f56b52eb74f9e7a9/library/std/src/panicking.rs:208:50
[INFO] [stdout]    9:     0x560dc637805c - std::panicking::default_hook::hdac7fc06578c14ce
[INFO] [stdout]                                at /rustc/53fd98ca776cb875bc9e5514f56b52eb74f9e7a9/library/std/src/panicking.rs:222:9
[INFO] [stdout]   10:     0x560dc6378c14 - std::panicking::rust_panic_with_hook::h72b21c283da3d1ef
[INFO] [stdout]                                at /rustc/53fd98ca776cb875bc9e5514f56b52eb74f9e7a9/library/std/src/panicking.rs:622:17
[INFO] [stdout]   11:     0x560dc63786f7 - std::panicking::begin_panic_handler::{{closure}}::he5778f1729cff84a
[INFO] [stdout]                                at /rustc/53fd98ca776cb875bc9e5514f56b52eb74f9e7a9/library/std/src/panicking.rs:519:13
[INFO] [stdout]   12:     0x560dc63768ac - std::sys_common::backtrace::__rust_end_short_backtrace::h2d11ca8b453b4b1d
[INFO] [stdout]                                at /rustc/53fd98ca776cb875bc9e5514f56b52eb74f9e7a9/library/std/src/sys_common/backtrace.rs:141:18
[INFO] [stdout]   13:     0x560dc6378659 - rust_begin_unwind
[INFO] [stdout]                                at /rustc/53fd98ca776cb875bc9e5514f56b52eb74f9e7a9/library/std/src/panicking.rs:515:5
[INFO] [stdout]   14:     0x560dc6304051 - core::panicking::panic_fmt::hf9de31d4acbce4db
[INFO] [stdout]                                at /rustc/53fd98ca776cb875bc9e5514f56b52eb74f9e7a9/library/core/src/panicking.rs:92:14
[INFO] [stdout]   15:     0x560dc6303f43 - core::option::expect_failed::h954fc73c60f6b468
[INFO] [stdout]                                at /rustc/53fd98ca776cb875bc9e5514f56b52eb74f9e7a9/library/core/src/option.rs:1578:5
[INFO] [stdout]   16:     0x560dc6324016 - core::option::Option<T>::expect::h8558703b1c67eec4
[INFO] [stdout]                                at /rustc/53fd98ca776cb875bc9e5514f56b52eb74f9e7a9/library/core/src/option.rs:685:21
[INFO] [stdout]   17:     0x560dc6324016 - yobmef::search::Searcher::search::h6965ba9848135e7a
[INFO] [stdout]                                at /opt/rustwide/workdir/src/search.rs:135:22
[INFO] [stdout]   18:     0x560dc6309d8f - yobmef::search::Searcher::search_timed::he168e4c63466f40d
[INFO] [stdout]                                at /opt/rustwide/workdir/src/search.rs:104:9
[INFO] [stdout]   19:     0x560dc6309d8f - yobmef::search::tests::test_think_time_10ms::h95fc93e5c9433a1b
[INFO] [stdout]                                at /opt/rustwide/workdir/src/search.rs:399:17
[INFO] [stdout]   20:     0x560dc6357fe3 - core::ops::function::FnOnce::call_once::hbb52c4519d3137b0
[INFO] [stdout]                                at /rustc/53fd98ca776cb875bc9e5514f56b52eb74f9e7a9/library/core/src/ops/function.rs:227:5
[INFO] [stdout]   21:     0x560dc6357fe3 - test::__rust_begin_short_backtrace::h86fe3a2a5a5121af
[INFO] [stdout]                                at /rustc/53fd98ca776cb875bc9e5514f56b52eb74f9e7a9/library/test/src/lib.rs:578:5
[INFO] [stdout]   22:     0x560dc6356a98 - <alloc::boxed::Box<F,A> as core::ops::function::FnOnce<Args>>::call_once::hfd956bc3d57399be
[INFO] [stdout]                                at /rustc/53fd98ca776cb875bc9e5514f56b52eb74f9e7a9/library/alloc/src/boxed.rs:1572:9
[INFO] [stdout]   23:     0x560dc6356a98 - <std::panic::AssertUnwindSafe<F> as core::ops::function::FnOnce<()>>::call_once::h40dc93e0ddb5938a
[INFO] [stdout]                                at /rustc/53fd98ca776cb875bc9e5514f56b52eb74f9e7a9/library/std/src/panic.rs:347:9
[INFO] [stdout]   24:     0x560dc6356a98 - std::panicking::try::do_call::h90d07750cb47c562
[INFO] [stdout]                                at /rustc/53fd98ca776cb875bc9e5514f56b52eb74f9e7a9/library/std/src/panicking.rs:401:40
[INFO] [stdout]   25:     0x560dc6356a98 - std::panicking::try::h063c84733ad2a629
[INFO] [stdout]                                at /rustc/53fd98ca776cb875bc9e5514f56b52eb74f9e7a9/library/std/src/panicking.rs:365:19
[INFO] [stdout]   26:     0x560dc6356a98 - std::panic::catch_unwind::h0c464836a84e7c08
[INFO] [stdout]                                at /rustc/53fd98ca776cb875bc9e5514f56b52eb74f9e7a9/library/std/src/panic.rs:434:14
[INFO] [stdout]   27:     0x560dc6356a98 - test::run_test_in_process::h5cb06ef620b157fc
[INFO] [stdout]                                at /rustc/53fd98ca776cb875bc9e5514f56b52eb74f9e7a9/library/test/src/lib.rs:601:18
[INFO] [stdout]   28:     0x560dc6356a98 - test::run_test::run_test_inner::{{closure}}::h76f677f4b93f9828
[INFO] [stdout]                                at /rustc/53fd98ca776cb875bc9e5514f56b52eb74f9e7a9/library/test/src/lib.rs:493:39
[INFO] [stdout]   29:     0x560dc632522d - test::run_test::run_test_inner::{{closure}}::h366d01fe04f4d67a
[INFO] [stdout]                                at /rustc/53fd98ca776cb875bc9e5514f56b52eb74f9e7a9/library/test/src/lib.rs:520:37
[INFO] [stdout]   30:     0x560dc632522d - std::sys_common::backtrace::__rust_begin_short_backtrace::h7dfa0de4eb395af2
[INFO] [stdout]                                at /rustc/53fd98ca776cb875bc9e5514f56b52eb74f9e7a9/library/std/src/sys_common/backtrace.rs:125:18
[INFO] [stdout]   31:     0x560dc63299f8 - std::thread::Builder::spawn_unchecked::{{closure}}::{{closure}}::hf0a74bb58798037f
[INFO] [stdout]                                at /rustc/53fd98ca776cb875bc9e5514f56b52eb74f9e7a9/library/std/src/thread/mod.rs:476:17
[INFO] [stdout]   32:     0x560dc63299f8 - <std::panic::AssertUnwindSafe<F> as core::ops::function::FnOnce<()>>::call_once::hb024e854818586ac
[INFO] [stdout]                                at /rustc/53fd98ca776cb875bc9e5514f56b52eb74f9e7a9/library/std/src/panic.rs:347:9
[INFO] [stdout]   33:     0x560dc63299f8 - std::panicking::try::do_call::hb2dd9f1d0d48e41d
[INFO] [stdout]                                at /rustc/53fd98ca776cb875bc9e5514f56b52eb74f9e7a9/library/std/src/panicking.rs:401:40
[INFO] [stdout]   34:     0x560dc63299f8 - std::panicking::try::h4717ae7bac8b2bf3
[INFO] [stdout]                                at /rustc/53fd98ca776cb875bc9e5514f56b52eb74f9e7a9/library/std/src/panicking.rs:365:19
[INFO] [stdout]   35:     0x560dc63299f8 - std::panic::catch_unwind::h0dc8a061326ce8d8
[INFO] [stdout]                                at /rustc/53fd98ca776cb875bc9e5514f56b52eb74f9e7a9/library/std/src/panic.rs:434:14
[INFO] [stdout]   36:     0x560dc63299f8 - std::thread::Builder::spawn_unchecked::{{closure}}::haa369e2d6fd00aa1
[INFO] [stdout]                                at /rustc/53fd98ca776cb875bc9e5514f56b52eb74f9e7a9/library/std/src/thread/mod.rs:475:30
[INFO] [stdout]   37:     0x560dc63299f8 - core::ops::function::FnOnce::call_once{{vtable.shim}}::h36dcf3de8b056f17
[INFO] [stdout]                                at /rustc/53fd98ca776cb875bc9e5514f56b52eb74f9e7a9/library/core/src/ops/function.rs:227:5
[INFO] [stdout]   38:     0x560dc637d787 - <alloc::boxed::Box<F,A> as core::ops::function::FnOnce<Args>>::call_once::h65c29e4642be2358
[INFO] [stdout]                                at /rustc/53fd98ca776cb875bc9e5514f56b52eb74f9e7a9/library/alloc/src/boxed.rs:1572:9
[INFO] [stdout]   39:     0x560dc637d787 - <alloc::boxed::Box<F,A> as core::ops::function::FnOnce<Args>>::call_once::hd0f8f7fbbd9fffbf
[INFO] [stdout]                                at /rustc/53fd98ca776cb875bc9e5514f56b52eb74f9e7a9/library/alloc/src/boxed.rs:1572:9
[INFO] [stdout]   40:     0x560dc637d787 - std::sys::unix::thread::Thread::new::thread_start::h2fd22fee3ca77b65
[INFO] [stdout]                                at /rustc/53fd98ca776cb875bc9e5514f56b52eb74f9e7a9/library/std/src/sys/unix/thread.rs:74:17
[INFO] [stdout]   41:     0x7f1099022609 - start_thread
[INFO] [stdout]   42:     0x7f10992ad293 - clone
[INFO] [stdout]   43:                0x0 - <unknown>
[INFO] [stdout] 
[INFO] [stdout] 
[INFO] [stdout] failures:
[INFO] [stdout]     search::tests::test_think_time_10ms
[INFO] [stdout] 
[INFO] [stdout] test result: FAILED. 83 passed; 1 failed; 2 ignored; 0 measured; 0 filtered out; finished in 7.82s
[INFO] [stdout] 
[INFO] running `Command { std: "docker" "inspect" "04899c6939d9634b6038597e420b532673d0c1b4a90d87727fac77dfba8dbc6c", kill_on_drop: false }`
[INFO] running `Command { std: "docker" "rm" "-f" "04899c6939d9634b6038597e420b532673d0c1b4a90d87727fac77dfba8dbc6c", kill_on_drop: false }`
[INFO] [stdout] 04899c6939d9634b6038597e420b532673d0c1b4a90d87727fac77dfba8dbc6c
