[INFO] cloning repository https://github.com/pvdklei/ppga
[INFO] running `Command { std: "git" "-c" "credential.helper=" "-c" "credential.helper=/workspace/cargo-home/bin/git-credential-null" "clone" "--bare" "https://github.com/pvdklei/ppga" "/workspace/cache/git-repos/https%3A%2F%2Fgithub.com%2Fpvdklei%2Fppga", kill_on_drop: false }`
[INFO] [stderr] Cloning into bare repository '/workspace/cache/git-repos/https%3A%2F%2Fgithub.com%2Fpvdklei%2Fppga'...
[INFO] running `Command { std: "git" "rev-parse" "HEAD", kill_on_drop: false }`
[INFO] [stdout] ae7dd325c82c5f728afcb2fa767da9f7d05f83e7
[INFO] testing pvdklei/ppga against beta-2021-08-01 for beta-1.55-1
[INFO] running `Command { std: "git" "clone" "/workspace/cache/git-repos/https%3A%2F%2Fgithub.com%2Fpvdklei%2Fppga" "/workspace/builds/worker-15/source", kill_on_drop: false }`
[INFO] [stderr] Cloning into '/workspace/builds/worker-15/source'...
[INFO] [stderr] done.
[INFO] validating manifest of git repo https://github.com/pvdklei/ppga on toolchain beta-2021-08-01
[INFO] running `Command { std: "/workspace/cargo-home/bin/cargo" "+beta-2021-08-01" "metadata" "--manifest-path" "Cargo.toml" "--no-deps", kill_on_drop: false }`
[INFO] started tweaking git repo https://github.com/pvdklei/ppga
[INFO] finished tweaking git repo https://github.com/pvdklei/ppga
[INFO] tweaked toml for git repo https://github.com/pvdklei/ppga written to /workspace/builds/worker-15/source/Cargo.toml
[INFO] running `Command { std: "/workspace/cargo-home/bin/cargo" "+beta-2021-08-01" "generate-lockfile" "--manifest-path" "Cargo.toml" "-Zno-index-update", kill_on_drop: false }`
[INFO] running `Command { std: "/workspace/cargo-home/bin/cargo" "+beta-2021-08-01" "fetch" "--manifest-path" "Cargo.toml", kill_on_drop: false }`
[INFO] [stderr]  Downloading crates ...
[INFO] [stderr]   Downloaded nalgebra v0.24.1
[INFO] [stderr]   Downloaded na v0.24.0
[INFO] running `Command { std: "docker" "create" "-v" "/var/lib/crater-agent-workspace/builds/worker-15/target:/opt/rustwide/target:rw,Z" "-v" "/var/lib/crater-agent-workspace/builds/worker-15/source:/opt/rustwide/workdir:ro,Z" "-v" "/var/lib/crater-agent-workspace/cargo-home:/opt/rustwide/cargo-home:ro,Z" "-v" "/var/lib/crater-agent-workspace/rustup-home:/opt/rustwide/rustup-home:ro,Z" "-e" "SOURCE_DIR=/opt/rustwide/workdir" "-e" "CARGO_TARGET_DIR=/opt/rustwide/target" "-e" "CARGO_HOME=/opt/rustwide/cargo-home" "-e" "RUSTUP_HOME=/opt/rustwide/rustup-home" "-w" "/opt/rustwide/workdir" "-m" "1610612736" "--user" "0:0" "--network" "none" "ghcr.io/rust-lang/crates-build-env/linux@sha256:34b6a614d2c27851fe6cbf88fbd1137609cefab8b10d0615aaeb6fd47975d74e" "/opt/rustwide/cargo-home/bin/cargo" "+beta-2021-08-01" "metadata" "--no-deps" "--format-version=1", kill_on_drop: false }`
[INFO] [stdout] 22b12b260a9eeb6fb6b08838fc06fe515fee3ea0c8bbcf2b9aaebf8b4da687dd
[INFO] running `Command { std: "docker" "start" "-a" "22b12b260a9eeb6fb6b08838fc06fe515fee3ea0c8bbcf2b9aaebf8b4da687dd", kill_on_drop: false }`
[INFO] running `Command { std: "docker" "inspect" "22b12b260a9eeb6fb6b08838fc06fe515fee3ea0c8bbcf2b9aaebf8b4da687dd", kill_on_drop: false }`
[INFO] running `Command { std: "docker" "rm" "-f" "22b12b260a9eeb6fb6b08838fc06fe515fee3ea0c8bbcf2b9aaebf8b4da687dd", kill_on_drop: false }`
[INFO] [stdout] 22b12b260a9eeb6fb6b08838fc06fe515fee3ea0c8bbcf2b9aaebf8b4da687dd
[INFO] running `Command { std: "docker" "create" "-v" "/var/lib/crater-agent-workspace/builds/worker-15/target:/opt/rustwide/target:rw,Z" "-v" "/var/lib/crater-agent-workspace/builds/worker-15/source:/opt/rustwide/workdir:ro,Z" "-v" "/var/lib/crater-agent-workspace/cargo-home:/opt/rustwide/cargo-home:ro,Z" "-v" "/var/lib/crater-agent-workspace/rustup-home:/opt/rustwide/rustup-home:ro,Z" "-e" "SOURCE_DIR=/opt/rustwide/workdir" "-e" "CARGO_TARGET_DIR=/opt/rustwide/target" "-e" "CARGO_INCREMENTAL=0" "-e" "RUST_BACKTRACE=full" "-e" "RUSTFLAGS=--cap-lints=warn" "-e" "CARGO_HOME=/opt/rustwide/cargo-home" "-e" "RUSTUP_HOME=/opt/rustwide/rustup-home" "-w" "/opt/rustwide/workdir" "-m" "1610612736" "--user" "0:0" "--network" "none" "ghcr.io/rust-lang/crates-build-env/linux@sha256:34b6a614d2c27851fe6cbf88fbd1137609cefab8b10d0615aaeb6fd47975d74e" "/opt/rustwide/cargo-home/bin/cargo" "+beta-2021-08-01" "build" "--frozen" "--message-format=json", kill_on_drop: false }`
[INFO] [stdout] 016133a0bece2781edc2afedfdf464d552312e12473fece94539005bcf482cbe
[INFO] running `Command { std: "docker" "start" "-a" "016133a0bece2781edc2afedfdf464d552312e12473fece94539005bcf482cbe", kill_on_drop: false }`
[INFO] [stderr]    Compiling libc v0.2.98
[INFO] [stderr]    Compiling getrandom v0.1.16
[INFO] [stderr]    Compiling paste v1.0.5
[INFO] [stderr]    Compiling num-integer v0.1.44
[INFO] [stderr]    Compiling approx v0.4.0
[INFO] [stderr]    Compiling num-rational v0.3.2
[INFO] [stderr]    Compiling simba v0.3.1
[INFO] [stderr]    Compiling getrandom v0.2.3
[INFO] [stderr]    Compiling rand_core v0.6.3
[INFO] [stderr]    Compiling rand_core v0.5.1
[INFO] [stderr]    Compiling rand_chacha v0.3.1
[INFO] [stderr]    Compiling rand_chacha v0.2.2
[INFO] [stderr]    Compiling rand v0.8.4
[INFO] [stderr]    Compiling rand v0.7.3
[INFO] [stderr]    Compiling rand_distr v0.3.0
[INFO] [stderr]    Compiling nalgebra v0.24.1
[INFO] [stderr]    Compiling na v0.24.0
[INFO] [stderr]    Compiling ppga v0.1.0 (/opt/rustwide/workdir)
[INFO] [stdout] warning: unused variable: `m`
[INFO] [stdout]   --> src/motor.rs:28:17
[INFO] [stdout]    |
[INFO] [stdout] 28 |         let mut m = Self::one();
[INFO] [stdout]    |                 ^ help: if this is intentional, prefix it with an underscore: `_m`
[INFO] [stdout]    |
[INFO] [stdout]    = note: `#[warn(unused_variables)]` on by default
[INFO] [stdout] 
[INFO] [stdout] 
[INFO] [stdout] warning: unused variable: `q`
[INFO] [stdout]   --> src/motor.rs:29:17
[INFO] [stdout]    |
[INFO] [stdout] 29 |         let mut q = Self::one();
[INFO] [stdout]    |                 ^ help: if this is intentional, prefix it with an underscore: `_q`
[INFO] [stdout] 
[INFO] [stdout] 
[INFO] [stdout] warning: unused variable: `p`
[INFO] [stdout]   --> src/motor.rs:30:17
[INFO] [stdout]    |
[INFO] [stdout] 30 |         let mut p = Self::one();
[INFO] [stdout]    |                 ^ help: if this is intentional, prefix it with an underscore: `_p`
[INFO] [stdout] 
[INFO] [stdout] 
[INFO] [stdout] warning: unused variable: `a`
[INFO] [stdout]   --> src/motor.rs:31:14
[INFO] [stdout]    |
[INFO] [stdout] 31 |         for (a, b) in g.iter() {}
[INFO] [stdout]    |              ^ help: if this is intentional, prefix it with an underscore: `_a`
[INFO] [stdout] 
[INFO] [stdout] 
[INFO] [stdout] warning: unused variable: `b`
[INFO] [stdout]   --> src/motor.rs:31:17
[INFO] [stdout]    |
[INFO] [stdout] 31 |         for (a, b) in g.iter() {}
[INFO] [stdout]    |                 ^ help: if this is intentional, prefix it with an underscore: `_b`
[INFO] [stdout] 
[INFO] [stdout] 
[INFO] [stdout] warning: variable does not need to be mutable
[INFO] [stdout]   --> src/motor.rs:28:13
[INFO] [stdout]    |
[INFO] [stdout] 28 |         let mut m = Self::one();
[INFO] [stdout]    |             ----^
[INFO] [stdout]    |             |
[INFO] [stdout]    |             help: remove this `mut`
[INFO] [stdout]    |
[INFO] [stdout]    = note: `#[warn(unused_mut)]` on by default
[INFO] [stdout] 
[INFO] [stdout] 
[INFO] [stdout] warning: variable does not need to be mutable
[INFO] [stdout]   --> src/motor.rs:29:13
[INFO] [stdout]    |
[INFO] [stdout] 29 |         let mut q = Self::one();
[INFO] [stdout]    |             ----^
[INFO] [stdout]    |             |
[INFO] [stdout]    |             help: remove this `mut`
[INFO] [stdout] 
[INFO] [stdout] 
[INFO] [stdout] warning: variable does not need to be mutable
[INFO] [stdout]   --> src/motor.rs:30:13
[INFO] [stdout]    |
[INFO] [stdout] 30 |         let mut p = Self::one();
[INFO] [stdout]    |             ----^
[INFO] [stdout]    |             |
[INFO] [stdout]    |             help: remove this `mut`
[INFO] [stdout] 
[INFO] [stdout] 
[INFO] [stdout] warning: 8 warnings emitted
[INFO] [stdout] 
[INFO] [stdout] 
[INFO] [stderr]     Finished dev [unoptimized + debuginfo] target(s) in 36.86s
[INFO] running `Command { std: "docker" "inspect" "016133a0bece2781edc2afedfdf464d552312e12473fece94539005bcf482cbe", kill_on_drop: false }`
[INFO] running `Command { std: "docker" "rm" "-f" "016133a0bece2781edc2afedfdf464d552312e12473fece94539005bcf482cbe", kill_on_drop: false }`
[INFO] [stdout] 016133a0bece2781edc2afedfdf464d552312e12473fece94539005bcf482cbe
[INFO] running `Command { std: "docker" "create" "-v" "/var/lib/crater-agent-workspace/builds/worker-15/target:/opt/rustwide/target:rw,Z" "-v" "/var/lib/crater-agent-workspace/builds/worker-15/source:/opt/rustwide/workdir:ro,Z" "-v" "/var/lib/crater-agent-workspace/cargo-home:/opt/rustwide/cargo-home:ro,Z" "-v" "/var/lib/crater-agent-workspace/rustup-home:/opt/rustwide/rustup-home:ro,Z" "-e" "SOURCE_DIR=/opt/rustwide/workdir" "-e" "CARGO_TARGET_DIR=/opt/rustwide/target" "-e" "CARGO_INCREMENTAL=0" "-e" "RUST_BACKTRACE=full" "-e" "RUSTFLAGS=--cap-lints=warn" "-e" "CARGO_HOME=/opt/rustwide/cargo-home" "-e" "RUSTUP_HOME=/opt/rustwide/rustup-home" "-w" "/opt/rustwide/workdir" "-m" "1610612736" "--user" "0:0" "--network" "none" "ghcr.io/rust-lang/crates-build-env/linux@sha256:34b6a614d2c27851fe6cbf88fbd1137609cefab8b10d0615aaeb6fd47975d74e" "/opt/rustwide/cargo-home/bin/cargo" "+beta-2021-08-01" "test" "--frozen" "--no-run" "--message-format=json", kill_on_drop: false }`
[INFO] [stdout] dbc71aa73f925b0f15875e6b37d2efa32d910864d96dec4274726a8f9c49dcfa
[INFO] running `Command { std: "docker" "start" "-a" "dbc71aa73f925b0f15875e6b37d2efa32d910864d96dec4274726a8f9c49dcfa", kill_on_drop: false }`
[INFO] [stderr]    Compiling ppga v0.1.0 (/opt/rustwide/workdir)
[INFO] [stdout] warning: unused variable: `m`
[INFO] [stdout]   --> src/motor.rs:28:17
[INFO] [stdout]    |
[INFO] [stdout] 28 |         let mut m = Self::one();
[INFO] [stdout]    |                 ^ help: if this is intentional, prefix it with an underscore: `_m`
[INFO] [stdout]    |
[INFO] [stdout]    = note: `#[warn(unused_variables)]` on by default
[INFO] [stdout] 
[INFO] [stdout] 
[INFO] [stdout] warning: unused variable: `q`
[INFO] [stdout]   --> src/motor.rs:29:17
[INFO] [stdout]    |
[INFO] [stdout] 29 |         let mut q = Self::one();
[INFO] [stdout]    |                 ^ help: if this is intentional, prefix it with an underscore: `_q`
[INFO] [stdout] 
[INFO] [stdout] 
[INFO] [stdout] warning: unused variable: `p`
[INFO] [stdout]   --> src/motor.rs:30:17
[INFO] [stdout]    |
[INFO] [stdout] 30 |         let mut p = Self::one();
[INFO] [stdout]    |                 ^ help: if this is intentional, prefix it with an underscore: `_p`
[INFO] [stdout] 
[INFO] [stdout] 
[INFO] [stdout] warning: unused variable: `a`
[INFO] [stdout]   --> src/motor.rs:31:14
[INFO] [stdout]    |
[INFO] [stdout] 31 |         for (a, b) in g.iter() {}
[INFO] [stdout]    |              ^ help: if this is intentional, prefix it with an underscore: `_a`
[INFO] [stdout] 
[INFO] [stdout] 
[INFO] [stdout] warning: unused variable: `b`
[INFO] [stdout]   --> src/motor.rs:31:17
[INFO] [stdout]    |
[INFO] [stdout] 31 |         for (a, b) in g.iter() {}
[INFO] [stdout]    |                 ^ help: if this is intentional, prefix it with an underscore: `_b`
[INFO] [stdout] 
[INFO] [stdout] 
[INFO] [stdout] warning: variable does not need to be mutable
[INFO] [stdout]   --> src/motor.rs:28:13
[INFO] [stdout]    |
[INFO] [stdout] 28 |         let mut m = Self::one();
[INFO] [stdout]    |             ----^
[INFO] [stdout]    |             |
[INFO] [stdout]    |             help: remove this `mut`
[INFO] [stdout]    |
[INFO] [stdout]    = note: `#[warn(unused_mut)]` on by default
[INFO] [stdout] 
[INFO] [stdout] 
[INFO] [stdout] warning: variable does not need to be mutable
[INFO] [stdout]   --> src/motor.rs:29:13
[INFO] [stdout]    |
[INFO] [stdout] 29 |         let mut q = Self::one();
[INFO] [stdout]    |             ----^
[INFO] [stdout]    |             |
[INFO] [stdout]    |             help: remove this `mut`
[INFO] [stdout] 
[INFO] [stdout] 
[INFO] [stdout] warning: variable does not need to be mutable
[INFO] [stdout]   --> src/motor.rs:30:13
[INFO] [stdout]    |
[INFO] [stdout] 30 |         let mut p = Self::one();
[INFO] [stdout]    |             ----^
[INFO] [stdout]    |             |
[INFO] [stdout]    |             help: remove this `mut`
[INFO] [stdout] 
[INFO] [stdout] 
[INFO] [stdout] warning: 8 warnings emitted
[INFO] [stdout] 
[INFO] [stdout] 
[INFO] [stdout] warning: unused variable: `p`
[INFO] [stdout]    --> src/line.rs:361:13
[INFO] [stdout]     |
[INFO] [stdout] 361 |         let p = Point::random();
[INFO] [stdout]     |             ^ help: if this is intentional, prefix it with an underscore: `_p`
[INFO] [stdout]     |
[INFO] [stdout]     = note: `#[warn(unused_variables)]` on by default
[INFO] [stdout] 
[INFO] [stdout] 
[INFO] [stdout] warning: unused variable: `m`
[INFO] [stdout]   --> src/motor.rs:28:17
[INFO] [stdout]    |
[INFO] [stdout] 28 |         let mut m = Self::one();
[INFO] [stdout]    |                 ^ help: if this is intentional, prefix it with an underscore: `_m`
[INFO] [stdout] 
[INFO] [stdout] 
[INFO] [stdout] warning: unused variable: `q`
[INFO] [stdout]   --> src/motor.rs:29:17
[INFO] [stdout]    |
[INFO] [stdout] 29 |         let mut q = Self::one();
[INFO] [stdout]    |                 ^ help: if this is intentional, prefix it with an underscore: `_q`
[INFO] [stdout] 
[INFO] [stdout] 
[INFO] [stdout] warning: unused variable: `p`
[INFO] [stdout]   --> src/motor.rs:30:17
[INFO] [stdout]    |
[INFO] [stdout] 30 |         let mut p = Self::one();
[INFO] [stdout]    |                 ^ help: if this is intentional, prefix it with an underscore: `_p`
[INFO] [stdout] 
[INFO] [stdout] 
[INFO] [stdout] warning: unused variable: `a`
[INFO] [stdout]   --> src/motor.rs:31:14
[INFO] [stdout]    |
[INFO] [stdout] 31 |         for (a, b) in g.iter() {}
[INFO] [stdout]    |              ^ help: if this is intentional, prefix it with an underscore: `_a`
[INFO] [stdout] 
[INFO] [stdout] 
[INFO] [stdout] warning: unused variable: `b`
[INFO] [stdout]   --> src/motor.rs:31:17
[INFO] [stdout]    |
[INFO] [stdout] 31 |         for (a, b) in g.iter() {}
[INFO] [stdout]    |                 ^ help: if this is intentional, prefix it with an underscore: `_b`
[INFO] [stdout] 
[INFO] [stdout] 
[INFO] [stdout] warning: variable does not need to be mutable
[INFO] [stdout]   --> src/motor.rs:28:13
[INFO] [stdout]    |
[INFO] [stdout] 28 |         let mut m = Self::one();
[INFO] [stdout]    |             ----^
[INFO] [stdout]    |             |
[INFO] [stdout]    |             help: remove this `mut`
[INFO] [stdout]    |
[INFO] [stdout]    = note: `#[warn(unused_mut)]` on by default
[INFO] [stdout] 
[INFO] [stdout] 
[INFO] [stdout] warning: variable does not need to be mutable
[INFO] [stdout]   --> src/motor.rs:29:13
[INFO] [stdout]    |
[INFO] [stdout] 29 |         let mut q = Self::one();
[INFO] [stdout]    |             ----^
[INFO] [stdout]    |             |
[INFO] [stdout]    |             help: remove this `mut`
[INFO] [stdout] 
[INFO] [stdout] 
[INFO] [stdout] warning: variable does not need to be mutable
[INFO] [stdout]   --> src/motor.rs:30:13
[INFO] [stdout]    |
[INFO] [stdout] 30 |         let mut p = Self::one();
[INFO] [stdout]    |             ----^
[INFO] [stdout]    |             |
[INFO] [stdout]    |             help: remove this `mut`
[INFO] [stdout] 
[INFO] [stdout] 
[INFO] [stdout] warning: 9 warnings emitted
[INFO] [stdout] 
[INFO] [stdout] 
[INFO] [stderr]     Finished test [unoptimized + debuginfo] target(s) in 1.35s
[INFO] running `Command { std: "docker" "inspect" "dbc71aa73f925b0f15875e6b37d2efa32d910864d96dec4274726a8f9c49dcfa", kill_on_drop: false }`
[INFO] running `Command { std: "docker" "rm" "-f" "dbc71aa73f925b0f15875e6b37d2efa32d910864d96dec4274726a8f9c49dcfa", kill_on_drop: false }`
[INFO] [stdout] dbc71aa73f925b0f15875e6b37d2efa32d910864d96dec4274726a8f9c49dcfa
[INFO] running `Command { std: "docker" "create" "-v" "/var/lib/crater-agent-workspace/builds/worker-15/target:/opt/rustwide/target:rw,Z" "-v" "/var/lib/crater-agent-workspace/builds/worker-15/source:/opt/rustwide/workdir:ro,Z" "-v" "/var/lib/crater-agent-workspace/cargo-home:/opt/rustwide/cargo-home:ro,Z" "-v" "/var/lib/crater-agent-workspace/rustup-home:/opt/rustwide/rustup-home:ro,Z" "-e" "SOURCE_DIR=/opt/rustwide/workdir" "-e" "CARGO_TARGET_DIR=/opt/rustwide/target" "-e" "CARGO_INCREMENTAL=0" "-e" "RUST_BACKTRACE=full" "-e" "RUSTFLAGS=--cap-lints=warn" "-e" "CARGO_HOME=/opt/rustwide/cargo-home" "-e" "RUSTUP_HOME=/opt/rustwide/rustup-home" "-w" "/opt/rustwide/workdir" "-m" "1610612736" "--user" "0:0" "--network" "none" "ghcr.io/rust-lang/crates-build-env/linux@sha256:34b6a614d2c27851fe6cbf88fbd1137609cefab8b10d0615aaeb6fd47975d74e" "/opt/rustwide/cargo-home/bin/cargo" "+beta-2021-08-01" "test" "--frozen", kill_on_drop: false }`
[INFO] [stdout] 054edb1b8b3ad8cae1bb774288510a497c181b3d098af3ce27eeaed12a9475aa
[INFO] running `Command { std: "docker" "start" "-a" "054edb1b8b3ad8cae1bb774288510a497c181b3d098af3ce27eeaed12a9475aa", kill_on_drop: false }`
[INFO] [stderr] warning: unused variable: `m`
[INFO] [stderr]   --> src/motor.rs:28:17
[INFO] [stderr]    |
[INFO] [stderr] 28 |         let mut m = Self::one();
[INFO] [stderr]    |                 ^ help: if this is intentional, prefix it with an underscore: `_m`
[INFO] [stderr]    |
[INFO] [stderr]    = note: `#[warn(unused_variables)]` on by default
[INFO] [stderr] 
[INFO] [stderr] warning: unused variable: `q`
[INFO] [stderr]   --> src/motor.rs:29:17
[INFO] [stderr]    |
[INFO] [stderr] 29 |         let mut q = Self::one();
[INFO] [stderr]    |                 ^ help: if this is intentional, prefix it with an underscore: `_q`
[INFO] [stderr] 
[INFO] [stderr] warning: unused variable: `p`
[INFO] [stderr]   --> src/motor.rs:30:17
[INFO] [stderr]    |
[INFO] [stderr] 30 |         let mut p = Self::one();
[INFO] [stderr]    |                 ^ help: if this is intentional, prefix it with an underscore: `_p`
[INFO] [stderr] 
[INFO] [stderr] warning: unused variable: `a`
[INFO] [stderr]   --> src/motor.rs:31:14
[INFO] [stderr]    |
[INFO] [stderr] 31 |         for (a, b) in g.iter() {}
[INFO] [stderr]    |              ^ help: if this is intentional, prefix it with an underscore: `_a`
[INFO] [stderr] 
[INFO] [stderr] warning: unused variable: `b`
[INFO] [stderr]   --> src/motor.rs:31:17
[INFO] [stderr]    |
[INFO] [stderr] 31 |         for (a, b) in g.iter() {}
[INFO] [stderr]    |                 ^ help: if this is intentional, prefix it with an underscore: `_b`
[INFO] [stderr] 
[INFO] [stderr] warning: variable does not need to be mutable
[INFO] [stderr]   --> src/motor.rs:28:13
[INFO] [stderr]    |
[INFO] [stderr] 28 |         let mut m = Self::one();
[INFO] [stderr]    |             ----^
[INFO] [stderr]    |             |
[INFO] [stderr]    |             help: remove this `mut`
[INFO] [stderr]    |
[INFO] [stderr]    = note: `#[warn(unused_mut)]` on by default
[INFO] [stderr] 
[INFO] [stderr] warning: variable does not need to be mutable
[INFO] [stderr]   --> src/motor.rs:29:13
[INFO] [stderr]    |
[INFO] [stderr] 29 |         let mut q = Self::one();
[INFO] [stderr]    |             ----^
[INFO] [stderr]    |             |
[INFO] [stderr]    |             help: remove this `mut`
[INFO] [stderr] 
[INFO] [stderr] warning: variable does not need to be mutable
[INFO] [stderr]   --> src/motor.rs:30:13
[INFO] [stderr]    |
[INFO] [stderr] 30 |         let mut p = Self::one();
[INFO] [stderr]    |             ----^
[INFO] [stderr]    |             |
[INFO] [stderr]    |             help: remove this `mut`
[INFO] [stderr] 
[INFO] [stderr] warning: unused variable: `p`
[INFO] [stderr]    --> src/line.rs:361:13
[INFO] [stderr]     |
[INFO] [stderr] 361 |         let p = Point::random();
[INFO] [stderr]     |             ^ help: if this is intentional, prefix it with an underscore: `_p`
[INFO] [stderr]     |
[INFO] [stderr]     = note: `#[warn(unused_variables)]` on by default
[INFO] [stderr] 
[INFO] [stderr] warning: unused variable: `m`
[INFO] [stderr]   --> src/motor.rs:28:17
[INFO] [stderr]    |
[INFO] [stderr] 28 |         let mut m = Self::one();
[INFO] [stderr]    |                 ^ help: if this is intentional, prefix it with an underscore: `_m`
[INFO] [stderr] 
[INFO] [stderr] warning: `ppga` (lib) generated 8 warnings
[INFO] [stderr] warning: `ppga` (lib test) generated 9 warnings (7 duplicates)
[INFO] [stderr]     Finished test [unoptimized + debuginfo] target(s) in 0.03s
[INFO] [stderr]      Running unittests (/opt/rustwide/target/debug/deps/ppga-0ee0d6d54d67a21e)
[INFO] [stdout] 
[INFO] [stdout] running 41 tests
[INFO] [stdout] test join::tests::dual_meet_point_line ... ok
[INFO] [stdout] test join::tests::sanity2 ... ok
[INFO] [stdout] test join::tests::dual_meet_points ... ok
[INFO] [stdout] test join::tests::sanity1 ... ok
[INFO] [stdout] test line::tests::dual ... ok
[INFO] [stdout] test line::tests::exp_sanity1 ... ok
[INFO] [stdout] test line::tests::new ... ok
[INFO] [stdout] test meet::tests::sanity2 ... ok
[INFO] [stdout] test motor::tests::logrithm4 ... ok
[INFO] [stdout] test meet::tests::sanity1 ... ok
[INFO] [stdout] test motor::tests::apply_plane ... ok
[INFO] [stdout] test meet::tests::sanity3 ... ok
[INFO] [stdout] test line::tests::exp_sanity2 ... ok
[INFO] [stdout] test motor::tests::logrithm3 ... ok
[INFO] [stdout] test point::tests::dual ... ok
[INFO] [stdout] test plane::tests::move_to ... ok
[INFO] [stdout] test plane::tests::new ... ok
[INFO] [stdout] test point::tests::new ... ok
[INFO] [stdout] test line::tests::neg ... ok
[INFO] [stdout] test motor::tests::logarithm1 ... ok
[INFO] [stdout] test point::tests::move_to ... ok
[INFO] [stdout] test motor::tests::sqrt1 ... ok
[INFO] [stdout] test motor::tests::sqrt2 ... ok
[INFO] [stdout] test motor::tests::sqrt3 ... ok
[INFO] [stdout] test rotor::tests::ln ... ok
[INFO] [stdout] test rotor::tests::outer_ln ... ok
[INFO] [stdout] test line::tests::exp_sanity3 ... ok
[INFO] [stdout] test rotor::tests::qtangent ... ok
[INFO] [stdout] test rotor::tests::sanity1 ... ok
[INFO] [stdout] test translator::tests::new ... ok
[INFO] [stdout] test plane::tests::dual ... ok
[INFO] [stdout] test motor::tests::sqrt4 ... ok
[INFO] [stdout] test motor::tests::outer_exp ... ok
[INFO] [stdout] test motor::tests::sqrt5 ... ok
[INFO] [stdout] test motor::tests::point_corr ... ok
[INFO] [stdout] test line::tests::decompose ... ok
[INFO] [stdout] test motor::tests::cayley ... ok
[INFO] [stdout] test motor::tests::does_same_as_neg ... ok
[INFO] [stdout] test motor::tests::logarithm2 ... ok
[INFO] [stdout] test rotor::tests::for_steven ... FAILED
[INFO] [stdout] test rotor::tests::base ... FAILED
[INFO] [stdout] 
[INFO] [stdout] failures:
[INFO] [stdout] 
[INFO] [stdout] ---- rotor::tests::for_steven stdout ----
[INFO] [stdout] Motor { scalar: 0.15705796, v_bivector: [-1.228896, 0.23558694, -0.5498316], e_bivector: [0.0, 0.9875895, 0.0], pseudo: 1.4813843 }
[INFO] [stdout] Line { e_bivector: [0.0, 1.4130855, 0.0], v_bivector: [-1.7583572, 7.5041776, -0.7867227] }
[INFO] [stdout] Motor { scalar: 0.1570579, v_bivector: [-1.2288959, 11.667759, -0.5498316], e_bivector: [0.0, 0.9875894, 0.0], pseudo: 7.4110465 }
[INFO] [stdout] True Point After Motor Point { trivector: [1.0000001, -0.9960855, -2.8747427, 1.7017328] }
[INFO] [stdout] Point After Log Motor Point { trivector: [1.0, -0.9960855, -18.177912, 1.7017325] }
[INFO] [stdout] thread 'rotor::tests::for_steven' panicked at 'assertion failed: `(left == right)`
[INFO] [stdout]   left: `Motor { scalar: 0.15705796, v_bivector: [-1.228896, 0.23558694, -0.5498316], e_bivector: [0.0, 0.9875895, 0.0], pseudo: 1.4813843 }`,
[INFO] [stdout]  right: `Motor { scalar: 0.1570579, v_bivector: [-1.2288959, 11.667759, -0.5498316], e_bivector: [0.0, 0.9875894, 0.0], pseudo: 7.4110465 }`', src/rotor.rs:219:9
[INFO] [stdout] stack backtrace:
[INFO] [stdout]    0:     0x5560949aab40 - std::backtrace_rs::backtrace::libunwind::trace::hff4d1766e93f64f1
[INFO] [stdout]                                at /rustc/53fd98ca776cb875bc9e5514f56b52eb74f9e7a9/library/std/src/../../backtrace/src/backtrace/libunwind.rs:90:5
[INFO] [stdout]    1:     0x5560949aab40 - std::backtrace_rs::backtrace::trace_unsynchronized::h56bbc8eb78770bcb
[INFO] [stdout]                                at /rustc/53fd98ca776cb875bc9e5514f56b52eb74f9e7a9/library/std/src/../../backtrace/src/backtrace/mod.rs:66:5
[INFO] [stdout]    2:     0x5560949aab40 - std::sys_common::backtrace::_print_fmt::h5c8e75464faca780
[INFO] [stdout]                                at /rustc/53fd98ca776cb875bc9e5514f56b52eb74f9e7a9/library/std/src/sys_common/backtrace.rs:67:5
[INFO] [stdout]    3:     0x5560949aab40 - <std::sys_common::backtrace::_print::DisplayBacktrace as core::fmt::Display>::fmt::h48b88277def8b362
[INFO] [stdout]                                at /rustc/53fd98ca776cb875bc9e5514f56b52eb74f9e7a9/library/std/src/sys_common/backtrace.rs:46:22
[INFO] [stdout]    4:     0x5560949cdb7c - core::fmt::write::h3381b3176fe2b3d3
[INFO] [stdout]                                at /rustc/53fd98ca776cb875bc9e5514f56b52eb74f9e7a9/library/core/src/fmt/mod.rs:1115:17
[INFO] [stdout]    5:     0x5560949a7aa5 - std::io::Write::write_fmt::h5f34a676f60246b5
[INFO] [stdout]                                at /rustc/53fd98ca776cb875bc9e5514f56b52eb74f9e7a9/library/std/src/io/mod.rs:1665:15
[INFO] [stdout]    6:     0x5560949accbb - std::sys_common::backtrace::_print::ha537687d6c17dd0d
[INFO] [stdout]                                at /rustc/53fd98ca776cb875bc9e5514f56b52eb74f9e7a9/library/std/src/sys_common/backtrace.rs:49:5
[INFO] [stdout]    7:     0x5560949accbb - std::sys_common::backtrace::print::h61376ae57d131d72
[INFO] [stdout]                                at /rustc/53fd98ca776cb875bc9e5514f56b52eb74f9e7a9/library/std/src/sys_common/backtrace.rs:36:9
[INFO] [stdout]    8:     0x5560949accbb - std::panicking::default_hook::{{closure}}::h0f7208c0b9644a54
[INFO] [stdout]                                at /rustc/53fd98ca776cb875bc9e5514f56b52eb74f9e7a9/library/std/src/panicking.rs:208:50
[INFO] [stdout]    9:     0x5560949ac7cc - std::panicking::default_hook::hdac7fc06578c14ce
[INFO] [stdout]                                at /rustc/53fd98ca776cb875bc9e5514f56b52eb74f9e7a9/library/std/src/panicking.rs:222:9
[INFO] [stdout]   10:     0x5560949ad384 - std::panicking::rust_panic_with_hook::h72b21c283da3d1ef
[INFO] [stdout]                                at /rustc/53fd98ca776cb875bc9e5514f56b52eb74f9e7a9/library/std/src/panicking.rs:622:17
[INFO] [stdout]   11:     0x5560949ace67 - std::panicking::begin_panic_handler::{{closure}}::he5778f1729cff84a
[INFO] [stdout]                                at /rustc/53fd98ca776cb875bc9e5514f56b52eb74f9e7a9/library/std/src/panicking.rs:519:13
[INFO] [stdout]   12:     0x5560949ab01c - std::sys_common::backtrace::__rust_end_short_backtrace::h2d11ca8b453b4b1d
[INFO] [stdout]                                at /rustc/53fd98ca776cb875bc9e5514f56b52eb74f9e7a9/library/std/src/sys_common/backtrace.rs:141:18
[INFO] [stdout]   13:     0x5560949acdc9 - rust_begin_unwind
[INFO] [stdout]                                at /rustc/53fd98ca776cb875bc9e5514f56b52eb74f9e7a9/library/std/src/panicking.rs:515:5
[INFO] [stdout]   14:     0x5560948c27c1 - core::panicking::panic_fmt::hf9de31d4acbce4db
[INFO] [stdout]                                at /rustc/53fd98ca776cb875bc9e5514f56b52eb74f9e7a9/library/core/src/panicking.rs:92:14
[INFO] [stdout]   15:     0x5560949cbc38 - core::panicking::assert_failed_inner::h62e8cb2847a6e7ec
[INFO] [stdout]   16:     0x5560948d106a - core::panicking::assert_failed::h42b1c74ab5af4d62
[INFO] [stdout]                                at /rustc/53fd98ca776cb875bc9e5514f56b52eb74f9e7a9/library/core/src/panicking.rs:117:5
[INFO] [stdout]   17:     0x5560948d48ca - ppga::rotor::tests::for_steven::hf815654a99233599
[INFO] [stdout]                                at /opt/rustwide/workdir/src/rotor.rs:219:9
[INFO] [stdout]   18:     0x5560948d435a - ppga::rotor::tests::for_steven::{{closure}}::ha499de4f4cb9bae1
[INFO] [stdout]                                at /opt/rustwide/workdir/src/rotor.rs:205:5
[INFO] [stdout]   19:     0x5560948d194e - core::ops::function::FnOnce::call_once::ha36d5b414f06fced
[INFO] [stdout]                                at /rustc/53fd98ca776cb875bc9e5514f56b52eb74f9e7a9/library/core/src/ops/function.rs:227:5
[INFO] [stdout]   20:     0x556094952bb3 - core::ops::function::FnOnce::call_once::hbb52c4519d3137b0
[INFO] [stdout]                                at /rustc/53fd98ca776cb875bc9e5514f56b52eb74f9e7a9/library/core/src/ops/function.rs:227:5
[INFO] [stdout]   21:     0x556094952bb3 - test::__rust_begin_short_backtrace::h86fe3a2a5a5121af
[INFO] [stdout]                                at /rustc/53fd98ca776cb875bc9e5514f56b52eb74f9e7a9/library/test/src/lib.rs:578:5
[INFO] [stdout]   22:     0x556094951668 - <alloc::boxed::Box<F,A> as core::ops::function::FnOnce<Args>>::call_once::hfd956bc3d57399be
[INFO] [stdout]                                at /rustc/53fd98ca776cb875bc9e5514f56b52eb74f9e7a9/library/alloc/src/boxed.rs:1572:9
[INFO] [stdout]   23:     0x556094951668 - <std::panic::AssertUnwindSafe<F> as core::ops::function::FnOnce<()>>::call_once::h40dc93e0ddb5938a
[INFO] [stdout]                                at /rustc/53fd98ca776cb875bc9e5514f56b52eb74f9e7a9/library/std/src/panic.rs:347:9
[INFO] [stdout]   24:     0x556094951668 - std::panicking::try::do_call::h90d07750cb47c562
[INFO] [stdout]                                at /rustc/53fd98ca776cb875bc9e5514f56b52eb74f9e7a9/library/std/src/panicking.rs:401:40
[INFO] [stdout]   25:     0x556094951668 - std::panicking::try::h063c84733ad2a629
[INFO] [stdout]                                at /rustc/53fd98ca776cb875bc9e5514f56b52eb74f9e7a9/library/std/src/panicking.rs:365:19
[INFO] [stdout]   26:     0x556094951668 - std::panic::catch_unwind::h0c464836a84e7c08
[INFO] [stdout]                                at /rustc/53fd98ca776cb875bc9e5514f56b52eb74f9e7a9/library/std/src/panic.rs:434:14
[INFO] [stdout]   27:     0x556094951668 - test::run_test_in_process::h5cb06ef620b157fc
[INFO] [stdout]                                at /rustc/53fd98ca776cb875bc9e5514f56b52eb74f9e7a9/library/test/src/lib.rs:601:18
[INFO] [stdout]   28:     0x556094951668 - test::run_test::run_test_inner::{{closure}}::h76f677f4b93f9828
[INFO] [stdout]                                at /rustc/53fd98ca776cb875bc9e5514f56b52eb74f9e7a9/library/test/src/lib.rs:493:39
[INFO] [stdout]   29:     0x55609491fdfd - test::run_test::run_test_inner::{{closure}}::h366d01fe04f4d67a
[INFO] [stdout]                                at /rustc/53fd98ca776cb875bc9e5514f56b52eb74f9e7a9/library/test/src/lib.rs:520:37
[INFO] [stdout]   30:     0x55609491fdfd - std::sys_common::backtrace::__rust_begin_short_backtrace::h7dfa0de4eb395af2
[INFO] [stdout]                                at /rustc/53fd98ca776cb875bc9e5514f56b52eb74f9e7a9/library/std/src/sys_common/backtrace.rs:125:18
[INFO] [stdout]   31:     0x5560949245c8 - std::thread::Builder::spawn_unchecked::{{closure}}::{{closure}}::hf0a74bb58798037f
[INFO] [stdout]                                at /rustc/53fd98ca776cb875bc9e5514f56b52eb74f9e7a9/library/std/src/thread/mod.rs:476:17
[INFO] [stdout]   32:     0x5560949245c8 - <std::panic::AssertUnwindSafe<F> as core::ops::function::FnOnce<()>>::call_once::hb024e854818586ac
[INFO] [stdout]                                at /rustc/53fd98ca776cb875bc9e5514f56b52eb74f9e7a9/library/std/src/panic.rs:347:9
[INFO] [stdout]   33:     0x5560949245c8 - std::panicking::try::do_call::hb2dd9f1d0d48e41d
[INFO] [stdout]                                at /rustc/53fd98ca776cb875bc9e5514f56b52eb74f9e7a9/library/std/src/panicking.rs:401:40
[INFO] [stdout]   34:     0x5560949245c8 - std::panicking::try::h4717ae7bac8b2bf3
[INFO] [stdout]                                at /rustc/53fd98ca776cb875bc9e5514f56b52eb74f9e7a9/library/std/src/panicking.rs:365:19
[INFO] [stdout]   35:     0x5560949245c8 - std::panic::catch_unwind::h0dc8a061326ce8d8
[INFO] [stdout]                                at /rustc/53fd98ca776cb875bc9e5514f56b52eb74f9e7a9/library/std/src/panic.rs:434:14
[INFO] [stdout]   36:     0x5560949245c8 - std::thread::Builder::spawn_unchecked::{{closure}}::haa369e2d6fd00aa1
[INFO] [stdout]                                at /rustc/53fd98ca776cb875bc9e5514f56b52eb74f9e7a9/library/std/src/thread/mod.rs:475:30
[INFO] [stdout]   37:     0x5560949245c8 - core::ops::function::FnOnce::call_once{{vtable.shim}}::h36dcf3de8b056f17
[INFO] [stdout]                                at /rustc/53fd98ca776cb875bc9e5514f56b52eb74f9e7a9/library/core/src/ops/function.rs:227:5
[INFO] [stdout]   38:     0x5560949b1ef7 - <alloc::boxed::Box<F,A> as core::ops::function::FnOnce<Args>>::call_once::h65c29e4642be2358
[INFO] [stdout]                                at /rustc/53fd98ca776cb875bc9e5514f56b52eb74f9e7a9/library/alloc/src/boxed.rs:1572:9
[INFO] [stdout]   39:     0x5560949b1ef7 - <alloc::boxed::Box<F,A> as core::ops::function::FnOnce<Args>>::call_once::hd0f8f7fbbd9fffbf
[INFO] [stdout]                                at /rustc/53fd98ca776cb875bc9e5514f56b52eb74f9e7a9/library/alloc/src/boxed.rs:1572:9
[INFO] [stdout]   40:     0x5560949b1ef7 - std::sys::unix::thread::Thread::new::thread_start::h2fd22fee3ca77b65
[INFO] [stdout]                                at /rustc/53fd98ca776cb875bc9e5514f56b52eb74f9e7a9/library/std/src/sys/unix/thread.rs:74:17
[INFO] [stdout]   41:     0x7f69ab531609 - start_thread
[INFO] [stdout]   42:     0x7f69ab7bc293 - clone
[INFO] [stdout]   43:                0x0 - <unknown>
[INFO] [stdout] 
[INFO] [stdout] ---- rotor::tests::base stdout ----
[INFO] [stdout] Rotor { scalar: NaN, e_bivector: [NaN, NaN, NaN] }
[INFO] [stdout] [-0.9757367, -0.3932045, -0.19007295]
[INFO] [stdout] thread 'rotor::tests::base' panicked at 'assertion failed: `(left == right)`
[INFO] [stdout]   left: `[-0.3932045, -0.9757367, -0.19007295]`,
[INFO] [stdout]  right: `[NaN, NaN, NaN]`', src/rotor.rs:201:9
[INFO] [stdout] stack backtrace:
[INFO] [stdout]    0:     0x5560949aab40 - std::backtrace_rs::backtrace::libunwind::trace::hff4d1766e93f64f1
[INFO] [stdout]                                at /rustc/53fd98ca776cb875bc9e5514f56b52eb74f9e7a9/library/std/src/../../backtrace/src/backtrace/libunwind.rs:90:5
[INFO] [stdout]    1:     0x5560949aab40 - std::backtrace_rs::backtrace::trace_unsynchronized::h56bbc8eb78770bcb
[INFO] [stdout]                                at /rustc/53fd98ca776cb875bc9e5514f56b52eb74f9e7a9/library/std/src/../../backtrace/src/backtrace/mod.rs:66:5
[INFO] [stdout]    2:     0x5560949aab40 - std::sys_common::backtrace::_print_fmt::h5c8e75464faca780
[INFO] [stdout]                                at /rustc/53fd98ca776cb875bc9e5514f56b52eb74f9e7a9/library/std/src/sys_common/backtrace.rs:67:5
[INFO] [stdout]    3:     0x5560949aab40 - <std::sys_common::backtrace::_print::DisplayBacktrace as core::fmt::Display>::fmt::h48b88277def8b362
[INFO] [stdout]                                at /rustc/53fd98ca776cb875bc9e5514f56b52eb74f9e7a9/library/std/src/sys_common/backtrace.rs:46:22
[INFO] [stdout]    4:     0x5560949cdb7c - core::fmt::write::h3381b3176fe2b3d3
[INFO] [stdout]                                at /rustc/53fd98ca776cb875bc9e5514f56b52eb74f9e7a9/library/core/src/fmt/mod.rs:1115:17
[INFO] [stdout]    5:     0x5560949a7aa5 - std::io::Write::write_fmt::h5f34a676f60246b5
[INFO] [stdout]                                at /rustc/53fd98ca776cb875bc9e5514f56b52eb74f9e7a9/library/std/src/io/mod.rs:1665:15
[INFO] [stdout]    6:     0x5560949accbb - std::sys_common::backtrace::_print::ha537687d6c17dd0d
[INFO] [stdout]                                at /rustc/53fd98ca776cb875bc9e5514f56b52eb74f9e7a9/library/std/src/sys_common/backtrace.rs:49:5
[INFO] [stdout]    7:     0x5560949accbb - std::sys_common::backtrace::print::h61376ae57d131d72
[INFO] [stdout]                                at /rustc/53fd98ca776cb875bc9e5514f56b52eb74f9e7a9/library/std/src/sys_common/backtrace.rs:36:9
[INFO] [stdout]    8:     0x5560949accbb - std::panicking::default_hook::{{closure}}::h0f7208c0b9644a54
[INFO] [stdout]                                at /rustc/53fd98ca776cb875bc9e5514f56b52eb74f9e7a9/library/std/src/panicking.rs:208:50
[INFO] [stdout]    9:     0x5560949ac7cc - std::panicking::default_hook::hdac7fc06578c14ce
[INFO] [stdout]                                at /rustc/53fd98ca776cb875bc9e5514f56b52eb74f9e7a9/library/std/src/panicking.rs:222:9
[INFO] [stdout]   10:     0x5560949ad384 - std::panicking::rust_panic_with_hook::h72b21c283da3d1ef
[INFO] [stdout]                                at /rustc/53fd98ca776cb875bc9e5514f56b52eb74f9e7a9/library/std/src/panicking.rs:622:17
[INFO] [stdout]   11:     0x5560949ace67 - std::panicking::begin_panic_handler::{{closure}}::he5778f1729cff84a
[INFO] [stdout]                                at /rustc/53fd98ca776cb875bc9e5514f56b52eb74f9e7a9/library/std/src/panicking.rs:519:13
[INFO] [stdout]   12:     0x5560949ab01c - std::sys_common::backtrace::__rust_end_short_backtrace::h2d11ca8b453b4b1d
[INFO] [stdout]                                at /rustc/53fd98ca776cb875bc9e5514f56b52eb74f9e7a9/library/std/src/sys_common/backtrace.rs:141:18
[INFO] [stdout]   13:     0x5560949acdc9 - rust_begin_unwind
[INFO] [stdout]                                at /rustc/53fd98ca776cb875bc9e5514f56b52eb74f9e7a9/library/std/src/panicking.rs:515:5
[INFO] [stdout]   14:     0x5560948c27c1 - core::panicking::panic_fmt::hf9de31d4acbce4db
[INFO] [stdout]                                at /rustc/53fd98ca776cb875bc9e5514f56b52eb74f9e7a9/library/core/src/panicking.rs:92:14
[INFO] [stdout]   15:     0x5560949cbc38 - core::panicking::assert_failed_inner::h62e8cb2847a6e7ec
[INFO] [stdout]   16:     0x5560948d0faa - core::panicking::assert_failed::h12f77153e5afea63
[INFO] [stdout]                                at /rustc/53fd98ca776cb875bc9e5514f56b52eb74f9e7a9/library/core/src/panicking.rs:117:5
[INFO] [stdout]   17:     0x5560948d434a - ppga::rotor::tests::base::h0ce032f038f04f9f
[INFO] [stdout]                                at /opt/rustwide/workdir/src/rotor.rs:201:9
[INFO] [stdout]   18:     0x5560948d401a - ppga::rotor::tests::base::{{closure}}::h73d625d4544bb920
[INFO] [stdout]                                at /opt/rustwide/workdir/src/rotor.rs:193:5
[INFO] [stdout]   19:     0x5560948d137e - core::ops::function::FnOnce::call_once::h1db25b206efd04cf
[INFO] [stdout]                                at /rustc/53fd98ca776cb875bc9e5514f56b52eb74f9e7a9/library/core/src/ops/function.rs:227:5
[INFO] [stdout]   20:     0x556094952bb3 - core::ops::function::FnOnce::call_once::hbb52c4519d3137b0
[INFO] [stdout]                                at /rustc/53fd98ca776cb875bc9e5514f56b52eb74f9e7a9/library/core/src/ops/function.rs:227:5
[INFO] [stdout]   21:     0x556094952bb3 - test::__rust_begin_short_backtrace::h86fe3a2a5a5121af
[INFO] [stdout]                                at /rustc/53fd98ca776cb875bc9e5514f56b52eb74f9e7a9/library/test/src/lib.rs:578:5
[INFO] [stdout]   22:     0x556094951668 - <alloc::boxed::Box<F,A> as core::ops::function::FnOnce<Args>>::call_once::hfd956bc3d57399be
[INFO] [stdout]                                at /rustc/53fd98ca776cb875bc9e5514f56b52eb74f9e7a9/library/alloc/src/boxed.rs:1572:9
[INFO] [stdout]   23:     0x556094951668 - <std::panic::AssertUnwindSafe<F> as core::ops::function::FnOnce<()>>::call_once::h40dc93e0ddb5938a
[INFO] [stdout]                                at /rustc/53fd98ca776cb875bc9e5514f56b52eb74f9e7a9/library/std/src/panic.rs:347:9
[INFO] [stdout]   24:     0x556094951668 - std::panicking::try::do_call::h90d07750cb47c562
[INFO] [stdout]                                at /rustc/53fd98ca776cb875bc9e5514f56b52eb74f9e7a9/library/std/src/panicking.rs:401:40
[INFO] [stdout]   25:     0x556094951668 - std::panicking::try::h063c84733ad2a629
[INFO] [stdout]                                at /rustc/53fd98ca776cb875bc9e5514f56b52eb74f9e7a9/library/std/src/panicking.rs:365:19
[INFO] [stdout]   26:     0x556094951668 - std::panic::catch_unwind::h0c464836a84e7c08
[INFO] [stdout]                                at /rustc/53fd98ca776cb875bc9e5514f56b52eb74f9e7a9/library/std/src/panic.rs:434:14
[INFO] [stdout]   27:     0x556094951668 - test::run_test_in_process::h5cb06ef620b157fc
[INFO] [stdout]                                at /rustc/53fd98ca776cb875bc9e5514f56b52eb74f9e7a9/library/test/src/lib.rs:601:18
[INFO] [stdout]   28:     0x556094951668 - test::run_test::run_test_inner::{{closure}}::h76f677f4b93f9828
[INFO] [stdout]                                at /rustc/53fd98ca776cb875bc9e5514f56b52eb74f9e7a9/library/test/src/lib.rs:493:39
[INFO] [stdout]   29:     0x55609491fdfd - test::run_test::run_test_inner::{{closure}}::h366d01fe04f4d67a
[INFO] [stdout]                                at /rustc/53fd98ca776cb875bc9e5514f56b52eb74f9e7a9/library/test/src/lib.rs:520:37
[INFO] [stdout]   30:     0x55609491fdfd - std::sys_common::backtrace::__rust_begin_short_backtrace::h7dfa0de4eb395af2
[INFO] [stdout]                                at /rustc/53fd98ca776cb875bc9e5514f56b52eb74f9e7a9/library/std/src/sys_common/backtrace.rs:125:18
[INFO] [stdout]   31:     0x5560949245c8 - std::thread::Builder::spawn_unchecked::{{closure}}::{{closure}}::hf0a74bb58798037f
[INFO] [stdout]                                at /rustc/53fd98ca776cb875bc9e5514f56b52eb74f9e7a9/library/std/src/thread/mod.rs:476:17
[INFO] [stdout]   32:     0x5560949245c8 - <std::panic::AssertUnwindSafe<F> as core::ops::function::FnOnce<()>>::call_once::hb024e854818586ac
[INFO] [stdout]                                at /rustc/53fd98ca776cb875bc9e5514f56b52eb74f9e7a9/library/std/src/panic.rs:347:9
[INFO] [stdout]   33:     0x5560949245c8 - std::panicking::try::do_call::hb2dd9f1d0d48e41d
[INFO] [stdout]                                at /rustc/53fd98ca776cb875bc9e5514f56b52eb74f9e7a9/library/std/src/panicking.rs:401:40
[INFO] [stdout]   34:     0x5560949245c8 - std::panicking::try::h4717ae7bac8b2bf3
[INFO] [stdout]                                at /rustc/53fd98ca776cb875bc9e5514f56b52eb74f9e7a9/library/std/src/panicking.rs:365:19
[INFO] [stdout]   35:     0x5560949245c8 - std::panic::catch_unwind::h0dc8a061326ce8d8
[INFO] [stdout]                                at /rustc/53fd98ca776cb875bc9e5514f56b52eb74f9e7a9/library/std/src/panic.rs:434:14
[INFO] [stdout]   36:     0x5560949245c8 - std::thread::Builder::spawn_unchecked::{{closure}}::haa369e2d6fd00aa1
[INFO] [stdout]                                at /rustc/53fd98ca776cb875bc9e5514f56b52eb74f9e7a9/library/std/src/thread/mod.rs:475:30
[INFO] [stdout]   37:     0x5560949245c8 - core::ops::function::FnOnce::call_once{{vtable.shim}}::h36dcf3de8b056f17
[INFO] [stdout]                                at /rustc/53fd98ca776cb875bc9e5514f56b52eb74f9e7a9/library/core/src/ops/function.rs:227:5
[INFO] [stdout]   38:     0x5560949b1ef7 - <alloc::boxed::Box<F,A> as core::ops::function::FnOnce<Args>>::call_once::h65c29e4642be2358
[INFO] [stdout]                                at /rustc/53fd98ca776cb875bc9e5514f56b52eb74f9e7a9/library/alloc/src/boxed.rs:1572:9
[INFO] [stdout]   39:     0x5560949b1ef7 - <alloc::boxed::Box<F,A> as core::ops::function::FnOnce<Args>>::call_once::hd0f8f7fbbd9fffbf
[INFO] [stdout]                                at /rustc/53fd98ca776cb875bc9e5514f56b52eb74f9e7a9/library/alloc/src/boxed.rs:1572:9
[INFO] [stdout]   40:     0x5560949b1ef7 - std::sys::unix::thread::Thread::new::thread_start::h2fd22fee3ca77b65
[INFO] [stdout]                                at /rustc/53fd98ca776cb875bc9e5514f56b52eb74f9e7a9/library/std/src/sys/unix/thread.rs:74:17
[INFO] [stdout]   41:     0x7f69ab531609 - start_thread
[INFO] [stdout]   42:     0x7f69ab7bc293 - clone
[INFO] [stdout]   43:                0x0 - <unknown>
[INFO] [stdout] 
[INFO] [stdout] 
[INFO] [stdout] failures:
[INFO] [stdout]     rotor::tests::base
[INFO] [stdout]     rotor::tests::for_steven
[INFO] [stdout] 
[INFO] [stdout] test result: FAILED. 39 passed; 2 failed; 0 ignored; 0 measured; 0 filtered out; finished in 0.12s
[INFO] [stdout] 
[INFO] [stderr] error: test failed, to rerun pass '--lib'
[INFO] running `Command { std: "docker" "inspect" "054edb1b8b3ad8cae1bb774288510a497c181b3d098af3ce27eeaed12a9475aa", kill_on_drop: false }`
[INFO] running `Command { std: "docker" "rm" "-f" "054edb1b8b3ad8cae1bb774288510a497c181b3d098af3ce27eeaed12a9475aa", kill_on_drop: false }`
[INFO] [stdout] 054edb1b8b3ad8cae1bb774288510a497c181b3d098af3ce27eeaed12a9475aa
