[INFO] cloning repository https://github.com/plutolove/simplekv
[INFO] running `Command { std: "git" "-c" "credential.helper=" "-c" "credential.helper=/workspace/cargo-home/bin/git-credential-null" "clone" "--bare" "https://github.com/plutolove/simplekv" "/workspace/cache/git-repos/https%3A%2F%2Fgithub.com%2Fplutolove%2Fsimplekv", kill_on_drop: false }`
[INFO] [stderr] Cloning into bare repository '/workspace/cache/git-repos/https%3A%2F%2Fgithub.com%2Fplutolove%2Fsimplekv'...
[INFO] running `Command { std: "git" "rev-parse" "HEAD", kill_on_drop: false }`
[INFO] [stdout] f6f6313c06a6440ca5d6a227d38c42bc69822352
[INFO] testing plutolove/simplekv against 1.54.0 for beta-1.55-1
[INFO] running `Command { std: "git" "clone" "/workspace/cache/git-repos/https%3A%2F%2Fgithub.com%2Fplutolove%2Fsimplekv" "/workspace/builds/worker-15/source", kill_on_drop: false }`
[INFO] [stderr] Cloning into '/workspace/builds/worker-15/source'...
[INFO] [stderr] done.
[INFO] validating manifest of git repo https://github.com/plutolove/simplekv on toolchain 1.54.0
[INFO] running `Command { std: "/workspace/cargo-home/bin/cargo" "+1.54.0" "metadata" "--manifest-path" "Cargo.toml" "--no-deps", kill_on_drop: false }`
[INFO] started tweaking git repo https://github.com/plutolove/simplekv
[INFO] finished tweaking git repo https://github.com/plutolove/simplekv
[INFO] tweaked toml for git repo https://github.com/plutolove/simplekv written to /workspace/builds/worker-15/source/Cargo.toml
[INFO] running `Command { std: "/workspace/cargo-home/bin/cargo" "+1.54.0" "generate-lockfile" "--manifest-path" "Cargo.toml" "-Zno-index-update", kill_on_drop: false }`
[INFO] [stderr]     Blocking waiting for file lock on package cache
[INFO] [stderr]     Updating git repository `https://github.com/crossbeam-rs/crossbeam.git`
[INFO] running `Command { std: "/workspace/cargo-home/bin/cargo" "+1.54.0" "fetch" "--manifest-path" "Cargo.toml", kill_on_drop: false }`
[INFO] [stderr]     Blocking waiting for file lock on package cache
[INFO] [stderr]     Blocking waiting for file lock on package cache
[INFO] [stderr]  Downloading crates ...
[INFO] [stderr]   Downloaded predicates-tree v1.0.3
[INFO] running `Command { std: "docker" "create" "-v" "/var/lib/crater-agent-workspace/builds/worker-15/target:/opt/rustwide/target:rw,Z" "-v" "/var/lib/crater-agent-workspace/builds/worker-15/source:/opt/rustwide/workdir:ro,Z" "-v" "/var/lib/crater-agent-workspace/cargo-home:/opt/rustwide/cargo-home:ro,Z" "-v" "/var/lib/crater-agent-workspace/rustup-home:/opt/rustwide/rustup-home:ro,Z" "-e" "SOURCE_DIR=/opt/rustwide/workdir" "-e" "CARGO_TARGET_DIR=/opt/rustwide/target" "-e" "CARGO_HOME=/opt/rustwide/cargo-home" "-e" "RUSTUP_HOME=/opt/rustwide/rustup-home" "-w" "/opt/rustwide/workdir" "-m" "1610612736" "--user" "0:0" "--network" "none" "ghcr.io/rust-lang/crates-build-env/linux@sha256:34b6a614d2c27851fe6cbf88fbd1137609cefab8b10d0615aaeb6fd47975d74e" "/opt/rustwide/cargo-home/bin/cargo" "+1.54.0" "metadata" "--no-deps" "--format-version=1", kill_on_drop: false }`
[INFO] [stdout] 266ce16f6dc474d23a2aad1284121caf9cf2849af416910ba50fa304c38b0368
[INFO] running `Command { std: "docker" "start" "-a" "266ce16f6dc474d23a2aad1284121caf9cf2849af416910ba50fa304c38b0368", kill_on_drop: false }`
[INFO] running `Command { std: "docker" "inspect" "266ce16f6dc474d23a2aad1284121caf9cf2849af416910ba50fa304c38b0368", kill_on_drop: false }`
[INFO] running `Command { std: "docker" "rm" "-f" "266ce16f6dc474d23a2aad1284121caf9cf2849af416910ba50fa304c38b0368", kill_on_drop: false }`
[INFO] [stdout] 266ce16f6dc474d23a2aad1284121caf9cf2849af416910ba50fa304c38b0368
[INFO] running `Command { std: "docker" "create" "-v" "/var/lib/crater-agent-workspace/builds/worker-15/target:/opt/rustwide/target:rw,Z" "-v" "/var/lib/crater-agent-workspace/builds/worker-15/source:/opt/rustwide/workdir:ro,Z" "-v" "/var/lib/crater-agent-workspace/cargo-home:/opt/rustwide/cargo-home:ro,Z" "-v" "/var/lib/crater-agent-workspace/rustup-home:/opt/rustwide/rustup-home:ro,Z" "-e" "SOURCE_DIR=/opt/rustwide/workdir" "-e" "CARGO_TARGET_DIR=/opt/rustwide/target" "-e" "CARGO_INCREMENTAL=0" "-e" "RUST_BACKTRACE=full" "-e" "RUSTFLAGS=--cap-lints=warn" "-e" "CARGO_HOME=/opt/rustwide/cargo-home" "-e" "RUSTUP_HOME=/opt/rustwide/rustup-home" "-w" "/opt/rustwide/workdir" "-m" "1610612736" "--user" "0:0" "--network" "none" "ghcr.io/rust-lang/crates-build-env/linux@sha256:34b6a614d2c27851fe6cbf88fbd1137609cefab8b10d0615aaeb6fd47975d74e" "/opt/rustwide/cargo-home/bin/cargo" "+1.54.0" "build" "--frozen" "--message-format=json", kill_on_drop: false }`
[INFO] [stdout] 2c761a0c0983f719ca2bad765b16be668745163be523f58a944279903e2c72dc
[INFO] running `Command { std: "docker" "start" "-a" "2c761a0c0983f719ca2bad765b16be668745163be523f58a944279903e2c72dc", kill_on_drop: false }`
[INFO] [stderr]     Blocking waiting for file lock on package cache
[INFO] [stderr]    Compiling proc-macro2 v1.0.28
[INFO] [stderr]    Compiling cfg-if v0.1.10
[INFO] [stderr]    Compiling syn v1.0.74
[INFO] [stderr]    Compiling libc v0.2.98
[INFO] [stderr]    Compiling memchr v2.4.0
[INFO] [stderr]    Compiling maybe-uninit v2.0.0
[INFO] [stderr]    Compiling proc-macro2 v0.4.30
[INFO] [stderr]    Compiling unicode-xid v0.1.0
[INFO] [stderr]    Compiling serde_derive v1.0.127
[INFO] [stderr]    Compiling syn v0.15.44
[INFO] [stderr]    Compiling cc v1.0.69
[INFO] [stderr]    Compiling arrayvec v0.4.12
[INFO] [stderr]    Compiling unicode-segmentation v1.8.0
[INFO] [stderr]    Compiling failure_derive v0.1.8
[INFO] [stderr]    Compiling serde v1.0.127
[INFO] [stderr]    Compiling gimli v0.25.0
[INFO] [stderr]    Compiling nodrop v0.1.14
[INFO] [stderr]    Compiling rustc-demangle v0.1.20
[INFO] [stderr]    Compiling memoffset v0.2.1
[INFO] [stderr]    Compiling serde_json v1.0.66
[INFO] [stderr]    Compiling ansi_term v0.11.0
[INFO] [stderr]    Compiling quick-error v1.2.3
[INFO] [stderr]    Compiling strsim v0.8.0
[INFO] [stderr]    Compiling scopeguard v0.3.3
[INFO] [stderr]    Compiling crossbeam-utils v0.7.2
[INFO] [stderr]    Compiling memoffset v0.5.6
[INFO] [stderr]    Compiling crossbeam-epoch v0.8.2
[INFO] [stderr]    Compiling textwrap v0.11.0
[INFO] [stderr]    Compiling humantime v1.3.0
[INFO] [stderr]    Compiling crossbeam-utils v0.6.5 (https://github.com/crossbeam-rs/crossbeam.git?rev=8cc906b#8cc906b9)
[INFO] [stderr]    Compiling backtrace v0.3.61
[INFO] [stderr]    Compiling heck v0.3.3
[INFO] [stderr]    Compiling crossbeam-epoch v0.7.1 (https://github.com/crossbeam-rs/crossbeam.git?rev=8cc906b#8cc906b9)
[INFO] [stderr]    Compiling aho-corasick v0.7.18
[INFO] [stderr]    Compiling object v0.26.0
[INFO] [stderr]    Compiling quote v1.0.9
[INFO] [stderr]    Compiling atty v0.2.14
[INFO] [stderr]    Compiling quote v0.6.13
[INFO] [stderr]    Compiling crossbeam-queue v0.2.3
[INFO] [stderr]    Compiling crossbeam-channel v0.4.4
[INFO] [stderr]    Compiling crossbeam-skiplist v0.0.0 (https://github.com/crossbeam-rs/crossbeam.git?rev=8cc906b#8cc906b9)
[INFO] [stderr]    Compiling addr2line v0.16.0
[INFO] [stderr]    Compiling clap v2.33.3
[INFO] [stderr]    Compiling crossbeam-deque v0.7.4
[INFO] [stderr]    Compiling crossbeam v0.7.3
[INFO] [stderr]    Compiling regex v1.5.4
[INFO] [stderr]    Compiling env_logger v0.6.2
[INFO] [stderr]    Compiling synstructure v0.12.5
[INFO] [stderr]    Compiling structopt-derive v0.2.18
[INFO] [stderr]    Compiling structopt v0.2.18
[INFO] [stderr]    Compiling failure v0.1.8
[INFO] [stderr]    Compiling simplekv v0.1.0 (/opt/rustwide/workdir)
[INFO] [stderr]     Finished dev [unoptimized + debuginfo] target(s) in 40.87s
[INFO] running `Command { std: "docker" "inspect" "2c761a0c0983f719ca2bad765b16be668745163be523f58a944279903e2c72dc", kill_on_drop: false }`
[INFO] running `Command { std: "docker" "rm" "-f" "2c761a0c0983f719ca2bad765b16be668745163be523f58a944279903e2c72dc", kill_on_drop: false }`
[INFO] [stdout] 2c761a0c0983f719ca2bad765b16be668745163be523f58a944279903e2c72dc
[INFO] running `Command { std: "docker" "create" "-v" "/var/lib/crater-agent-workspace/builds/worker-15/target:/opt/rustwide/target:rw,Z" "-v" "/var/lib/crater-agent-workspace/builds/worker-15/source:/opt/rustwide/workdir:ro,Z" "-v" "/var/lib/crater-agent-workspace/cargo-home:/opt/rustwide/cargo-home:ro,Z" "-v" "/var/lib/crater-agent-workspace/rustup-home:/opt/rustwide/rustup-home:ro,Z" "-e" "SOURCE_DIR=/opt/rustwide/workdir" "-e" "CARGO_TARGET_DIR=/opt/rustwide/target" "-e" "CARGO_INCREMENTAL=0" "-e" "RUST_BACKTRACE=full" "-e" "RUSTFLAGS=--cap-lints=warn" "-e" "CARGO_HOME=/opt/rustwide/cargo-home" "-e" "RUSTUP_HOME=/opt/rustwide/rustup-home" "-w" "/opt/rustwide/workdir" "-m" "1610612736" "--user" "0:0" "--network" "none" "ghcr.io/rust-lang/crates-build-env/linux@sha256:34b6a614d2c27851fe6cbf88fbd1137609cefab8b10d0615aaeb6fd47975d74e" "/opt/rustwide/cargo-home/bin/cargo" "+1.54.0" "test" "--frozen" "--no-run" "--message-format=json", kill_on_drop: false }`
[INFO] [stdout] 4a4e23ba4ce83ed9e4c71af87bd954bab6b6c04a46b120e33af3822599af41a1
[INFO] running `Command { std: "docker" "start" "-a" "4a4e23ba4ce83ed9e4c71af87bd954bab6b6c04a46b120e33af3822599af41a1", kill_on_drop: false }`
[INFO] [stderr]     Blocking waiting for file lock on package cache
[INFO] [stderr]    Compiling rand_core v0.4.2
[INFO] [stderr]    Compiling autocfg v0.1.7
[INFO] [stderr]    Compiling semver v1.0.4
[INFO] [stderr]    Compiling crossbeam-utils v0.8.5
[INFO] [stderr]    Compiling crossbeam-epoch v0.9.5
[INFO] [stderr]    Compiling rayon-core v1.9.1
[INFO] [stderr]    Compiling either v1.6.1
[INFO] [stderr]    Compiling regex-automata v0.1.10
[INFO] [stderr]    Compiling escargot v0.4.0
[INFO] [stderr]    Compiling byteorder v1.4.3
[INFO] [stderr]    Compiling predicates-core v1.0.2
[INFO] [stderr]    Compiling difference v2.0.0
[INFO] [stderr]    Compiling normalize-line-endings v0.3.0
[INFO] [stderr]    Compiling same-file v1.0.6
[INFO] [stderr]    Compiling treeline v0.1.0
[INFO] [stderr]    Compiling remove_dir_all v0.5.3
[INFO] [stderr]    Compiling memoffset v0.6.4
[INFO] [stderr]    Compiling num-traits v0.2.14
[INFO] [stderr]    Compiling rayon v1.5.1
[INFO] [stderr]    Compiling crossbeam-utils v0.6.6
[INFO] [stderr]    Compiling getrandom v0.2.3
[INFO] [stderr]    Compiling num_cpus v1.13.0
[INFO] [stderr]    Compiling csv-core v0.1.10
[INFO] [stderr]    Compiling tinytemplate v1.2.1
[INFO] [stderr]    Compiling predicates-tree v1.0.3
[INFO] [stderr]    Compiling walkdir v2.3.2
[INFO] [stderr]    Compiling itertools v0.8.2
[INFO] [stderr]    Compiling rand_core v0.3.1
[INFO] [stderr]    Compiling rand_os v0.1.3
[INFO] [stderr]    Compiling rand_jitter v0.1.4
[INFO] [stderr]    Compiling rand_core v0.6.3
[INFO] [stderr]    Compiling bstr v0.2.16
[INFO] [stderr]    Compiling rand_isaac v0.1.1
[INFO] [stderr]    Compiling rand_hc v0.1.0
[INFO] [stderr]    Compiling rand_xoshiro v0.1.0
[INFO] [stderr]    Compiling rand_xorshift v0.1.1
[INFO] [stderr]    Compiling rand_pcg v0.1.2
[INFO] [stderr]    Compiling rand_chacha v0.1.1
[INFO] [stderr]    Compiling rand v0.6.5
[INFO] [stderr]    Compiling rand_chacha v0.3.1
[INFO] [stderr]    Compiling crossbeam-channel v0.5.1
[INFO] [stderr]    Compiling rustc_version v0.4.0
[INFO] [stderr]    Compiling rand v0.8.4
[INFO] [stderr]    Compiling csv v1.1.6
[INFO] [stderr]    Compiling crossbeam-deque v0.8.1
[INFO] [stderr]    Compiling cast v0.2.7
[INFO] [stderr]    Compiling float-cmp v0.8.0
[INFO] [stderr]    Compiling tempfile v3.2.0
[INFO] [stderr]    Compiling predicates v1.0.8
[INFO] [stderr]    Compiling criterion-plot v0.3.1
[INFO] [stderr]    Compiling assert_cmd v0.11.1
[INFO] [stderr]    Compiling criterion v0.2.11
[INFO] [stderr]    Compiling simplekv v0.1.0 (/opt/rustwide/workdir)
[INFO] [stderr]     Finished test [unoptimized + debuginfo] target(s) in 36.55s
[INFO] running `Command { std: "docker" "inspect" "4a4e23ba4ce83ed9e4c71af87bd954bab6b6c04a46b120e33af3822599af41a1", kill_on_drop: false }`
[INFO] running `Command { std: "docker" "rm" "-f" "4a4e23ba4ce83ed9e4c71af87bd954bab6b6c04a46b120e33af3822599af41a1", kill_on_drop: false }`
[INFO] [stdout] 4a4e23ba4ce83ed9e4c71af87bd954bab6b6c04a46b120e33af3822599af41a1
[INFO] running `Command { std: "docker" "create" "-v" "/var/lib/crater-agent-workspace/builds/worker-15/target:/opt/rustwide/target:rw,Z" "-v" "/var/lib/crater-agent-workspace/builds/worker-15/source:/opt/rustwide/workdir:ro,Z" "-v" "/var/lib/crater-agent-workspace/cargo-home:/opt/rustwide/cargo-home:ro,Z" "-v" "/var/lib/crater-agent-workspace/rustup-home:/opt/rustwide/rustup-home:ro,Z" "-e" "SOURCE_DIR=/opt/rustwide/workdir" "-e" "CARGO_TARGET_DIR=/opt/rustwide/target" "-e" "CARGO_INCREMENTAL=0" "-e" "RUST_BACKTRACE=full" "-e" "RUSTFLAGS=--cap-lints=warn" "-e" "CARGO_HOME=/opt/rustwide/cargo-home" "-e" "RUSTUP_HOME=/opt/rustwide/rustup-home" "-w" "/opt/rustwide/workdir" "-m" "1610612736" "--user" "0:0" "--network" "none" "ghcr.io/rust-lang/crates-build-env/linux@sha256:34b6a614d2c27851fe6cbf88fbd1137609cefab8b10d0615aaeb6fd47975d74e" "/opt/rustwide/cargo-home/bin/cargo" "+1.54.0" "test" "--frozen", kill_on_drop: false }`
[INFO] [stdout] 5106b46eaf4a34443b0aefefed80b6d4135152e71a42d5d2642967110dc32f22
[INFO] running `Command { std: "docker" "start" "-a" "5106b46eaf4a34443b0aefefed80b6d4135152e71a42d5d2642967110dc32f22", kill_on_drop: false }`
[INFO] [stderr]     Blocking waiting for file lock on package cache
[INFO] [stderr]     Finished test [unoptimized + debuginfo] target(s) in 0.94s
[INFO] [stderr]      Running unittests (/opt/rustwide/target/debug/deps/simplekv-791554d243058144)
[INFO] [stdout] 
[INFO] [stderr]      Running unittests (/opt/rustwide/target/debug/deps/kv_client-d65b1d2bafc6015c)
[INFO] [stdout] running 0 tests
[INFO] [stdout] 
[INFO] [stdout] test result: ok. 0 passed; 0 failed; 0 ignored; 0 measured; 0 filtered out; finished in 0.00s
[INFO] [stdout] 
[INFO] [stdout] 
[INFO] [stdout] running 0 tests
[INFO] [stdout] 
[INFO] [stdout] test result: ok. 0 passed; 0 failed; 0 ignored; 0 measured; 0 filtered out; finished in 0.00s
[INFO] [stdout] 
[INFO] [stderr]      Running unittests (/opt/rustwide/target/debug/deps/kv_server-54693ce7a70c95be)
[INFO] [stdout] 
[INFO] [stdout] running 0 tests
[INFO] [stdout] 
[INFO] [stdout] test result: ok. 0 passed; 0 failed; 0 ignored; 0 measured; 0 filtered out; finished in 0.00s
[INFO] [stdout] 
[INFO] [stderr]      Running tests/cli.rs (/opt/rustwide/target/debug/deps/cli-453e0f385d2c5322)
[INFO] [stdout] 
[INFO] [stdout] running 9 tests
[INFO] [stderr] [2021-08-08T15:14:25Z INFO  kv_server] kv-server 0.1.0
[INFO] [stderr] [2021-08-08T15:14:25Z INFO  kv_server] Storage engine: kvstore
[INFO] [stderr] [2021-08-08T15:14:25Z INFO  kv_server] Listening on 127.0.0.1:4004
[INFO] [stdout] test client_cli_version ... ok
[INFO] [stdout] test client_cli_invalid_subcommand ... ok
[INFO] [stdout] test client_cli_no_args ... ok
[INFO] [stdout] test server_cli_version ... ok
[INFO] [stdout] test client_cli_invalid_rm ... ok
[INFO] [stdout] test client_cli_invalid_set ... ok
[INFO] [stdout] test client_cli_invalid_get ... ok
[INFO] [stderr] thread '<unnamed>' panicked at 'attempted to leave type `internal::Local` uninitialized, which is invalid', /rustc/a178d0322ce20e33eac124758e837cbd80a6f633/library/core/src/mem/mod.rs:660:9
[INFO] [stdout] test cli_log_configuration ... ok
[INFO] [stderr] stack backtrace:
[INFO] [stderr]    0:     0x559a52c92ea0 - std::backtrace_rs::backtrace::libunwind::trace::h34055254b57d8e79
[INFO] [stderr]                                at /rustc/a178d0322ce20e33eac124758e837cbd80a6f633/library/std/src/../../backtrace/src/backtrace/libunwind.rs:90:5
[INFO] [stderr]    1:     0x559a52c92ea0 - std::backtrace_rs::backtrace::trace_unsynchronized::h8f1e3fbd9afff6ec
[INFO] [stderr]                                at /rustc/a178d0322ce20e33eac124758e837cbd80a6f633/library/std/src/../../backtrace/src/backtrace/mod.rs:66:5
[INFO] [stderr]    2:     0x559a52c92ea0 - std::sys_common::backtrace::_print_fmt::h3a99a796b770c360
[INFO] [stderr]                                at /rustc/a178d0322ce20e33eac124758e837cbd80a6f633/library/std/src/sys_common/backtrace.rs:67:5
[INFO] [stderr]    3:     0x559a52c92ea0 - <std::sys_common::backtrace::_print::DisplayBacktrace as core::fmt::Display>::fmt::h32d1f94a80615d18
[INFO] [stderr]                                at /rustc/a178d0322ce20e33eac124758e837cbd80a6f633/library/std/src/sys_common/backtrace.rs:46:22
[INFO] [stderr]    4:     0x559a52cb3fec - core::fmt::write::h306731c068f7162c
[INFO] [stderr]                                at /rustc/a178d0322ce20e33eac124758e837cbd80a6f633/library/core/src/fmt/mod.rs:1110:17
[INFO] [stderr]    5:     0x559a52c8d825 - std::io::Write::write_fmt::hd2fa90334eee2a21
[INFO] [stderr]                                at /rustc/a178d0322ce20e33eac124758e837cbd80a6f633/library/std/src/io/mod.rs:1588:15
[INFO] [stderr]    6:     0x559a52c94edb - std::sys_common::backtrace::_print::h5abaa2601a852287
[INFO] [stderr]                                at /rustc/a178d0322ce20e33eac124758e837cbd80a6f633/library/std/src/sys_common/backtrace.rs:49:5
[INFO] [stderr]    7:     0x559a52c94edb - std::sys_common::backtrace::print::h8d81445442bb638f
[INFO] [stderr]                                at /rustc/a178d0322ce20e33eac124758e837cbd80a6f633/library/std/src/sys_common/backtrace.rs:36:9
[INFO] [stderr]    8:     0x559a52c94edb - std::panicking::default_hook::{{closure}}::hcfe804496a9fa747
[INFO] [stderr]                                at /rustc/a178d0322ce20e33eac124758e837cbd80a6f633/library/std/src/panicking.rs:208:50
[INFO] [stderr]    9:     0x559a52c949b1 - std::panicking::default_hook::hbea8e3ccf2ba8901
[INFO] [stderr]                                at /rustc/a178d0322ce20e33eac124758e837cbd80a6f633/library/std/src/panicking.rs:225:9
[INFO] [stderr]   10:     0x559a52c955a4 - std::panicking::rust_panic_with_hook::h7ee9e1a2d0f8975a
[INFO] [stderr]                                at /rustc/a178d0322ce20e33eac124758e837cbd80a6f633/library/std/src/panicking.rs:622:17
[INFO] [stderr]   11:     0x559a52c95057 - std::panicking::begin_panic_handler::{{closure}}::h8ab3b4491718b2c7
[INFO] [stderr]                                at /rustc/a178d0322ce20e33eac124758e837cbd80a6f633/library/std/src/panicking.rs:517:13
[INFO] [stderr]   12:     0x559a52c9339c - std::sys_common::backtrace::__rust_end_short_backtrace::hd489062ffa586a9f
[INFO] [stderr]                                at /rustc/a178d0322ce20e33eac124758e837cbd80a6f633/library/std/src/sys_common/backtrace.rs:141:18
[INFO] [stderr]   13:     0x559a52c94fe9 - rust_begin_unwind
[INFO] [stderr]                                at /rustc/a178d0322ce20e33eac124758e837cbd80a6f633/library/std/src/panicking.rs:515:5
[INFO] [stderr]   14:     0x559a528d37d1 - core::panicking::panic_fmt::hca6330e3e14086b4
[INFO] [stderr]                                at /rustc/a178d0322ce20e33eac124758e837cbd80a6f633/library/core/src/panicking.rs:92:14
[INFO] [stderr]   15:     0x559a528d371d - core::panicking::panic::h1a48d878ff3dcd40
[INFO] [stderr]                                at /rustc/a178d0322ce20e33eac124758e837cbd80a6f633/library/core/src/panicking.rs:50:5
[INFO] [stderr]   16:     0x559a52b323e3 - core::mem::uninitialized::hb1a092780e1dd611
[INFO] [stderr]                                at /rustc/a178d0322ce20e33eac124758e837cbd80a6f633/library/core/src/mem/mod.rs:660:9
[INFO] [stderr]   17:     0x559a52b323e3 - <crossbeam_epoch::internal::Local as crossbeam_epoch::sync::list::IsElement<crossbeam_epoch::internal::Local>>::entry_of::h55c77e15dc7b5adb
[INFO] [stderr]                                at /opt/rustwide/cargo-home/git/checkouts/crossbeam-5d5b005504a37dac/8cc906b/crossbeam-epoch/src/internal.rs:493:59
[INFO] [stderr]   18:     0x559a52b3b3c0 - crossbeam_epoch::sync::list::List<T,C>::insert::h1eadce36f00372dd
[INFO] [stderr]                                at /opt/rustwide/cargo-home/git/checkouts/crossbeam-5d5b005504a37dac/8cc906b/crossbeam-epoch/src/sync/list.rs:176:29
[INFO] [stderr]   19:     0x559a52b318d5 - crossbeam_epoch::internal::Local::register::h87e7c37f53cc9da3
[INFO] [stderr]                                at /opt/rustwide/cargo-home/git/checkouts/crossbeam-5d5b005504a37dac/8cc906b/crossbeam-epoch/src/internal.rs:291:13
[INFO] [stderr]   20:     0x559a52b32f9e - crossbeam_epoch::collector::Collector::register::hc9069dbcd178720e
[INFO] [stderr]                                at /opt/rustwide/cargo-home/git/checkouts/crossbeam-5d5b005504a37dac/8cc906b/crossbeam-epoch/src/collector.rs:39:9
[INFO] [stderr]   21:     0x559a52b35531 - crossbeam_epoch::default::HANDLE::__init::hf6efcd5b13fb6d12
[INFO] [stderr]                                at /opt/rustwide/cargo-home/git/checkouts/crossbeam-5d5b005504a37dac/8cc906b/crossbeam-epoch/src/default.rs:17:34
[INFO] [stderr]   22:     0x559a52b344f9 - core::ops::function::FnOnce::call_once::h6f5072704eaa91a2
[INFO] [stderr]                                at /rustc/a178d0322ce20e33eac124758e837cbd80a6f633/library/core/src/ops/function.rs:227:5
[INFO] [stderr]   23:     0x559a52b3423b - std::thread::local::lazy::LazyKeyInner<T>::initialize::h9a7e181ca1a03f0b
[INFO] [stderr]                                at /rustc/a178d0322ce20e33eac124758e837cbd80a6f633/library/std/src/thread/local.rs:432:25
[INFO] [stderr]   24:     0x559a52b33210 - std::thread::local::fast::Key<T>::try_initialize::h8c0070b3184fea8f
[INFO] [stderr]                                at /rustc/a178d0322ce20e33eac124758e837cbd80a6f633/library/std/src/thread/local.rs:610:31
[INFO] [stderr]   25:     0x559a52b33357 - std::thread::local::fast::Key<T>::get::hae2d9eef895512dc
[INFO] [stderr]                                at /rustc/a178d0322ce20e33eac124758e837cbd80a6f633/library/std/src/thread/local.rs:593:29
[INFO] [stderr]   26:     0x559a52ad095d - crossbeam_epoch::default::HANDLE::__getit::h364f73cdea0ff7cb
[INFO] [stderr]                                at /rustc/a178d0322ce20e33eac124758e837cbd80a6f633/library/std/src/thread/local.rs:311:26
[INFO] [stderr]   27:     0x559a52aa3345 - std::thread::local::LocalKey<T>::try_with::h4efe1751eb656afe
[INFO] [stderr]                                at /rustc/a178d0322ce20e33eac124758e837cbd80a6f633/library/std/src/thread/local.rs:399:32
[INFO] [stderr]   28:     0x559a52ad07b3 - crossbeam_epoch::default::with_handle::h99025b222861cecf
[INFO] [stderr]                                at /opt/rustwide/cargo-home/git/checkouts/crossbeam-5d5b005504a37dac/8cc906b/crossbeam-epoch/src/default.rs:42:5
[INFO] [stderr]   29:     0x559a52ad08f7 - crossbeam_epoch::default::pin::h1e0b181a3ff06f23
[INFO] [stderr]                                at /opt/rustwide/cargo-home/git/checkouts/crossbeam-5d5b005504a37dac/8cc906b/crossbeam-epoch/src/default.rs:23:5
[INFO] [stderr]   30:     0x559a52ac5453 - crossbeam_skiplist::map::SkipMap<K,V>::get::h147b60ff12558bef
[INFO] [stderr]                                at /opt/rustwide/cargo-home/git/checkouts/crossbeam-5d5b005504a37dac/8cc906b/crossbeam-skiplist/src/map.rs:72:22
[INFO] [stderr]   31:     0x559a52ab000c - simplekv::engine::kv::KvStoreWriter::set::h2d8d5621771a6be7
[INFO] [stderr]                                at /opt/rustwide/workdir/src/engine/kv.rs:152:36
[INFO] [stderr]   32:     0x559a52ab25d8 - <simplekv::engine::kv::KvStore as simplekv::engine::KvEngine>::set::h56661b23399a547b
[INFO] [stderr]                                at /opt/rustwide/workdir/src/engine/kv.rs:292:9
[INFO] [stderr]   33:     0x559a528e010a - simplekv::server::serve::hd7285036240afca3
[INFO] [stderr]                                at /opt/rustwide/workdir/src/server.rs:57:61
[INFO] [stderr]   34:     0x559a528df2a6 - simplekv::server::KvServer<E,P>::run::{{closure}}::h0c4d2a1e76d5366e
[INFO] [stderr]                                at /opt/rustwide/workdir/src/server.rs:23:37
[INFO] [stderr]   35:     0x559a528f8cee - core::ops::function::FnOnce::call_once{{vtable.shim}}::h07a75883ab79f95e
[INFO] [stderr]                                at /rustc/a178d0322ce20e33eac124758e837cbd80a6f633/library/core/src/ops/function.rs:227:5
[INFO] [stderr]   36:     0x559a52ad4d6d - <alloc::boxed::Box<F,A> as core::ops::function::FnOnce<Args>>::call_once::h1bf446c81a4f901e
[INFO] [stderr]                                at /rustc/a178d0322ce20e33eac124758e837cbd80a6f633/library/alloc/src/boxed.rs:1575:9
[INFO] [stderr]   37:     0x559a52aa5144 - simplekv::thread_pool::shared_queue::run_tasks::he22aadff37a3ce9d
[INFO] [stderr]                                at /opt/rustwide/workdir/src/thread_pool/shared_queue.rs:24:17
[INFO] [stderr]   38:     0x559a52aa5653 - <simplekv::thread_pool::shared_queue::SharedQueueThreadPool as simplekv::thread_pool::ThreadPool>::new::{{closure}}::hdd232ac16954c2ea
[INFO] [stderr]                                at /opt/rustwide/workdir/src/thread_pool/shared_queue.rs:43:50
[INFO] [stderr]   39:     0x559a52ad83b3 - std::sys_common::backtrace::__rust_begin_short_backtrace::hd863df2223d677c7
[INFO] [stderr]                                at /rustc/a178d0322ce20e33eac124758e837cbd80a6f633/library/std/src/sys_common/backtrace.rs:125:18
[INFO] [stderr]   40:     0x559a52a9cf14 - std::thread::Builder::spawn_unchecked::{{closure}}::{{closure}}::h61d54b9dd90d36c2
[INFO] [stderr]                                at /rustc/a178d0322ce20e33eac124758e837cbd80a6f633/library/std/src/thread/mod.rs:481:17
[INFO] [stderr]   41:     0x559a52ae02e4 - <std::panic::AssertUnwindSafe<F> as core::ops::function::FnOnce<()>>::call_once::h771e29380a28690c
[INFO] [stderr]                                at /rustc/a178d0322ce20e33eac124758e837cbd80a6f633/library/std/src/panic.rs:347:9
[INFO] [stderr]   42:     0x559a52aa95ad - std::panicking::try::do_call::he06ce58e1d176845
[INFO] [stderr]                                at /rustc/a178d0322ce20e33eac124758e837cbd80a6f633/library/std/src/panicking.rs:401:40
[INFO] [stderr]   43:     0x559a52aaa14d - __rust_try
[INFO] [stderr]   44:     0x559a52aa93cd - std::panicking::try::h2eba426a3798fede
[INFO] [stderr]                                at /rustc/a178d0322ce20e33eac124758e837cbd80a6f633/library/std/src/panicking.rs:365:19
[INFO] [stderr]   45:     0x559a52ae16b4 - std::panic::catch_unwind::h20f222edf2d97745
[INFO] [stderr]                                at /rustc/a178d0322ce20e33eac124758e837cbd80a6f633/library/std/src/panic.rs:434:14
[INFO] [stderr]   46:     0x559a52a9c9be - std::thread::Builder::spawn_unchecked::{{closure}}::h67e9890b34226016
[INFO] [stderr]                                at /rustc/a178d0322ce20e33eac124758e837cbd80a6f633/library/std/src/thread/mod.rs:480:30
[INFO] [stderr]   47:     0x559a52a9d0af - core::ops::function::FnOnce::call_once{{vtable.shim}}::h2ad2be4ad21d3832
[INFO] [stderr]                                at /rustc/a178d0322ce20e33eac124758e837cbd80a6f633/library/core/src/ops/function.rs:227:5
[INFO] [stderr]   48:     0x559a52c98a07 - <alloc::boxed::Box<F,A> as core::ops::function::FnOnce<Args>>::call_once::h7ece6cfefaff1005
[INFO] [stderr]                                at /rustc/a178d0322ce20e33eac124758e837cbd80a6f633/library/alloc/src/boxed.rs:1575:9
[INFO] [stderr]   49:     0x559a52c98a07 - <alloc::boxed::Box<F,A> as core::ops::function::FnOnce<Args>>::call_once::hb8b48e55c21f193e
[INFO] [stderr]                                at /rustc/a178d0322ce20e33eac124758e837cbd80a6f633/library/alloc/src/boxed.rs:1575:9
[INFO] [stderr]   50:     0x559a52c98a07 - std::sys::unix::thread::Thread::new::thread_start::h8c7c4450dba62914
[INFO] [stderr]                                at /rustc/a178d0322ce20e33eac124758e837cbd80a6f633/library/std/src/sys/unix/thread.rs:71:17
[INFO] [stderr]   51:     0x7fa7d3c97609 - start_thread
[INFO] [stderr]   52:     0x7fa7d3bb8293 - clone
[INFO] [stderr]   53:                0x0 - <unknown>
[INFO] [stdout] test cli_access_server_kv_engine ... FAILED
[INFO] [stdout] 
[INFO] [stdout] failures:
[INFO] [stdout] 
[INFO] [stdout] ---- cli_access_server_kv_engine stdout ----
[INFO] [stdout] thread 'cli_access_server_kv_engine' panicked at 'Unexpected failure.
[INFO] [stdout] code-1
[INFO] [stdout] stderr=```EOF while parsing a value at line 1 column 0
[INFO] [stdout] ```
[INFO] [stdout] command=`"/opt/rustwide/target/debug/kv-client" "set" "key1" "value1" "--addr" "127.0.0.1:4004"`
[INFO] [stdout] code=1
[INFO] [stdout] stdout=``````
[INFO] [stdout] stderr=```EOF while parsing a value at line 1 column 0
[INFO] [stdout] ```
[INFO] [stdout] ', /opt/rustwide/cargo-home/registry/src/github.com-1ecc6299db9ec823/assert_cmd-0.11.1/src/assert.rs:154:13
[INFO] [stdout] stack backtrace:
[INFO] [stdout]    0:     0x563604c10740 - std::backtrace_rs::backtrace::libunwind::trace::h34055254b57d8e79
[INFO] [stdout]                                at /rustc/a178d0322ce20e33eac124758e837cbd80a6f633/library/std/src/../../backtrace/src/backtrace/libunwind.rs:90:5
[INFO] [stdout]    1:     0x563604c10740 - std::backtrace_rs::backtrace::trace_unsynchronized::h8f1e3fbd9afff6ec
[INFO] [stdout]                                at /rustc/a178d0322ce20e33eac124758e837cbd80a6f633/library/std/src/../../backtrace/src/backtrace/mod.rs:66:5
[INFO] [stdout]    2:     0x563604c10740 - std::sys_common::backtrace::_print_fmt::h3a99a796b770c360
[INFO] [stdout]                                at /rustc/a178d0322ce20e33eac124758e837cbd80a6f633/library/std/src/sys_common/backtrace.rs:67:5
[INFO] [stdout]    3:     0x563604c10740 - <std::sys_common::backtrace::_print::DisplayBacktrace as core::fmt::Display>::fmt::h32d1f94a80615d18
[INFO] [stdout]                                at /rustc/a178d0322ce20e33eac124758e837cbd80a6f633/library/std/src/sys_common/backtrace.rs:46:22
[INFO] [stdout]    4:     0x563604c3445c - core::fmt::write::h306731c068f7162c
[INFO] [stdout]                                at /rustc/a178d0322ce20e33eac124758e837cbd80a6f633/library/core/src/fmt/mod.rs:1110:17
[INFO] [stdout]    5:     0x563604c0cfe5 - std::io::Write::write_fmt::h87f19b0a2cd190bc
[INFO] [stdout]                                at /rustc/a178d0322ce20e33eac124758e837cbd80a6f633/library/std/src/io/mod.rs:1588:15
[INFO] [stdout]    6:     0x563604c12d3b - std::sys_common::backtrace::_print::h5abaa2601a852287
[INFO] [stdout]                                at /rustc/a178d0322ce20e33eac124758e837cbd80a6f633/library/std/src/sys_common/backtrace.rs:49:5
[INFO] [stdout]    7:     0x563604c12d3b - std::sys_common::backtrace::print::h8d81445442bb638f
[INFO] [stdout]                                at /rustc/a178d0322ce20e33eac124758e837cbd80a6f633/library/std/src/sys_common/backtrace.rs:36:9
[INFO] [stdout]    8:     0x563604c12d3b - std::panicking::default_hook::{{closure}}::hcfe804496a9fa747
[INFO] [stdout]                                at /rustc/a178d0322ce20e33eac124758e837cbd80a6f633/library/std/src/panicking.rs:208:50
[INFO] [stdout]    9:     0x563604c1284c - std::panicking::default_hook::hbea8e3ccf2ba8901
[INFO] [stdout]                                at /rustc/a178d0322ce20e33eac124758e837cbd80a6f633/library/std/src/panicking.rs:222:9
[INFO] [stdout]   10:     0x563604c13404 - std::panicking::rust_panic_with_hook::h7ee9e1a2d0f8975a
[INFO] [stdout]                                at /rustc/a178d0322ce20e33eac124758e837cbd80a6f633/library/std/src/panicking.rs:622:17
[INFO] [stdout]   11:     0x563604c12ee7 - std::panicking::begin_panic_handler::{{closure}}::h8ab3b4491718b2c7
[INFO] [stdout]                                at /rustc/a178d0322ce20e33eac124758e837cbd80a6f633/library/std/src/panicking.rs:519:13
[INFO] [stdout]   12:     0x563604c10c3c - std::sys_common::backtrace::__rust_end_short_backtrace::hd489062ffa586a9f
[INFO] [stdout]                                at /rustc/a178d0322ce20e33eac124758e837cbd80a6f633/library/std/src/sys_common/backtrace.rs:141:18
[INFO] [stdout]   13:     0x563604c12e49 - rust_begin_unwind
[INFO] [stdout]                                at /rustc/a178d0322ce20e33eac124758e837cbd80a6f633/library/std/src/panicking.rs:515:5
[INFO] [stdout]   14:     0x563604b29f4b - std::panicking::begin_panic_fmt::h5479575e112541f8
[INFO] [stdout]                                at /rustc/a178d0322ce20e33eac124758e837cbd80a6f633/library/std/src/panicking.rs:457:5
[INFO] [stdout]   15:     0x563604bc45bb - assert_cmd::assert::Assert::success::hbc1c9caaaff2f579
[INFO] [stdout]                                at /opt/rustwide/cargo-home/registry/src/github.com-1ecc6299db9ec823/assert_cmd-0.11.1/src/assert.rs:154:13
[INFO] [stdout]   16:     0x563604b3fc4b - cli::cli_access_server::h2df09c019c085f0e
[INFO] [stdout]                                at /opt/rustwide/workdir/tests/cli.rs:189:5
[INFO] [stdout]   17:     0x563604b42dae - cli::cli_access_server_kv_engine::hf9229ef6161e5177
[INFO] [stdout]                                at /opt/rustwide/workdir/tests/cli.rs:290:5
[INFO] [stdout]   18:     0x563604b42d7a - cli::cli_access_server_kv_engine::{{closure}}::h3af4909e0c1c0658
[INFO] [stdout]                                at /opt/rustwide/workdir/tests/cli.rs:289:1
[INFO] [stdout]   19:     0x563604b3572e - core::ops::function::FnOnce::call_once::hcc08e4a08eac1126
[INFO] [stdout]                                at /rustc/a178d0322ce20e33eac124758e837cbd80a6f633/library/core/src/ops/function.rs:227:5
[INFO] [stdout]   20:     0x563604b6d3b3 - core::ops::function::FnOnce::call_once::h152e7e439ff59e19
[INFO] [stdout]                                at /rustc/a178d0322ce20e33eac124758e837cbd80a6f633/library/core/src/ops/function.rs:227:5
[INFO] [stdout]   21:     0x563604b6d3b3 - test::__rust_begin_short_backtrace::h0908f3b1fdbb72ab
[INFO] [stdout]                                at /rustc/a178d0322ce20e33eac124758e837cbd80a6f633/library/test/src/lib.rs:577:5
[INFO] [stdout]   22:     0x563604b6be70 - <alloc::boxed::Box<F,A> as core::ops::function::FnOnce<Args>>::call_once::hf6d2a51e5587546c
[INFO] [stdout]                                at /rustc/a178d0322ce20e33eac124758e837cbd80a6f633/library/alloc/src/boxed.rs:1575:9
[INFO] [stdout]   23:     0x563604b6be70 - <std::panic::AssertUnwindSafe<F> as core::ops::function::FnOnce<()>>::call_once::h8af660f3a89ef593
[INFO] [stdout]                                at /rustc/a178d0322ce20e33eac124758e837cbd80a6f633/library/std/src/panic.rs:347:9
[INFO] [stdout]   24:     0x563604b6be70 - std::panicking::try::do_call::hd36aef60f84b6d36
[INFO] [stdout]                                at /rustc/a178d0322ce20e33eac124758e837cbd80a6f633/library/std/src/panicking.rs:401:40
[INFO] [stdout]   25:     0x563604b6be70 - std::panicking::try::h9932b4480e69817c
[INFO] [stdout]                                at /rustc/a178d0322ce20e33eac124758e837cbd80a6f633/library/std/src/panicking.rs:365:19
[INFO] [stdout]   26:     0x563604b6be70 - std::panic::catch_unwind::h6aa177099cfff5f8
[INFO] [stdout]                                at /rustc/a178d0322ce20e33eac124758e837cbd80a6f633/library/std/src/panic.rs:434:14
[INFO] [stdout]   27:     0x563604b6be70 - test::run_test_in_process::h5884d6f2d99e20c3
[INFO] [stdout]                                at /rustc/a178d0322ce20e33eac124758e837cbd80a6f633/library/test/src/lib.rs:600:18
[INFO] [stdout]   28:     0x563604b6be70 - test::run_test::run_test_inner::{{closure}}::h6fdc58c6d5f5b6e3
[INFO] [stdout]                                at /rustc/a178d0322ce20e33eac124758e837cbd80a6f633/library/test/src/lib.rs:492:39
[INFO] [stdout]   29:     0x563604b45522 - test::run_test::run_test_inner::{{closure}}::h408365d67a78ade8
[INFO] [stdout]                                at /rustc/a178d0322ce20e33eac124758e837cbd80a6f633/library/test/src/lib.rs:519:37
[INFO] [stdout]   30:     0x563604b45522 - std::sys_common::backtrace::__rust_begin_short_backtrace::hb560b77c4f701523
[INFO] [stdout]                                at /rustc/a178d0322ce20e33eac124758e837cbd80a6f633/library/std/src/sys_common/backtrace.rs:125:18
[INFO] [stdout]   31:     0x563604b490d8 - std::thread::Builder::spawn_unchecked::{{closure}}::{{closure}}::hf2e7831dad93c597
[INFO] [stdout]                                at /rustc/a178d0322ce20e33eac124758e837cbd80a6f633/library/std/src/thread/mod.rs:481:17
[INFO] [stdout]   32:     0x563604b490d8 - <std::panic::AssertUnwindSafe<F> as core::ops::function::FnOnce<()>>::call_once::hd2e08783d8be4d02
[INFO] [stdout]                                at /rustc/a178d0322ce20e33eac124758e837cbd80a6f633/library/std/src/panic.rs:347:9
[INFO] [stdout]   33:     0x563604b490d8 - std::panicking::try::do_call::h062597b7acfd6b82
[INFO] [stdout]                                at /rustc/a178d0322ce20e33eac124758e837cbd80a6f633/library/std/src/panicking.rs:401:40
[INFO] [stdout]   34:     0x563604b490d8 - std::panicking::try::h0d7b79db04c14552
[INFO] [stdout]                                at /rustc/a178d0322ce20e33eac124758e837cbd80a6f633/library/std/src/panicking.rs:365:19
[INFO] [stdout]   35:     0x563604b490d8 - std::panic::catch_unwind::hb01a0b5e7c8cd43b
[INFO] [stdout]                                at /rustc/a178d0322ce20e33eac124758e837cbd80a6f633/library/std/src/panic.rs:434:14
[INFO] [stdout]   36:     0x563604b490d8 - std::thread::Builder::spawn_unchecked::{{closure}}::h5bde48cc887e0d1e
[INFO] [stdout]                                at /rustc/a178d0322ce20e33eac124758e837cbd80a6f633/library/std/src/thread/mod.rs:480:30
[INFO] [stdout]   37:     0x563604b490d8 - core::ops::function::FnOnce::call_once{{vtable.shim}}::h745ea30807a29e55
[INFO] [stdout]                                at /rustc/a178d0322ce20e33eac124758e837cbd80a6f633/library/core/src/ops/function.rs:227:5
[INFO] [stdout]   38:     0x563604c18d97 - <alloc::boxed::Box<F,A> as core::ops::function::FnOnce<Args>>::call_once::h7ece6cfefaff1005
[INFO] [stdout]                                at /rustc/a178d0322ce20e33eac124758e837cbd80a6f633/library/alloc/src/boxed.rs:1575:9
[INFO] [stdout]   39:     0x563604c18d97 - <alloc::boxed::Box<F,A> as core::ops::function::FnOnce<Args>>::call_once::hb8b48e55c21f193e
[INFO] [stdout]                                at /rustc/a178d0322ce20e33eac124758e837cbd80a6f633/library/alloc/src/boxed.rs:1575:9
[INFO] [stdout]   40:     0x563604c18d97 - std::sys::unix::thread::Thread::new::thread_start::h8c7c4450dba62914
[INFO] [stdout]                                at /rustc/a178d0322ce20e33eac124758e837cbd80a6f633/library/std/src/sys/unix/thread.rs:71:17
[INFO] [stdout]   41:     0x7f95dee88609 - start_thread
[INFO] [stdout]   42:     0x7f95dec5a293 - clone
[INFO] [stdout]   43:                0x0 - <unknown>
[INFO] [stdout] 
[INFO] [stdout] 
[INFO] [stdout] failures:
[INFO] [stdout]     cli_access_server_kv_engine
[INFO] [stdout] 
[INFO] [stdout] test result: FAILED. 8 passed; 1 failed; 0 ignored; 0 measured; 0 filtered out; finished in 1.13s
[INFO] [stdout] 
[INFO] [stderr] error: test failed, to rerun pass '--test cli'
[INFO] running `Command { std: "docker" "inspect" "5106b46eaf4a34443b0aefefed80b6d4135152e71a42d5d2642967110dc32f22", kill_on_drop: false }`
[INFO] running `Command { std: "docker" "rm" "-f" "5106b46eaf4a34443b0aefefed80b6d4135152e71a42d5d2642967110dc32f22", kill_on_drop: false }`
[INFO] [stdout] 5106b46eaf4a34443b0aefefed80b6d4135152e71a42d5d2642967110dc32f22
