[INFO] cloning repository https://github.com/play-stm32/sdio_sdhc
[INFO] running `Command { std: "git" "-c" "credential.helper=" "-c" "credential.helper=/workspace/cargo-home/bin/git-credential-null" "clone" "--bare" "https://github.com/play-stm32/sdio_sdhc" "/workspace/cache/git-repos/https%3A%2F%2Fgithub.com%2Fplay-stm32%2Fsdio_sdhc", kill_on_drop: false }`
[INFO] [stderr] Cloning into bare repository '/workspace/cache/git-repos/https%3A%2F%2Fgithub.com%2Fplay-stm32%2Fsdio_sdhc'...
[INFO] running `Command { std: "git" "rev-parse" "HEAD", kill_on_drop: false }`
[INFO] [stdout] e242f2eaa3ce9aa3b159dec5417547930e31e17f
[INFO] testing play-stm32/sdio_sdhc against beta-2021-08-01 for beta-1.55-1
[INFO] running `Command { std: "git" "clone" "/workspace/cache/git-repos/https%3A%2F%2Fgithub.com%2Fplay-stm32%2Fsdio_sdhc" "/workspace/builds/worker-96/source", kill_on_drop: false }`
[INFO] [stderr] Cloning into '/workspace/builds/worker-96/source'...
[INFO] [stderr] done.
[INFO] validating manifest of git repo https://github.com/play-stm32/sdio_sdhc on toolchain beta-2021-08-01
[INFO] running `Command { std: "/workspace/cargo-home/bin/cargo" "+beta-2021-08-01" "metadata" "--manifest-path" "Cargo.toml" "--no-deps", kill_on_drop: false }`
[INFO] started tweaking git repo https://github.com/play-stm32/sdio_sdhc
[INFO] finished tweaking git repo https://github.com/play-stm32/sdio_sdhc
[INFO] tweaked toml for git repo https://github.com/play-stm32/sdio_sdhc written to /workspace/builds/worker-96/source/Cargo.toml
[INFO] running `Command { std: "/workspace/cargo-home/bin/cargo" "+beta-2021-08-01" "generate-lockfile" "--manifest-path" "Cargo.toml" "-Zno-index-update", kill_on_drop: false }`
[INFO] [stderr]     Blocking waiting for file lock on package cache
[INFO] running `Command { std: "/workspace/cargo-home/bin/cargo" "+beta-2021-08-01" "fetch" "--manifest-path" "Cargo.toml", kill_on_drop: false }`
[INFO] [stderr]     Blocking waiting for file lock on package cache
[INFO] running `Command { std: "docker" "create" "-v" "/var/lib/crater-agent-workspace/builds/worker-96/target:/opt/rustwide/target:rw,Z" "-v" "/var/lib/crater-agent-workspace/builds/worker-96/source:/opt/rustwide/workdir:ro,Z" "-v" "/var/lib/crater-agent-workspace/cargo-home:/opt/rustwide/cargo-home:ro,Z" "-v" "/var/lib/crater-agent-workspace/rustup-home:/opt/rustwide/rustup-home:ro,Z" "-e" "SOURCE_DIR=/opt/rustwide/workdir" "-e" "CARGO_TARGET_DIR=/opt/rustwide/target" "-e" "CARGO_HOME=/opt/rustwide/cargo-home" "-e" "RUSTUP_HOME=/opt/rustwide/rustup-home" "-w" "/opt/rustwide/workdir" "-m" "1610612736" "--user" "0:0" "--network" "none" "ghcr.io/rust-lang/crates-build-env/linux@sha256:34b6a614d2c27851fe6cbf88fbd1137609cefab8b10d0615aaeb6fd47975d74e" "/opt/rustwide/cargo-home/bin/cargo" "+beta-2021-08-01" "metadata" "--no-deps" "--format-version=1", kill_on_drop: false }`
[INFO] [stdout] 1001b5032e76a469a8340675825e7c97cb55eb9e79afafa17bacee4dec6e2870
[INFO] running `Command { std: "docker" "start" "-a" "1001b5032e76a469a8340675825e7c97cb55eb9e79afafa17bacee4dec6e2870", kill_on_drop: false }`
[INFO] running `Command { std: "docker" "inspect" "1001b5032e76a469a8340675825e7c97cb55eb9e79afafa17bacee4dec6e2870", kill_on_drop: false }`
[INFO] running `Command { std: "docker" "rm" "-f" "1001b5032e76a469a8340675825e7c97cb55eb9e79afafa17bacee4dec6e2870", kill_on_drop: false }`
[INFO] [stdout] 1001b5032e76a469a8340675825e7c97cb55eb9e79afafa17bacee4dec6e2870
[INFO] running `Command { std: "docker" "create" "-v" "/var/lib/crater-agent-workspace/builds/worker-96/target:/opt/rustwide/target:rw,Z" "-v" "/var/lib/crater-agent-workspace/builds/worker-96/source:/opt/rustwide/workdir:ro,Z" "-v" "/var/lib/crater-agent-workspace/cargo-home:/opt/rustwide/cargo-home:ro,Z" "-v" "/var/lib/crater-agent-workspace/rustup-home:/opt/rustwide/rustup-home:ro,Z" "-e" "SOURCE_DIR=/opt/rustwide/workdir" "-e" "CARGO_TARGET_DIR=/opt/rustwide/target" "-e" "CARGO_INCREMENTAL=0" "-e" "RUST_BACKTRACE=full" "-e" "RUSTFLAGS=--cap-lints=warn" "-e" "CARGO_HOME=/opt/rustwide/cargo-home" "-e" "RUSTUP_HOME=/opt/rustwide/rustup-home" "-w" "/opt/rustwide/workdir" "-m" "1610612736" "--user" "0:0" "--network" "none" "ghcr.io/rust-lang/crates-build-env/linux@sha256:34b6a614d2c27851fe6cbf88fbd1137609cefab8b10d0615aaeb6fd47975d74e" "/opt/rustwide/cargo-home/bin/cargo" "+beta-2021-08-01" "build" "--frozen" "--message-format=json", kill_on_drop: false }`
[INFO] [stdout] 48a30d93df0b32d5b7827be53f74e51fd088c38765c71b18e0fee17bde76f7c2
[INFO] running `Command { std: "docker" "start" "-a" "48a30d93df0b32d5b7827be53f74e51fd088c38765c71b18e0fee17bde76f7c2", kill_on_drop: false }`
[INFO] [stderr]     Blocking waiting for file lock on package cache
[INFO] [stderr]    Compiling typenum v1.13.0
[INFO] [stderr]    Compiling semver-parser v0.7.0
[INFO] [stderr]    Compiling version_check v0.9.3
[INFO] [stderr]    Compiling proc-macro2 v1.0.28
[INFO] [stderr]    Compiling semver v1.0.4
[INFO] [stderr]    Compiling cortex-m v0.7.3
[INFO] [stderr]    Compiling nb v1.0.0
[INFO] [stderr]    Compiling unicode-xid v0.2.2
[INFO] [stderr]    Compiling syn v1.0.74
[INFO] [stderr]    Compiling vcell v0.1.3
[INFO] [stderr]    Compiling stable_deref_trait v1.2.0
[INFO] [stderr]    Compiling cortex-m v0.6.7
[INFO] [stderr]    Compiling bitfield v0.13.2
[INFO] [stderr]    Compiling stm32f4 v0.11.0
[INFO] [stderr]    Compiling cortex-m-rt v0.6.15
[INFO] [stderr]    Compiling r0 v0.2.2
[INFO] [stderr]    Compiling rand_core v0.5.1
[INFO] [stderr]    Compiling semver v0.9.0
[INFO] [stderr]    Compiling nb v0.1.3
[INFO] [stderr]    Compiling volatile-register v0.2.0
[INFO] [stderr]    Compiling embedded-hal v0.2.6
[INFO] [stderr]    Compiling rustc_version v0.2.3
[INFO] [stderr]    Compiling generic-array v0.14.4
[INFO] [stderr]    Compiling rustc_version v0.4.0
[INFO] [stderr]    Compiling bare-metal v0.2.5
[INFO] [stderr]    Compiling quote v1.0.9
[INFO] [stderr]    Compiling generic-array v0.12.4
[INFO] [stderr]    Compiling generic-array v0.13.3
[INFO] [stderr]    Compiling cast v0.2.7
[INFO] [stderr]    Compiling as-slice v0.1.5
[INFO] [stderr]    Compiling aligned v0.3.5
[INFO] [stderr]    Compiling cortex-m-rt-macros v0.6.15
[INFO] [stderr]    Compiling stm32f4xx-hal v0.8.3
[INFO] [stderr]    Compiling sdio_sdhc v0.2.3 (/opt/rustwide/workdir)
[INFO] [stderr]     Finished dev [unoptimized + debuginfo] target(s) in 51.16s
[INFO] running `Command { std: "docker" "inspect" "48a30d93df0b32d5b7827be53f74e51fd088c38765c71b18e0fee17bde76f7c2", kill_on_drop: false }`
[INFO] running `Command { std: "docker" "rm" "-f" "48a30d93df0b32d5b7827be53f74e51fd088c38765c71b18e0fee17bde76f7c2", kill_on_drop: false }`
[INFO] [stdout] 48a30d93df0b32d5b7827be53f74e51fd088c38765c71b18e0fee17bde76f7c2
[INFO] running `Command { std: "docker" "create" "-v" "/var/lib/crater-agent-workspace/builds/worker-96/target:/opt/rustwide/target:rw,Z" "-v" "/var/lib/crater-agent-workspace/builds/worker-96/source:/opt/rustwide/workdir:ro,Z" "-v" "/var/lib/crater-agent-workspace/cargo-home:/opt/rustwide/cargo-home:ro,Z" "-v" "/var/lib/crater-agent-workspace/rustup-home:/opt/rustwide/rustup-home:ro,Z" "-e" "SOURCE_DIR=/opt/rustwide/workdir" "-e" "CARGO_TARGET_DIR=/opt/rustwide/target" "-e" "CARGO_INCREMENTAL=0" "-e" "RUST_BACKTRACE=full" "-e" "RUSTFLAGS=--cap-lints=warn" "-e" "CARGO_HOME=/opt/rustwide/cargo-home" "-e" "RUSTUP_HOME=/opt/rustwide/rustup-home" "-w" "/opt/rustwide/workdir" "-m" "1610612736" "--user" "0:0" "--network" "none" "ghcr.io/rust-lang/crates-build-env/linux@sha256:34b6a614d2c27851fe6cbf88fbd1137609cefab8b10d0615aaeb6fd47975d74e" "/opt/rustwide/cargo-home/bin/cargo" "+beta-2021-08-01" "test" "--frozen" "--no-run" "--message-format=json", kill_on_drop: false }`
[INFO] [stdout] e522c64cedfa38033922f2ac2a84c46961c612a0105482185f97bea136861477
[INFO] running `Command { std: "docker" "start" "-a" "e522c64cedfa38033922f2ac2a84c46961c612a0105482185f97bea136861477", kill_on_drop: false }`
[INFO] [stderr]     Blocking waiting for file lock on package cache
[INFO] [stderr]    Compiling sdio_sdhc v0.2.3 (/opt/rustwide/workdir)
[INFO] [stderr]     Finished test [unoptimized + debuginfo] target(s) in 1.01s
[INFO] running `Command { std: "docker" "inspect" "e522c64cedfa38033922f2ac2a84c46961c612a0105482185f97bea136861477", kill_on_drop: false }`
[INFO] running `Command { std: "docker" "rm" "-f" "e522c64cedfa38033922f2ac2a84c46961c612a0105482185f97bea136861477", kill_on_drop: false }`
[INFO] [stdout] e522c64cedfa38033922f2ac2a84c46961c612a0105482185f97bea136861477
[INFO] running `Command { std: "docker" "create" "-v" "/var/lib/crater-agent-workspace/builds/worker-96/target:/opt/rustwide/target:rw,Z" "-v" "/var/lib/crater-agent-workspace/builds/worker-96/source:/opt/rustwide/workdir:ro,Z" "-v" "/var/lib/crater-agent-workspace/cargo-home:/opt/rustwide/cargo-home:ro,Z" "-v" "/var/lib/crater-agent-workspace/rustup-home:/opt/rustwide/rustup-home:ro,Z" "-e" "SOURCE_DIR=/opt/rustwide/workdir" "-e" "CARGO_TARGET_DIR=/opt/rustwide/target" "-e" "CARGO_INCREMENTAL=0" "-e" "RUST_BACKTRACE=full" "-e" "RUSTFLAGS=--cap-lints=warn" "-e" "CARGO_HOME=/opt/rustwide/cargo-home" "-e" "RUSTUP_HOME=/opt/rustwide/rustup-home" "-w" "/opt/rustwide/workdir" "-m" "1610612736" "--user" "0:0" "--network" "none" "ghcr.io/rust-lang/crates-build-env/linux@sha256:34b6a614d2c27851fe6cbf88fbd1137609cefab8b10d0615aaeb6fd47975d74e" "/opt/rustwide/cargo-home/bin/cargo" "+beta-2021-08-01" "test" "--frozen", kill_on_drop: false }`
[INFO] [stdout] 202456eb737f11c1bbc6da73a62632d88242c277cdaa732e7fb2e5d0e65f45fa
[INFO] running `Command { std: "docker" "start" "-a" "202456eb737f11c1bbc6da73a62632d88242c277cdaa732e7fb2e5d0e65f45fa", kill_on_drop: false }`
[INFO] [stderr]     Finished test [unoptimized + debuginfo] target(s) in 0.12s
[INFO] [stderr]      Running unittests (/opt/rustwide/target/debug/deps/sdio_sdhc-2cc933342804fe9e)
[INFO] [stdout] 
[INFO] [stderr]    Doc-tests sdio_sdhc
[INFO] [stdout] running 0 tests
[INFO] [stdout] 
[INFO] [stdout] test result: ok. 0 passed; 0 failed; 0 ignored; 0 measured; 0 filtered out; finished in 0.00s
[INFO] [stdout] 
[INFO] [stdout] 
[INFO] [stdout] running 5 tests
[INFO] [stdout] test src/lib.rs - (line 87) ... FAILED
[INFO] [stdout] test src/lib.rs - (line 101) ... FAILED
[INFO] [stdout] test src/lib.rs - (line 6) ... FAILED
[INFO] [stdout] test src/lib.rs - (line 12) ... FAILED
[INFO] [stdout] test src/lib.rs - (line 65) ... FAILED
[INFO] [stdout] 
[INFO] [stdout] failures:
[INFO] [stdout] 
[INFO] [stdout] ---- src/lib.rs - (line 87) stdout ----
[INFO] [stdout] error: expected one of `.`, `?`, `]`, or an operator, found `,`
[INFO] [stdout]  --> src/lib.rs:94:3
[INFO] [stdout]   |
[INFO] [stdout] 9 | [1, 1, 1, .......]
[INFO] [stdout]   |   ^ expected one of `.`, `?`, `]`, or an operator
[INFO] [stdout] 
[INFO] [stdout] error: aborting due to previous error
[INFO] [stdout] 
[INFO] [stdout] Couldn't compile the test.
[INFO] [stdout] ---- src/lib.rs - (line 101) stdout ----
[INFO] [stdout] error: expected one of `.`, `;`, `?`, `}`, or an operator, found `,`
[INFO] [stdout]  --> src/lib.rs:102:30
[INFO] [stdout]   |
[INFO] [stdout] 4 | sdio_sdhc = { version = "0.2", features = ["filesystem"] }
[INFO] [stdout]   |                              ^ expected one of `.`, `;`, `?`, `}`, or an operator
[INFO] [stdout] 
[INFO] [stdout] error[E0423]: expected value, found crate `sdio_sdhc`
[INFO] [stdout]  --> src/lib.rs:102:1
[INFO] [stdout]   |
[INFO] [stdout] 4 | sdio_sdhc = { version = "0.2", features = ["filesystem"] }
[INFO] [stdout]   | ^^^^^^^^^ not a value
[INFO] [stdout] 
[INFO] [stdout] error: aborting due to 2 previous errors
[INFO] [stdout] 
[INFO] [stdout] For more information about this error, try `rustc --explain E0423`.
[INFO] [stdout] Couldn't compile the test.
[INFO] [stdout] ---- src/lib.rs - (line 6) stdout ----
[INFO] [stdout] error: expected one of `.`, `;`, `?`, `}`, or an operator, found `,`
[INFO] [stdout]  --> src/lib.rs:7:34
[INFO] [stdout]   |
[INFO] [stdout] 3 | stm32fxxx-hal = { version = "xxx", features = ["xxx"] }
[INFO] [stdout]   |                                  ^ expected one of `.`, `;`, `?`, `}`, or an operator
[INFO] [stdout] 
[INFO] [stdout] error[E0425]: cannot find value `stm32fxxx` in this scope
[INFO] [stdout]  --> src/lib.rs:7:1
[INFO] [stdout]   |
[INFO] [stdout] 3 | stm32fxxx-hal = { version = "xxx", features = ["xxx"] }
[INFO] [stdout]   | ^^^^^^^^^ not found in this scope
[INFO] [stdout] 
[INFO] [stdout] error[E0425]: cannot find value `hal` in this scope
[INFO] [stdout]  --> src/lib.rs:7:11
[INFO] [stdout]   |
[INFO] [stdout] 3 | stm32fxxx-hal = { version = "xxx", features = ["xxx"] }
[INFO] [stdout]   |           ^^^ not found in this scope
[INFO] [stdout] 
[INFO] [stdout] error[E0070]: invalid left-hand side of assignment
[INFO] [stdout]  --> src/lib.rs:7:15
[INFO] [stdout]   |
[INFO] [stdout] 3 | stm32fxxx-hal = { version = "xxx", features = ["xxx"] }
[INFO] [stdout]   | ------------- ^
[INFO] [stdout]   | |
[INFO] [stdout]   | cannot assign to this expression
[INFO] [stdout] 
[INFO] [stdout] error: aborting due to 4 previous errors
[INFO] [stdout] 
[INFO] [stdout] Some errors have detailed explanations: E0070, E0425.
[INFO] [stdout] For more information about an error, try `rustc --explain E0070`.
[INFO] [stdout] Couldn't compile the test.
[INFO] [stdout] ---- src/lib.rs - (line 12) stdout ----
[INFO] [stdout] error[E0433]: failed to resolve: use of undeclared crate or module `stm32`
[INFO] [stdout]  --> src/lib.rs:14:14
[INFO] [stdout]   |
[INFO] [stdout] 4 |    rcc: &mut stm32::RCC,
[INFO] [stdout]   |              ^^^^^ use of undeclared crate or module `stm32`
[INFO] [stdout] 
[INFO] [stdout] error[E0433]: failed to resolve: use of undeclared crate or module `stm32`
[INFO] [stdout]  --> src/lib.rs:15:16
[INFO] [stdout]   |
[INFO] [stdout] 5 |    gpioc: &mut stm32::GPIOC,
[INFO] [stdout]   |                ^^^^^ use of undeclared crate or module `stm32`
[INFO] [stdout] 
[INFO] [stdout] error[E0433]: failed to resolve: use of undeclared crate or module `stm32`
[INFO] [stdout]  --> src/lib.rs:16:16
[INFO] [stdout]   |
[INFO] [stdout] 6 |    gpiod: &mut stm32::GPIOD,
[INFO] [stdout]   |                ^^^^^ use of undeclared crate or module `stm32`
[INFO] [stdout] 
[INFO] [stdout] error: aborting due to 3 previous errors
[INFO] [stdout] 
[INFO] [stdout] For more information about this error, try `rustc --explain E0433`.
[INFO] [stdout] Couldn't compile the test.
[INFO] [stdout] ---- src/lib.rs - (line 65) stdout ----
[INFO] [stdout] error[E0433]: failed to resolve: use of undeclared type `Card`
[INFO] [stdout]  --> src/lib.rs:66:12
[INFO] [stdout]   |
[INFO] [stdout] 3 | let card = Card::init().unwrap();
[INFO] [stdout]   |            ^^^^ not found in this scope
[INFO] [stdout]   |
[INFO] [stdout] help: consider importing one of these items
[INFO] [stdout]   |
[INFO] [stdout] 2 | use sdio_sdhc::sdcard::Card;
[INFO] [stdout]   |
[INFO] [stdout] 2 | use stm32f4xx_hal::sdio::Card;
[INFO] [stdout]   |
[INFO] [stdout] 
[INFO] [stdout] error[E0425]: cannot find value `USART1` in this scope
[INFO] [stdout]  --> src/lib.rs:67:13
[INFO] [stdout]   |
[INFO] [stdout] 4 |    writeln!(USART1, "{:#?}", card).unwrap();
[INFO] [stdout]   |             ^^^^^^ not found in this scope
[INFO] [stdout]   |
[INFO] [stdout] help: consider importing this unit variant
[INFO] [stdout]   |
[INFO] [stdout] 2 | use stm32f4xx_hal::stm32::Interrupt::USART1;
[INFO] [stdout]   |
[INFO] [stdout] 
[INFO] [stdout] error[E0425]: cannot find value `USART1` in this scope
[INFO] [stdout]   --> src/lib.rs:75:13
[INFO] [stdout]    |
[INFO] [stdout] 12 |    writeln!(USART1, "{:?}", &buf[0..buf.len()]).unwrap();
[INFO] [stdout]    |             ^^^^^^ not found in this scope
[INFO] [stdout]    |
[INFO] [stdout] help: consider importing this unit variant
[INFO] [stdout]    |
[INFO] [stdout] 2  | use stm32f4xx_hal::stm32::Interrupt::USART1;
[INFO] [stdout]    |
[INFO] [stdout] 
[INFO] [stdout] error[E0425]: cannot find value `USART1` in this scope
[INFO] [stdout]   --> src/lib.rs:82:13
[INFO] [stdout]    |
[INFO] [stdout] 19 |    writeln!(USART1, "{:?}", &buf[0..buf.len()]).unwrap();
[INFO] [stdout]    |             ^^^^^^ not found in this scope
[INFO] [stdout]    |
[INFO] [stdout] help: consider importing this unit variant
[INFO] [stdout]    |
[INFO] [stdout] 2  | use stm32f4xx_hal::stm32::Interrupt::USART1;
[INFO] [stdout]    |
[INFO] [stdout] 
[INFO] [stdout] error: aborting due to 4 previous errors
[INFO] [stdout] 
[INFO] [stdout] Some errors have detailed explanations: E0425, E0433.
[INFO] [stdout] For more information about an error, try `rustc --explain E0425`.
[INFO] [stdout] Couldn't compile the test.
[INFO] [stdout] 
[INFO] [stdout] failures:
[INFO] [stdout]     src/lib.rs - (line 101)
[INFO] [stdout]     src/lib.rs - (line 12)
[INFO] [stdout]     src/lib.rs - (line 6)
[INFO] [stdout]     src/lib.rs - (line 65)
[INFO] [stdout]     src/lib.rs - (line 87)
[INFO] [stdout] 
[INFO] [stdout] test result: FAILED. 0 passed; 5 failed; 0 ignored; 0 measured; 0 filtered out; finished in 0.27s
[INFO] [stdout] 
[INFO] [stderr] error: test failed, to rerun pass '--doc'
[INFO] running `Command { std: "docker" "inspect" "202456eb737f11c1bbc6da73a62632d88242c277cdaa732e7fb2e5d0e65f45fa", kill_on_drop: false }`
[INFO] running `Command { std: "docker" "rm" "-f" "202456eb737f11c1bbc6da73a62632d88242c277cdaa732e7fb2e5d0e65f45fa", kill_on_drop: false }`
[INFO] [stdout] 202456eb737f11c1bbc6da73a62632d88242c277cdaa732e7fb2e5d0e65f45fa
