[INFO] cloning repository https://github.com/phil-opp/issue-38129
[INFO] running `Command { std: "git" "-c" "credential.helper=" "-c" "credential.helper=/workspace/cargo-home/bin/git-credential-null" "clone" "--bare" "https://github.com/phil-opp/issue-38129" "/workspace/cache/git-repos/https%3A%2F%2Fgithub.com%2Fphil-opp%2Fissue-38129", kill_on_drop: false }`
[INFO] [stderr] Cloning into bare repository '/workspace/cache/git-repos/https%3A%2F%2Fgithub.com%2Fphil-opp%2Fissue-38129'...
[INFO] running `Command { std: "git" "rev-parse" "HEAD", kill_on_drop: false }`
[INFO] [stdout] 65c84cf2f5d9c239069b25c5d6bc01412c2de8c2
[INFO] testing phil-opp/issue-38129 against 1.54.0 for beta-1.55-1
[INFO] running `Command { std: "git" "clone" "/workspace/cache/git-repos/https%3A%2F%2Fgithub.com%2Fphil-opp%2Fissue-38129" "/workspace/builds/worker-102/source", kill_on_drop: false }`
[INFO] [stderr] Cloning into '/workspace/builds/worker-102/source'...
[INFO] [stderr] done.
[INFO] validating manifest of git repo https://github.com/phil-opp/issue-38129 on toolchain 1.54.0
[INFO] running `Command { std: "/workspace/cargo-home/bin/cargo" "+1.54.0" "metadata" "--manifest-path" "Cargo.toml" "--no-deps", kill_on_drop: false }`
[INFO] started tweaking git repo https://github.com/phil-opp/issue-38129
[INFO] finished tweaking git repo https://github.com/phil-opp/issue-38129
[INFO] tweaked toml for git repo https://github.com/phil-opp/issue-38129 written to /workspace/builds/worker-102/source/Cargo.toml
[INFO] crate git repo https://github.com/phil-opp/issue-38129 already has a lockfile, it will not be regenerated
[INFO] running `Command { std: "/workspace/cargo-home/bin/cargo" "+1.54.0" "fetch" "--manifest-path" "Cargo.toml", kill_on_drop: false }`
[INFO] [stderr]     Blocking waiting for file lock on package cache
[INFO] [stderr]     Blocking waiting for file lock on package cache
[INFO] running `Command { std: "docker" "create" "-v" "/var/lib/crater-agent-workspace/builds/worker-102/target:/opt/rustwide/target:rw,Z" "-v" "/var/lib/crater-agent-workspace/builds/worker-102/source:/opt/rustwide/workdir:ro,Z" "-v" "/var/lib/crater-agent-workspace/cargo-home:/opt/rustwide/cargo-home:ro,Z" "-v" "/var/lib/crater-agent-workspace/rustup-home:/opt/rustwide/rustup-home:ro,Z" "-e" "SOURCE_DIR=/opt/rustwide/workdir" "-e" "CARGO_TARGET_DIR=/opt/rustwide/target" "-e" "CARGO_HOME=/opt/rustwide/cargo-home" "-e" "RUSTUP_HOME=/opt/rustwide/rustup-home" "-w" "/opt/rustwide/workdir" "-m" "1610612736" "--user" "0:0" "--network" "none" "ghcr.io/rust-lang/crates-build-env/linux@sha256:34b6a614d2c27851fe6cbf88fbd1137609cefab8b10d0615aaeb6fd47975d74e" "/opt/rustwide/cargo-home/bin/cargo" "+1.54.0" "metadata" "--no-deps" "--format-version=1", kill_on_drop: false }`
[INFO] [stdout] 9fc49c36d44e9589f300a69bb142e7a25358048a39af23058a91b4d0831c813d
[INFO] running `Command { std: "docker" "start" "-a" "9fc49c36d44e9589f300a69bb142e7a25358048a39af23058a91b4d0831c813d", kill_on_drop: false }`
[INFO] running `Command { std: "docker" "inspect" "9fc49c36d44e9589f300a69bb142e7a25358048a39af23058a91b4d0831c813d", kill_on_drop: false }`
[INFO] running `Command { std: "docker" "rm" "-f" "9fc49c36d44e9589f300a69bb142e7a25358048a39af23058a91b4d0831c813d", kill_on_drop: false }`
[INFO] [stdout] 9fc49c36d44e9589f300a69bb142e7a25358048a39af23058a91b4d0831c813d
[INFO] running `Command { std: "docker" "create" "-v" "/var/lib/crater-agent-workspace/builds/worker-102/target:/opt/rustwide/target:rw,Z" "-v" "/var/lib/crater-agent-workspace/builds/worker-102/source:/opt/rustwide/workdir:ro,Z" "-v" "/var/lib/crater-agent-workspace/cargo-home:/opt/rustwide/cargo-home:ro,Z" "-v" "/var/lib/crater-agent-workspace/rustup-home:/opt/rustwide/rustup-home:ro,Z" "-e" "SOURCE_DIR=/opt/rustwide/workdir" "-e" "CARGO_TARGET_DIR=/opt/rustwide/target" "-e" "CARGO_INCREMENTAL=0" "-e" "RUST_BACKTRACE=full" "-e" "RUSTFLAGS=--cap-lints=warn" "-e" "CARGO_HOME=/opt/rustwide/cargo-home" "-e" "RUSTUP_HOME=/opt/rustwide/rustup-home" "-w" "/opt/rustwide/workdir" "-m" "1610612736" "--user" "0:0" "--network" "none" "ghcr.io/rust-lang/crates-build-env/linux@sha256:34b6a614d2c27851fe6cbf88fbd1137609cefab8b10d0615aaeb6fd47975d74e" "/opt/rustwide/cargo-home/bin/cargo" "+1.54.0" "build" "--frozen" "--message-format=json", kill_on_drop: false }`
[INFO] [stdout] 7c7b611b72fc74ee096908221c846e439aa0f602989f856aabf7586eb67fe2d8
[INFO] running `Command { std: "docker" "start" "-a" "7c7b611b72fc74ee096908221c846e439aa0f602989f856aabf7586eb67fe2d8", kill_on_drop: false }`
[INFO] [stderr]     Blocking waiting for file lock on package cache
[INFO] [stderr]    Compiling issue-38129 v0.1.0 (/opt/rustwide/workdir)
[INFO] [stderr]     Finished dev [unoptimized + debuginfo] target(s) in 7.54s
[INFO] running `Command { std: "docker" "inspect" "7c7b611b72fc74ee096908221c846e439aa0f602989f856aabf7586eb67fe2d8", kill_on_drop: false }`
[INFO] running `Command { std: "docker" "rm" "-f" "7c7b611b72fc74ee096908221c846e439aa0f602989f856aabf7586eb67fe2d8", kill_on_drop: false }`
[INFO] [stdout] 7c7b611b72fc74ee096908221c846e439aa0f602989f856aabf7586eb67fe2d8
[INFO] running `Command { std: "docker" "create" "-v" "/var/lib/crater-agent-workspace/builds/worker-102/target:/opt/rustwide/target:rw,Z" "-v" "/var/lib/crater-agent-workspace/builds/worker-102/source:/opt/rustwide/workdir:ro,Z" "-v" "/var/lib/crater-agent-workspace/cargo-home:/opt/rustwide/cargo-home:ro,Z" "-v" "/var/lib/crater-agent-workspace/rustup-home:/opt/rustwide/rustup-home:ro,Z" "-e" "SOURCE_DIR=/opt/rustwide/workdir" "-e" "CARGO_TARGET_DIR=/opt/rustwide/target" "-e" "CARGO_INCREMENTAL=0" "-e" "RUST_BACKTRACE=full" "-e" "RUSTFLAGS=--cap-lints=warn" "-e" "CARGO_HOME=/opt/rustwide/cargo-home" "-e" "RUSTUP_HOME=/opt/rustwide/rustup-home" "-w" "/opt/rustwide/workdir" "-m" "1610612736" "--user" "0:0" "--network" "none" "ghcr.io/rust-lang/crates-build-env/linux@sha256:34b6a614d2c27851fe6cbf88fbd1137609cefab8b10d0615aaeb6fd47975d74e" "/opt/rustwide/cargo-home/bin/cargo" "+1.54.0" "test" "--frozen" "--no-run" "--message-format=json", kill_on_drop: false }`
[INFO] [stdout] c2189da59bae26f2a40adb3a5ca252efed01a52ea4382dca63badcc610957c53
[INFO] running `Command { std: "docker" "start" "-a" "c2189da59bae26f2a40adb3a5ca252efed01a52ea4382dca63badcc610957c53", kill_on_drop: false }`
[INFO] [stderr]     Blocking waiting for file lock on package cache
[INFO] [stderr]    Compiling issue-38129 v0.1.0 (/opt/rustwide/workdir)
[INFO] [stderr]     Finished test [unoptimized + debuginfo] target(s) in 18.37s
[INFO] running `Command { std: "docker" "inspect" "c2189da59bae26f2a40adb3a5ca252efed01a52ea4382dca63badcc610957c53", kill_on_drop: false }`
[INFO] running `Command { std: "docker" "rm" "-f" "c2189da59bae26f2a40adb3a5ca252efed01a52ea4382dca63badcc610957c53", kill_on_drop: false }`
[INFO] [stdout] c2189da59bae26f2a40adb3a5ca252efed01a52ea4382dca63badcc610957c53
[INFO] running `Command { std: "docker" "create" "-v" "/var/lib/crater-agent-workspace/builds/worker-102/target:/opt/rustwide/target:rw,Z" "-v" "/var/lib/crater-agent-workspace/builds/worker-102/source:/opt/rustwide/workdir:ro,Z" "-v" "/var/lib/crater-agent-workspace/cargo-home:/opt/rustwide/cargo-home:ro,Z" "-v" "/var/lib/crater-agent-workspace/rustup-home:/opt/rustwide/rustup-home:ro,Z" "-e" "SOURCE_DIR=/opt/rustwide/workdir" "-e" "CARGO_TARGET_DIR=/opt/rustwide/target" "-e" "CARGO_INCREMENTAL=0" "-e" "RUST_BACKTRACE=full" "-e" "RUSTFLAGS=--cap-lints=warn" "-e" "CARGO_HOME=/opt/rustwide/cargo-home" "-e" "RUSTUP_HOME=/opt/rustwide/rustup-home" "-w" "/opt/rustwide/workdir" "-m" "1610612736" "--user" "0:0" "--network" "none" "ghcr.io/rust-lang/crates-build-env/linux@sha256:34b6a614d2c27851fe6cbf88fbd1137609cefab8b10d0615aaeb6fd47975d74e" "/opt/rustwide/cargo-home/bin/cargo" "+1.54.0" "test" "--frozen", kill_on_drop: false }`
[INFO] [stdout] 9f230b937ef66160e9256214fec0ee96d613e571ce5dff1a8d5bb251b74dc9d4
[INFO] running `Command { std: "docker" "start" "-a" "9f230b937ef66160e9256214fec0ee96d613e571ce5dff1a8d5bb251b74dc9d4", kill_on_drop: false }`
[INFO] [stderr]     Blocking waiting for file lock on package cache
[INFO] [stderr]     Finished test [unoptimized + debuginfo] target(s) in 1.11s
[INFO] [stderr]      Running unittests (/opt/rustwide/target/debug/deps/issue_38129-d6e5221489154ffb)
[INFO] [stdout] 
[INFO] [stderr]    Doc-tests issue-38129
[INFO] [stdout] running 0 tests
[INFO] [stdout] 
[INFO] [stdout] test result: ok. 0 passed; 0 failed; 0 ignored; 0 measured; 0 filtered out; finished in 0.00s
[INFO] [stdout] 
[INFO] [stdout] 
[INFO] [stdout] running 4 tests
[INFO] [stdout] test src/lib.rs - bar3 (line 57) ... FAILED
[INFO] [stdout] test src/lib.rs - bar1 (line 25) ... FAILED
[INFO] [stdout] test src/lib.rs - foo (line 6) ... FAILED
[INFO] [stdout] test src/lib.rs - bar2 (line 42) ... FAILED
[INFO] [stdout] 
[INFO] [stdout] failures:
[INFO] [stdout] 
[INFO] [stdout] ---- src/lib.rs - bar3 (line 57) stdout ----
[INFO] [stdout] error: language item required, but not found: `eh_personality`
[INFO] [stdout] 
[INFO] [stdout] error: `#[panic_handler]` function required, but not found
[INFO] [stdout] 
[INFO] [stdout] error: aborting due to 2 previous errors
[INFO] [stdout] 
[INFO] [stdout] Couldn't compile the test.
[INFO] [stdout] ---- src/lib.rs - bar1 (line 25) stdout ----
[INFO] [stdout] error: language item required, but not found: `eh_personality`
[INFO] [stdout] 
[INFO] [stdout] error: `#[panic_handler]` function required, but not found
[INFO] [stdout] 
[INFO] [stdout] error: aborting due to 2 previous errors
[INFO] [stdout] 
[INFO] [stdout] Couldn't compile the test.
[INFO] [stdout] ---- src/lib.rs - foo (line 6) stdout ----
[INFO] [stdout] error: language item required, but not found: `eh_personality`
[INFO] [stdout] 
[INFO] [stdout] error: `#[panic_handler]` function required, but not found
[INFO] [stdout] 
[INFO] [stdout] error: aborting due to 2 previous errors
[INFO] [stdout] 
[INFO] [stdout] Couldn't compile the test.
[INFO] [stdout] ---- src/lib.rs - bar2 (line 42) stdout ----
[INFO] [stdout] error: language item required, but not found: `eh_personality`
[INFO] [stdout] 
[INFO] [stdout] error: `#[panic_handler]` function required, but not found
[INFO] [stdout] 
[INFO] [stdout] error: aborting due to 2 previous errors
[INFO] [stdout] 
[INFO] [stdout] Couldn't compile the test.
[INFO] [stdout] 
[INFO] [stdout] failures:
[INFO] [stdout]     src/lib.rs - bar1 (line 25)
[INFO] [stdout]     src/lib.rs - bar2 (line 42)
[INFO] [stdout]     src/lib.rs - bar3 (line 57)
[INFO] [stdout]     src/lib.rs - foo (line 6)
[INFO] [stdout] 
[INFO] [stdout] test result: FAILED. 0 passed; 4 failed; 0 ignored; 0 measured; 0 filtered out; finished in 0.15s
[INFO] [stdout] 
[INFO] [stderr] error: test failed, to rerun pass '--doc'
[INFO] running `Command { std: "docker" "inspect" "9f230b937ef66160e9256214fec0ee96d613e571ce5dff1a8d5bb251b74dc9d4", kill_on_drop: false }`
[INFO] running `Command { std: "docker" "rm" "-f" "9f230b937ef66160e9256214fec0ee96d613e571ce5dff1a8d5bb251b74dc9d4", kill_on_drop: false }`
[INFO] [stdout] 9f230b937ef66160e9256214fec0ee96d613e571ce5dff1a8d5bb251b74dc9d4
