[INFO] cloning repository https://github.com/peshwar9/actix-postgres
[INFO] running `Command { std: "git" "-c" "credential.helper=" "-c" "credential.helper=/workspace/cargo-home/bin/git-credential-null" "clone" "--bare" "https://github.com/peshwar9/actix-postgres" "/workspace/cache/git-repos/https%3A%2F%2Fgithub.com%2Fpeshwar9%2Factix-postgres", kill_on_drop: false }`
[INFO] [stderr] Cloning into bare repository '/workspace/cache/git-repos/https%3A%2F%2Fgithub.com%2Fpeshwar9%2Factix-postgres'...
[INFO] running `Command { std: "git" "rev-parse" "HEAD", kill_on_drop: false }`
[INFO] [stdout] 703e34a4e310c33fc8e9f557b56509775d204d55
[INFO] testing peshwar9/actix-postgres against beta-2021-08-01 for beta-1.55-1
[INFO] running `Command { std: "git" "clone" "/workspace/cache/git-repos/https%3A%2F%2Fgithub.com%2Fpeshwar9%2Factix-postgres" "/workspace/builds/worker-74/source", kill_on_drop: false }`
[INFO] [stderr] Cloning into '/workspace/builds/worker-74/source'...
[INFO] [stderr] done.
[INFO] validating manifest of git repo https://github.com/peshwar9/actix-postgres on toolchain beta-2021-08-01
[INFO] running `Command { std: "/workspace/cargo-home/bin/cargo" "+beta-2021-08-01" "metadata" "--manifest-path" "Cargo.toml" "--no-deps", kill_on_drop: false }`
[INFO] started tweaking git repo https://github.com/peshwar9/actix-postgres
[INFO] finished tweaking git repo https://github.com/peshwar9/actix-postgres
[INFO] tweaked toml for git repo https://github.com/peshwar9/actix-postgres written to /workspace/builds/worker-74/source/Cargo.toml
[INFO] crate git repo https://github.com/peshwar9/actix-postgres already has a lockfile, it will not be regenerated
[INFO] running `Command { std: "/workspace/cargo-home/bin/cargo" "+beta-2021-08-01" "fetch" "--manifest-path" "Cargo.toml", kill_on_drop: false }`
[INFO] [stderr]     Blocking waiting for file lock on package cache
[INFO] [stderr]  Downloading crates ...
[INFO] [stderr]   Downloaded diesel v1.4.4
[INFO] [stderr]   Downloaded threadpool v1.8.0
[INFO] [stderr]   Downloaded actix-web-httpauth v0.4.1
[INFO] [stderr]   Downloaded backtrace-sys v0.1.36
[INFO] [stderr]   Downloaded actix-cors v0.2.0
[INFO] running `Command { std: "docker" "create" "-v" "/var/lib/crater-agent-workspace/builds/worker-74/target:/opt/rustwide/target:rw,Z" "-v" "/var/lib/crater-agent-workspace/builds/worker-74/source:/opt/rustwide/workdir:ro,Z" "-v" "/var/lib/crater-agent-workspace/cargo-home:/opt/rustwide/cargo-home:ro,Z" "-v" "/var/lib/crater-agent-workspace/rustup-home:/opt/rustwide/rustup-home:ro,Z" "-e" "SOURCE_DIR=/opt/rustwide/workdir" "-e" "CARGO_TARGET_DIR=/opt/rustwide/target" "-e" "CARGO_HOME=/opt/rustwide/cargo-home" "-e" "RUSTUP_HOME=/opt/rustwide/rustup-home" "-w" "/opt/rustwide/workdir" "-m" "1610612736" "--user" "0:0" "--network" "none" "ghcr.io/rust-lang/crates-build-env/linux@sha256:34b6a614d2c27851fe6cbf88fbd1137609cefab8b10d0615aaeb6fd47975d74e" "/opt/rustwide/cargo-home/bin/cargo" "+beta-2021-08-01" "metadata" "--no-deps" "--format-version=1", kill_on_drop: false }`
[INFO] [stdout] 376546a8a47f17770844c39fcd7c84530577b7469ef110f8cdedc5b695bbab1a
[INFO] running `Command { std: "docker" "start" "-a" "376546a8a47f17770844c39fcd7c84530577b7469ef110f8cdedc5b695bbab1a", kill_on_drop: false }`
[INFO] running `Command { std: "docker" "inspect" "376546a8a47f17770844c39fcd7c84530577b7469ef110f8cdedc5b695bbab1a", kill_on_drop: false }`
[INFO] running `Command { std: "docker" "rm" "-f" "376546a8a47f17770844c39fcd7c84530577b7469ef110f8cdedc5b695bbab1a", kill_on_drop: false }`
[INFO] [stdout] 376546a8a47f17770844c39fcd7c84530577b7469ef110f8cdedc5b695bbab1a
[INFO] running `Command { std: "docker" "create" "-v" "/var/lib/crater-agent-workspace/builds/worker-74/target:/opt/rustwide/target:rw,Z" "-v" "/var/lib/crater-agent-workspace/builds/worker-74/source:/opt/rustwide/workdir:ro,Z" "-v" "/var/lib/crater-agent-workspace/cargo-home:/opt/rustwide/cargo-home:ro,Z" "-v" "/var/lib/crater-agent-workspace/rustup-home:/opt/rustwide/rustup-home:ro,Z" "-e" "SOURCE_DIR=/opt/rustwide/workdir" "-e" "CARGO_TARGET_DIR=/opt/rustwide/target" "-e" "CARGO_INCREMENTAL=0" "-e" "RUST_BACKTRACE=full" "-e" "RUSTFLAGS=--cap-lints=warn" "-e" "CARGO_HOME=/opt/rustwide/cargo-home" "-e" "RUSTUP_HOME=/opt/rustwide/rustup-home" "-w" "/opt/rustwide/workdir" "-m" "1610612736" "--user" "0:0" "--network" "none" "ghcr.io/rust-lang/crates-build-env/linux@sha256:34b6a614d2c27851fe6cbf88fbd1137609cefab8b10d0615aaeb6fd47975d74e" "/opt/rustwide/cargo-home/bin/cargo" "+beta-2021-08-01" "build" "--frozen" "--message-format=json", kill_on_drop: false }`
[INFO] [stdout] da789874474e40ba2b8ba671084de698b1a0f7a78162cefaa6902dece1038716
[INFO] running `Command { std: "docker" "start" "-a" "da789874474e40ba2b8ba671084de698b1a0f7a78162cefaa6902dece1038716", kill_on_drop: false }`
[INFO] [stderr]    Compiling libc v0.2.69
[INFO] [stderr]    Compiling proc-macro2 v1.0.10
[INFO] [stderr]    Compiling unicode-xid v0.2.0
[INFO] [stderr]    Compiling syn v1.0.18
[INFO] [stderr]    Compiling cfg-if v0.1.10
[INFO] [stderr]    Compiling memchr v2.3.3
[INFO] [stderr]    Compiling lazy_static v1.4.0
[INFO] [stderr]    Compiling log v0.4.8
[INFO] [stderr]    Compiling slab v0.4.2
[INFO] [stderr]    Compiling futures-core v0.3.4
[INFO] [stderr]    Compiling smallvec v1.4.0
[INFO] [stderr]    Compiling futures-sink v0.3.4
[INFO] [stderr]    Compiling cc v1.0.52
[INFO] [stderr]    Compiling bytes v0.5.4
[INFO] [stderr]    Compiling autocfg v1.0.0
[INFO] [stderr]    Compiling proc-macro-nested v0.1.4
[INFO] [stderr]    Compiling fnv v1.0.6
[INFO] [stderr]    Compiling proc-macro-hack v0.5.15
[INFO] [stderr]    Compiling arc-swap v0.4.6
[INFO] [stderr]    Compiling pin-utils v0.1.0
[INFO] [stderr]    Compiling futures-io v0.3.4
[INFO] [stderr]    Compiling pin-project-lite v0.1.4
[INFO] [stderr]    Compiling futures-task v0.3.4
[INFO] [stderr]    Compiling scopeguard v1.1.0
[INFO] [stderr]    Compiling bitflags v1.2.1
[INFO] [stderr]    Compiling getrandom v0.1.14
[INFO] [stderr]    Compiling serde v1.0.106
[INFO] [stderr]    Compiling itoa v0.4.5
[INFO] [stderr]    Compiling matches v0.1.8
[INFO] [stderr]    Compiling failure_derive v0.1.7
[INFO] [stderr]    Compiling copyless v0.1.4
[INFO] [stderr]    Compiling percent-encoding v2.1.0
[INFO] [stderr]    Compiling regex-syntax v0.6.17
[INFO] [stderr]    Compiling rustc-demangle v0.1.16
[INFO] [stderr]    Compiling quick-error v1.2.3
[INFO] [stderr]    Compiling ppv-lite86 v0.2.6
[INFO] [stderr]    Compiling either v1.5.3
[INFO] [stderr]    Compiling unicode-segmentation v1.6.0
[INFO] [stderr]    Compiling ryu v1.0.4
[INFO] [stderr]    Compiling byteorder v1.3.4
[INFO] [stderr]    Compiling match_cfg v0.1.0
[INFO] [stderr]    Compiling crc32fast v1.2.0
[INFO] [stderr]    Compiling linked-hash-map v0.5.2
[INFO] [stderr]    Compiling adler32 v1.0.4
[INFO] [stderr]    Compiling base64 v0.11.0
[INFO] [stderr]    Compiling httparse v1.3.4
[INFO] [stderr]    Compiling encoding_rs v0.8.22
[INFO] [stderr]    Compiling dtoa v0.4.5
[INFO] [stderr]    Compiling sha1 v0.6.0
[INFO] [stderr]    Compiling language-tags v0.2.2
[INFO] [stderr]    Compiling mime v0.3.16
[INFO] [stderr]    Compiling ucd-util v0.1.8
[INFO] [stderr]    Compiling pq-sys v0.4.6
[INFO] [stderr]    Compiling regex v0.2.11
[INFO] [stderr]    Compiling spin v0.5.2
[INFO] [stderr]    Compiling utf8-ranges v1.0.4
[INFO] [stderr]    Compiling untrusted v0.7.0
[INFO] [stderr]    Compiling termcolor v1.1.0
[INFO] [stderr]    Compiling thread_local v1.0.1
[INFO] [stderr]    Compiling thread_local v0.3.6
[INFO] [stderr]    Compiling futures-channel v0.3.4
[INFO] [stderr]    Compiling humantime v1.3.0
[INFO] [stderr]    Compiling regex-syntax v0.5.6
[INFO] [stderr]    Compiling unicode-bidi v0.3.4
[INFO] [stderr]    Compiling miniz_oxide v0.3.6
[INFO] [stderr]    Compiling num-traits v0.2.11
[INFO] [stderr]    Compiling num-integer v0.1.42
[INFO] [stderr]    Compiling indexmap v1.3.2
[INFO] [stderr]    Compiling num-bigint v0.2.6
[INFO] [stderr]    Compiling lru-cache v0.1.2
[INFO] [stderr]    Compiling unicode-normalization v0.1.12
[INFO] [stderr]    Compiling heck v0.3.1
[INFO] [stderr]    Compiling lock_api v0.3.4
[INFO] [stderr]    Compiling http v0.2.1
[INFO] [stderr]    Compiling bytestring v0.1.5
[INFO] [stderr]    Compiling aho-corasick v0.7.10
[INFO] [stderr]    Compiling aho-corasick v0.6.10
[INFO] [stderr]    Compiling fxhash v0.2.1
[INFO] [stderr]    Compiling idna v0.2.0
[INFO] [stderr]    Compiling backtrace-sys v0.1.36
[INFO] [stderr]    Compiling brotli-sys v0.3.2
[INFO] [stderr]    Compiling ring v0.16.12
[INFO] [stderr]    Compiling quote v1.0.3
[INFO] [stderr]    Compiling net2 v0.2.33
[INFO] [stderr]    Compiling iovec v0.1.4
[INFO] [stderr]    Compiling signal-hook-registry v1.2.0
[INFO] [stderr]    Compiling parking_lot_core v0.7.2
[INFO] [stderr]    Compiling num_cpus v1.13.0
[INFO] [stderr]    Compiling socket2 v0.3.12
[INFO] [stderr]    Compiling hostname v0.3.1
[INFO] [stderr]    Compiling time v0.1.43
[INFO] [stderr]    Compiling flate2 v1.0.14
[INFO] [stderr]    Compiling atty v0.2.14
[INFO] [stderr]    Compiling url v2.1.1
[INFO] [stderr]    Compiling threadpool v1.8.0
[INFO] [stderr]    Compiling rand_core v0.5.1
[INFO] [stderr]    Compiling resolv-conf v0.6.3
[INFO] [stderr]    Compiling mio v0.6.21
[INFO] [stderr]    Compiling parking_lot v0.10.2
[INFO] [stderr]    Compiling rand_chacha v0.2.2
[INFO] [stderr]    Compiling regex v1.3.7
[INFO] [stderr]    Compiling chrono v0.4.11
[INFO] [stderr]    Compiling rand v0.7.3
[INFO] [stderr]    Compiling backtrace v0.3.46
[INFO] [stderr]    Compiling scheduled-thread-pool v0.2.4
[INFO] [stderr]    Compiling r2d2 v0.8.8
[INFO] [stderr]    Compiling mio-uds v0.6.7
[INFO] [stderr]    Compiling tokio v0.2.18
[INFO] [stderr]    Compiling pem v0.7.0
[INFO] [stderr]    Compiling env_logger v0.7.1
[INFO] [stderr]    Compiling dotenv v0.9.0
[INFO] [stderr]    Compiling simple_asn1 v0.4.0
[INFO] [stderr]    Compiling tokio-util v0.2.0
[INFO] [stderr]    Compiling tokio-util v0.3.1
[INFO] [stderr]    Compiling actix-codec v0.2.0
[INFO] [stderr]    Compiling brotli2 v0.3.2
[INFO] [stderr]    Compiling synstructure v0.12.3
[INFO] [stderr]    Compiling futures-macro v0.3.4
[INFO] [stderr]    Compiling derive_more v0.99.5
[INFO] [stderr]    Compiling pin-project-internal v0.4.9
[INFO] [stderr]    Compiling serde_derive v1.0.106
[INFO] [stderr]    Compiling actix-macros v0.1.1
[INFO] [stderr]    Compiling async-trait v0.1.30
[INFO] [stderr]    Compiling enum-as-inner v0.3.2
[INFO] [stderr]    Compiling actix-web-codegen v0.2.1
[INFO] [stderr]    Compiling diesel_derives v1.4.1
[INFO] [stderr]    Compiling failure v0.1.7
[INFO] [stderr]    Compiling futures-util v0.3.4
[INFO] [stderr]    Compiling pin-project v0.4.9
[INFO] [stderr]    Compiling futures-executor v0.3.4
[INFO] [stderr]    Compiling actix-service v1.0.5
[INFO] [stderr]    Compiling h2 v0.2.4
[INFO] [stderr]    Compiling actix-threadpool v0.3.1
[INFO] [stderr]    Compiling futures v0.3.4
[INFO] [stderr]    Compiling actix-rt v1.1.0
[INFO] [stderr]    Compiling trust-dns-proto v0.18.0-alpha.2
[INFO] [stderr]    Compiling actix-utils v1.0.6
[INFO] [stderr]    Compiling diesel v1.4.4
[INFO] [stderr]    Compiling actix-server v1.0.2
[INFO] [stderr]    Compiling actix-tls v1.0.0
[INFO] [stderr]    Compiling actix-testing v1.0.0
[INFO] [stderr]    Compiling trust-dns-resolver v0.18.0-alpha.2
[INFO] [stderr]    Compiling actix-connect v1.0.2
[INFO] [stderr]    Compiling serde_json v1.0.51
[INFO] [stderr]    Compiling serde_urlencoded v0.6.1
[INFO] [stderr]    Compiling actix-router v0.2.4
[INFO] [stderr]    Compiling envy v0.4.1
[INFO] [stderr]    Compiling actix-http v1.0.1
[INFO] [stderr]    Compiling jsonwebtoken v7.1.0
[INFO] [stderr]    Compiling awc v1.0.1
[INFO] [stderr]    Compiling actix-web v2.0.0
[INFO] [stderr]    Compiling actix-cors v0.2.0
[INFO] [stderr]    Compiling actix-web-httpauth v0.4.1
[INFO] [stderr]    Compiling actix-postgres v0.5.0 (/opt/rustwide/workdir)
[INFO] [stderr]     Finished dev [unoptimized + debuginfo] target(s) in 59.51s
[INFO] running `Command { std: "docker" "inspect" "da789874474e40ba2b8ba671084de698b1a0f7a78162cefaa6902dece1038716", kill_on_drop: false }`
[INFO] running `Command { std: "docker" "rm" "-f" "da789874474e40ba2b8ba671084de698b1a0f7a78162cefaa6902dece1038716", kill_on_drop: false }`
[INFO] [stdout] da789874474e40ba2b8ba671084de698b1a0f7a78162cefaa6902dece1038716
[INFO] running `Command { std: "docker" "create" "-v" "/var/lib/crater-agent-workspace/builds/worker-74/target:/opt/rustwide/target:rw,Z" "-v" "/var/lib/crater-agent-workspace/builds/worker-74/source:/opt/rustwide/workdir:ro,Z" "-v" "/var/lib/crater-agent-workspace/cargo-home:/opt/rustwide/cargo-home:ro,Z" "-v" "/var/lib/crater-agent-workspace/rustup-home:/opt/rustwide/rustup-home:ro,Z" "-e" "SOURCE_DIR=/opt/rustwide/workdir" "-e" "CARGO_TARGET_DIR=/opt/rustwide/target" "-e" "CARGO_INCREMENTAL=0" "-e" "RUST_BACKTRACE=full" "-e" "RUSTFLAGS=--cap-lints=warn" "-e" "CARGO_HOME=/opt/rustwide/cargo-home" "-e" "RUSTUP_HOME=/opt/rustwide/rustup-home" "-w" "/opt/rustwide/workdir" "-m" "1610612736" "--user" "0:0" "--network" "none" "ghcr.io/rust-lang/crates-build-env/linux@sha256:34b6a614d2c27851fe6cbf88fbd1137609cefab8b10d0615aaeb6fd47975d74e" "/opt/rustwide/cargo-home/bin/cargo" "+beta-2021-08-01" "test" "--frozen" "--no-run" "--message-format=json", kill_on_drop: false }`
[INFO] [stdout] 50bcfe7e147356f1da564aa782525f66b490a1e2c2e2234b51d1942ff1ea3415
[INFO] running `Command { std: "docker" "start" "-a" "50bcfe7e147356f1da564aa782525f66b490a1e2c2e2234b51d1942ff1ea3415", kill_on_drop: false }`
[INFO] [stderr]     Blocking waiting for file lock on package cache
[INFO] [stderr]    Compiling actix-postgres v0.5.0 (/opt/rustwide/workdir)
[INFO] [stderr]     Finished test [unoptimized + debuginfo] target(s) in 18.92s
[INFO] running `Command { std: "docker" "inspect" "50bcfe7e147356f1da564aa782525f66b490a1e2c2e2234b51d1942ff1ea3415", kill_on_drop: false }`
[INFO] running `Command { std: "docker" "rm" "-f" "50bcfe7e147356f1da564aa782525f66b490a1e2c2e2234b51d1942ff1ea3415", kill_on_drop: false }`
[INFO] [stdout] 50bcfe7e147356f1da564aa782525f66b490a1e2c2e2234b51d1942ff1ea3415
[INFO] running `Command { std: "docker" "create" "-v" "/var/lib/crater-agent-workspace/builds/worker-74/target:/opt/rustwide/target:rw,Z" "-v" "/var/lib/crater-agent-workspace/builds/worker-74/source:/opt/rustwide/workdir:ro,Z" "-v" "/var/lib/crater-agent-workspace/cargo-home:/opt/rustwide/cargo-home:ro,Z" "-v" "/var/lib/crater-agent-workspace/rustup-home:/opt/rustwide/rustup-home:ro,Z" "-e" "SOURCE_DIR=/opt/rustwide/workdir" "-e" "CARGO_TARGET_DIR=/opt/rustwide/target" "-e" "CARGO_INCREMENTAL=0" "-e" "RUST_BACKTRACE=full" "-e" "RUSTFLAGS=--cap-lints=warn" "-e" "CARGO_HOME=/opt/rustwide/cargo-home" "-e" "RUSTUP_HOME=/opt/rustwide/rustup-home" "-w" "/opt/rustwide/workdir" "-m" "1610612736" "--user" "0:0" "--network" "none" "ghcr.io/rust-lang/crates-build-env/linux@sha256:34b6a614d2c27851fe6cbf88fbd1137609cefab8b10d0615aaeb6fd47975d74e" "/opt/rustwide/cargo-home/bin/cargo" "+beta-2021-08-01" "test" "--frozen", kill_on_drop: false }`
[INFO] [stdout] beeec656217a2180ae76b08588b5d266d9eaeaecd6218e5f72d6b5ac8285ccd5
[INFO] running `Command { std: "docker" "start" "-a" "beeec656217a2180ae76b08588b5d266d9eaeaecd6218e5f72d6b5ac8285ccd5", kill_on_drop: false }`
[INFO] [stderr]     Finished test [unoptimized + debuginfo] target(s) in 0.19s
[INFO] [stderr]      Running unittests (/opt/rustwide/target/debug/deps/actix_postgres-26b6d5d5e149815b)
[INFO] [stdout] 
[INFO] [stdout] running 1 test
[INFO] [stdout] test controllers::health::tests::test_get_health ... FAILED
[INFO] [stdout] 
[INFO] [stdout] failures:
[INFO] [stdout] 
[INFO] [stdout] ---- controllers::health::tests::test_get_health stdout ----
[INFO] [stdout] thread 'controllers::health::tests::test_get_health' panicked at 'Environment variables not set properly. Aborting. missing value for field database_url', src/envdata.rs:21:21
[INFO] [stdout] stack backtrace:
[INFO] [stdout]    0:     0x55f25fabeec0 - std::backtrace_rs::backtrace::libunwind::trace::hff4d1766e93f64f1
[INFO] [stdout]                                at /rustc/53fd98ca776cb875bc9e5514f56b52eb74f9e7a9/library/std/src/../../backtrace/src/backtrace/libunwind.rs:90:5
[INFO] [stdout]    1:     0x55f25fabeec0 - std::backtrace_rs::backtrace::trace_unsynchronized::h56bbc8eb78770bcb
[INFO] [stdout]                                at /rustc/53fd98ca776cb875bc9e5514f56b52eb74f9e7a9/library/std/src/../../backtrace/src/backtrace/mod.rs:66:5
[INFO] [stdout]    2:     0x55f25fabeec0 - std::sys_common::backtrace::_print_fmt::h5c8e75464faca780
[INFO] [stdout]                                at /rustc/53fd98ca776cb875bc9e5514f56b52eb74f9e7a9/library/std/src/sys_common/backtrace.rs:67:5
[INFO] [stdout]    3:     0x55f25fabeec0 - <std::sys_common::backtrace::_print::DisplayBacktrace as core::fmt::Display>::fmt::h48b88277def8b362
[INFO] [stdout]                                at /rustc/53fd98ca776cb875bc9e5514f56b52eb74f9e7a9/library/std/src/sys_common/backtrace.rs:46:22
[INFO] [stdout]    4:     0x55f25fae1dac - core::fmt::write::h3381b3176fe2b3d3
[INFO] [stdout]                                at /rustc/53fd98ca776cb875bc9e5514f56b52eb74f9e7a9/library/core/src/fmt/mod.rs:1115:17
[INFO] [stdout]    5:     0x55f25fabbac5 - std::io::Write::write_fmt::h5f34a676f60246b5
[INFO] [stdout]                                at /rustc/53fd98ca776cb875bc9e5514f56b52eb74f9e7a9/library/std/src/io/mod.rs:1665:15
[INFO] [stdout]    6:     0x55f25fac108b - std::sys_common::backtrace::_print::ha537687d6c17dd0d
[INFO] [stdout]                                at /rustc/53fd98ca776cb875bc9e5514f56b52eb74f9e7a9/library/std/src/sys_common/backtrace.rs:49:5
[INFO] [stdout]    7:     0x55f25fac108b - std::sys_common::backtrace::print::h61376ae57d131d72
[INFO] [stdout]                                at /rustc/53fd98ca776cb875bc9e5514f56b52eb74f9e7a9/library/std/src/sys_common/backtrace.rs:36:9
[INFO] [stdout]    8:     0x55f25fac108b - std::panicking::default_hook::{{closure}}::h0f7208c0b9644a54
[INFO] [stdout]                                at /rustc/53fd98ca776cb875bc9e5514f56b52eb74f9e7a9/library/std/src/panicking.rs:208:50
[INFO] [stdout]    9:     0x55f25fac0b9c - std::panicking::default_hook::hdac7fc06578c14ce
[INFO] [stdout]                                at /rustc/53fd98ca776cb875bc9e5514f56b52eb74f9e7a9/library/std/src/panicking.rs:222:9
[INFO] [stdout]   10:     0x55f25fac1754 - std::panicking::rust_panic_with_hook::h72b21c283da3d1ef
[INFO] [stdout]                                at /rustc/53fd98ca776cb875bc9e5514f56b52eb74f9e7a9/library/std/src/panicking.rs:622:17
[INFO] [stdout]   11:     0x55f25fac1237 - std::panicking::begin_panic_handler::{{closure}}::he5778f1729cff84a
[INFO] [stdout]                                at /rustc/53fd98ca776cb875bc9e5514f56b52eb74f9e7a9/library/std/src/panicking.rs:519:13
[INFO] [stdout]   12:     0x55f25fabf39c - std::sys_common::backtrace::__rust_end_short_backtrace::h2d11ca8b453b4b1d
[INFO] [stdout]                                at /rustc/53fd98ca776cb875bc9e5514f56b52eb74f9e7a9/library/std/src/sys_common/backtrace.rs:141:18
[INFO] [stdout]   13:     0x55f25fac1199 - rust_begin_unwind
[INFO] [stdout]                                at /rustc/53fd98ca776cb875bc9e5514f56b52eb74f9e7a9/library/std/src/panicking.rs:515:5
[INFO] [stdout]   14:     0x55f25f88dc8b - std::panicking::begin_panic_fmt::h746518bde832d259
[INFO] [stdout]                                at /rustc/53fd98ca776cb875bc9e5514f56b52eb74f9e7a9/library/std/src/panicking.rs:457:5
[INFO] [stdout]   15:     0x55f25f88fcea - actix_postgres::envdata::get_envdata::haf2de3a26ff7b73d
[INFO] [stdout]                                at /opt/rustwide/workdir/src/envdata.rs:21:21
[INFO] [stdout]   16:     0x55f25f8953e0 - <actix_postgres::envdata::ENVDATA as core::ops::deref::Deref>::deref::__static_ref_initialize::h8eeb63f7842d2501
[INFO] [stdout]                                at /opt/rustwide/workdir/src/envdata.rs:13:39
[INFO] [stdout]   17:     0x55f25f8953e0 - core::ops::function::FnOnce::call_once::h403520cc56d396a3
[INFO] [stdout]                                at /rustc/53fd98ca776cb875bc9e5514f56b52eb74f9e7a9/library/core/src/ops/function.rs:227:5
[INFO] [stdout]   18:     0x55f25f895f61 - lazy_static::lazy::Lazy<T>::get::{{closure}}::h30010f5225b688da
[INFO] [stdout]                                at /opt/rustwide/cargo-home/registry/src/github.com-1ecc6299db9ec823/lazy_static-1.4.0/src/inline_lazy.rs:31:29
[INFO] [stdout]   19:     0x55f25f8945db - std::sync::once::Once::call_once::{{closure}}::hec7da89fe7c94d1e
[INFO] [stdout]                                at /rustc/53fd98ca776cb875bc9e5514f56b52eb74f9e7a9/library/std/src/sync/once.rs:261:41
[INFO] [stdout]   20:     0x55f25f88da8c - std::sync::once::Once::call_inner::h35a51d54c8f07530
[INFO] [stdout]                                at /rustc/53fd98ca776cb875bc9e5514f56b52eb74f9e7a9/library/std/src/sync/once.rs:418:21
[INFO] [stdout]   21:     0x55f25f894568 - std::sync::once::Once::call_once::h358c443aa723f8d6
[INFO] [stdout]                                at /rustc/53fd98ca776cb875bc9e5514f56b52eb74f9e7a9/library/std/src/sync/once.rs:261:9
[INFO] [stdout]   22:     0x55f25f891772 - lazy_static::lazy::Lazy<T>::get::he43517ca0fcc23e3
[INFO] [stdout]                                at /opt/rustwide/cargo-home/registry/src/github.com-1ecc6299db9ec823/lazy_static-1.4.0/src/inline_lazy.rs:30:9
[INFO] [stdout]   23:     0x55f25f891772 - <actix_postgres::envdata::ENVDATA as core::ops::deref::Deref>::deref::__stability::h099c77496684b94e
[INFO] [stdout]                                at /opt/rustwide/cargo-home/registry/src/github.com-1ecc6299db9ec823/lazy_static-1.4.0/src/lib.rs:142:21
[INFO] [stdout]   24:     0x55f25f891772 - <actix_postgres::envdata::ENVDATA as core::ops::deref::Deref>::deref::h9c4d30295226d0ad
[INFO] [stdout]                                at /opt/rustwide/cargo-home/registry/src/github.com-1ecc6299db9ec823/lazy_static-1.4.0/src/lib.rs:144:17
[INFO] [stdout]   25:     0x55f25f896b82 - actix_postgres::controllers::health::get_health::{{closure}}::h85157cd7c41bb4e9
[INFO] [stdout]                                at /opt/rustwide/workdir/src/controllers/health.rs:18:18
[INFO] [stdout]   26:     0x55f25f891d23 - <core::future::from_generator::GenFuture<T> as core::future::future::Future>::poll::h89806a38ecd606ab
[INFO] [stdout]                                at /rustc/53fd98ca776cb875bc9e5514f56b52eb74f9e7a9/library/core/src/future/mod.rs:80:19
[INFO] [stdout]   27:     0x55f25f894229 - actix_postgres::controllers::health::tests::test_get_health::{{closure}}::hfe4f9cd1fb33d1a6
[INFO] [stdout]                                at /opt/rustwide/workdir/src/controllers/health.rs:30:24
[INFO] [stdout]   28:     0x55f25f891dfb - <core::future::from_generator::GenFuture<T> as core::future::future::Future>::poll::hc2ad024c1070d4e2
[INFO] [stdout]                                at /rustc/53fd98ca776cb875bc9e5514f56b52eb74f9e7a9/library/core/src/future/mod.rs:80:19
[INFO] [stdout]   29:     0x55f25f897317 - <tokio::task::local::RunUntil<T> as core::future::future::Future>::poll::{{closure}}::hfa9c8bdd6ab78810
[INFO] [stdout]                                at /opt/rustwide/cargo-home/registry/src/github.com-1ecc6299db9ec823/tokio-0.2.18/src/task/local.rs:523:42
[INFO] [stdout]   30:     0x55f25f897bbd - tokio::macros::scoped_tls::ScopedKey<T>::set::h457fc85d27ff7793
[INFO] [stdout]                                at /opt/rustwide/cargo-home/registry/src/github.com-1ecc6299db9ec823/tokio-0.2.18/src/macros/scoped_tls.rs:64:9
[INFO] [stdout]   31:     0x55f25f896fba - tokio::task::local::LocalSet::with::h11bc7ea1a877cdc7
[INFO] [stdout]                                at /opt/rustwide/cargo-home/registry/src/github.com-1ecc6299db9ec823/tokio-0.2.18/src/task/local.rs:440:9
[INFO] [stdout]   32:     0x55f25f897292 - <tokio::task::local::RunUntil<T> as core::future::future::Future>::poll::h4694f55778f77312
[INFO] [stdout]                                at /opt/rustwide/cargo-home/registry/src/github.com-1ecc6299db9ec823/tokio-0.2.18/src/task/local.rs:516:9
[INFO] [stdout]   33:     0x55f25f8971c4 - tokio::task::local::LocalSet::run_until::{{closure}}::h2cbf0ef175f554f5
[INFO] [stdout]                                at /opt/rustwide/cargo-home/registry/src/github.com-1ecc6299db9ec823/tokio-0.2.18/src/task/local.rs:390:9
[INFO] [stdout]   34:     0x55f25f891c6b - <core::future::from_generator::GenFuture<T> as core::future::future::Future>::poll::h062e2ecc50bbeb16
[INFO] [stdout]                                at /rustc/53fd98ca776cb875bc9e5514f56b52eb74f9e7a9/library/core/src/future/mod.rs:80:19
[INFO] [stdout]   35:     0x55f25f892680 - tokio::runtime::basic_scheduler::BasicScheduler<P>::block_on::{{closure}}::{{closure}}::h9482eae804f41a8e
[INFO] [stdout]                                at /opt/rustwide/cargo-home/registry/src/github.com-1ecc6299db9ec823/tokio-0.2.18/src/runtime/basic_scheduler.rs:131:58
[INFO] [stdout]   36:     0x55f25f894ac9 - tokio::coop::budget::{{closure}}::h8c269b8e82b5dc84
[INFO] [stdout]                                at /opt/rustwide/cargo-home/registry/src/github.com-1ecc6299db9ec823/tokio-0.2.18/src/coop.rs:97:9
[INFO] [stdout]   37:     0x55f25f88f6d2 - std::thread::local::LocalKey<T>::try_with::h8e05cff306442eef
[INFO] [stdout]                                at /rustc/53fd98ca776cb875bc9e5514f56b52eb74f9e7a9/library/std/src/thread/local.rs:399:16
[INFO] [stdout]   38:     0x55f25f88f288 - std::thread::local::LocalKey<T>::with::h5e9157a350f4d18d
[INFO] [stdout]                                at /rustc/53fd98ca776cb875bc9e5514f56b52eb74f9e7a9/library/std/src/thread/local.rs:375:9
[INFO] [stdout]   39:     0x55f25f8920f9 - tokio::coop::budget::h4deb23712fe55390
[INFO] [stdout]                                at /opt/rustwide/cargo-home/registry/src/github.com-1ecc6299db9ec823/tokio-0.2.18/src/coop.rs:79:5
[INFO] [stdout]   40:     0x55f25f8920f9 - tokio::runtime::basic_scheduler::BasicScheduler<P>::block_on::{{closure}}::h7604b5025cbefac1
[INFO] [stdout]                                at /opt/rustwide/cargo-home/registry/src/github.com-1ecc6299db9ec823/tokio-0.2.18/src/runtime/basic_scheduler.rs:131:35
[INFO] [stdout]   41:     0x55f25f892a63 - tokio::runtime::basic_scheduler::enter::{{closure}}::hf16a6c65e7813d95
[INFO] [stdout]                                at /opt/rustwide/cargo-home/registry/src/github.com-1ecc6299db9ec823/tokio-0.2.18/src/runtime/basic_scheduler.rs:213:29
[INFO] [stdout]   42:     0x55f25f897ab6 - tokio::macros::scoped_tls::ScopedKey<T>::set::h3777e9be632caa90
[INFO] [stdout]                                at /opt/rustwide/cargo-home/registry/src/github.com-1ecc6299db9ec823/tokio-0.2.18/src/macros/scoped_tls.rs:64:9
[INFO] [stdout]   43:     0x55f25f8929c3 - tokio::runtime::basic_scheduler::enter::hf287cbcdeed53ba6
[INFO] [stdout]                                at /opt/rustwide/cargo-home/registry/src/github.com-1ecc6299db9ec823/tokio-0.2.18/src/runtime/basic_scheduler.rs:213:5
[INFO] [stdout]   44:     0x55f25f891ec3 - tokio::runtime::basic_scheduler::BasicScheduler<P>::block_on::h9d881397be35cbc1
[INFO] [stdout]                                at /opt/rustwide/cargo-home/registry/src/github.com-1ecc6299db9ec823/tokio-0.2.18/src/runtime/basic_scheduler.rs:123:9
[INFO] [stdout]   45:     0x55f25f893c00 - tokio::runtime::Runtime::block_on::{{closure}}::hfa9b6e83f818db02
[INFO] [stdout]                                at /opt/rustwide/cargo-home/registry/src/github.com-1ecc6299db9ec823/tokio-0.2.18/src/runtime/mod.rs:418:34
[INFO] [stdout]   46:     0x55f25f893c86 - tokio::runtime::context::enter::hef15117e0f07ffc5
[INFO] [stdout]                                at /opt/rustwide/cargo-home/registry/src/github.com-1ecc6299db9ec823/tokio-0.2.18/src/runtime/context.rs:72:5
[INFO] [stdout]   47:     0x55f25f892f2b - tokio::runtime::handle::Handle::enter::hb79b01217da897b3
[INFO] [stdout]                                at /opt/rustwide/cargo-home/registry/src/github.com-1ecc6299db9ec823/tokio-0.2.18/src/runtime/handle.rs:39:9
[INFO] [stdout]   48:     0x55f25f893b4c - tokio::runtime::Runtime::block_on::ha6bdf1f09dd2c315
[INFO] [stdout]                                at /opt/rustwide/cargo-home/registry/src/github.com-1ecc6299db9ec823/tokio-0.2.18/src/runtime/mod.rs:415:9
[INFO] [stdout]   49:     0x55f25f897021 - tokio::task::local::LocalSet::block_on::h9b336ea8a5711c64
[INFO] [stdout]                                at /opt/rustwide/cargo-home/registry/src/github.com-1ecc6299db9ec823/tokio-0.2.18/src/task/local.rs:351:9
[INFO] [stdout]   50:     0x55f25f898696 - actix_rt::runtime::Runtime::block_on::h4627e2fb8ba28aef
[INFO] [stdout]                                at /opt/rustwide/cargo-home/registry/src/github.com-1ecc6299db9ec823/actix-rt-1.1.0/src/runtime.rs:89:9
[INFO] [stdout]   51:     0x55f25f89653d - actix_rt::builder::SystemRunner::block_on::hae07345a00ae6e7e
[INFO] [stdout]                                at /opt/rustwide/cargo-home/registry/src/github.com-1ecc6299db9ec823/actix-rt-1.1.0/src/builder.rs:187:19
[INFO] [stdout]   52:     0x55f25f89406b - actix_postgres::controllers::health::tests::test_get_health::haa6eb149f33d55e9
[INFO] [stdout]                                at /opt/rustwide/workdir/src/controllers/health.rs:28:5
[INFO] [stdout]   53:     0x55f25f893fea - actix_postgres::controllers::health::tests::test_get_health::{{closure}}::hf0a331891535a560
[INFO] [stdout]                                at /opt/rustwide/workdir/src/controllers/health.rs:28:5
[INFO] [stdout]   54:     0x55f25f8953fe - core::ops::function::FnOnce::call_once::h50c411a966d1888f
[INFO] [stdout]                                at /rustc/53fd98ca776cb875bc9e5514f56b52eb74f9e7a9/library/core/src/ops/function.rs:227:5
[INFO] [stdout]   55:     0x55f25f8cbfd3 - core::ops::function::FnOnce::call_once::hbb52c4519d3137b0
[INFO] [stdout]                                at /rustc/53fd98ca776cb875bc9e5514f56b52eb74f9e7a9/library/core/src/ops/function.rs:227:5
[INFO] [stdout]   56:     0x55f25f8cbfd3 - test::__rust_begin_short_backtrace::h86fe3a2a5a5121af
[INFO] [stdout]                                at /rustc/53fd98ca776cb875bc9e5514f56b52eb74f9e7a9/library/test/src/lib.rs:578:5
[INFO] [stdout]   57:     0x55f25f8caa88 - <alloc::boxed::Box<F,A> as core::ops::function::FnOnce<Args>>::call_once::hfd956bc3d57399be
[INFO] [stdout]                                at /rustc/53fd98ca776cb875bc9e5514f56b52eb74f9e7a9/library/alloc/src/boxed.rs:1572:9
[INFO] [stdout]   58:     0x55f25f8caa88 - <std::panic::AssertUnwindSafe<F> as core::ops::function::FnOnce<()>>::call_once::h40dc93e0ddb5938a
[INFO] [stdout]                                at /rustc/53fd98ca776cb875bc9e5514f56b52eb74f9e7a9/library/std/src/panic.rs:347:9
[INFO] [stdout]   59:     0x55f25f8caa88 - std::panicking::try::do_call::h90d07750cb47c562
[INFO] [stdout]                                at /rustc/53fd98ca776cb875bc9e5514f56b52eb74f9e7a9/library/std/src/panicking.rs:401:40
[INFO] [stdout]   60:     0x55f25f8caa88 - std::panicking::try::h063c84733ad2a629
[INFO] [stdout]                                at /rustc/53fd98ca776cb875bc9e5514f56b52eb74f9e7a9/library/std/src/panicking.rs:365:19
[INFO] [stdout]   61:     0x55f25f8caa88 - std::panic::catch_unwind::h0c464836a84e7c08
[INFO] [stdout]                                at /rustc/53fd98ca776cb875bc9e5514f56b52eb74f9e7a9/library/std/src/panic.rs:434:14
[INFO] [stdout]   62:     0x55f25f8caa88 - test::run_test_in_process::h5cb06ef620b157fc
[INFO] [stdout]                                at /rustc/53fd98ca776cb875bc9e5514f56b52eb74f9e7a9/library/test/src/lib.rs:601:18
[INFO] [stdout]   63:     0x55f25f8caa88 - test::run_test::run_test_inner::{{closure}}::h76f677f4b93f9828
[INFO] [stdout]                                at /rustc/53fd98ca776cb875bc9e5514f56b52eb74f9e7a9/library/test/src/lib.rs:493:39
[INFO] [stdout]   64:     0x55f25f89921d - test::run_test::run_test_inner::{{closure}}::h366d01fe04f4d67a
[INFO] [stdout]                                at /rustc/53fd98ca776cb875bc9e5514f56b52eb74f9e7a9/library/test/src/lib.rs:520:37
[INFO] [stdout]   65:     0x55f25f89921d - std::sys_common::backtrace::__rust_begin_short_backtrace::h7dfa0de4eb395af2
[INFO] [stdout]                                at /rustc/53fd98ca776cb875bc9e5514f56b52eb74f9e7a9/library/std/src/sys_common/backtrace.rs:125:18
[INFO] [stdout]   66:     0x55f25f89d9e8 - std::thread::Builder::spawn_unchecked::{{closure}}::{{closure}}::hf0a74bb58798037f
[INFO] [stdout]                                at /rustc/53fd98ca776cb875bc9e5514f56b52eb74f9e7a9/library/std/src/thread/mod.rs:476:17
[INFO] [stdout]   67:     0x55f25f89d9e8 - <std::panic::AssertUnwindSafe<F> as core::ops::function::FnOnce<()>>::call_once::hb024e854818586ac
[INFO] [stdout]                                at /rustc/53fd98ca776cb875bc9e5514f56b52eb74f9e7a9/library/std/src/panic.rs:347:9
[INFO] [stdout]   68:     0x55f25f89d9e8 - std::panicking::try::do_call::hb2dd9f1d0d48e41d
[INFO] [stdout]                                at /rustc/53fd98ca776cb875bc9e5514f56b52eb74f9e7a9/library/std/src/panicking.rs:401:40
[INFO] [stdout]   69:     0x55f25f89d9e8 - std::panicking::try::h4717ae7bac8b2bf3
[INFO] [stdout]                                at /rustc/53fd98ca776cb875bc9e5514f56b52eb74f9e7a9/library/std/src/panicking.rs:365:19
[INFO] [stdout]   70:     0x55f25f89d9e8 - std::panic::catch_unwind::h0dc8a061326ce8d8
[INFO] [stdout]                                at /rustc/53fd98ca776cb875bc9e5514f56b52eb74f9e7a9/library/std/src/panic.rs:434:14
[INFO] [stdout]   71:     0x55f25f89d9e8 - std::thread::Builder::spawn_unchecked::{{closure}}::haa369e2d6fd00aa1
[INFO] [stdout]                                at /rustc/53fd98ca776cb875bc9e5514f56b52eb74f9e7a9/library/std/src/thread/mod.rs:475:30
[INFO] [stdout]   72:     0x55f25f89d9e8 - core::ops::function::FnOnce::call_once{{vtable.shim}}::h36dcf3de8b056f17
[INFO] [stdout]                                at /rustc/53fd98ca776cb875bc9e5514f56b52eb74f9e7a9/library/core/src/ops/function.rs:227:5
[INFO] [stdout]   73:     0x55f25fac6477 - <alloc::boxed::Box<F,A> as core::ops::function::FnOnce<Args>>::call_once::h65c29e4642be2358
[INFO] [stdout]                                at /rustc/53fd98ca776cb875bc9e5514f56b52eb74f9e7a9/library/alloc/src/boxed.rs:1572:9
[INFO] [stdout]   74:     0x55f25fac6477 - <alloc::boxed::Box<F,A> as core::ops::function::FnOnce<Args>>::call_once::hd0f8f7fbbd9fffbf
[INFO] [stdout]                                at /rustc/53fd98ca776cb875bc9e5514f56b52eb74f9e7a9/library/alloc/src/boxed.rs:1572:9
[INFO] [stdout]   75:     0x55f25fac6477 - std::sys::unix::thread::Thread::new::thread_start::h2fd22fee3ca77b65
[INFO] [stdout]                                at /rustc/53fd98ca776cb875bc9e5514f56b52eb74f9e7a9/library/std/src/sys/unix/thread.rs:74:17
[INFO] [stdout]   76:     0x7f5381a86609 - start_thread
[INFO] [stdout]   77:     0x7f538185e293 - clone
[INFO] [stdout]   78:                0x0 - <unknown>
[INFO] [stdout] Panic in Arbiter thread.
[INFO] [stdout] 
[INFO] [stdout] 
[INFO] [stdout] failures:
[INFO] [stdout]     controllers::health::tests::test_get_health
[INFO] [stdout] 
[INFO] [stdout] test result: FAILED. 0 passed; 1 failed; 0 ignored; 0 measured; 0 filtered out; finished in 0.04s
[INFO] [stdout] 
[INFO] [stderr] error: test failed, to rerun pass '--bin actix-postgres'
[INFO] running `Command { std: "docker" "inspect" "beeec656217a2180ae76b08588b5d266d9eaeaecd6218e5f72d6b5ac8285ccd5", kill_on_drop: false }`
[INFO] running `Command { std: "docker" "rm" "-f" "beeec656217a2180ae76b08588b5d266d9eaeaecd6218e5f72d6b5ac8285ccd5", kill_on_drop: false }`
[INFO] [stdout] beeec656217a2180ae76b08588b5d266d9eaeaecd6218e5f72d6b5ac8285ccd5
