[INFO] cloning repository https://github.com/periklis/rsfseek
[INFO] running `Command { std: "git" "-c" "credential.helper=" "-c" "credential.helper=/workspace/cargo-home/bin/git-credential-null" "clone" "--bare" "https://github.com/periklis/rsfseek" "/workspace/cache/git-repos/https%3A%2F%2Fgithub.com%2Fperiklis%2Frsfseek", kill_on_drop: false }`
[INFO] [stderr] Cloning into bare repository '/workspace/cache/git-repos/https%3A%2F%2Fgithub.com%2Fperiklis%2Frsfseek'...
[INFO] running `Command { std: "git" "rev-parse" "HEAD", kill_on_drop: false }`
[INFO] [stdout] d251894b0bc32d92efcc93b0a4bc636308d6a51f
[INFO] testing periklis/rsfseek against beta-2021-08-01 for beta-1.55-1
[INFO] running `Command { std: "git" "clone" "/workspace/cache/git-repos/https%3A%2F%2Fgithub.com%2Fperiklis%2Frsfseek" "/workspace/builds/worker-27/source", kill_on_drop: false }`
[INFO] [stderr] Cloning into '/workspace/builds/worker-27/source'...
[INFO] [stderr] done.
[INFO] validating manifest of git repo https://github.com/periklis/rsfseek on toolchain beta-2021-08-01
[INFO] running `Command { std: "/workspace/cargo-home/bin/cargo" "+beta-2021-08-01" "metadata" "--manifest-path" "Cargo.toml" "--no-deps", kill_on_drop: false }`
[INFO] started tweaking git repo https://github.com/periklis/rsfseek
[INFO] finished tweaking git repo https://github.com/periklis/rsfseek
[INFO] tweaked toml for git repo https://github.com/periklis/rsfseek written to /workspace/builds/worker-27/source/Cargo.toml
[INFO] crate git repo https://github.com/periklis/rsfseek already has a lockfile, it will not be regenerated
[INFO] running `Command { std: "/workspace/cargo-home/bin/cargo" "+beta-2021-08-01" "fetch" "--manifest-path" "Cargo.toml", kill_on_drop: false }`
[INFO] [stderr]     Blocking waiting for file lock on package cache
[INFO] [stderr]     Blocking waiting for file lock on package cache
[INFO] [stderr]  Downloading crates ...
[INFO] [stderr]   Downloaded prettytable-rs v0.6.7
[INFO] [stderr]   Downloaded encode_unicode v0.3.0
[INFO] running `Command { std: "docker" "create" "-v" "/var/lib/crater-agent-workspace/builds/worker-27/target:/opt/rustwide/target:rw,Z" "-v" "/var/lib/crater-agent-workspace/builds/worker-27/source:/opt/rustwide/workdir:ro,Z" "-v" "/var/lib/crater-agent-workspace/cargo-home:/opt/rustwide/cargo-home:ro,Z" "-v" "/var/lib/crater-agent-workspace/rustup-home:/opt/rustwide/rustup-home:ro,Z" "-e" "SOURCE_DIR=/opt/rustwide/workdir" "-e" "CARGO_TARGET_DIR=/opt/rustwide/target" "-e" "CARGO_HOME=/opt/rustwide/cargo-home" "-e" "RUSTUP_HOME=/opt/rustwide/rustup-home" "-w" "/opt/rustwide/workdir" "-m" "1610612736" "--user" "0:0" "--network" "none" "ghcr.io/rust-lang/crates-build-env/linux@sha256:34b6a614d2c27851fe6cbf88fbd1137609cefab8b10d0615aaeb6fd47975d74e" "/opt/rustwide/cargo-home/bin/cargo" "+beta-2021-08-01" "metadata" "--no-deps" "--format-version=1", kill_on_drop: false }`
[INFO] [stdout] 4ba9838eddc0cd14d871576605c61ab25c62867277801eb1d17fa0240b8629cc
[INFO] running `Command { std: "docker" "start" "-a" "4ba9838eddc0cd14d871576605c61ab25c62867277801eb1d17fa0240b8629cc", kill_on_drop: false }`
[INFO] running `Command { std: "docker" "inspect" "4ba9838eddc0cd14d871576605c61ab25c62867277801eb1d17fa0240b8629cc", kill_on_drop: false }`
[INFO] running `Command { std: "docker" "rm" "-f" "4ba9838eddc0cd14d871576605c61ab25c62867277801eb1d17fa0240b8629cc", kill_on_drop: false }`
[INFO] [stdout] 4ba9838eddc0cd14d871576605c61ab25c62867277801eb1d17fa0240b8629cc
[INFO] running `Command { std: "docker" "create" "-v" "/var/lib/crater-agent-workspace/builds/worker-27/target:/opt/rustwide/target:rw,Z" "-v" "/var/lib/crater-agent-workspace/builds/worker-27/source:/opt/rustwide/workdir:ro,Z" "-v" "/var/lib/crater-agent-workspace/cargo-home:/opt/rustwide/cargo-home:ro,Z" "-v" "/var/lib/crater-agent-workspace/rustup-home:/opt/rustwide/rustup-home:ro,Z" "-e" "SOURCE_DIR=/opt/rustwide/workdir" "-e" "CARGO_TARGET_DIR=/opt/rustwide/target" "-e" "CARGO_INCREMENTAL=0" "-e" "RUST_BACKTRACE=full" "-e" "RUSTFLAGS=--cap-lints=warn" "-e" "CARGO_HOME=/opt/rustwide/cargo-home" "-e" "RUSTUP_HOME=/opt/rustwide/rustup-home" "-w" "/opt/rustwide/workdir" "-m" "1610612736" "--user" "0:0" "--network" "none" "ghcr.io/rust-lang/crates-build-env/linux@sha256:34b6a614d2c27851fe6cbf88fbd1137609cefab8b10d0615aaeb6fd47975d74e" "/opt/rustwide/cargo-home/bin/cargo" "+beta-2021-08-01" "build" "--frozen" "--message-format=json", kill_on_drop: false }`
[INFO] [stdout] 7b6dce890ee184aa584bff9adc240ac339c1b57b0d79131b4bf49c7bd80cade6
[INFO] running `Command { std: "docker" "start" "-a" "7b6dce890ee184aa584bff9adc240ac339c1b57b0d79131b4bf49c7bd80cade6", kill_on_drop: false }`
[INFO] [stderr]     Blocking waiting for file lock on package cache
[INFO] [stderr]    Compiling libc v0.2.23
[INFO] [stderr]    Compiling byteorder v1.0.0
[INFO] [stderr]    Compiling rustc-serialize v0.3.24
[INFO] [stderr]    Compiling lazy_static v0.2.8
[INFO] [stderr]    Compiling term v0.4.5
[INFO] [stderr]    Compiling unicode-width v0.1.4
[INFO] [stderr]    Compiling encode_unicode v0.3.0
[INFO] [stderr]    Compiling memchr v1.0.1
[INFO] [stderr]    Compiling atty v0.2.2
[INFO] [stderr]    Compiling csv v0.15.0
[INFO] [stderr]    Compiling prettytable-rs v0.6.7
[INFO] [stderr]    Compiling rsfseek v0.1.0 (/opt/rustwide/workdir)
[INFO] [stdout] warning: `...` range patterns are deprecated
[INFO] [stdout]   --> src/main.rs:67:18
[INFO] [stdout]    |
[INFO] [stdout] 67 |         argc @ 3 ... 5 => {
[INFO] [stdout]    |                  ^^^ help: use `..=` for an inclusive range
[INFO] [stdout]    |
[INFO] [stdout]    = note: `#[warn(ellipsis_inclusive_range_patterns)]` on by default
[INFO] [stdout]    = warning: this is accepted in the current edition (Rust 2015) but is a hard error in Rust 2021!
[INFO] [stdout]    = note: for more information, see issue #80165 <https://github.com/rust-lang/rust/issues/80165>
[INFO] [stdout] 
[INFO] [stdout] 
[INFO] [stdout] warning: `...` range patterns are deprecated
[INFO] [stdout]   --> src/main.rs:88:11
[INFO] [stdout]    |
[INFO] [stdout] 88 |         1 ... 2 | _ => {
[INFO] [stdout]    |           ^^^ help: use `..=` for an inclusive range
[INFO] [stdout]    |
[INFO] [stdout]    = warning: this is accepted in the current edition (Rust 2015) but is a hard error in Rust 2021!
[INFO] [stdout]    = note: for more information, see issue #80165 <https://github.com/rust-lang/rust/issues/80165>
[INFO] [stdout] 
[INFO] [stdout] 
[INFO] [stdout] warning: 2 warnings emitted
[INFO] [stdout] 
[INFO] [stdout] 
[INFO] [stderr]     Finished dev [unoptimized + debuginfo] target(s) in 27.68s
[INFO] running `Command { std: "docker" "inspect" "7b6dce890ee184aa584bff9adc240ac339c1b57b0d79131b4bf49c7bd80cade6", kill_on_drop: false }`
[INFO] running `Command { std: "docker" "rm" "-f" "7b6dce890ee184aa584bff9adc240ac339c1b57b0d79131b4bf49c7bd80cade6", kill_on_drop: false }`
[INFO] [stdout] 7b6dce890ee184aa584bff9adc240ac339c1b57b0d79131b4bf49c7bd80cade6
[INFO] running `Command { std: "docker" "create" "-v" "/var/lib/crater-agent-workspace/builds/worker-27/target:/opt/rustwide/target:rw,Z" "-v" "/var/lib/crater-agent-workspace/builds/worker-27/source:/opt/rustwide/workdir:ro,Z" "-v" "/var/lib/crater-agent-workspace/cargo-home:/opt/rustwide/cargo-home:ro,Z" "-v" "/var/lib/crater-agent-workspace/rustup-home:/opt/rustwide/rustup-home:ro,Z" "-e" "SOURCE_DIR=/opt/rustwide/workdir" "-e" "CARGO_TARGET_DIR=/opt/rustwide/target" "-e" "CARGO_INCREMENTAL=0" "-e" "RUST_BACKTRACE=full" "-e" "RUSTFLAGS=--cap-lints=warn" "-e" "CARGO_HOME=/opt/rustwide/cargo-home" "-e" "RUSTUP_HOME=/opt/rustwide/rustup-home" "-w" "/opt/rustwide/workdir" "-m" "1610612736" "--user" "0:0" "--network" "none" "ghcr.io/rust-lang/crates-build-env/linux@sha256:34b6a614d2c27851fe6cbf88fbd1137609cefab8b10d0615aaeb6fd47975d74e" "/opt/rustwide/cargo-home/bin/cargo" "+beta-2021-08-01" "test" "--frozen" "--no-run" "--message-format=json", kill_on_drop: false }`
[INFO] [stdout] b8371b1d36c14e4c67a686df105b76e0a6f40a9237184600246c25fbf14c9c47
[INFO] running `Command { std: "docker" "start" "-a" "b8371b1d36c14e4c67a686df105b76e0a6f40a9237184600246c25fbf14c9c47", kill_on_drop: false }`
[INFO] [stderr]     Blocking waiting for file lock on package cache
[INFO] [stderr]    Compiling rsfseek v0.1.0 (/opt/rustwide/workdir)
[INFO] [stdout] warning: `...` range patterns are deprecated
[INFO] [stdout]   --> src/main.rs:67:18
[INFO] [stdout]    |
[INFO] [stdout] 67 |         argc @ 3 ... 5 => {
[INFO] [stdout]    |                  ^^^ help: use `..=` for an inclusive range
[INFO] [stdout]    |
[INFO] [stdout]    = note: `#[warn(ellipsis_inclusive_range_patterns)]` on by default
[INFO] [stdout]    = warning: this is accepted in the current edition (Rust 2015) but is a hard error in Rust 2021!
[INFO] [stdout]    = note: for more information, see issue #80165 <https://github.com/rust-lang/rust/issues/80165>
[INFO] [stdout] 
[INFO] [stdout] 
[INFO] [stdout] warning: `...` range patterns are deprecated
[INFO] [stdout]   --> src/main.rs:88:11
[INFO] [stdout]    |
[INFO] [stdout] 88 |         1 ... 2 | _ => {
[INFO] [stdout]    |           ^^^ help: use `..=` for an inclusive range
[INFO] [stdout]    |
[INFO] [stdout]    = warning: this is accepted in the current edition (Rust 2015) but is a hard error in Rust 2021!
[INFO] [stdout]    = note: for more information, see issue #80165 <https://github.com/rust-lang/rust/issues/80165>
[INFO] [stdout] 
[INFO] [stdout] 
[INFO] [stdout] warning: 2 warnings emitted
[INFO] [stdout] 
[INFO] [stdout] 
[INFO] [stderr]     Finished test [unoptimized + debuginfo] target(s) in 1.09s
[INFO] running `Command { std: "docker" "inspect" "b8371b1d36c14e4c67a686df105b76e0a6f40a9237184600246c25fbf14c9c47", kill_on_drop: false }`
[INFO] running `Command { std: "docker" "rm" "-f" "b8371b1d36c14e4c67a686df105b76e0a6f40a9237184600246c25fbf14c9c47", kill_on_drop: false }`
[INFO] [stdout] b8371b1d36c14e4c67a686df105b76e0a6f40a9237184600246c25fbf14c9c47
[INFO] running `Command { std: "docker" "create" "-v" "/var/lib/crater-agent-workspace/builds/worker-27/target:/opt/rustwide/target:rw,Z" "-v" "/var/lib/crater-agent-workspace/builds/worker-27/source:/opt/rustwide/workdir:ro,Z" "-v" "/var/lib/crater-agent-workspace/cargo-home:/opt/rustwide/cargo-home:ro,Z" "-v" "/var/lib/crater-agent-workspace/rustup-home:/opt/rustwide/rustup-home:ro,Z" "-e" "SOURCE_DIR=/opt/rustwide/workdir" "-e" "CARGO_TARGET_DIR=/opt/rustwide/target" "-e" "CARGO_INCREMENTAL=0" "-e" "RUST_BACKTRACE=full" "-e" "RUSTFLAGS=--cap-lints=warn" "-e" "CARGO_HOME=/opt/rustwide/cargo-home" "-e" "RUSTUP_HOME=/opt/rustwide/rustup-home" "-w" "/opt/rustwide/workdir" "-m" "1610612736" "--user" "0:0" "--network" "none" "ghcr.io/rust-lang/crates-build-env/linux@sha256:34b6a614d2c27851fe6cbf88fbd1137609cefab8b10d0615aaeb6fd47975d74e" "/opt/rustwide/cargo-home/bin/cargo" "+beta-2021-08-01" "test" "--frozen", kill_on_drop: false }`
[INFO] [stdout] b60fe17536b575b35f1e69cfa67ad885e1991ae212138cc13f3f9535f01f462b
[INFO] running `Command { std: "docker" "start" "-a" "b60fe17536b575b35f1e69cfa67ad885e1991ae212138cc13f3f9535f01f462b", kill_on_drop: false }`
[INFO] [stderr]     Blocking waiting for file lock on package cache
[INFO] [stdout] 
[INFO] [stderr] warning: `...` range patterns are deprecated
[INFO] [stdout] running 3 tests
[INFO] [stderr]   --> src/main.rs:67:18
[INFO] [stdout] test visitor::tests::it_visits_empty_dir ... ok
[INFO] [stderr]    |
[INFO] [stdout] test visitor::tests::it_panics_on_not_existing_dir - should panic ... ok
[INFO] [stderr] 67 |         argc @ 3 ... 5 => {
[INFO] [stdout] test visitor::tests::it_visits_existing_dir ... FAILED
[INFO] [stderr]    |                  ^^^ help: use `..=` for an inclusive range
[INFO] [stdout] 
[INFO] [stderr]    |
[INFO] [stdout] failures:
[INFO] [stderr]    = note: `#[warn(ellipsis_inclusive_range_patterns)]` on by default
[INFO] [stdout] 
[INFO] [stderr]    = warning: this is accepted in the current edition (Rust 2015) but is a hard error in Rust 2021!
[INFO] [stdout] ---- visitor::tests::it_visits_existing_dir stdout ----
[INFO] [stderr]    = note: for more information, see issue #80165 <https://github.com/rust-lang/rust/issues/80165>
[INFO] [stdout] thread 'visitor::tests::it_visits_existing_dir' panicked at 'called `Option::unwrap()` on a `None` value', src/visitor.rs:108:41
[INFO] [stderr] 
[INFO] [stdout] stack backtrace:
[INFO] [stderr] warning: `...` range patterns are deprecated
[INFO] [stdout]    0:     0x55f59e55c4f0 - std::backtrace_rs::backtrace::libunwind::trace::hff4d1766e93f64f1
[INFO] [stderr]   --> src/main.rs:88:11
[INFO] [stdout]                                at /rustc/53fd98ca776cb875bc9e5514f56b52eb74f9e7a9/library/std/src/../../backtrace/src/backtrace/libunwind.rs:90:5
[INFO] [stderr]    |
[INFO] [stdout]    1:     0x55f59e55c4f0 - std::backtrace_rs::backtrace::trace_unsynchronized::h56bbc8eb78770bcb
[INFO] [stderr] 88 |         1 ... 2 | _ => {
[INFO] [stdout]                                at /rustc/53fd98ca776cb875bc9e5514f56b52eb74f9e7a9/library/std/src/../../backtrace/src/backtrace/mod.rs:66:5
[INFO] [stderr]    |           ^^^ help: use `..=` for an inclusive range
[INFO] [stdout]    2:     0x55f59e55c4f0 - std::sys_common::backtrace::_print_fmt::h5c8e75464faca780
[INFO] [stderr]    |
[INFO] [stdout]                                at /rustc/53fd98ca776cb875bc9e5514f56b52eb74f9e7a9/library/std/src/sys_common/backtrace.rs:67:5
[INFO] [stderr]    = warning: this is accepted in the current edition (Rust 2015) but is a hard error in Rust 2021!
[INFO] [stdout]    3:     0x55f59e55c4f0 - <std::sys_common::backtrace::_print::DisplayBacktrace as core::fmt::Display>::fmt::h48b88277def8b362
[INFO] [stderr]    = note: for more information, see issue #80165 <https://github.com/rust-lang/rust/issues/80165>
[INFO] [stdout]                                at /rustc/53fd98ca776cb875bc9e5514f56b52eb74f9e7a9/library/std/src/sys_common/backtrace.rs:46:22
[INFO] [stderr] 
[INFO] [stdout]    4:     0x55f59e57f33c - core::fmt::write::h3381b3176fe2b3d3
[INFO] [stderr] warning: `rsfseek` (bin "rsfseek" test) generated 2 warnings
[INFO] [stdout]                                at /rustc/53fd98ca776cb875bc9e5514f56b52eb74f9e7a9/library/core/src/fmt/mod.rs:1115:17
[INFO] [stderr]     Finished test [unoptimized + debuginfo] target(s) in 0.63s
[INFO] [stdout]    5:     0x55f59e559295 - std::io::Write::write_fmt::h5f34a676f60246b5
[INFO] [stderr]      Running unittests (/opt/rustwide/target/debug/deps/rsfseek-ac239eeca0354172)
[INFO] [stdout]                                at /rustc/53fd98ca776cb875bc9e5514f56b52eb74f9e7a9/library/std/src/io/mod.rs:1665:15
[INFO] [stderr] error: test failed, to rerun pass '--bin rsfseek'
[INFO] [stdout]    6:     0x55f59e55e66b - std::sys_common::backtrace::_print::ha537687d6c17dd0d
[INFO] [stdout]                                at /rustc/53fd98ca776cb875bc9e5514f56b52eb74f9e7a9/library/std/src/sys_common/backtrace.rs:49:5
[INFO] [stdout]    7:     0x55f59e55e66b - std::sys_common::backtrace::print::h61376ae57d131d72
[INFO] [stdout]                                at /rustc/53fd98ca776cb875bc9e5514f56b52eb74f9e7a9/library/std/src/sys_common/backtrace.rs:36:9
[INFO] [stdout]    8:     0x55f59e55e66b - std::panicking::default_hook::{{closure}}::h0f7208c0b9644a54
[INFO] [stdout]                                at /rustc/53fd98ca776cb875bc9e5514f56b52eb74f9e7a9/library/std/src/panicking.rs:208:50
[INFO] [stdout]    9:     0x55f59e55e17c - std::panicking::default_hook::hdac7fc06578c14ce
[INFO] [stdout]                                at /rustc/53fd98ca776cb875bc9e5514f56b52eb74f9e7a9/library/std/src/panicking.rs:222:9
[INFO] [stdout]   10:     0x55f59e55ed34 - std::panicking::rust_panic_with_hook::h72b21c283da3d1ef
[INFO] [stdout]                                at /rustc/53fd98ca776cb875bc9e5514f56b52eb74f9e7a9/library/std/src/panicking.rs:622:17
[INFO] [stdout]   11:     0x55f59e55e7e7 - std::panicking::begin_panic_handler::{{closure}}::he5778f1729cff84a
[INFO] [stdout]                                at /rustc/53fd98ca776cb875bc9e5514f56b52eb74f9e7a9/library/std/src/panicking.rs:517:13
[INFO] [stdout]   12:     0x55f59e55c9cc - std::sys_common::backtrace::__rust_end_short_backtrace::h2d11ca8b453b4b1d
[INFO] [stdout]                                at /rustc/53fd98ca776cb875bc9e5514f56b52eb74f9e7a9/library/std/src/sys_common/backtrace.rs:141:18
[INFO] [stdout]   13:     0x55f59e55e779 - rust_begin_unwind
[INFO] [stdout]                                at /rustc/53fd98ca776cb875bc9e5514f56b52eb74f9e7a9/library/std/src/panicking.rs:515:5
[INFO] [stdout]   14:     0x55f59e4ff3c1 - core::panicking::panic_fmt::hf9de31d4acbce4db
[INFO] [stdout]                                at /rustc/53fd98ca776cb875bc9e5514f56b52eb74f9e7a9/library/core/src/panicking.rs:92:14
[INFO] [stdout]   15:     0x55f59e4ff30d - core::panicking::panic::h8a6bc58a21c6c095
[INFO] [stdout]                                at /rustc/53fd98ca776cb875bc9e5514f56b52eb74f9e7a9/library/core/src/panicking.rs:50:5
[INFO] [stdout]   16:     0x55f59e5033e5 - core::option::Option<T>::unwrap::hfdb621e1c14e6b96
[INFO] [stdout]                                at /rustc/53fd98ca776cb875bc9e5514f56b52eb74f9e7a9/library/core/src/option.rs:722:21
[INFO] [stdout]   17:     0x55f59e5070cd - rsfseek::visitor::tests::it_visits_existing_dir::hc9b9abab8cb67395
[INFO] [stdout]                                at /opt/rustwide/workdir/src/visitor.rs:108:36
[INFO] [stdout]   18:     0x55f59e506d7a - rsfseek::visitor::tests::it_visits_existing_dir::{{closure}}::h28e187bb7e99818f
[INFO] [stdout]                                at /opt/rustwide/workdir/src/visitor.rs:99:5
[INFO] [stdout]   19:     0x55f59e50457e - core::ops::function::FnOnce::call_once::hadfcb368f8cbfdfc
[INFO] [stdout]                                at /rustc/53fd98ca776cb875bc9e5514f56b52eb74f9e7a9/library/core/src/ops/function.rs:227:5
[INFO] [stdout]   20:     0x55f59e53b1a3 - core::ops::function::FnOnce::call_once::hbb52c4519d3137b0
[INFO] [stdout]                                at /rustc/53fd98ca776cb875bc9e5514f56b52eb74f9e7a9/library/core/src/ops/function.rs:227:5
[INFO] [stdout]   21:     0x55f59e53b1a3 - test::__rust_begin_short_backtrace::h86fe3a2a5a5121af
[INFO] [stdout]                                at /rustc/53fd98ca776cb875bc9e5514f56b52eb74f9e7a9/library/test/src/lib.rs:578:5
[INFO] [stdout]   22:     0x55f59e539c58 - <alloc::boxed::Box<F,A> as core::ops::function::FnOnce<Args>>::call_once::hfd956bc3d57399be
[INFO] [stdout]                                at /rustc/53fd98ca776cb875bc9e5514f56b52eb74f9e7a9/library/alloc/src/boxed.rs:1572:9
[INFO] [stdout]   23:     0x55f59e539c58 - <std::panic::AssertUnwindSafe<F> as core::ops::function::FnOnce<()>>::call_once::h40dc93e0ddb5938a
[INFO] [stdout]                                at /rustc/53fd98ca776cb875bc9e5514f56b52eb74f9e7a9/library/std/src/panic.rs:347:9
[INFO] [stdout]   24:     0x55f59e539c58 - std::panicking::try::do_call::h90d07750cb47c562
[INFO] [stdout]                                at /rustc/53fd98ca776cb875bc9e5514f56b52eb74f9e7a9/library/std/src/panicking.rs:401:40
[INFO] [stdout]   25:     0x55f59e539c58 - std::panicking::try::h063c84733ad2a629
[INFO] [stdout]                                at /rustc/53fd98ca776cb875bc9e5514f56b52eb74f9e7a9/library/std/src/panicking.rs:365:19
[INFO] [stdout]   26:     0x55f59e539c58 - std::panic::catch_unwind::h0c464836a84e7c08
[INFO] [stdout]                                at /rustc/53fd98ca776cb875bc9e5514f56b52eb74f9e7a9/library/std/src/panic.rs:434:14
[INFO] [stdout]   27:     0x55f59e539c58 - test::run_test_in_process::h5cb06ef620b157fc
[INFO] [stdout]                                at /rustc/53fd98ca776cb875bc9e5514f56b52eb74f9e7a9/library/test/src/lib.rs:601:18
[INFO] [stdout]   28:     0x55f59e539c58 - test::run_test::run_test_inner::{{closure}}::h76f677f4b93f9828
[INFO] [stdout]                                at /rustc/53fd98ca776cb875bc9e5514f56b52eb74f9e7a9/library/test/src/lib.rs:493:39
[INFO] [stdout]   29:     0x55f59e5083ed - test::run_test::run_test_inner::{{closure}}::h366d01fe04f4d67a
[INFO] [stdout]                                at /rustc/53fd98ca776cb875bc9e5514f56b52eb74f9e7a9/library/test/src/lib.rs:520:37
[INFO] [stdout]   30:     0x55f59e5083ed - std::sys_common::backtrace::__rust_begin_short_backtrace::h7dfa0de4eb395af2
[INFO] [stdout]                                at /rustc/53fd98ca776cb875bc9e5514f56b52eb74f9e7a9/library/std/src/sys_common/backtrace.rs:125:18
[INFO] [stdout]   31:     0x55f59e50cbb8 - std::thread::Builder::spawn_unchecked::{{closure}}::{{closure}}::hf0a74bb58798037f
[INFO] [stdout]                                at /rustc/53fd98ca776cb875bc9e5514f56b52eb74f9e7a9/library/std/src/thread/mod.rs:476:17
[INFO] [stdout]   32:     0x55f59e50cbb8 - <std::panic::AssertUnwindSafe<F> as core::ops::function::FnOnce<()>>::call_once::hb024e854818586ac
[INFO] [stdout]                                at /rustc/53fd98ca776cb875bc9e5514f56b52eb74f9e7a9/library/std/src/panic.rs:347:9
[INFO] [stdout]   33:     0x55f59e50cbb8 - std::panicking::try::do_call::hb2dd9f1d0d48e41d
[INFO] [stdout]                                at /rustc/53fd98ca776cb875bc9e5514f56b52eb74f9e7a9/library/std/src/panicking.rs:401:40
[INFO] [stdout]   34:     0x55f59e50cbb8 - std::panicking::try::h4717ae7bac8b2bf3
[INFO] [stdout]                                at /rustc/53fd98ca776cb875bc9e5514f56b52eb74f9e7a9/library/std/src/panicking.rs:365:19
[INFO] [stdout]   35:     0x55f59e50cbb8 - std::panic::catch_unwind::h0dc8a061326ce8d8
[INFO] [stdout]                                at /rustc/53fd98ca776cb875bc9e5514f56b52eb74f9e7a9/library/std/src/panic.rs:434:14
[INFO] [stdout]   36:     0x55f59e50cbb8 - std::thread::Builder::spawn_unchecked::{{closure}}::haa369e2d6fd00aa1
[INFO] [stdout]                                at /rustc/53fd98ca776cb875bc9e5514f56b52eb74f9e7a9/library/std/src/thread/mod.rs:475:30
[INFO] [stdout]   37:     0x55f59e50cbb8 - core::ops::function::FnOnce::call_once{{vtable.shim}}::h36dcf3de8b056f17
[INFO] [stdout]                                at /rustc/53fd98ca776cb875bc9e5514f56b52eb74f9e7a9/library/core/src/ops/function.rs:227:5
[INFO] [stdout]   38:     0x55f59e563f27 - <alloc::boxed::Box<F,A> as core::ops::function::FnOnce<Args>>::call_once::h65c29e4642be2358
[INFO] [stdout]                                at /rustc/53fd98ca776cb875bc9e5514f56b52eb74f9e7a9/library/alloc/src/boxed.rs:1572:9
[INFO] [stdout]   39:     0x55f59e563f27 - <alloc::boxed::Box<F,A> as core::ops::function::FnOnce<Args>>::call_once::hd0f8f7fbbd9fffbf
[INFO] [stdout]                                at /rustc/53fd98ca776cb875bc9e5514f56b52eb74f9e7a9/library/alloc/src/boxed.rs:1572:9
[INFO] [stdout]   40:     0x55f59e563f27 - std::sys::unix::thread::Thread::new::thread_start::h2fd22fee3ca77b65
[INFO] [stdout]                                at /rustc/53fd98ca776cb875bc9e5514f56b52eb74f9e7a9/library/std/src/sys/unix/thread.rs:74:17
[INFO] [stdout]   41:     0x7f86b72ce609 - start_thread
[INFO] [stdout]   42:     0x7f86b70a0293 - clone
[INFO] [stdout]   43:                0x0 - <unknown>
[INFO] [stdout] 
[INFO] [stdout] 
[INFO] [stdout] failures:
[INFO] [stdout]     visitor::tests::it_visits_existing_dir
[INFO] [stdout] 
[INFO] [stdout] test result: FAILED. 2 passed; 1 failed; 0 ignored; 0 measured; 0 filtered out; finished in 0.02s
[INFO] [stdout] 
[INFO] running `Command { std: "docker" "inspect" "b60fe17536b575b35f1e69cfa67ad885e1991ae212138cc13f3f9535f01f462b", kill_on_drop: false }`
[INFO] running `Command { std: "docker" "rm" "-f" "b60fe17536b575b35f1e69cfa67ad885e1991ae212138cc13f3f9535f01f462b", kill_on_drop: false }`
[INFO] [stdout] b60fe17536b575b35f1e69cfa67ad885e1991ae212138cc13f3f9535f01f462b
