[INFO] cloning repository https://github.com/pchampin/sophia_rs
[INFO] running `Command { std: "git" "-c" "credential.helper=" "-c" "credential.helper=/workspace/cargo-home/bin/git-credential-null" "clone" "--bare" "https://github.com/pchampin/sophia_rs" "/workspace/cache/git-repos/https%3A%2F%2Fgithub.com%2Fpchampin%2Fsophia_rs", kill_on_drop: false }`
[INFO] [stderr] Cloning into bare repository '/workspace/cache/git-repos/https%3A%2F%2Fgithub.com%2Fpchampin%2Fsophia_rs'...
[INFO] running `Command { std: "git" "rev-parse" "HEAD", kill_on_drop: false }`
[INFO] [stdout] 574d0fa83e8b1af8596a5bbbd0590deadfca1bf0
[INFO] testing pchampin/sophia_rs against beta-2021-08-01 for beta-1.55-1
[INFO] running `Command { std: "git" "clone" "/workspace/cache/git-repos/https%3A%2F%2Fgithub.com%2Fpchampin%2Fsophia_rs" "/workspace/builds/worker-2/source", kill_on_drop: false }`
[INFO] [stderr] Cloning into '/workspace/builds/worker-2/source'...
[INFO] [stderr] done.
[INFO] validating manifest of git repo https://github.com/pchampin/sophia_rs on toolchain beta-2021-08-01
[INFO] running `Command { std: "/workspace/cargo-home/bin/cargo" "+beta-2021-08-01" "metadata" "--manifest-path" "Cargo.toml" "--no-deps", kill_on_drop: false }`
[INFO] started tweaking git repo https://github.com/pchampin/sophia_rs
[INFO] finished tweaking git repo https://github.com/pchampin/sophia_rs
[INFO] tweaked toml for git repo https://github.com/pchampin/sophia_rs written to /workspace/builds/worker-2/source/Cargo.toml
[INFO] running `Command { std: "/workspace/cargo-home/bin/cargo" "+beta-2021-08-01" "generate-lockfile" "--manifest-path" "Cargo.toml" "-Zno-index-update", kill_on_drop: false }`
[INFO] running `Command { std: "/workspace/cargo-home/bin/cargo" "+beta-2021-08-01" "fetch" "--manifest-path" "Cargo.toml", kill_on_drop: false }`
[INFO] [stderr]  Downloading crates ...
[INFO] [stderr]   Downloaded test-case v1.2.0
[INFO] [stderr]   Downloaded plotters-svg v0.3.1
[INFO] [stderr]   Downloaded plotters-backend v0.3.2
[INFO] [stderr]   Downloaded cast v0.2.7
[INFO] [stderr]   Downloaded semver v1.0.4
[INFO] [stderr]   Downloaded serde_cbor v0.11.1
[INFO] [stderr]   Downloaded rustc_version v0.4.0
[INFO] [stderr]   Downloaded criterion v0.3.5
[INFO] [stderr]   Downloaded oxiri v0.1.1
[INFO] [stderr]   Downloaded half v1.7.1
[INFO] [stderr]   Downloaded quick-xml v0.22.0
[INFO] [stderr]   Downloaded mownstr v0.1.1
[INFO] [stderr]   Downloaded resiter v0.4.0
[INFO] [stderr]   Downloaded itertools v0.10.1
[INFO] [stderr]   Downloaded oxilangtag v0.1.2
[INFO] [stderr]   Downloaded weak-table v0.3.0
[INFO] [stderr]   Downloaded criterion-plot v0.4.4
[INFO] [stderr]   Downloaded tinytemplate v1.2.1
[INFO] [stderr]   Downloaded plotters v0.3.1
[INFO] [stderr]   Downloaded rio_xml v0.6.1
[INFO] [stderr]   Downloaded rio_api v0.6.1
[INFO] [stderr]   Downloaded rio_turtle v0.6.1
[INFO] running `Command { std: "docker" "create" "-v" "/var/lib/crater-agent-workspace/builds/worker-2/target:/opt/rustwide/target:rw,Z" "-v" "/var/lib/crater-agent-workspace/builds/worker-2/source:/opt/rustwide/workdir:ro,Z" "-v" "/var/lib/crater-agent-workspace/cargo-home:/opt/rustwide/cargo-home:ro,Z" "-v" "/var/lib/crater-agent-workspace/rustup-home:/opt/rustwide/rustup-home:ro,Z" "-e" "SOURCE_DIR=/opt/rustwide/workdir" "-e" "CARGO_TARGET_DIR=/opt/rustwide/target" "-e" "CARGO_HOME=/opt/rustwide/cargo-home" "-e" "RUSTUP_HOME=/opt/rustwide/rustup-home" "-w" "/opt/rustwide/workdir" "-m" "1610612736" "--user" "0:0" "--network" "none" "ghcr.io/rust-lang/crates-build-env/linux@sha256:34b6a614d2c27851fe6cbf88fbd1137609cefab8b10d0615aaeb6fd47975d74e" "/opt/rustwide/cargo-home/bin/cargo" "+beta-2021-08-01" "metadata" "--no-deps" "--format-version=1", kill_on_drop: false }`
[INFO] [stderr] WARNING: Your kernel does not support swap limit capabilities or the cgroup is not mounted. Memory limited without swap.
[INFO] [stdout] 87807d51da84d400f6acd6caa3b7b64ffc32889ea94c9cbb1361ab39247062a5
[INFO] running `Command { std: "docker" "start" "-a" "87807d51da84d400f6acd6caa3b7b64ffc32889ea94c9cbb1361ab39247062a5", kill_on_drop: false }`
[INFO] running `Command { std: "docker" "inspect" "87807d51da84d400f6acd6caa3b7b64ffc32889ea94c9cbb1361ab39247062a5", kill_on_drop: false }`
[INFO] running `Command { std: "docker" "rm" "-f" "87807d51da84d400f6acd6caa3b7b64ffc32889ea94c9cbb1361ab39247062a5", kill_on_drop: false }`
[INFO] [stdout] 87807d51da84d400f6acd6caa3b7b64ffc32889ea94c9cbb1361ab39247062a5
[INFO] running `Command { std: "docker" "create" "-v" "/var/lib/crater-agent-workspace/builds/worker-2/target:/opt/rustwide/target:rw,Z" "-v" "/var/lib/crater-agent-workspace/builds/worker-2/source:/opt/rustwide/workdir:ro,Z" "-v" "/var/lib/crater-agent-workspace/cargo-home:/opt/rustwide/cargo-home:ro,Z" "-v" "/var/lib/crater-agent-workspace/rustup-home:/opt/rustwide/rustup-home:ro,Z" "-e" "SOURCE_DIR=/opt/rustwide/workdir" "-e" "CARGO_TARGET_DIR=/opt/rustwide/target" "-e" "CARGO_INCREMENTAL=0" "-e" "RUST_BACKTRACE=full" "-e" "RUSTFLAGS=--cap-lints=warn" "-e" "CARGO_HOME=/opt/rustwide/cargo-home" "-e" "RUSTUP_HOME=/opt/rustwide/rustup-home" "-w" "/opt/rustwide/workdir" "-m" "1610612736" "--user" "0:0" "--network" "none" "ghcr.io/rust-lang/crates-build-env/linux@sha256:34b6a614d2c27851fe6cbf88fbd1137609cefab8b10d0615aaeb6fd47975d74e" "/opt/rustwide/cargo-home/bin/cargo" "+beta-2021-08-01" "build" "--frozen" "--message-format=json", kill_on_drop: false }`
[INFO] [stderr] WARNING: Your kernel does not support swap limit capabilities or the cgroup is not mounted. Memory limited without swap.
[INFO] [stdout] 52108fce2e214f4a14614596173b56976d19069cf7aca5729d9fa81e9eec9690
[INFO] running `Command { std: "docker" "start" "-a" "52108fce2e214f4a14614596173b56976d19069cf7aca5729d9fa81e9eec9690", kill_on_drop: false }`
[INFO] [stderr]    Compiling mownstr v0.1.1
[INFO] [stderr]    Compiling resiter v0.4.0
[INFO] [stderr]    Compiling oxilangtag v0.1.2
[INFO] [stderr]    Compiling rio_api v0.6.1
[INFO] [stderr]    Compiling weak-table v0.3.0
[INFO] [stderr]    Compiling oxiri v0.1.1
[INFO] [stderr]    Compiling quick-xml v0.22.0
[INFO] [stderr]    Compiling sophia_iri v0.7.0 (/opt/rustwide/workdir/iri)
[INFO] [stderr]    Compiling rio_turtle v0.6.1
[INFO] [stderr]    Compiling rio_xml v0.6.1
[INFO] [stderr]    Compiling sophia_api v0.7.0 (/opt/rustwide/workdir/api)
[INFO] [stderr]    Compiling sophia_term v0.7.0 (/opt/rustwide/workdir/term)
[INFO] [stderr]    Compiling sophia_rio v0.7.0 (/opt/rustwide/workdir/rio)
[INFO] [stderr]    Compiling sophia_xml v0.7.0 (/opt/rustwide/workdir/xml)
[INFO] [stderr]    Compiling sophia_indexed v0.7.0 (/opt/rustwide/workdir/indexed)
[INFO] [stderr]    Compiling sophia_inmem v0.7.0 (/opt/rustwide/workdir/inmem)
[INFO] [stderr]    Compiling sophia_turtle v0.7.0 (/opt/rustwide/workdir/turtle)
[INFO] [stderr]    Compiling sophia v0.7.0 (/opt/rustwide/workdir/sophia)
[INFO] [stderr]    Compiling sophia_jsonld v0.7.0 (/opt/rustwide/workdir/jsonld)
[INFO] [stderr]     Finished dev [unoptimized + debuginfo] target(s) in 7.93s
[INFO] running `Command { std: "docker" "inspect" "52108fce2e214f4a14614596173b56976d19069cf7aca5729d9fa81e9eec9690", kill_on_drop: false }`
[INFO] running `Command { std: "docker" "rm" "-f" "52108fce2e214f4a14614596173b56976d19069cf7aca5729d9fa81e9eec9690", kill_on_drop: false }`
[INFO] [stdout] 52108fce2e214f4a14614596173b56976d19069cf7aca5729d9fa81e9eec9690
[INFO] running `Command { std: "docker" "create" "-v" "/var/lib/crater-agent-workspace/builds/worker-2/target:/opt/rustwide/target:rw,Z" "-v" "/var/lib/crater-agent-workspace/builds/worker-2/source:/opt/rustwide/workdir:ro,Z" "-v" "/var/lib/crater-agent-workspace/cargo-home:/opt/rustwide/cargo-home:ro,Z" "-v" "/var/lib/crater-agent-workspace/rustup-home:/opt/rustwide/rustup-home:ro,Z" "-e" "SOURCE_DIR=/opt/rustwide/workdir" "-e" "CARGO_TARGET_DIR=/opt/rustwide/target" "-e" "CARGO_INCREMENTAL=0" "-e" "RUST_BACKTRACE=full" "-e" "RUSTFLAGS=--cap-lints=warn" "-e" "CARGO_HOME=/opt/rustwide/cargo-home" "-e" "RUSTUP_HOME=/opt/rustwide/rustup-home" "-w" "/opt/rustwide/workdir" "-m" "1610612736" "--user" "0:0" "--network" "none" "ghcr.io/rust-lang/crates-build-env/linux@sha256:34b6a614d2c27851fe6cbf88fbd1137609cefab8b10d0615aaeb6fd47975d74e" "/opt/rustwide/cargo-home/bin/cargo" "+beta-2021-08-01" "test" "--frozen" "--no-run" "--message-format=json", kill_on_drop: false }`
[INFO] [stderr] WARNING: Your kernel does not support swap limit capabilities or the cgroup is not mounted. Memory limited without swap.
[INFO] [stdout] df44935985a45fade39c5aa70479c9c7e032cbb3d347445632ac27ec61013372
[INFO] running `Command { std: "docker" "start" "-a" "df44935985a45fade39c5aa70479c9c7e032cbb3d347445632ac27ec61013372", kill_on_drop: false }`
[INFO] [stderr]    Compiling plotters-backend v0.3.2
[INFO] [stderr]    Compiling test-case v1.2.0
[INFO] [stderr]    Compiling bstr v0.2.16
[INFO] [stderr]    Compiling serde_cbor v0.11.1
[INFO] [stderr]    Compiling cast v0.2.7
[INFO] [stderr]    Compiling serde_json v1.0.66
[INFO] [stderr]    Compiling serde_derive v1.0.127
[INFO] [stderr]    Compiling rayon-core v1.9.1
[INFO] [stderr]    Compiling sophia_iri v0.7.0 (/opt/rustwide/workdir/iri)
[INFO] [stderr]    Compiling sophia_rio v0.7.0 (/opt/rustwide/workdir/rio)
[INFO] [stderr]    Compiling sophia_indexed v0.7.0 (/opt/rustwide/workdir/indexed)
[INFO] [stderr]    Compiling sophia_inmem v0.7.0 (/opt/rustwide/workdir/inmem)
[INFO] [stderr]    Compiling sophia_turtle v0.7.0 (/opt/rustwide/workdir/turtle)
[INFO] [stderr]    Compiling sophia_xml v0.7.0 (/opt/rustwide/workdir/xml)
[INFO] [stderr]    Compiling sophia_jsonld v0.7.0 (/opt/rustwide/workdir/jsonld)
[INFO] [stderr]    Compiling plotters-svg v0.3.1
[INFO] [stderr]    Compiling plotters v0.3.1
[INFO] [stderr]    Compiling csv v1.1.6
[INFO] [stderr]    Compiling rayon v1.5.1
[INFO] [stderr]    Compiling tinytemplate v1.2.1
[INFO] [stderr]    Compiling criterion-plot v0.4.4
[INFO] [stderr]    Compiling sophia_api v0.7.0 (/opt/rustwide/workdir/api)
[INFO] [stderr]    Compiling sophia_term v0.7.0 (/opt/rustwide/workdir/term)
[INFO] [stderr]    Compiling criterion v0.3.5
[INFO] [stderr]    Compiling sophia v0.7.0 (/opt/rustwide/workdir/sophia)
[INFO] [stderr]     Finished test [unoptimized + debuginfo] target(s) in 28.25s
[INFO] running `Command { std: "docker" "inspect" "df44935985a45fade39c5aa70479c9c7e032cbb3d347445632ac27ec61013372", kill_on_drop: false }`
[INFO] running `Command { std: "docker" "rm" "-f" "df44935985a45fade39c5aa70479c9c7e032cbb3d347445632ac27ec61013372", kill_on_drop: false }`
[INFO] [stdout] df44935985a45fade39c5aa70479c9c7e032cbb3d347445632ac27ec61013372
[INFO] running `Command { std: "docker" "create" "-v" "/var/lib/crater-agent-workspace/builds/worker-2/target:/opt/rustwide/target:rw,Z" "-v" "/var/lib/crater-agent-workspace/builds/worker-2/source:/opt/rustwide/workdir:ro,Z" "-v" "/var/lib/crater-agent-workspace/cargo-home:/opt/rustwide/cargo-home:ro,Z" "-v" "/var/lib/crater-agent-workspace/rustup-home:/opt/rustwide/rustup-home:ro,Z" "-e" "SOURCE_DIR=/opt/rustwide/workdir" "-e" "CARGO_TARGET_DIR=/opt/rustwide/target" "-e" "CARGO_INCREMENTAL=0" "-e" "RUST_BACKTRACE=full" "-e" "RUSTFLAGS=--cap-lints=warn" "-e" "CARGO_HOME=/opt/rustwide/cargo-home" "-e" "RUSTUP_HOME=/opt/rustwide/rustup-home" "-w" "/opt/rustwide/workdir" "-m" "1610612736" "--user" "0:0" "--network" "none" "ghcr.io/rust-lang/crates-build-env/linux@sha256:34b6a614d2c27851fe6cbf88fbd1137609cefab8b10d0615aaeb6fd47975d74e" "/opt/rustwide/cargo-home/bin/cargo" "+beta-2021-08-01" "test" "--frozen", kill_on_drop: false }`
[INFO] [stdout] 9c62b959b70f2df637a50445f5d60eb111a99e38ddfdcbb7aecb3dc957246a33
[INFO] [stderr] WARNING: Your kernel does not support swap limit capabilities or the cgroup is not mounted. Memory limited without swap.
[INFO] running `Command { std: "docker" "start" "-a" "9c62b959b70f2df637a50445f5d60eb111a99e38ddfdcbb7aecb3dc957246a33", kill_on_drop: false }`
[INFO] [stderr]     Blocking waiting for file lock on package cache
[INFO] [stderr]     Finished test [unoptimized + debuginfo] target(s) in 0.62s
[INFO] [stderr]      Running unittests (/opt/rustwide/target/debug/deps/sophia-cceca27052953308)
[INFO] [stdout] 
[INFO] [stdout] running 6 tests
[INFO] [stdout] test query::test::test_bindings_for_triple_0var_0 ... ok
[INFO] [stdout] test query::test::test_bindings_for_triple_1var_0 ... ok
[INFO] [stdout] test query::test::test_bindings_for_triple_2var ... ok
[INFO] [stdout] test query::test::test_bindings_for_triple_1var ... ok
[INFO] [stdout] test query::test::test_bindings_for_triple_0var_1 ... ok
[INFO] [stdout] test query::test::test_query_triples ... ok
[INFO] [stdout] 
[INFO] [stdout] test result: ok. 6 passed; 0 failed; 0 ignored; 0 measured; 0 filtered out; finished in 0.04s
[INFO] [stdout] 
[INFO] [stderr]      Running unittests (/opt/rustwide/target/debug/deps/sophia_api-0bbd39a9eaebeb6f)
[INFO] [stdout] 
[INFO] [stdout] running 318 tests
[INFO] [stdout] test dataset::_ext_impl::test::test_slice ... ok
[INFO] [stdout] test dataset::_isomorphism::test::cycle_pathological ... ignored
[INFO] [stdout] test dataset::_isomorphism::test::cycle2 ... ok
[INFO] [stdout] test dataset::adapter::_dataset_graph::test::dflt_graph::test_objects ... ok
[INFO] [stdout] test dataset::adapter::_dataset_graph::test::dflt_graph::test_predicates ... ok
[INFO] [stdout] test dataset::adapter::_dataset_graph::test::dflt_graph::test_remove_matching ... ok
[INFO] [stdout] test dataset::adapter::_dataset_graph::test::dflt_graph::test_no_duplicate ... ok
[INFO] [stdout] test dataset::adapter::_dataset_graph::test::dflt_graph::test_literals ... ok
[INFO] [stdout] test dataset::adapter::_dataset_graph::test::dflt_graph::test_bnodes ... ok
[INFO] [stdout] test dataset::adapter::_dataset_graph::test::dflt_graph::test_retain_matching ... ok
[INFO] [stdout] test dataset::adapter::_dataset_graph::test::dflt_graph::test_simple_mutations ... ok
[INFO] [stdout] test dataset::adapter::_dataset_graph::test::dflt_graph::test_triples_matching ... ok
[INFO] [stdout] test dataset::adapter::_dataset_graph::test::dflt_graph::test_subjects ... ok
[INFO] [stdout] test dataset::adapter::_dataset_graph::test::dflt_graph::test_triples_with_o ... ok
[INFO] [stdout] test dataset::adapter::_dataset_graph::test::dflt_graph::test_triples ... ok
[INFO] [stdout] test dataset::adapter::_dataset_graph::test::dflt_graph::test_triples_with_sp ... ok
[INFO] [stdout] test dataset::adapter::_dataset_graph::test::dflt_graph::test_contains ... ok
[INFO] [stdout] test dataset::adapter::_dataset_graph::test::dflt_graph::test_iris ... ok
[INFO] [stdout] test dataset::adapter::_graph_as_dataset::test::as_dataset ... ok
[INFO] [stdout] test dataset::adapter::_graph_as_dataset::test::as_dataset_mut ... ok
[INFO] [stdout] test dataset::_isomorphism::test::cycle_almost_pathological ... ok
[INFO] [stdout] test dataset::adapter::_graph_as_dataset::test::gdg::test_bnodes ... ok
[INFO] [stdout] test dataset::_isomorphism::test::chain ... ok
[INFO] [stdout] test dataset::adapter::_graph_as_dataset::test::gdg::test_contains ... ok
[INFO] [stdout] test dataset::_isomorphism::test::simple ... ok
[INFO] [stdout] test dataset::_isomorphism::test::tree ... ok
[INFO] [stdout] test dataset::_isomorphism::test::cycle_long ... ok
[INFO] [stdout] test dataset::_isomorphism::test::clique ... ok
[INFO] [stdout] test dataset::adapter::_dataset_graph::test::dflt_graph::test_triples_with_p ... ok
[INFO] [stdout] test dataset::adapter::_graph_as_dataset::test::gdg::test_objects ... ok
[INFO] [stdout] test dataset::adapter::_dataset_graph::test::dflt_graph::test_triples_with_po ... ok
[INFO] [stdout] test dataset::adapter::_graph_as_dataset::test::gdg::test_triples_with_o ... ok
[INFO] [stdout] test dataset::adapter::_dataset_graph::test::dflt_graph::test_triples_with_s ... ok
[INFO] [stdout] test dataset::_isomorphism::test::predicate_and_gname ... ok
[INFO] [stdout] test dataset::adapter::_graph_as_dataset::test::gdg::test_triples_with_p ... ok
[INFO] [stdout] test dataset::adapter::_dataset_graph::test::dflt_graph::test_triples_with_so ... ok
[INFO] [stdout] test dataset::adapter::_graph_as_dataset::test::gdg::test_triples_matching ... ok
[INFO] [stdout] test dataset::adapter::_graph_as_dataset::test::gdg::test_triples_with_po ... ok
[INFO] [stdout] test dataset::adapter::_graph_as_dataset::test::test_invalid_graph_name ... ok
[INFO] [stdout] test dataset::adapter::_dataset_graph::test::dflt_graph::test_triples_with_spo ... ok
[INFO] [stdout] test dataset::adapter::_graph_as_dataset::test::gdg::test_triples_with_s ... ok
[INFO] [stdout] test dataset::adapter::_graph_as_dataset::test::gdg::test_predicates ... ok
[INFO] [stdout] test dataset::adapter::_dataset_graph::test::dflt_graph::test_variables ... ok
[INFO] [stdout] test dataset::adapter::_graph_as_dataset::test::gdg::test_triples_with_spo ... ok
[INFO] [stdout] test dataset::adapter::_graph_as_dataset::test::gdg::test_triples_with_so ... ok
[INFO] [stdout] test graph::_isomorphism::test::cycle_pathological ... ignored
[INFO] [stdout] test dataset::adapter::_graph_as_dataset::test::gdg::test_literals ... ok
[INFO] [stdout] test dataset::adapter::_graph_as_dataset::test::gdg::test_triples ... ok
[INFO] [stdout] test graph::_ext_impl::test::test_slice ... ok
[INFO] [stdout] test dataset::adapter::_graph_as_dataset::test::gdg::test_triples_with_sp ... ok
[INFO] [stdout] test dataset::adapter::_graph_as_dataset::test::into_dataset ... ok
[INFO] [stdout] test dataset::adapter::_dataset_graph::test::dflt_graph::test_x_all_mutations ... ok
[INFO] [stdout] test dataset::adapter::_graph_as_dataset::test::gdg::test_variables ... ok
[INFO] [stdout] test dataset::adapter::_graph_as_dataset::test::gdg::test_subjects ... ok
[INFO] [stdout] test dataset::adapter::_graph_as_dataset::test::gdg::test_iris ... ok
[INFO] [stdout] test graph::_isomorphism::test::simple ... ok
[INFO] [stdout] test graph::_isomorphism::test::chain ... ok
[INFO] [stdout] test dataset::adapter::_dataset_graph::test::test_graph_default ... ok
[INFO] [stdout] test graph::_isomorphism::test::cycle2 ... ok
[INFO] [stdout] test graph::_isomorphism::test::cycle_long ... ok
[INFO] [stdout] test graph::_isomorphism::test::cycle_almost_pathological ... ok
[INFO] [stdout] test graph::_isomorphism::test::predicate ... ok
[INFO] [stdout] test graph::_isomorphism::test::tree ... ok
[INFO] [stdout] test graph::_isomorphism::test::clique ... ok
[INFO] [stdout] test ns::owl::test_valid_iri::AllDifferent ... ok
[INFO] [stdout] test ns::owl::test_valid_iri::assertionProperty ... ok
[INFO] [stdout] test ns::owl::test_valid_iri::AllDisjointClasses ... ok
[INFO] [stdout] test ns::owl::test_valid_iri::AnnotationProperty ... ok
[INFO] [stdout] test ns::owl::test_valid_iri::Nothing ... ok
[INFO] [stdout] test ns::owl::test_valid_iri::FunctionalProperty ... ok
[INFO] [stdout] test ns::owl::test_valid_iri::DatatypeProperty ... ok
[INFO] [stdout] test ns::owl::test_valid_iri::Class ... ok
[INFO] [stdout] test ns::owl::test_valid_iri::ObjectProperty ... ok
[INFO] [stdout] test ns::owl::test_valid_iri::SymmetricProperty ... ok
[INFO] [stdout] test ns::owl::test_valid_iri::Thing ... ok
[INFO] [stdout] test ns::owl::test_valid_iri::InverseFunctionalProperty ... ok
[INFO] [stdout] test ns::owl::test_valid_iri::disjointWith ... ok
[INFO] [stdout] test ns::owl::test_valid_iri::equivalentProperty ... ok
[INFO] [stdout] test ns::owl::test_valid_iri::Nothing ... ok
[INFO] [stdout] test ns::owl::test_valid_iri::distinctMembers ... ok
[INFO] [stdout] test ns::owl::test_valid_iri::propertyChainAxiom ... ok
[INFO] [stdout] test ns::owl::test_valid_iri::maxCardinality ... ok
[INFO] [stdout] test ns::owl::test_valid_iri::oneOf ... ok
[INFO] [stdout] test ns::owl::test_valid_iri::maxQualifiedCardinality ... ok
[INFO] [stdout] test ns::owl::test_valid_iri::equivalentClass ... ok
[INFO] [stdout] test ns::owl::test_valid_iri::propertyDisjointWith ... ok
[INFO] [stdout] test ns::owl::test_valid_iri::onClass ... ok
[INFO] [stdout] test ns::owl::test_valid_iri::sourceIndividual ... ok
[INFO] [stdout] test ns::owl::test_valid_iri::members ... ok
[INFO] [stdout] test ns::owl::test_valid_iri::differentFrom ... ok
[INFO] [stdout] test ns::owl::test_valid_iri::unionOf ... ok
[INFO] [stdout] test ns::owl::test_valid_iri::onProperty ... ok
[INFO] [stdout] test ns::owl::test_valid_iri::someValuesFrom ... ok
[INFO] [stdout] test ns::owl::test_valid_iri::intersectionOf ... ok
[INFO] [stdout] test ns::owl::test_valid_iri::targetValue ... ok
[INFO] [stdout] test ns::owl::test_valid_iri::sameAs ... ok
[INFO] [stdout] test ns::rdf::test_valid_iri::Bag ... ok
[INFO] [stdout] test ns::rdf::test_valid_iri::Description ... ok
[INFO] [stdout] test ns::rdf::test_valid_iri::Alt ... ok
[INFO] [stdout] test ns::rdf::test_valid_iri::ID ... ok
[INFO] [stdout] test ns::owl::test_valid_iri::complementOf ... ok
[INFO] [stdout] test ns::owl::test_valid_iri::inverseOf ... ok
[INFO] [stdout] test ns::rdf::test_valid_iri::HTML ... ok
[INFO] [stdout] test ns::rdf::test_valid_iri::List ... ok
[INFO] [stdout] test ns::owl::test_valid_iri::allValuesFrom ... ok
[INFO] [stdout] test ns::rdf::test_valid_iri::RDF ... ok
[INFO] [stdout] test ns::rdf::test_valid_iri::Seq ... ok
[INFO] [stdout] test ns::rdf::test_valid_iri::PlainLiteral ... ok
[INFO] [stdout] test ns::rdf::test_valid_iri::about ... ok
[INFO] [stdout] test ns::rdf::test_valid_iri::Property ... ok
[INFO] [stdout] test ns::rdf::test_valid_iri::langString ... ok
[INFO] [stdout] test ns::owl::test_valid_iri::targetIndividual ... ok
[INFO] [stdout] test ns::rdf::test_valid_iri::language ... ok
[INFO] [stdout] test ns::rdf::test_valid_iri::li ... ok
[INFO] [stdout] test ns::rdf::test_valid_iri::Alt ... ok
[INFO] [stdout] test ns::rdf::test_valid_iri::nil ... ok
[INFO] [stdout] test ns::rdf::test_valid_iri::nodeID ... ok
[INFO] [stdout] test ns::rdf::test_valid_iri::datatype ... ok
[INFO] [stdout] test ns::rdf::test_valid_iri::object ... ok
[INFO] [stdout] test ns::rdf::test_valid_iri::parseType ... ok
[INFO] [stdout] test ns::rdf::test_valid_iri::predicate ... ok
[INFO] [stdout] test ns::rdf::test_valid_iri::resource ... ok
[INFO] [stdout] test ns::rdf::test_valid_iri::direction ... ok
[INFO] [stdout] test ns::rdf::test_valid_iri::Statement ... ok
[INFO] [stdout] test ns::rdf::test_valid_iri::XMLLiteral ... ok
[INFO] [stdout] test ns::owl::test_valid_iri::IrreflexiveProperty ... ok
[INFO] [stdout] test ns::rdf::test_valid_iri::first ... ok
[INFO] [stdout] test ns::rdf::test_valid_iri::rest ... ok
[INFO] [stdout] test ns::rdf::test_valid_iri::type_ ... ok
[INFO] [stdout] test ns::owl::test_valid_iri::TransitiveProperty ... ok
[INFO] [stdout] test ns::rdf::test_valid_iri::value ... ok
[INFO] [stdout] test ns::rdf::test_valid_iri::subject ... ok
[INFO] [stdout] test ns::rdfs::test_valid_iri::Class ... ok
[INFO] [stdout] test ns::rdf::test_valid_iri::JSON ... ok
[INFO] [stdout] test ns::rdfs::test_valid_iri::Literal ... ok
[INFO] [stdout] test ns::rdfs::test_valid_iri::ContainerMembershipProperty ... ok
[INFO] [stdout] test ns::rdf::test_valid_iri::aboutEach ... ok
[INFO] [stdout] test ns::rdfs::test_valid_iri::Class ... ok
[INFO] [stdout] test ns::rdfs::test_valid_iri::Datatype ... ok
[INFO] [stdout] test ns::rdfs::test_valid_iri::range ... ok
[INFO] [stdout] test ns::rdfs::test_valid_iri::Container ... ok
[INFO] [stdout] test ns::rdfs::test_valid_iri::isDefinedBy ... ok
[INFO] [stdout] test ns::rdfs::test_valid_iri::Resource ... ok
[INFO] [stdout] test ns::rdfs::test_valid_iri::domain ... ok
[INFO] [stdout] test ns::rdfs::test_valid_iri::comment ... ok
[INFO] [stdout] test ns::rdf::test_valid_iri::aboutEachPrefix ... ok
[INFO] [stdout] test ns::rdf::test_valid_iri::bagID ... ok
[INFO] [stdout] test ns::rdfs::test_valid_iri::subPropertyOf ... ok
[INFO] [stdout] test ns::rdfs::test_valid_iri::member ... ok
[INFO] [stdout] test ns::rdfs::test_valid_iri::seeAlso ... ok
[INFO] [stdout] test ns::rdfs::test_valid_iri::subClassOf ... ok
[INFO] [stdout] test ns::test::test_different_terms ... ok
[INFO] [stdout] test ns::xsd::test_valid_iri::ENTITIES ... ok
[INFO] [stdout] test ns::test::test_same_term ... ok
[INFO] [stdout] test ns::xsd::test_valid_iri::ID ... ok
[INFO] [stdout] test ns::rdfs::test_valid_iri::label ... ok
[INFO] [stdout] test ns::xml::test_valid_iri::id ... ok
[INFO] [stdout] test ns::xsd::test_valid_iri::ENTITY ... ok
[INFO] [stdout] test ns::xsd::test_valid_iri::IDREFS ... ok
[INFO] [stdout] test ns::xml::test_valid_iri::base ... ok
[INFO] [stdout] test ns::xsd::test_valid_iri::NCName ... ok
[INFO] [stdout] test ns::xml::test_valid_iri::Father ... ok
[INFO] [stdout] test ns::xsd::test_valid_iri::NMTOKEN ... ok
[INFO] [stdout] test ns::xsd::test_valid_iri::NMTOKENS ... ok
[INFO] [stdout] test ns::xsd::test_valid_iri::anyURI ... ok
[INFO] [stdout] test ns::xsd::test_valid_iri::NOTATION ... ok
[INFO] [stdout] test ns::xsd::test_valid_iri::byte ... ok
[INFO] [stdout] test ns::xsd::test_valid_iri::Name ... ok
[INFO] [stdout] test ns::xsd::test_valid_iri::date ... ok
[INFO] [stdout] test ns::xsd::test_valid_iri::anySimpleType ... ok
[INFO] [stdout] test ns::xsd::test_valid_iri::base64Binary ... ok
[INFO] [stdout] test ns::xsd::test_valid_iri::dateTime ... ok
[INFO] [stdout] test ns::xsd::test_valid_iri::duration ... ok
[INFO] [stdout] test ns::xsd::test_valid_iri::boolean ... ok
[INFO] [stdout] test ns::xsd::test_valid_iri::decimal ... ok
[INFO] [stdout] test ns::xsd::test_valid_iri::float ... ok
[INFO] [stdout] test ns::xsd::test_valid_iri::gMonthDay ... ok
[INFO] [stdout] test ns::xsd::test_valid_iri::gDay ... ok
[INFO] [stdout] test ns::xsd::test_valid_iri::gYearMonth ... ok
[INFO] [stdout] test ns::xsd::test_valid_iri::gMonth ... ok
[INFO] [stdout] test ns::xsd::test_valid_iri::int ... ok
[INFO] [stdout] test ns::xsd::test_valid_iri::hexBinary ... ok
[INFO] [stdout] test ns::xsd::test_valid_iri::language ... ok
[INFO] [stdout] test ns::xsd::test_valid_iri::nonNegativeInteger ... ok
[INFO] [stdout] test ns::xsd::test_valid_iri::gYear ... ok
[INFO] [stdout] test ns::xsd::test_valid_iri::integer ... ok
[INFO] [stdout] test ns::xsd::test_valid_iri::negativeInteger ... ok
[INFO] [stdout] test ns::xsd::test_valid_iri::double ... ok
[INFO] [stdout] test ns::xml::test_valid_iri::lang ... ok
[INFO] [stdout] test ns::xsd::test_valid_iri::QName ... ok
[INFO] [stdout] test ns::xsd::test_valid_iri::long ... ok
[INFO] [stdout] test ns::xsd::test_valid_iri::nonPositiveInteger ... ok
[INFO] [stdout] test ns::xsd::test_valid_iri::positiveInteger ... ok
[INFO] [stdout] test ns::xsd::test_valid_iri::short ... ok
[INFO] [stdout] test ns::xsd::test_valid_iri::time ... ok
[INFO] [stdout] test ns::xsd::test_valid_iri::token ... ok
[INFO] [stdout] test ns::xsd::test_valid_iri::anyType ... ok
[INFO] [stdout] test ns::xml::test_valid_iri::space ... ok
[INFO] [stdout] test ns::xsd::test_valid_iri::normalizedString ... ok
[INFO] [stdout] test ns::xsd::test_valid_iri::unsignedLong ... ok
[INFO] [stdout] test ns::xml::test_valid_iri::lang ... ok
[INFO] [stdout] test ns::xsd::test_valid_iri::unsignedInt ... ok
[INFO] [stdout] test ns::xsd::test_valid_iri::unsignedByte ... ok
[INFO] [stdout] test ns::xsd::test_valid_iri::string ... ok
[INFO] [stdout] test prefix::_prefix_map::test::get_checked_prefixed_pair::s_person ... ok
[INFO] [stdout] test prefix::_prefix_map::test::get_checked_prefixed_pair::_a_c ... ok
[INFO] [stdout] test prefix::_prefix::test::valid_prefix::_a_ ... ok
[INFO] [stdout] test prefix::_prefix_map::test::get_checked_prefixed_pair::something_else ... ok
[INFO] [stdout] test prefix::_prefix::test::valid_prefix::_foo_ ... ok
[INFO] [stdout] test prefix::_prefix_map::test::get_namespace::a ... ok
[INFO] [stdout] test prefix::_prefix_map::test::get_namespace::empty ... ok
[INFO] [stdout] test prefix::_prefix::test::invalid_prefix::_1a_ ... ok
[INFO] [stdout] test prefix::_prefix_map::test::get_namespace::s ... ok
[INFO] [stdout] test ns::xsd::test_valid_iri::unsignedShort ... ok
[INFO] [stdout] test prefix::_prefix_map::test::get_prefixed_pair::a_c ... ok
[INFO] [stdout] test prefix::_prefix_map::test::get_prefixed_pair::_a_c ... ok
[INFO] [stdout] test prefix::_prefix::test::invalid_prefix::ending_with_dot ... ok
[INFO] [stdout] test prefix::_prefix::test::invalid_prefix::space ... ok
[INFO] [stdout] test prefix::_prefix_map::test::get_prefixed_pair::single_colon ... ok
[INFO] [stdout] test prefix::_prefix_map::test::get_prefixed_pair::b_c ... ok
[INFO] [stdout] test prefix::_prefix_map::test::get_namespace::sa ... ok
[INFO] [stdout] test prefix::_prefix_map::test::get_prefixed_pair::s_person ... ok
[INFO] [stdout] test quad::stream::test::filter_map_quads ... ok
[INFO] [stdout] test quad::stream::test::filter_map_quads_iter ... ok
[INFO] [stdout] test quad::stream::test::filter_quads ... ok
[INFO] [stdout] test quad::stream::test::add_to_dataset ... ok
[INFO] [stdout] test quad::stream::test::filter_map_quads_to_triples ... ok
[INFO] [stdout] test quad::stream::test::for_each_quads ... ok
[INFO] [stdout] test quad::stream::test::map_quads_iter ... ok
[INFO] [stdout] test quad::stream::test::for_some_quad ... ok
[INFO] [stdout] test quad::stream::test::map_quads ... ok
[INFO] [stdout] test quad::stream::test::map_quads_to_triple ... ok
[INFO] [stdout] test term::_graph_name_matcher::test::test_aoe_any_as_matcher ... ok
[INFO] [stdout] test term::_graph_name_matcher::test::test_aoe_explicit_as_matcher ... ok
[INFO] [stdout] test term::_graph_name_matcher::test::test_aoer_any_as_matcher ... ok
[INFO] [stdout] test quad::stream::test::try_for_each_quad ... ok
[INFO] [stdout] test term::_graph_name_matcher::test::test_aoer_explicit_as_matcher ... ok
[INFO] [stdout] test term::_graph_name_matcher::test::test_array_as_matcher ... ok
[INFO] [stdout] test term::_graph_name_matcher::test::test_func_as_matcher ... ok
[INFO] [stdout] test term::_graph_name_matcher::test::test_option_as_matcher ... ok
[INFO] [stdout] test term::_raw_value::test::absolute::abs_mixed ... ok
[INFO] [stdout] test term::_raw_value::test::absolute::abs_only_ns ... ok
[INFO] [stdout] test term::_graph_name_matcher::test::test_vec_and_slice_as_matcher ... ok
[INFO] [stdout] test term::_raw_value::test::absolute::abs_split_schema ... ok
[INFO] [stdout] test term::_raw_value::test::absolute::rel_only_ns ... ok
[INFO] [stdout] test term::_raw_value::test::absolute::rel_mixed ... ok
[INFO] [stdout] test term::_raw_value::test::bytes::not_equal ... ok
[INFO] [stdout] test term::_raw_value::test::bytes::mixed ... ok
[INFO] [stdout] test term::_raw_value::test::bytes::only_ns ... ok
[INFO] [stdout] test term::_raw_value::test::eq::full_mixed ... ok
[INFO] [stdout] test term::_raw_value::test::bytes::only_suffix ... ok
[INFO] [stdout] test term::_raw_value::test::eq::mixed ... ok
[INFO] [stdout] test prefix::_prefix_map::test::get_checked_prefixed_pair::single_colon ... ok
[INFO] [stdout] test term::_raw_value::test::eq::only_ns ... ok
[INFO] [stdout] test term::_raw_value::test::absolute::rel_with_colon ... ok
[INFO] [stdout] test prefix::_prefix_map::test::get_prefixed_pair::something_else ... ok
[INFO] [stdout] test prefix::_prefix_map::test::get_checked_prefixed_pair::a_c ... ok
[INFO] [stdout] test prefix::_prefix_map::test::get_checked_prefixed_pair::b_c ... ok
[INFO] [stdout] test term::_raw_value::test::eq::not_equal ... ok
[INFO] [stdout] test term::_raw_value::test::len::mixed ... ok
[INFO] [stdout] test term::_raw_value::test::slice::across_cut_inclusive ... ok
[INFO] [stdout] test term::_raw_value::test::len::only_ns ... ok
[INFO] [stdout] test prefix::_prefix_map::test::get_namespace::ab ... ok
[INFO] [stdout] test term::_raw_value::test::slice::across_cut ... ok
[INFO] [stdout] test term::_raw_value::test::eq::only_suffix ... ok
[INFO] [stdout] test term::_raw_value::test::slice::across_cut_open_end ... ok
[INFO] [stdout] test term::_raw_value::test::slice::across_cut_open_start ... ok
[INFO] [stdout] test term::_raw_value::test::len::only_suffix ... ok
[INFO] [stdout] test term::_raw_value::test::slice::in_ns_open_start ... ok
[INFO] [stdout] test term::_raw_value::test::slice::in_suffix ... ok
[INFO] [stdout] test term::_raw_value::test::slice::in_suffix_open_end ... ok
[INFO] [stdout] test term::_raw_value::test::slice::only_ns ... ok
[INFO] [stdout] test term::_raw_value::test::slice::in_ns_inclusive ... ok
[INFO] [stdout] test term::_raw_value::test::slice::only_ns_open_start ... ok
[INFO] [stdout] test term::_raw_value::test::slice::only_ns_open_end ... ok
[INFO] [stdout] test term::_raw_value::test::slice::only_suffix ... ok
[INFO] [stdout] test term::_raw_value::test::slice::only_suffix_open_start ... ok
[INFO] [stdout] test term::_raw_value::test::starts_with_raw::equal ... ok
[INFO] [stdout] test term::_raw_value::test::starts_with_raw::tricky ... ok
[INFO] [stdout] test term::_raw_value::test::starts_with_str::equal ... ok
[INFO] [stdout] test term::_raw_value::test::starts_with_raw::tricky2 ... ok
[INFO] [stdout] test term::_raw_value::test::starts_with_str::mixed ... ok
[INFO] [stdout] test term::_raw_value::test::starts_with_str::not_starts_with ... ok
[INFO] [stdout] test term::_raw_value::test::slice::only_ns_inclusive ... ok
[INFO] [stdout] test term::_raw_value::test::slice::in_ns ... ok
[INFO] [stdout] test term::matcher::test::test_aoe_any_as_matcher ... ok
[INFO] [stdout] test term::matcher::test::test_aoe_exactly_as_matcher ... ok
[INFO] [stdout] test term::matcher::test::test_aoer_any_as_matcher ... ok
[INFO] [stdout] test term::matcher::test::test_aoer_exactly_as_matcher ... ok
[INFO] [stdout] test term::matcher::test::test_array_as_matcher ... ok
[INFO] [stdout] test term::matcher::test::test_func_as_matcher ... ok
[INFO] [stdout] test term::matcher::test::test_term_as_matcher ... ok
[INFO] [stdout] test term::matcher::test::test_vec_and_slice_as_matcher ... ok
[INFO] [stdout] test triple::stream::test::add_to_graph ... ok
[INFO] [stdout] test term::_raw_value::test::slice::only_suffix_inclusive ... ok
[INFO] [stdout] test ns::xsd::test_valid_iri::IDREF ... ok
[INFO] [stdout] test term::_raw_value::test::slice::in_suffix_inclusive ... ok
[INFO] [stdout] test ns::xsd::test_valid_iri::anyType ... ok
[INFO] [stdout] test triple::stream::test::filter_map_triples_iter ... ok
[INFO] [stdout] test prefix::_prefix::test::valid_prefix::empty ... ok
[INFO] [stdout] test triple::stream::test::filter_triples ... ok
[INFO] [stdout] test term::matcher::test::test_any_as_matcher ... ok
[INFO] [stdout] test term::_raw_value::test::starts_with_str::tricky ... ok
[INFO] [stdout] test triple::stream::test::for_each_triple ... ok
[INFO] [stdout] test prefix::_prefix::test::valid_prefix::with_dot_and_accents ... ok
[INFO] [stdout] test triple::stream::test::for_some_triple ... ok
[INFO] [stdout] test triple::stream::test::filter_map_triples ... ok
[INFO] [stdout] test triple::stream::test::filter_map_triples_to_quads ... ok
[INFO] [stdout] test triple::stream::test::map_triples_to_quads ... ok
[INFO] [stdout] test triple::stream::test::map_triples ... ok
[INFO] [stdout] test triple::stream::test::map_triples_iter ... ok
[INFO] [stdout] test triple::stream::test::try_for_each_triple ... ok
[INFO] [stdout] test term::_raw_value::test::slice::only_suffix_open_end ... ok
[INFO] [stdout] test term::_raw_value::test::starts_with_str::only_ns ... ok
[INFO] [stdout] test term::_raw_value::test::starts_with_str::only_suffix ... ok
[INFO] [stdout] test term::_graph_name_matcher::test::test_any_as_matcher ... ok
[INFO] [stderr]      Running unittests (/opt/rustwide/target/debug/deps/sophia_indexed-9874c6e8fb2d100b)
[INFO] [stdout] test ns::test::test_invalid_namespace ... ok
[INFO] [stderr]      Running unittests (/opt/rustwide/target/debug/deps/sophia_inmem-0e074ab8418c21dc)
[INFO] [stdout] test ns::test::test_invalid_suffix ... ok
[INFO] [stdout] 
[INFO] [stdout] test result: ok. 316 passed; 0 failed; 2 ignored; 0 measured; 0 filtered out; finished in 0.09s
[INFO] [stdout] 
[INFO] [stdout] 
[INFO] [stdout] running 0 tests
[INFO] [stdout] 
[INFO] [stdout] test result: ok. 0 passed; 0 failed; 0 ignored; 0 measured; 0 filtered out; finished in 0.00s
[INFO] [stdout] 
[INFO] [stdout] 
[INFO] [stdout] running 56 tests
[INFO] [stdout] test dataset::test_fastd::test_objects ... ok
[INFO] [stdout] test dataset::test_fastd::test_literals ... ok
[INFO] [stdout] test dataset::test_fastd::test_iris ... ok
[INFO] [stdout] test dataset::test_fastd::test_bnodes ... ok
[INFO] [stdout] test dataset::test_fastd::test_no_duplicate ... ok
[INFO] [stdout] test dataset::test_fastd::test_quads_with_po ... ok
[INFO] [stdout] test dataset::test_fastd::test_quads ... ok
[INFO] [stdout] test dataset::test_fastd::test_different_graphs_do_not_count_as_duplicate ... ok
[INFO] [stdout] test dataset::test_fastd::test_quads_with_pog ... ok
[INFO] [stdout] test dataset::test_fastd::test_quads_with_pg ... ok
[INFO] [stdout] test dataset::test_fastd::test_contains ... ok
[INFO] [stdout] test dataset::test_fastd::test_graph_names ... ok
[INFO] [stdout] test dataset::test_fastd::test_quads_with_o ... ok
[INFO] [stdout] test dataset::test_fastd::test_quads_matching ... ok
[INFO] [stdout] test dataset::test_fastd::test_quads_with_g ... ok
[INFO] [stdout] test dataset::test_fastd::test_quads_with_s ... ok
[INFO] [stdout] test dataset::test_fastd::test_quads_with_p ... ok
[INFO] [stdout] test dataset::test_fastd::test_quads_with_sog ... ok
[INFO] [stdout] test dataset::test_fastd::test_predicates ... ok
[INFO] [stdout] test dataset::test_fastd::test_quads_with_og ... ok
[INFO] [stdout] test graph::test_fastg::test_bnodes ... ok
[INFO] [stdout] test graph::_term_index_map_u::test::test_term_index_inner ... ok
[INFO] [stdout] test dataset::test_fastd::test_variables ... ok
[INFO] [stdout] test graph::_term_index_map_u::test::test_term_index ... ok
[INFO] [stdout] test dataset::test_fastd::test_quads_with_so ... ok
[INFO] [stdout] test dataset::test_fastd::test_quads_with_sg ... ok
[INFO] [stdout] test dataset::test_fastd::test_quads_with_spo ... ok
[INFO] [stdout] test dataset::test_fastd::test_subjects ... ok
[INFO] [stdout] test dataset::test_fastd::test_quads_with_sp ... ok
[INFO] [stdout] test dataset::test_fastd::test_quads_with_spg ... ok
[INFO] [stdout] test graph::test_fastg::test_literals ... ok
[INFO] [stdout] test graph::test_fastg::test_contains ... ok
[INFO] [stdout] test graph::test_fastg::test_iris ... ok
[INFO] [stdout] test graph::test_fastg::test_objects ... ok
[INFO] [stdout] test graph::test_fastg::test_no_duplicate ... ok
[INFO] [stdout] test graph::test_fastg::test_remove_matching ... ok
[INFO] [stdout] test graph::test_fastg::test_subjects ... ok
[INFO] [stdout] test dataset::test_fastd::test_retain_matching ... ok
[INFO] [stdout] test dataset::test_fastd::test_remove_matching ... ok
[INFO] [stdout] test graph::test_fastg::test_variables ... ok
[INFO] [stdout] test graph::test_fastg::test_predicates ... ok
[INFO] [stdout] test graph::test_fastg::test_retain_matching ... ok
[INFO] [stdout] test dataset::test_fastd::test_quads_with_spog ... ok
[INFO] [stdout] test graph::test_fastg::test_triples_with_po ... ok
[INFO] [stdout] test dataset::test_fastd::test_simple_mutations ... ok
[INFO] [stdout] test graph::test_fastg::test_simple_mutations ... ok
[INFO] [stdout] test graph::test_fastg::test_triples_with_p ... ok
[INFO] [stdout] test graph::test_fastg::test_x_all_mutations ... ok
[INFO] [stdout] test dataset::test_fastd::test_x_all_mutations ... ok
[INFO] [stdout] test graph::test_fastg::test_triples_with_o ... ok
[INFO] [stdout] test graph::test_fastg::test_triples_matching ... ok
[INFO] [stdout] test graph::test_fastg::test_triples_with_so ... ok
[INFO] [stdout] test graph::test_fastg::test_triples_with_s ... ok
[INFO] [stdout] test graph::test_fastg::test_triples_with_spo ... ok
[INFO] [stdout] test graph::test_fastg::test_triples ... ok
[INFO] [stdout] test graph::test_fastg::test_triples_with_sp ... ok
[INFO] [stdout] 
[INFO] [stdout] test result: ok. 56 passed; 0 failed; 0 ignored; 0 measured; 0 filtered out; finished in 0.09s
[INFO] [stdout] 
[INFO] [stderr]      Running unittests (/opt/rustwide/target/debug/deps/sophia_iri-979b5871cd55f546)
[INFO] [stdout] 
[INFO] [stdout] running 12 tests
[INFO] [stdout] test resolve::test::resolve_bad_str ... ok
[INFO] [stdout] test resolve::test::relative ... ok
[INFO] [stdout] test resolve::test::positive ... ok
[INFO] [stdout] test resolve::test::resolve_str ... ok
[INFO] [stdout] test resolve::test::negative ... ok
[INFO] [stdout] test resolve::test::resolve_iri_parsed ... ok
[INFO] [stdout] test _regex::test::regex_rel ... ok
[INFO] [stdout] test _regex::test::regex_abs ... ok
[INFO] [stdout] test _wrapper::test::iri ... ok
[INFO] [stdout] test _wrapper::test::iri_ref_box ... ok
[INFO] [stdout] test _wrapper::test::iri_box ... ok
[INFO] [stdout] test _wrapper::test::iri_ref ... ok
[INFO] [stdout] 
[INFO] [stdout] test result: ok. 12 passed; 0 failed; 0 ignored; 0 measured; 0 filtered out; finished in 0.07s
[INFO] [stdout] 
[INFO] [stderr]      Running unittests (/opt/rustwide/target/debug/deps/sophia_jsonld-3fbb14ca97edf561)
[INFO] [stdout] 
[INFO] [stdout] running 1 test
[INFO] [stdout] test serializer::test::w3c_test_suite ... FAILED
[INFO] [stdout] 
[INFO] [stdout] failures:
[INFO] [stdout] 
[INFO] [stdout] ---- serializer::test::w3c_test_suite stdout ----
[INFO] [stdout] thread 'serializer::test::w3c_test_suite' panicked at 'manifest not found or not a file: ../json-ld-api/tests/fromRdf-manifest.jsonld', jsonld/src/test_util.rs:28:13
[INFO] [stdout] stack backtrace:
[INFO] [stdout]    0:     0x5576a4cd2510 - std::backtrace_rs::backtrace::libunwind::trace::hff4d1766e93f64f1
[INFO] [stdout]                                at /rustc/53fd98ca776cb875bc9e5514f56b52eb74f9e7a9/library/std/src/../../backtrace/src/backtrace/libunwind.rs:90:5
[INFO] [stdout]    1:     0x5576a4cd2510 - std::backtrace_rs::backtrace::trace_unsynchronized::h56bbc8eb78770bcb
[INFO] [stdout]                                at /rustc/53fd98ca776cb875bc9e5514f56b52eb74f9e7a9/library/std/src/../../backtrace/src/backtrace/mod.rs:66:5
[INFO] [stdout]    2:     0x5576a4cd2510 - std::sys_common::backtrace::_print_fmt::h5c8e75464faca780
[INFO] [stdout]                                at /rustc/53fd98ca776cb875bc9e5514f56b52eb74f9e7a9/library/std/src/sys_common/backtrace.rs:67:5
[INFO] [stdout]    3:     0x5576a4cd2510 - <std::sys_common::backtrace::_print::DisplayBacktrace as core::fmt::Display>::fmt::h48b88277def8b362
[INFO] [stdout]                                at /rustc/53fd98ca776cb875bc9e5514f56b52eb74f9e7a9/library/std/src/sys_common/backtrace.rs:46:22
[INFO] [stdout]    4:     0x5576a4cf5d3c - core::fmt::write::h3381b3176fe2b3d3
[INFO] [stdout]                                at /rustc/53fd98ca776cb875bc9e5514f56b52eb74f9e7a9/library/core/src/fmt/mod.rs:1115:17
[INFO] [stdout]    5:     0x5576a4cce295 - std::io::Write::write_fmt::h5f34a676f60246b5
[INFO] [stdout]                                at /rustc/53fd98ca776cb875bc9e5514f56b52eb74f9e7a9/library/std/src/io/mod.rs:1665:15
[INFO] [stdout]    6:     0x5576a4cd468b - std::sys_common::backtrace::_print::ha537687d6c17dd0d
[INFO] [stdout]                                at /rustc/53fd98ca776cb875bc9e5514f56b52eb74f9e7a9/library/std/src/sys_common/backtrace.rs:49:5
[INFO] [stdout]    7:     0x5576a4cd468b - std::sys_common::backtrace::print::h61376ae57d131d72
[INFO] [stdout]                                at /rustc/53fd98ca776cb875bc9e5514f56b52eb74f9e7a9/library/std/src/sys_common/backtrace.rs:36:9
[INFO] [stdout]    8:     0x5576a4cd468b - std::panicking::default_hook::{{closure}}::h0f7208c0b9644a54
[INFO] [stdout]                                at /rustc/53fd98ca776cb875bc9e5514f56b52eb74f9e7a9/library/std/src/panicking.rs:208:50
[INFO] [stdout]    9:     0x5576a4cd419c - std::panicking::default_hook::hdac7fc06578c14ce
[INFO] [stdout]                                at /rustc/53fd98ca776cb875bc9e5514f56b52eb74f9e7a9/library/std/src/panicking.rs:222:9
[INFO] [stdout]   10:     0x5576a4cd4d54 - std::panicking::rust_panic_with_hook::h72b21c283da3d1ef
[INFO] [stdout]                                at /rustc/53fd98ca776cb875bc9e5514f56b52eb74f9e7a9/library/std/src/panicking.rs:622:17
[INFO] [stdout]   11:     0x5576a4cd4837 - std::panicking::begin_panic_handler::{{closure}}::he5778f1729cff84a
[INFO] [stdout]                                at /rustc/53fd98ca776cb875bc9e5514f56b52eb74f9e7a9/library/std/src/panicking.rs:519:13
[INFO] [stdout]   12:     0x5576a4cd29ec - std::sys_common::backtrace::__rust_end_short_backtrace::h2d11ca8b453b4b1d
[INFO] [stdout]                                at /rustc/53fd98ca776cb875bc9e5514f56b52eb74f9e7a9/library/std/src/sys_common/backtrace.rs:141:18
[INFO] [stdout]   13:     0x5576a4cd4799 - rust_begin_unwind
[INFO] [stdout]                                at /rustc/53fd98ca776cb875bc9e5514f56b52eb74f9e7a9/library/std/src/panicking.rs:515:5
[INFO] [stdout]   14:     0x5576a4a59c8b - std::panicking::begin_panic_fmt::h746518bde832d259
[INFO] [stdout]                                at /rustc/53fd98ca776cb875bc9e5514f56b52eb74f9e7a9/library/std/src/panicking.rs:457:5
[INFO] [stdout]   15:     0x5576a4a9921e - sophia_jsonld::test_util::Manifest::new::h964e858cc100d745
[INFO] [stdout]                                at /opt/rustwide/workdir/jsonld/src/test_util.rs:28:13
[INFO] [stdout]   16:     0x5576a4a7121b - sophia_jsonld::serializer::test::w3c_test_suite::h864ea9a503770820
[INFO] [stdout]                                at /opt/rustwide/workdir/jsonld/src/serializer/test.rs:10:20
[INFO] [stdout]   17:     0x5576a4a7101a - sophia_jsonld::serializer::test::w3c_test_suite::{{closure}}::h953dccdc1c10b4d7
[INFO] [stdout]                                at /opt/rustwide/workdir/jsonld/src/serializer/test.rs:5:1
[INFO] [stdout]   18:     0x5576a4a9067e - core::ops::function::FnOnce::call_once::hb8f0149d9a99893e
[INFO] [stdout]                                at /rustc/53fd98ca776cb875bc9e5514f56b52eb74f9e7a9/library/core/src/ops/function.rs:227:5
[INFO] [stdout]   19:     0x5576a4ae45c3 - core::ops::function::FnOnce::call_once::hbb52c4519d3137b0
[INFO] [stdout]                                at /rustc/53fd98ca776cb875bc9e5514f56b52eb74f9e7a9/library/core/src/ops/function.rs:227:5
[INFO] [stdout]   20:     0x5576a4ae45c3 - test::__rust_begin_short_backtrace::h86fe3a2a5a5121af
[INFO] [stdout]                                at /rustc/53fd98ca776cb875bc9e5514f56b52eb74f9e7a9/library/test/src/lib.rs:578:5
[INFO] [stdout]   21:     0x5576a4ae3078 - <alloc::boxed::Box<F,A> as core::ops::function::FnOnce<Args>>::call_once::hfd956bc3d57399be
[INFO] [stdout]                                at /rustc/53fd98ca776cb875bc9e5514f56b52eb74f9e7a9/library/alloc/src/boxed.rs:1572:9
[INFO] [stdout]   22:     0x5576a4ae3078 - <std::panic::AssertUnwindSafe<F> as core::ops::function::FnOnce<()>>::call_once::h40dc93e0ddb5938a
[INFO] [stdout]                                at /rustc/53fd98ca776cb875bc9e5514f56b52eb74f9e7a9/library/std/src/panic.rs:347:9
[INFO] [stdout]   23:     0x5576a4ae3078 - std::panicking::try::do_call::h90d07750cb47c562
[INFO] [stdout]                                at /rustc/53fd98ca776cb875bc9e5514f56b52eb74f9e7a9/library/std/src/panicking.rs:401:40
[INFO] [stdout]   24:     0x5576a4ae3078 - std::panicking::try::h063c84733ad2a629
[INFO] [stdout]                                at /rustc/53fd98ca776cb875bc9e5514f56b52eb74f9e7a9/library/std/src/panicking.rs:365:19
[INFO] [stdout]   25:     0x5576a4ae3078 - std::panic::catch_unwind::h0c464836a84e7c08
[INFO] [stdout]                                at /rustc/53fd98ca776cb875bc9e5514f56b52eb74f9e7a9/library/std/src/panic.rs:434:14
[INFO] [stdout]   26:     0x5576a4ae3078 - test::run_test_in_process::h5cb06ef620b157fc
[INFO] [stdout]                                at /rustc/53fd98ca776cb875bc9e5514f56b52eb74f9e7a9/library/test/src/lib.rs:601:18
[INFO] [stdout]   27:     0x5576a4ae3078 - test::run_test::run_test_inner::{{closure}}::h76f677f4b93f9828
[INFO] [stdout]                                at /rustc/53fd98ca776cb875bc9e5514f56b52eb74f9e7a9/library/test/src/lib.rs:493:39
[INFO] [stdout]   28:     0x5576a4ab180d - test::run_test::run_test_inner::{{closure}}::h366d01fe04f4d67a
[INFO] [stdout]                                at /rustc/53fd98ca776cb875bc9e5514f56b52eb74f9e7a9/library/test/src/lib.rs:520:37
[INFO] [stdout]   29:     0x5576a4ab180d - std::sys_common::backtrace::__rust_begin_short_backtrace::h7dfa0de4eb395af2
[INFO] [stdout]                                at /rustc/53fd98ca776cb875bc9e5514f56b52eb74f9e7a9/library/std/src/sys_common/backtrace.rs:125:18
[INFO] [stdout]   30:     0x5576a4ab5fd8 - std::thread::Builder::spawn_unchecked::{{closure}}::{{closure}}::hf0a74bb58798037f
[INFO] [stdout]                                at /rustc/53fd98ca776cb875bc9e5514f56b52eb74f9e7a9/library/std/src/thread/mod.rs:476:17
[INFO] [stdout]   31:     0x5576a4ab5fd8 - <std::panic::AssertUnwindSafe<F> as core::ops::function::FnOnce<()>>::call_once::hb024e854818586ac
[INFO] [stdout]                                at /rustc/53fd98ca776cb875bc9e5514f56b52eb74f9e7a9/library/std/src/panic.rs:347:9
[INFO] [stdout]   32:     0x5576a4ab5fd8 - std::panicking::try::do_call::hb2dd9f1d0d48e41d
[INFO] [stdout]                                at /rustc/53fd98ca776cb875bc9e5514f56b52eb74f9e7a9/library/std/src/panicking.rs:401:40
[INFO] [stdout]   33:     0x5576a4ab5fd8 - std::panicking::try::h4717ae7bac8b2bf3
[INFO] [stdout]                                at /rustc/53fd98ca776cb875bc9e5514f56b52eb74f9e7a9/library/std/src/panicking.rs:365:19
[INFO] [stdout]   34:     0x5576a4ab5fd8 - std::panic::catch_unwind::h0dc8a061326ce8d8
[INFO] [stdout]                                at /rustc/53fd98ca776cb875bc9e5514f56b52eb74f9e7a9/library/std/src/panic.rs:434:14
[INFO] [stdout]   35:     0x5576a4ab5fd8 - std::thread::Builder::spawn_unchecked::{{closure}}::haa369e2d6fd00aa1
[INFO] [stdout]                                at /rustc/53fd98ca776cb875bc9e5514f56b52eb74f9e7a9/library/std/src/thread/mod.rs:475:30
[INFO] [stdout]   36:     0x5576a4ab5fd8 - core::ops::function::FnOnce::call_once{{vtable.shim}}::h36dcf3de8b056f17
[INFO] [stdout]                                at /rustc/53fd98ca776cb875bc9e5514f56b52eb74f9e7a9/library/core/src/ops/function.rs:227:5
[INFO] [stdout]   37:     0x5576a4cd9917 - <alloc::boxed::Box<F,A> as core::ops::function::FnOnce<Args>>::call_once::h65c29e4642be2358
[INFO] [stdout]                                at /rustc/53fd98ca776cb875bc9e5514f56b52eb74f9e7a9/library/alloc/src/boxed.rs:1572:9
[INFO] [stdout]   38:     0x5576a4cd9917 - <alloc::boxed::Box<F,A> as core::ops::function::FnOnce<Args>>::call_once::hd0f8f7fbbd9fffbf
[INFO] [stdout]                                at /rustc/53fd98ca776cb875bc9e5514f56b52eb74f9e7a9/library/alloc/src/boxed.rs:1572:9
[INFO] [stdout]   39:     0x5576a4cd9917 - std::sys::unix::thread::Thread::new::thread_start::h2fd22fee3ca77b65
[INFO] [stdout]                                at /rustc/53fd98ca776cb875bc9e5514f56b52eb74f9e7a9/library/std/src/sys/unix/thread.rs:74:17
[INFO] [stdout]   40:     0x7fa1c9f5a609 - start_thread
[INFO] [stdout]   41:     0x7fa1c9d2c293 - clone
[INFO] [stdout]   42:                0x0 - <unknown>
[INFO] [stdout] 
[INFO] [stdout] 
[INFO] [stdout] failures:
[INFO] [stdout]     serializer::test::w3c_test_suite
[INFO] [stdout] 
[INFO] [stdout] test result: FAILED. 0 passed; 1 failed; 0 ignored; 0 measured; 0 filtered out; finished in 0.02s
[INFO] [stdout] 
[INFO] [stderr] error: test failed, to rerun pass '-p sophia_jsonld --lib'
[INFO] running `Command { std: "docker" "inspect" "9c62b959b70f2df637a50445f5d60eb111a99e38ddfdcbb7aecb3dc957246a33", kill_on_drop: false }`
[INFO] running `Command { std: "docker" "rm" "-f" "9c62b959b70f2df637a50445f5d60eb111a99e38ddfdcbb7aecb3dc957246a33", kill_on_drop: false }`
[INFO] [stdout] 9c62b959b70f2df637a50445f5d60eb111a99e38ddfdcbb7aecb3dc957246a33
