[INFO] cloning repository https://github.com/parbo/advent-of-code-2019
[INFO] running `Command { std: "git" "-c" "credential.helper=" "-c" "credential.helper=/workspace/cargo-home/bin/git-credential-null" "clone" "--bare" "https://github.com/parbo/advent-of-code-2019" "/workspace/cache/git-repos/https%3A%2F%2Fgithub.com%2Fparbo%2Fadvent-of-code-2019", kill_on_drop: false }`
[INFO] [stderr] Cloning into bare repository '/workspace/cache/git-repos/https%3A%2F%2Fgithub.com%2Fparbo%2Fadvent-of-code-2019'...
[INFO] running `Command { std: "git" "rev-parse" "HEAD", kill_on_drop: false }`
[INFO] [stdout] 58d38754487f08c97f10e7586ecce4527ea0be23
[INFO] testing parbo/advent-of-code-2019 against 1.54.0 for beta-1.55-1
[INFO] running `Command { std: "git" "clone" "/workspace/cache/git-repos/https%3A%2F%2Fgithub.com%2Fparbo%2Fadvent-of-code-2019" "/workspace/builds/worker-7/source", kill_on_drop: false }`
[INFO] [stderr] Cloning into '/workspace/builds/worker-7/source'...
[INFO] [stderr] done.
[INFO] validating manifest of git repo https://github.com/parbo/advent-of-code-2019 on toolchain 1.54.0
[INFO] running `Command { std: "/workspace/cargo-home/bin/cargo" "+1.54.0" "metadata" "--manifest-path" "Cargo.toml" "--no-deps", kill_on_drop: false }`
[INFO] started tweaking git repo https://github.com/parbo/advent-of-code-2019
[INFO] finished tweaking git repo https://github.com/parbo/advent-of-code-2019
[INFO] tweaked toml for git repo https://github.com/parbo/advent-of-code-2019 written to /workspace/builds/worker-7/source/Cargo.toml
[INFO] running `Command { std: "/workspace/cargo-home/bin/cargo" "+1.54.0" "generate-lockfile" "--manifest-path" "Cargo.toml" "-Zno-index-update", kill_on_drop: false }`
[INFO] [stderr]     Updating git repository `https://github.com/bkputnam/permute.git`
[INFO] running `Command { std: "/workspace/cargo-home/bin/cargo" "+1.54.0" "fetch" "--manifest-path" "Cargo.toml", kill_on_drop: false }`
[INFO] [stderr]     Blocking waiting for file lock on package cache
[INFO] running `Command { std: "docker" "create" "-v" "/var/lib/crater-agent-workspace/builds/worker-7/target:/opt/rustwide/target:rw,Z" "-v" "/var/lib/crater-agent-workspace/builds/worker-7/source:/opt/rustwide/workdir:ro,Z" "-v" "/var/lib/crater-agent-workspace/cargo-home:/opt/rustwide/cargo-home:ro,Z" "-v" "/var/lib/crater-agent-workspace/rustup-home:/opt/rustwide/rustup-home:ro,Z" "-e" "SOURCE_DIR=/opt/rustwide/workdir" "-e" "CARGO_TARGET_DIR=/opt/rustwide/target" "-e" "CARGO_HOME=/opt/rustwide/cargo-home" "-e" "RUSTUP_HOME=/opt/rustwide/rustup-home" "-w" "/opt/rustwide/workdir" "-m" "1610612736" "--user" "0:0" "--network" "none" "ghcr.io/rust-lang/crates-build-env/linux@sha256:34b6a614d2c27851fe6cbf88fbd1137609cefab8b10d0615aaeb6fd47975d74e" "/opt/rustwide/cargo-home/bin/cargo" "+1.54.0" "metadata" "--no-deps" "--format-version=1", kill_on_drop: false }`
[INFO] [stdout] e05052c67504c8d188bbe4db31b9c998a47f5caec1c30c5651b0b55d5e3549c9
[INFO] [stderr] WARNING: Your kernel does not support swap limit capabilities or the cgroup is not mounted. Memory limited without swap.
[INFO] running `Command { std: "docker" "start" "-a" "e05052c67504c8d188bbe4db31b9c998a47f5caec1c30c5651b0b55d5e3549c9", kill_on_drop: false }`
[INFO] running `Command { std: "docker" "inspect" "e05052c67504c8d188bbe4db31b9c998a47f5caec1c30c5651b0b55d5e3549c9", kill_on_drop: false }`
[INFO] running `Command { std: "docker" "rm" "-f" "e05052c67504c8d188bbe4db31b9c998a47f5caec1c30c5651b0b55d5e3549c9", kill_on_drop: false }`
[INFO] [stdout] e05052c67504c8d188bbe4db31b9c998a47f5caec1c30c5651b0b55d5e3549c9
[INFO] running `Command { std: "docker" "create" "-v" "/var/lib/crater-agent-workspace/builds/worker-7/target:/opt/rustwide/target:rw,Z" "-v" "/var/lib/crater-agent-workspace/builds/worker-7/source:/opt/rustwide/workdir:ro,Z" "-v" "/var/lib/crater-agent-workspace/cargo-home:/opt/rustwide/cargo-home:ro,Z" "-v" "/var/lib/crater-agent-workspace/rustup-home:/opt/rustwide/rustup-home:ro,Z" "-e" "SOURCE_DIR=/opt/rustwide/workdir" "-e" "CARGO_TARGET_DIR=/opt/rustwide/target" "-e" "CARGO_INCREMENTAL=0" "-e" "RUST_BACKTRACE=full" "-e" "RUSTFLAGS=--cap-lints=warn" "-e" "CARGO_HOME=/opt/rustwide/cargo-home" "-e" "RUSTUP_HOME=/opt/rustwide/rustup-home" "-w" "/opt/rustwide/workdir" "-m" "1610612736" "--user" "0:0" "--network" "none" "ghcr.io/rust-lang/crates-build-env/linux@sha256:34b6a614d2c27851fe6cbf88fbd1137609cefab8b10d0615aaeb6fd47975d74e" "/opt/rustwide/cargo-home/bin/cargo" "+1.54.0" "build" "--frozen" "--message-format=json", kill_on_drop: false }`
[INFO] [stdout] edde1493e1a477b47ca329ea799783f8332a6954bbc367a4e58bba7b7dcc1a1b
[INFO] [stderr] WARNING: Your kernel does not support swap limit capabilities or the cgroup is not mounted. Memory limited without swap.
[INFO] running `Command { std: "docker" "start" "-a" "edde1493e1a477b47ca329ea799783f8332a6954bbc367a4e58bba7b7dcc1a1b", kill_on_drop: false }`
[INFO] [stderr]    Compiling libc v0.2.98
[INFO] [stderr]    Compiling proc-macro2 v1.0.28
[INFO] [stderr]    Compiling syn v1.0.74
[INFO] [stderr]    Compiling cc v1.0.69
[INFO] [stderr]    Compiling serde v1.0.127
[INFO] [stderr]    Compiling utf8parse v0.1.1
[INFO] [stderr]    Compiling permute v0.1.0 (https://github.com/bkputnam/permute.git#3ece4416)
[INFO] [stderr]    Compiling day01 v0.0.1 (/opt/rustwide/workdir/01)
[INFO] [stderr]    Compiling day03 v0.0.1 (/opt/rustwide/workdir/03)
[INFO] [stderr]    Compiling num-traits v0.2.14
[INFO] [stderr]    Compiling num-integer v0.1.44
[INFO] [stderr]    Compiling num-iter v0.1.42
[INFO] [stderr]    Compiling itertools v0.8.2
[INFO] [stderr]    Compiling crossbeam-deque v0.8.1
[INFO] [stderr]    Compiling ncurses v5.101.0
[INFO] [stderr]    Compiling day04 v0.0.1 (/opt/rustwide/workdir/04)
[INFO] [stderr]    Compiling quote v1.0.9
[INFO] [stderr]    Compiling dirs-sys v0.3.6
[INFO] [stderr]    Compiling nix v0.14.1
[INFO] [stderr]    Compiling num_cpus v1.13.0
[INFO] [stderr]    Compiling rayon-core v1.9.1
[INFO] [stderr]    Compiling dirs v2.0.2
[INFO] [stderr]    Compiling num-complex v0.2.4
[INFO] [stderr]    Compiling pancurses v0.16.1
[INFO] [stderr]    Compiling rayon v1.5.1
[INFO] [stderr]    Compiling num-bigint v0.2.6
[INFO] [stderr]    Compiling modinverse v0.1.1
[INFO] [stderr]    Compiling num-rational v0.2.4
[INFO] [stderr]    Compiling num v0.2.1
[INFO] [stderr]    Compiling mod_exp v1.0.1
[INFO] [stderr]    Compiling serde_derive v1.0.127
[INFO] [stderr]    Compiling rustyline v5.0.6
[INFO] [stderr]    Compiling intcode v0.0.1 (/opt/rustwide/workdir/intcode)
[INFO] [stderr]    Compiling serde_scan v0.3.2
[INFO] [stderr]    Compiling aoc v0.0.1 (/opt/rustwide/workdir/aoc)
[INFO] [stderr]    Compiling day14 v0.0.1 (/opt/rustwide/workdir/14)
[INFO] [stderr]    Compiling day06 v0.0.1 (/opt/rustwide/workdir/06)
[INFO] [stderr]    Compiling day25 v0.0.1 (/opt/rustwide/workdir/25)
[INFO] [stderr]    Compiling day09 v0.0.1 (/opt/rustwide/workdir/09)
[INFO] [stderr]    Compiling day23 v0.0.1 (/opt/rustwide/workdir/23)
[INFO] [stderr]    Compiling day24 v0.0.1 (/opt/rustwide/workdir/24)
[INFO] [stderr]    Compiling day08 v0.0.1 (/opt/rustwide/workdir/08)
[INFO] [stderr]    Compiling day05 v0.0.1 (/opt/rustwide/workdir/05)
[INFO] [stderr]    Compiling day07 v0.0.1 (/opt/rustwide/workdir/07)
[INFO] [stderr]    Compiling day17 v0.0.1 (/opt/rustwide/workdir/17)
[INFO] [stderr]    Compiling day19 v0.0.1 (/opt/rustwide/workdir/19)
[INFO] [stderr]    Compiling day11 v0.0.1 (/opt/rustwide/workdir/11)
[INFO] [stderr]    Compiling day20 v0.0.1 (/opt/rustwide/workdir/20)
[INFO] [stderr]    Compiling day16 v0.0.1 (/opt/rustwide/workdir/16)
[INFO] [stderr]    Compiling day22 v0.0.1 (/opt/rustwide/workdir/22)
[INFO] [stderr]    Compiling day13 v0.0.1 (/opt/rustwide/workdir/13)
[INFO] [stderr]    Compiling day15 v0.0.1 (/opt/rustwide/workdir/15)
[INFO] [stderr]    Compiling day02 v0.0.1 (/opt/rustwide/workdir/02)
[INFO] [stderr]    Compiling day18 v0.0.1 (/opt/rustwide/workdir/18)
[INFO] [stderr]    Compiling day21 v0.0.1 (/opt/rustwide/workdir/21)
[INFO] [stderr]    Compiling day10 v0.0.1 (/opt/rustwide/workdir/10)
[INFO] [stderr]    Compiling day12 v0.0.1 (/opt/rustwide/workdir/12)
[INFO] [stderr]     Finished dev [unoptimized + debuginfo] target(s) in 45.94s
[INFO] running `Command { std: "docker" "inspect" "edde1493e1a477b47ca329ea799783f8332a6954bbc367a4e58bba7b7dcc1a1b", kill_on_drop: false }`
[INFO] running `Command { std: "docker" "rm" "-f" "edde1493e1a477b47ca329ea799783f8332a6954bbc367a4e58bba7b7dcc1a1b", kill_on_drop: false }`
[INFO] [stdout] edde1493e1a477b47ca329ea799783f8332a6954bbc367a4e58bba7b7dcc1a1b
[INFO] running `Command { std: "docker" "create" "-v" "/var/lib/crater-agent-workspace/builds/worker-7/target:/opt/rustwide/target:rw,Z" "-v" "/var/lib/crater-agent-workspace/builds/worker-7/source:/opt/rustwide/workdir:ro,Z" "-v" "/var/lib/crater-agent-workspace/cargo-home:/opt/rustwide/cargo-home:ro,Z" "-v" "/var/lib/crater-agent-workspace/rustup-home:/opt/rustwide/rustup-home:ro,Z" "-e" "SOURCE_DIR=/opt/rustwide/workdir" "-e" "CARGO_TARGET_DIR=/opt/rustwide/target" "-e" "CARGO_INCREMENTAL=0" "-e" "RUST_BACKTRACE=full" "-e" "RUSTFLAGS=--cap-lints=warn" "-e" "CARGO_HOME=/opt/rustwide/cargo-home" "-e" "RUSTUP_HOME=/opt/rustwide/rustup-home" "-w" "/opt/rustwide/workdir" "-m" "1610612736" "--user" "0:0" "--network" "none" "ghcr.io/rust-lang/crates-build-env/linux@sha256:34b6a614d2c27851fe6cbf88fbd1137609cefab8b10d0615aaeb6fd47975d74e" "/opt/rustwide/cargo-home/bin/cargo" "+1.54.0" "test" "--frozen" "--no-run" "--message-format=json", kill_on_drop: false }`
[INFO] [stdout] 91f63a1c893800f55e7d7064fc8f1a3ad2b0836c0e55abe659759ad1ea5a32f2
[INFO] [stderr] WARNING: Your kernel does not support swap limit capabilities or the cgroup is not mounted. Memory limited without swap.
[INFO] running `Command { std: "docker" "start" "-a" "91f63a1c893800f55e7d7064fc8f1a3ad2b0836c0e55abe659759ad1ea5a32f2", kill_on_drop: false }`
[INFO] [stderr]    Compiling day03 v0.0.1 (/opt/rustwide/workdir/03)
[INFO] [stderr]    Compiling day01 v0.0.1 (/opt/rustwide/workdir/01)
[INFO] [stderr]    Compiling day04 v0.0.1 (/opt/rustwide/workdir/04)
[INFO] [stderr]    Compiling aoc v0.0.1 (/opt/rustwide/workdir/aoc)
[INFO] [stderr]    Compiling day16 v0.0.1 (/opt/rustwide/workdir/16)
[INFO] [stderr]    Compiling day20 v0.0.1 (/opt/rustwide/workdir/20)
[INFO] [stderr]    Compiling day15 v0.0.1 (/opt/rustwide/workdir/15)
[INFO] [stderr]    Compiling day13 v0.0.1 (/opt/rustwide/workdir/13)
[INFO] [stderr]    Compiling day07 v0.0.1 (/opt/rustwide/workdir/07)
[INFO] [stderr]    Compiling day12 v0.0.1 (/opt/rustwide/workdir/12)
[INFO] [stderr]    Compiling day02 v0.0.1 (/opt/rustwide/workdir/02)
[INFO] [stderr]    Compiling day24 v0.0.1 (/opt/rustwide/workdir/24)
[INFO] [stderr]    Compiling intcode v0.0.1 (/opt/rustwide/workdir/intcode)
[INFO] [stderr]    Compiling day19 v0.0.1 (/opt/rustwide/workdir/19)
[INFO] [stderr]    Compiling day22 v0.0.1 (/opt/rustwide/workdir/22)
[INFO] [stderr]    Compiling day05 v0.0.1 (/opt/rustwide/workdir/05)
[INFO] [stderr]    Compiling day17 v0.0.1 (/opt/rustwide/workdir/17)
[INFO] [stderr]    Compiling day06 v0.0.1 (/opt/rustwide/workdir/06)
[INFO] [stderr]    Compiling day08 v0.0.1 (/opt/rustwide/workdir/08)
[INFO] [stderr]    Compiling day18 v0.0.1 (/opt/rustwide/workdir/18)
[INFO] [stderr]    Compiling day10 v0.0.1 (/opt/rustwide/workdir/10)
[INFO] [stderr]    Compiling day14 v0.0.1 (/opt/rustwide/workdir/14)
[INFO] [stderr]    Compiling day23 v0.0.1 (/opt/rustwide/workdir/23)
[INFO] [stderr]    Compiling day25 v0.0.1 (/opt/rustwide/workdir/25)
[INFO] [stderr]    Compiling day21 v0.0.1 (/opt/rustwide/workdir/21)
[INFO] [stderr]    Compiling day11 v0.0.1 (/opt/rustwide/workdir/11)
[INFO] [stderr]    Compiling day09 v0.0.1 (/opt/rustwide/workdir/09)
[INFO] [stderr]     Finished test [unoptimized + debuginfo] target(s) in 8.77s
[INFO] running `Command { std: "docker" "inspect" "91f63a1c893800f55e7d7064fc8f1a3ad2b0836c0e55abe659759ad1ea5a32f2", kill_on_drop: false }`
[INFO] running `Command { std: "docker" "rm" "-f" "91f63a1c893800f55e7d7064fc8f1a3ad2b0836c0e55abe659759ad1ea5a32f2", kill_on_drop: false }`
[INFO] [stdout] 91f63a1c893800f55e7d7064fc8f1a3ad2b0836c0e55abe659759ad1ea5a32f2
[INFO] running `Command { std: "docker" "create" "-v" "/var/lib/crater-agent-workspace/builds/worker-7/target:/opt/rustwide/target:rw,Z" "-v" "/var/lib/crater-agent-workspace/builds/worker-7/source:/opt/rustwide/workdir:ro,Z" "-v" "/var/lib/crater-agent-workspace/cargo-home:/opt/rustwide/cargo-home:ro,Z" "-v" "/var/lib/crater-agent-workspace/rustup-home:/opt/rustwide/rustup-home:ro,Z" "-e" "SOURCE_DIR=/opt/rustwide/workdir" "-e" "CARGO_TARGET_DIR=/opt/rustwide/target" "-e" "CARGO_INCREMENTAL=0" "-e" "RUST_BACKTRACE=full" "-e" "RUSTFLAGS=--cap-lints=warn" "-e" "CARGO_HOME=/opt/rustwide/cargo-home" "-e" "RUSTUP_HOME=/opt/rustwide/rustup-home" "-w" "/opt/rustwide/workdir" "-m" "1610612736" "--user" "0:0" "--network" "none" "ghcr.io/rust-lang/crates-build-env/linux@sha256:34b6a614d2c27851fe6cbf88fbd1137609cefab8b10d0615aaeb6fd47975d74e" "/opt/rustwide/cargo-home/bin/cargo" "+1.54.0" "test" "--frozen", kill_on_drop: false }`
[INFO] [stdout] b157853bf699734f929cd2b7309c8ae08d0d9814c88a3049f02893ce4db64df9
[INFO] [stderr] WARNING: Your kernel does not support swap limit capabilities or the cgroup is not mounted. Memory limited without swap.
[INFO] running `Command { std: "docker" "start" "-a" "b157853bf699734f929cd2b7309c8ae08d0d9814c88a3049f02893ce4db64df9", kill_on_drop: false }`
[INFO] [stderr]     Finished test [unoptimized + debuginfo] target(s) in 0.08s
[INFO] [stdout] 
[INFO] [stderr]      Running unittests (/opt/rustwide/target/debug/deps/aoc-f922e29c15784239)
[INFO] [stdout] running 0 tests
[INFO] [stderr]      Running unittests (/opt/rustwide/target/debug/deps/day01-26029615422b444a)
[INFO] [stdout] 
[INFO] [stderr]      Running unittests (/opt/rustwide/target/debug/deps/day02-d2008de9c91cb7cb)
[INFO] [stdout] test result: ok. 0 passed; 0 failed; 0 ignored; 0 measured; 0 filtered out; finished in 0.00s
[INFO] [stdout] 
[INFO] [stdout] 
[INFO] [stdout] running 1 test
[INFO] [stdout] test tests::fuel ... ok
[INFO] [stdout] 
[INFO] [stdout] test result: ok. 1 passed; 0 failed; 0 ignored; 0 measured; 0 filtered out; finished in 0.00s
[INFO] [stdout] 
[INFO] [stdout] 
[INFO] [stdout] running 0 tests
[INFO] [stdout] 
[INFO] [stdout] test result: ok. 0 passed; 0 failed; 0 ignored; 0 measured; 0 filtered out; finished in 0.00s
[INFO] [stdout] 
[INFO] [stderr]      Running unittests (/opt/rustwide/target/debug/deps/day03-2fa90a73adc323bb)
[INFO] [stdout] 
[INFO] [stdout] running 2 tests
[INFO] [stderr]      Running unittests (/opt/rustwide/target/debug/deps/day04-45fe66de313f2a71)
[INFO] [stdout] test tests::test_part1 ... ok
[INFO] [stdout] test tests::test_part2 ... ok
[INFO] [stdout] 
[INFO] [stdout] test result: ok. 2 passed; 0 failed; 0 ignored; 0 measured; 0 filtered out; finished in 0.01s
[INFO] [stdout] 
[INFO] [stdout] 
[INFO] [stdout] running 2 tests
[INFO] [stdout] test tests::test_part2 ... ok
[INFO] [stderr]      Running unittests (/opt/rustwide/target/debug/deps/day05-f63090d80a039509)
[INFO] [stdout] test tests::test_part1 ... ok
[INFO] [stderr]      Running unittests (/opt/rustwide/target/debug/deps/day06-072e9dde675519fd)
[INFO] [stdout] 
[INFO] [stdout] test result: ok. 2 passed; 0 failed; 0 ignored; 0 measured; 0 filtered out; finished in 0.01s
[INFO] [stdout] 
[INFO] [stdout] 
[INFO] [stdout] running 0 tests
[INFO] [stdout] 
[INFO] [stdout] test result: ok. 0 passed; 0 failed; 0 ignored; 0 measured; 0 filtered out; finished in 0.00s
[INFO] [stdout] 
[INFO] [stdout] 
[INFO] [stdout] running 2 tests
[INFO] [stderr]      Running unittests (/opt/rustwide/target/debug/deps/day07-e7a538e61c289b44)
[INFO] [stdout] test tests::test_part1 ... ok
[INFO] [stdout] test tests::test_part2 ... ok
[INFO] [stdout] 
[INFO] [stdout] test result: ok. 2 passed; 0 failed; 0 ignored; 0 measured; 0 filtered out; finished in 0.00s
[INFO] [stdout] 
[INFO] [stdout] 
[INFO] [stdout] running 1 test
[INFO] [stderr]      Running unittests (/opt/rustwide/target/debug/deps/day08-6ea4c7cdd17f18fa)
[INFO] [stdout] test tests::test_part2 ... ok
[INFO] [stdout] 
[INFO] [stdout] test result: ok. 1 passed; 0 failed; 0 ignored; 0 measured; 0 filtered out; finished in 0.07s
[INFO] [stdout] 
[INFO] [stderr]      Running unittests (/opt/rustwide/target/debug/deps/day09-c7f6e016dfacbc02)
[INFO] [stdout] 
[INFO] [stdout] running 0 tests
[INFO] [stdout] 
[INFO] [stdout] test result: ok. 0 passed; 0 failed; 0 ignored; 0 measured; 0 filtered out; finished in 0.00s
[INFO] [stdout] 
[INFO] [stdout] 
[INFO] [stdout] running 0 tests
[INFO] [stdout] 
[INFO] [stdout] test result: ok. 0 passed; 0 failed; 0 ignored; 0 measured; 0 filtered out; finished in 0.00s
[INFO] [stdout] 
[INFO] [stderr]      Running unittests (/opt/rustwide/target/debug/deps/day10-5351d7d6658ae316)
[INFO] [stdout] 
[INFO] [stdout] running 4 tests
[INFO] [stdout] test tests::test_part1_1 ... ok
[INFO] [stderr]      Running unittests (/opt/rustwide/target/debug/deps/day11-c1517e50a83c080b)
[INFO] [stdout] test tests::test_part2 ... ok
[INFO] [stdout] test tests::test_part1_3 ... ok
[INFO] [stdout] test tests::test_part1_2 ... ok
[INFO] [stdout] 
[INFO] [stdout] test result: ok. 4 passed; 0 failed; 0 ignored; 0 measured; 0 filtered out; finished in 0.01s
[INFO] [stdout] 
[INFO] [stdout] 
[INFO] [stdout] running 0 tests
[INFO] [stdout] 
[INFO] [stdout] test result: ok. 0 passed; 0 failed; 0 ignored; 0 measured; 0 filtered out; finished in 0.00s
[INFO] [stdout] 
[INFO] [stderr]      Running unittests (/opt/rustwide/target/debug/deps/day12-1ae17af7de2c7138)
[INFO] [stdout] 
[INFO] [stdout] running 2 tests
[INFO] [stdout] test tests::test_part1 ... ok
[INFO] [stdout] test tests::test_part2 ... ok
[INFO] [stdout] 
[INFO] [stdout] test result: ok. 2 passed; 0 failed; 0 ignored; 0 measured; 0 filtered out; finished in 0.12s
[INFO] [stdout] 
[INFO] [stderr]      Running unittests (/opt/rustwide/target/debug/deps/day13-880ccc136868c1cd)
[INFO] [stdout] 
[INFO] [stderr]      Running unittests (/opt/rustwide/target/debug/deps/day14-3e6941136a040e68)
[INFO] [stdout] running 0 tests
[INFO] [stdout] 
[INFO] [stdout] test result: ok. 0 passed; 0 failed; 0 ignored; 0 measured; 0 filtered out; finished in 0.00s
[INFO] [stdout] 
[INFO] [stdout] 
[INFO] [stdout] running 5 tests
[INFO] [stdout] test tests::test_part1_1 ... ok
[INFO] [stdout] test tests::test_part1_2 ... ok
[INFO] [stdout] test tests::test_part1_4 ... ok
[INFO] [stdout] test tests::test_part1_3 ... ok
[INFO] [stdout] test tests::test_part1_5 ... ok
[INFO] [stdout] 
[INFO] [stdout] test result: ok. 5 passed; 0 failed; 0 ignored; 0 measured; 0 filtered out; finished in 0.01s
[INFO] [stdout] 
[INFO] [stderr]      Running unittests (/opt/rustwide/target/debug/deps/day15-5e440b94740236d2)
[INFO] [stdout] 
[INFO] [stderr]      Running unittests (/opt/rustwide/target/debug/deps/day16-d73c3874b68e5e1d)
[INFO] [stdout] running 0 tests
[INFO] [stdout] 
[INFO] [stdout] test result: ok. 0 passed; 0 failed; 0 ignored; 0 measured; 0 filtered out; finished in 0.00s
[INFO] [stdout] 
[INFO] [stdout] 
[INFO] [stdout] running 2 tests
[INFO] [stdout] test tests::test_part1 ... ok
[INFO] [stdout] test tests::test_part2 ... ok
[INFO] [stdout] 
[INFO] [stdout] test result: ok. 2 passed; 0 failed; 0 ignored; 0 measured; 0 filtered out; finished in 16.17s
[INFO] [stdout] 
[INFO] [stderr]      Running unittests (/opt/rustwide/target/debug/deps/day17-39f1c02fc32b1ab7)
[INFO] [stdout] 
[INFO] [stderr]      Running unittests (/opt/rustwide/target/debug/deps/day18-65d3cef7b812f194)
[INFO] [stdout] running 0 tests
[INFO] [stderr]      Running unittests (/opt/rustwide/target/debug/deps/day19-04df82d4baf06aea)
[INFO] [stdout] 
[INFO] [stderr]      Running unittests (/opt/rustwide/target/debug/deps/day20-eee3e6e166d073a4)
[INFO] [stdout] test result: ok. 0 passed; 0 failed; 0 ignored; 0 measured; 0 filtered out; finished in 0.00s
[INFO] [stdout] 
[INFO] [stdout] 
[INFO] [stdout] running 0 tests
[INFO] [stdout] 
[INFO] [stdout] test result: ok. 0 passed; 0 failed; 0 ignored; 0 measured; 0 filtered out; finished in 0.00s
[INFO] [stdout] 
[INFO] [stdout] 
[INFO] [stdout] running 0 tests
[INFO] [stdout] 
[INFO] [stdout] test result: ok. 0 passed; 0 failed; 0 ignored; 0 measured; 0 filtered out; finished in 0.00s
[INFO] [stdout] 
[INFO] [stdout] 
[INFO] [stdout] running 2 tests
[INFO] [stdout] test tests::test_part1 ... ok
[INFO] [stdout] test tests::test_part2 ... ok
[INFO] [stdout] 
[INFO] [stdout] test result: ok. 2 passed; 0 failed; 0 ignored; 0 measured; 0 filtered out; finished in 0.11s
[INFO] [stdout] 
[INFO] [stderr]      Running unittests (/opt/rustwide/target/debug/deps/day21-a64f5c14fe239866)
[INFO] [stdout] 
[INFO] [stdout] running 1 test
[INFO] [stdout] test tests::test_valudate ... FAILED
[INFO] [stdout] 
[INFO] [stdout] failures:
[INFO] [stdout] 
[INFO] [stdout] ---- tests::test_valudate stdout ----
[INFO] [stdout] 1100010001
[INFO] [stdout] (NOT, 'A', 'J'), 100010001
[INFO] [stdout] (NOT, 'B', 'T'), 10000000000100010001
[INFO] [stdout] (OR, 'T', 'J'), 10000000001100010001
[INFO] [stdout] (NOT, 'C', 'T'), 10000000001100010001
[INFO] [stdout] (OR, 'T', 'J'), 10000000001100010001
[INFO] [stdout] (AND, 'D', 'J'), 10000000000100010001
[INFO] [stdout] (NOT, 'E', 'T'), 100010001
[INFO] [stdout] (NOT, 'T', 'T'), 10000000000100010001
[INFO] [stdout] (OR, 'H', 'T'), 10000000000100010001
[INFO] [stdout] (AND, 'T', 'J'), 10000000000100010001
[INFO] [stdout] W
[INFO] [stdout] hole [true, false, false, false, true, false, false, false, true, true], 1
[INFO] [stdout] thread 'tests::test_valudate' panicked at 'assertion failed: `(left == right)`
[INFO] [stdout]   left: `false`,
[INFO] [stdout]  right: `true`', 21/main.rs:297:9
[INFO] [stdout] stack backtrace:
[INFO] [stdout]    0:     0x56266a4ad050 - std::backtrace_rs::backtrace::libunwind::trace::h34055254b57d8e79
[INFO] [stdout]                                at /rustc/a178d0322ce20e33eac124758e837cbd80a6f633/library/std/src/../../backtrace/src/backtrace/libunwind.rs:90:5
[INFO] [stdout]    1:     0x56266a4ad050 - std::backtrace_rs::backtrace::trace_unsynchronized::h8f1e3fbd9afff6ec
[INFO] [stdout]                                at /rustc/a178d0322ce20e33eac124758e837cbd80a6f633/library/std/src/../../backtrace/src/backtrace/mod.rs:66:5
[INFO] [stdout]    2:     0x56266a4ad050 - std::sys_common::backtrace::_print_fmt::h3a99a796b770c360
[INFO] [stdout]                                at /rustc/a178d0322ce20e33eac124758e837cbd80a6f633/library/std/src/sys_common/backtrace.rs:67:5
[INFO] [stdout]    3:     0x56266a4ad050 - <std::sys_common::backtrace::_print::DisplayBacktrace as core::fmt::Display>::fmt::h32d1f94a80615d18
[INFO] [stdout]                                at /rustc/a178d0322ce20e33eac124758e837cbd80a6f633/library/std/src/sys_common/backtrace.rs:46:22
[INFO] [stdout]    4:     0x56266a4cf84c - core::fmt::write::h306731c068f7162c
[INFO] [stdout]                                at /rustc/a178d0322ce20e33eac124758e837cbd80a6f633/library/core/src/fmt/mod.rs:1110:17
[INFO] [stdout]    5:     0x56266a4a9f75 - std::io::Write::write_fmt::h87f19b0a2cd190bc
[INFO] [stdout]                                at /rustc/a178d0322ce20e33eac124758e837cbd80a6f633/library/std/src/io/mod.rs:1588:15
[INFO] [stdout]    6:     0x56266a4af1bb - std::sys_common::backtrace::_print::h5abaa2601a852287
[INFO] [stdout]                                at /rustc/a178d0322ce20e33eac124758e837cbd80a6f633/library/std/src/sys_common/backtrace.rs:49:5
[INFO] [stdout]    7:     0x56266a4af1bb - std::sys_common::backtrace::print::h8d81445442bb638f
[INFO] [stdout]                                at /rustc/a178d0322ce20e33eac124758e837cbd80a6f633/library/std/src/sys_common/backtrace.rs:36:9
[INFO] [stdout]    8:     0x56266a4af1bb - std::panicking::default_hook::{{closure}}::hcfe804496a9fa747
[INFO] [stdout]                                at /rustc/a178d0322ce20e33eac124758e837cbd80a6f633/library/std/src/panicking.rs:208:50
[INFO] [stdout]    9:     0x56266a4aeccc - std::panicking::default_hook::hbea8e3ccf2ba8901
[INFO] [stdout]                                at /rustc/a178d0322ce20e33eac124758e837cbd80a6f633/library/std/src/panicking.rs:222:9
[INFO] [stdout]   10:     0x56266a4af884 - std::panicking::rust_panic_with_hook::h7ee9e1a2d0f8975a
[INFO] [stdout]                                at /rustc/a178d0322ce20e33eac124758e837cbd80a6f633/library/std/src/panicking.rs:622:17
[INFO] [stdout]   11:     0x56266a4af367 - std::panicking::begin_panic_handler::{{closure}}::h8ab3b4491718b2c7
[INFO] [stdout]                                at /rustc/a178d0322ce20e33eac124758e837cbd80a6f633/library/std/src/panicking.rs:519:13
[INFO] [stdout]   12:     0x56266a4ad54c - std::sys_common::backtrace::__rust_end_short_backtrace::hd489062ffa586a9f
[INFO] [stdout]                                at /rustc/a178d0322ce20e33eac124758e837cbd80a6f633/library/std/src/sys_common/backtrace.rs:141:18
[INFO] [stdout]   13:     0x56266a4af2c9 - rust_begin_unwind
[INFO] [stdout]                                at /rustc/a178d0322ce20e33eac124758e837cbd80a6f633/library/std/src/panicking.rs:515:5
[INFO] [stdout]   14:     0x56266a452651 - core::panicking::panic_fmt::hca6330e3e14086b4
[INFO] [stdout]                                at /rustc/a178d0322ce20e33eac124758e837cbd80a6f633/library/core/src/panicking.rs:92:14
[INFO] [stdout]   15:     0x56266a4ce168 - core::panicking::assert_failed_inner::h33b45280069a80ed
[INFO] [stdout]   16:     0x56266a459aca - core::panicking::assert_failed::h9da8ef05870b7e25
[INFO] [stdout]                                at /rustc/a178d0322ce20e33eac124758e837cbd80a6f633/library/core/src/panicking.rs:117:5
[INFO] [stdout]   17:     0x56266a4558a0 - day21::tests::test_valudate::h54e007755f01223e
[INFO] [stdout]                                at /opt/rustwide/workdir/21/main.rs:297:9
[INFO] [stdout]   18:     0x56266a45554a - day21::tests::test_valudate::{{closure}}::hd9fd844974e3b7e4
[INFO] [stdout]                                at /opt/rustwide/workdir/21/main.rs:295:5
[INFO] [stdout]   19:     0x56266a455b0e - core::ops::function::FnOnce::call_once::hfe8cfbf7b38a684a
[INFO] [stdout]                                at /rustc/a178d0322ce20e33eac124758e837cbd80a6f633/library/core/src/ops/function.rs:227:5
[INFO] [stdout]   20:     0x56266a4822d3 - core::ops::function::FnOnce::call_once::h152e7e439ff59e19
[INFO] [stdout]                                at /rustc/a178d0322ce20e33eac124758e837cbd80a6f633/library/core/src/ops/function.rs:227:5
[INFO] [stdout]   21:     0x56266a4822d3 - test::__rust_begin_short_backtrace::h0908f3b1fdbb72ab
[INFO] [stdout]                                at /rustc/a178d0322ce20e33eac124758e837cbd80a6f633/library/test/src/lib.rs:577:5
[INFO] [stdout]   22:     0x56266a480d90 - <alloc::boxed::Box<F,A> as core::ops::function::FnOnce<Args>>::call_once::hf6d2a51e5587546c
[INFO] [stdout]                                at /rustc/a178d0322ce20e33eac124758e837cbd80a6f633/library/alloc/src/boxed.rs:1575:9
[INFO] [stdout]   23:     0x56266a480d90 - <std::panic::AssertUnwindSafe<F> as core::ops::function::FnOnce<()>>::call_once::h8af660f3a89ef593
[INFO] [stdout]                                at /rustc/a178d0322ce20e33eac124758e837cbd80a6f633/library/std/src/panic.rs:347:9
[INFO] [stdout]   24:     0x56266a480d90 - std::panicking::try::do_call::hd36aef60f84b6d36
[INFO] [stdout]                                at /rustc/a178d0322ce20e33eac124758e837cbd80a6f633/library/std/src/panicking.rs:401:40
[INFO] [stdout]   25:     0x56266a480d90 - std::panicking::try::h9932b4480e69817c
[INFO] [stdout]                                at /rustc/a178d0322ce20e33eac124758e837cbd80a6f633/library/std/src/panicking.rs:365:19
[INFO] [stdout]   26:     0x56266a480d90 - std::panic::catch_unwind::h6aa177099cfff5f8
[INFO] [stdout]                                at /rustc/a178d0322ce20e33eac124758e837cbd80a6f633/library/std/src/panic.rs:434:14
[INFO] [stdout]   27:     0x56266a480d90 - test::run_test_in_process::h5884d6f2d99e20c3
[INFO] [stdout]                                at /rustc/a178d0322ce20e33eac124758e837cbd80a6f633/library/test/src/lib.rs:600:18
[INFO] [stdout]   28:     0x56266a480d90 - test::run_test::run_test_inner::{{closure}}::h6fdc58c6d5f5b6e3
[INFO] [stdout]                                at /rustc/a178d0322ce20e33eac124758e837cbd80a6f633/library/test/src/lib.rs:492:39
[INFO] [stdout]   29:     0x56266a45a442 - test::run_test::run_test_inner::{{closure}}::h408365d67a78ade8
[INFO] [stdout]                                at /rustc/a178d0322ce20e33eac124758e837cbd80a6f633/library/test/src/lib.rs:519:37
[INFO] [stdout]   30:     0x56266a45a442 - std::sys_common::backtrace::__rust_begin_short_backtrace::hb560b77c4f701523
[INFO] [stdout]                                at /rustc/a178d0322ce20e33eac124758e837cbd80a6f633/library/std/src/sys_common/backtrace.rs:125:18
[INFO] [stdout]   31:     0x56266a45dff8 - std::thread::Builder::spawn_unchecked::{{closure}}::{{closure}}::hf2e7831dad93c597
[INFO] [stdout]                                at /rustc/a178d0322ce20e33eac124758e837cbd80a6f633/library/std/src/thread/mod.rs:481:17
[INFO] [stdout]   32:     0x56266a45dff8 - <std::panic::AssertUnwindSafe<F> as core::ops::function::FnOnce<()>>::call_once::hd2e08783d8be4d02
[INFO] [stdout]                                at /rustc/a178d0322ce20e33eac124758e837cbd80a6f633/library/std/src/panic.rs:347:9
[INFO] [stdout]   33:     0x56266a45dff8 - std::panicking::try::do_call::h062597b7acfd6b82
[INFO] [stdout]                                at /rustc/a178d0322ce20e33eac124758e837cbd80a6f633/library/std/src/panicking.rs:401:40
[INFO] [stdout]   34:     0x56266a45dff8 - std::panicking::try::h0d7b79db04c14552
[INFO] [stdout]                                at /rustc/a178d0322ce20e33eac124758e837cbd80a6f633/library/std/src/panicking.rs:365:19
[INFO] [stdout]   35:     0x56266a45dff8 - std::panic::catch_unwind::hb01a0b5e7c8cd43b
[INFO] [stdout]                                at /rustc/a178d0322ce20e33eac124758e837cbd80a6f633/library/std/src/panic.rs:434:14
[INFO] [stdout]   36:     0x56266a45dff8 - std::thread::Builder::spawn_unchecked::{{closure}}::h5bde48cc887e0d1e
[INFO] [stdout]                                at /rustc/a178d0322ce20e33eac124758e837cbd80a6f633/library/std/src/thread/mod.rs:480:30
[INFO] [stdout]   37:     0x56266a45dff8 - core::ops::function::FnOnce::call_once{{vtable.shim}}::h745ea30807a29e55
[INFO] [stdout]                                at /rustc/a178d0322ce20e33eac124758e837cbd80a6f633/library/core/src/ops/function.rs:227:5
[INFO] [stdout]   38:     0x56266a4b4347 - <alloc::boxed::Box<F,A> as core::ops::function::FnOnce<Args>>::call_once::h7ece6cfefaff1005
[INFO] [stdout]                                at /rustc/a178d0322ce20e33eac124758e837cbd80a6f633/library/alloc/src/boxed.rs:1575:9
[INFO] [stdout]   39:     0x56266a4b4347 - <alloc::boxed::Box<F,A> as core::ops::function::FnOnce<Args>>::call_once::hb8b48e55c21f193e
[INFO] [stdout]                                at /rustc/a178d0322ce20e33eac124758e837cbd80a6f633/library/alloc/src/boxed.rs:1575:9
[INFO] [stdout]   40:     0x56266a4b4347 - std::sys::unix::thread::Thread::new::thread_start::h8c7c4450dba62914
[INFO] [stdout]                                at /rustc/a178d0322ce20e33eac124758e837cbd80a6f633/library/std/src/sys/unix/thread.rs:71:17
[INFO] [stdout]   41:     0x7fb504925609 - start_thread
[INFO] [stdout]   42:     0x7fb5046f5293 - clone
[INFO] [stdout]   43:                0x0 - <unknown>
[INFO] [stdout] 
[INFO] [stdout] 
[INFO] [stdout] failures:
[INFO] [stdout]     tests::test_valudate
[INFO] [stdout] 
[INFO] [stdout] test result: FAILED. 0 passed; 1 failed; 0 ignored; 0 measured; 0 filtered out; finished in 0.02s
[INFO] [stdout] 
[INFO] [stderr] error: test failed, to rerun pass '-p day21 --bin day21'
[INFO] running `Command { std: "docker" "inspect" "b157853bf699734f929cd2b7309c8ae08d0d9814c88a3049f02893ce4db64df9", kill_on_drop: false }`
[INFO] running `Command { std: "docker" "rm" "-f" "b157853bf699734f929cd2b7309c8ae08d0d9814c88a3049f02893ce4db64df9", kill_on_drop: false }`
[INFO] [stdout] b157853bf699734f929cd2b7309c8ae08d0d9814c88a3049f02893ce4db64df9
