[INFO] cloning repository https://github.com/paoloposso/rust-mongo-poc
[INFO] running `Command { std: "git" "-c" "credential.helper=" "-c" "credential.helper=/workspace/cargo-home/bin/git-credential-null" "clone" "--bare" "https://github.com/paoloposso/rust-mongo-poc" "/workspace/cache/git-repos/https%3A%2F%2Fgithub.com%2Fpaoloposso%2Frust-mongo-poc", kill_on_drop: false }`
[INFO] [stderr] Cloning into bare repository '/workspace/cache/git-repos/https%3A%2F%2Fgithub.com%2Fpaoloposso%2Frust-mongo-poc'...
[INFO] running `Command { std: "git" "rev-parse" "HEAD", kill_on_drop: false }`
[INFO] [stdout] 1e504cc421255376c53d95cf0696b8ed6fd556d3
[INFO] testing paoloposso/rust-mongo-poc against 1.54.0 for beta-1.55-1
[INFO] running `Command { std: "git" "clone" "/workspace/cache/git-repos/https%3A%2F%2Fgithub.com%2Fpaoloposso%2Frust-mongo-poc" "/workspace/builds/worker-6/source", kill_on_drop: false }`
[INFO] [stderr] Cloning into '/workspace/builds/worker-6/source'...
[INFO] [stderr] done.
[INFO] validating manifest of git repo https://github.com/paoloposso/rust-mongo-poc on toolchain 1.54.0
[INFO] running `Command { std: "/workspace/cargo-home/bin/cargo" "+1.54.0" "metadata" "--manifest-path" "Cargo.toml" "--no-deps", kill_on_drop: false }`
[INFO] started tweaking git repo https://github.com/paoloposso/rust-mongo-poc
[INFO] finished tweaking git repo https://github.com/paoloposso/rust-mongo-poc
[INFO] tweaked toml for git repo https://github.com/paoloposso/rust-mongo-poc written to /workspace/builds/worker-6/source/Cargo.toml
[INFO] crate git repo https://github.com/paoloposso/rust-mongo-poc already has a lockfile, it will not be regenerated
[INFO] running `Command { std: "/workspace/cargo-home/bin/cargo" "+1.54.0" "fetch" "--manifest-path" "Cargo.toml", kill_on_drop: false }`
[INFO] [stderr]  Downloading crates ...
[INFO] [stderr]   Downloaded objectid v0.2.0
[INFO] [stderr]   Downloaded trust-dns-resolver v0.19.5
[INFO] [stderr]   Downloaded os_info v2.0.8
[INFO] [stderr]   Downloaded bson v1.1.0
[INFO] [stderr]   Downloaded futures-intrusive v0.3.1
[INFO] [stderr]   Downloaded serde_with v1.5.1
[INFO] [stderr]   Downloaded mini-redis v0.3.0
[INFO] [stderr]   Downloaded trust-dns-proto v0.19.5
[INFO] [stderr]   Downloaded typed-builder v0.3.0
[INFO] [stderr]   Downloaded tracing-subscriber v0.2.14
[INFO] [stderr]   Downloaded mongodb v1.1.1
[INFO] [stderr]   Downloaded byteorder v0.3.13
[INFO] [stderr]   Downloaded tokio v0.3.2
[INFO] [stderr]   Downloaded serde_with_macros v1.2.2
[INFO] [stderr]   Downloaded serde-hashkey v0.2.2
[INFO] [stderr]   Downloaded async-injector-derive v0.11.1
[INFO] [stderr]   Downloaded async-injector v0.11.1
[INFO] running `Command { std: "docker" "create" "-v" "/var/lib/crater-agent-workspace/builds/worker-6/target:/opt/rustwide/target:rw,Z" "-v" "/var/lib/crater-agent-workspace/builds/worker-6/source:/opt/rustwide/workdir:ro,Z" "-v" "/var/lib/crater-agent-workspace/cargo-home:/opt/rustwide/cargo-home:ro,Z" "-v" "/var/lib/crater-agent-workspace/rustup-home:/opt/rustwide/rustup-home:ro,Z" "-e" "SOURCE_DIR=/opt/rustwide/workdir" "-e" "CARGO_TARGET_DIR=/opt/rustwide/target" "-e" "CARGO_HOME=/opt/rustwide/cargo-home" "-e" "RUSTUP_HOME=/opt/rustwide/rustup-home" "-w" "/opt/rustwide/workdir" "-m" "1610612736" "--user" "0:0" "--network" "none" "ghcr.io/rust-lang/crates-build-env/linux@sha256:34b6a614d2c27851fe6cbf88fbd1137609cefab8b10d0615aaeb6fd47975d74e" "/opt/rustwide/cargo-home/bin/cargo" "+1.54.0" "metadata" "--no-deps" "--format-version=1", kill_on_drop: false }`
[INFO] [stdout] a68bc50c2f9ff5745c373dec4a44e8ef79cb929c4ca5e44c7422b1632724087c
[INFO] [stderr] WARNING: Your kernel does not support swap limit capabilities or the cgroup is not mounted. Memory limited without swap.
[INFO] running `Command { std: "docker" "start" "-a" "a68bc50c2f9ff5745c373dec4a44e8ef79cb929c4ca5e44c7422b1632724087c", kill_on_drop: false }`
[INFO] running `Command { std: "docker" "inspect" "a68bc50c2f9ff5745c373dec4a44e8ef79cb929c4ca5e44c7422b1632724087c", kill_on_drop: false }`
[INFO] running `Command { std: "docker" "rm" "-f" "a68bc50c2f9ff5745c373dec4a44e8ef79cb929c4ca5e44c7422b1632724087c", kill_on_drop: false }`
[INFO] [stdout] a68bc50c2f9ff5745c373dec4a44e8ef79cb929c4ca5e44c7422b1632724087c
[INFO] running `Command { std: "docker" "create" "-v" "/var/lib/crater-agent-workspace/builds/worker-6/target:/opt/rustwide/target:rw,Z" "-v" "/var/lib/crater-agent-workspace/builds/worker-6/source:/opt/rustwide/workdir:ro,Z" "-v" "/var/lib/crater-agent-workspace/cargo-home:/opt/rustwide/cargo-home:ro,Z" "-v" "/var/lib/crater-agent-workspace/rustup-home:/opt/rustwide/rustup-home:ro,Z" "-e" "SOURCE_DIR=/opt/rustwide/workdir" "-e" "CARGO_TARGET_DIR=/opt/rustwide/target" "-e" "CARGO_INCREMENTAL=0" "-e" "RUST_BACKTRACE=full" "-e" "RUSTFLAGS=--cap-lints=warn" "-e" "CARGO_HOME=/opt/rustwide/cargo-home" "-e" "RUSTUP_HOME=/opt/rustwide/rustup-home" "-w" "/opt/rustwide/workdir" "-m" "1610612736" "--user" "0:0" "--network" "none" "ghcr.io/rust-lang/crates-build-env/linux@sha256:34b6a614d2c27851fe6cbf88fbd1137609cefab8b10d0615aaeb6fd47975d74e" "/opt/rustwide/cargo-home/bin/cargo" "+1.54.0" "build" "--frozen" "--message-format=json", kill_on_drop: false }`
[INFO] [stdout] f928aa20d39d6a2ba0b4ddb687896c77bd2091f15ecf7526725f1c3f435c98a2
[INFO] [stderr] WARNING: Your kernel does not support swap limit capabilities or the cgroup is not mounted. Memory limited without swap.
[INFO] running `Command { std: "docker" "start" "-a" "f928aa20d39d6a2ba0b4ddb687896c77bd2091f15ecf7526725f1c3f435c98a2", kill_on_drop: false }`
[INFO] [stderr]    Compiling syn v1.0.48
[INFO] [stderr]    Compiling futures-core v0.3.7
[INFO] [stderr]    Compiling once_cell v1.4.1
[INFO] [stderr]    Compiling pin-project-lite v0.1.11
[INFO] [stderr]    Compiling futures-io v0.3.7
[INFO] [stderr]    Compiling cc v1.0.61
[INFO] [stderr]    Compiling strsim v0.9.3
[INFO] [stderr]    Compiling ahash v0.4.6
[INFO] [stderr]    Compiling futures-sink v0.3.7
[INFO] [stderr]    Compiling serde_json v1.0.59
[INFO] [stderr]    Compiling syn v0.15.44
[INFO] [stderr]    Compiling bytes v0.6.0
[INFO] [stderr]    Compiling byteorder v0.3.13
[INFO] [stderr]    Compiling memchr v2.3.4
[INFO] [stderr]    Compiling sharded-slab v0.1.0
[INFO] [stderr]    Compiling instant v0.1.8
[INFO] [stderr]    Compiling regex v1.4.2
[INFO] [stderr]    Compiling addr2line v0.14.0
[INFO] [stderr]    Compiling idna v0.2.0
[INFO] [stderr]    Compiling stringprep v0.1.2
[INFO] [stderr]    Compiling hashbrown v0.9.1
[INFO] [stderr]    Compiling async-channel v1.5.1
[INFO] [stderr]    Compiling futures-channel v0.3.7
[INFO] [stderr]    Compiling getrandom v0.1.15
[INFO] [stderr]    Compiling time v0.1.44
[INFO] [stderr]    Compiling iovec v0.1.4
[INFO] [stderr]    Compiling net2 v0.2.35
[INFO] [stderr]    Compiling num_cpus v1.13.0
[INFO] [stderr]    Compiling nb-connect v1.0.2
[INFO] [stderr]    Compiling parking_lot_core v0.8.0
[INFO] [stderr]    Compiling hostname v0.3.1
[INFO] [stderr]    Compiling parking_lot_core v0.7.2
[INFO] [stderr]    Compiling rand v0.4.6
[INFO] [stderr]    Compiling atty v0.2.14
[INFO] [stderr]    Compiling signal-hook-registry v1.2.2
[INFO] [stderr]    Compiling socket2 v0.3.15
[INFO] [stderr]    Compiling hostname v0.1.5
[INFO] [stderr]    Compiling quote v1.0.7
[INFO] [stderr]    Compiling polling v2.0.2
[INFO] [stderr]    Compiling mio v0.7.5
[INFO] [stderr]    Compiling tracing-log v0.1.1
[INFO] [stderr]    Compiling kv-log-macro v1.0.7
[INFO] [stderr]    Compiling os_info v2.0.8
[INFO] [stderr]    Compiling regex-automata v0.1.9
[INFO] [stderr]    Compiling err-derive v0.2.4
[INFO] [stderr]    Compiling futures-task v0.3.7
[INFO] [stderr]    Compiling futures-lite v1.11.2
[INFO] [stderr]    Compiling rand_core v0.5.1
[INFO] [stderr]    Compiling indexmap v1.6.0
[INFO] [stderr]    Compiling parking_lot v0.11.0
[INFO] [stderr]    Compiling url v2.1.1
[INFO] [stderr]    Compiling clap v2.33.3
[INFO] [stderr]    Compiling parking_lot v0.10.2
[INFO] [stderr]    Compiling mio v0.6.22
[INFO] [stderr]    Compiling resolv-conf v0.6.3
[INFO] [stderr]    Compiling num-integer v0.1.44
[INFO] [stderr]    Compiling atoi v0.3.3
[INFO] [stderr]    Compiling backtrace v0.3.54
[INFO] [stderr]    Compiling block-buffer v0.7.3
[INFO] [stderr]    Compiling rand v0.3.23
[INFO] [stderr]    Compiling proc-macro-error-attr v1.0.4
[INFO] [stderr]    Compiling ring v0.16.15
[INFO] [stderr]    Compiling rand_chacha v0.2.2
[INFO] [stderr]    Compiling futures-intrusive v0.3.1
[INFO] [stderr]    Compiling pbkdf2 v0.3.0
[INFO] [stderr]    Compiling sha-1 v0.8.2
[INFO] [stderr]    Compiling sha2 v0.8.2
[INFO] [stderr]    Compiling md-5 v0.8.0
[INFO] [stderr]    Compiling chrono v0.4.19
[INFO] [stderr]    Compiling rust-crypto v0.2.36
[INFO] [stderr]    Compiling matchers v0.0.1
[INFO] [stderr]    Compiling tokio v0.2.22
[INFO] [stderr]    Compiling async-executor v1.3.0
[INFO] [stderr]    Compiling async-io v1.1.10
[INFO] [stderr]    Compiling blocking v1.0.2
[INFO] [stderr]    Compiling rand v0.7.3
[INFO] [stderr]    Compiling async-global-executor v1.4.3
[INFO] [stderr]    Compiling uuid v0.8.1
[INFO] [stderr]    Compiling webpki v0.21.3
[INFO] [stderr]    Compiling sct v0.6.0
[INFO] [stderr]    Compiling objectid v0.2.0
[INFO] [stderr]    Compiling rustls v0.17.0
[INFO] [stderr]    Compiling webpki-roots v0.18.0
[INFO] [stderr]    Compiling darling_core v0.10.2
[INFO] [stderr]    Compiling proc-macro-error v1.0.4
[INFO] [stderr]    Compiling synstructure v0.12.4
[INFO] [stderr]    Compiling typed-builder v0.3.0
[INFO] [stderr]    Compiling tokio-rustls v0.13.1
[INFO] [stderr]    Compiling serde_derive v1.0.117
[INFO] [stderr]    Compiling pin-project-internal v1.0.1
[INFO] [stderr]    Compiling futures-macro v0.3.7
[INFO] [stderr]    Compiling thiserror-impl v1.0.21
[INFO] [stderr]    Compiling tracing-attributes v0.1.11
[INFO] [stderr]    Compiling async-trait v0.1.41
[INFO] [stderr]    Compiling enum-as-inner v0.3.3
[INFO] [stderr]    Compiling pin-project-internal v0.4.27
[INFO] [stderr]    Compiling tokio-macros v0.3.1
[INFO] [stderr]    Compiling async-stream-impl v0.2.1
[INFO] [stderr]    Compiling structopt-derive v0.4.13
[INFO] [stderr]    Compiling async-attributes v1.1.1
[INFO] [stderr]    Compiling derivative v2.1.1
[INFO] [stderr]    Compiling darling_macro v0.10.2
[INFO] [stderr]    Compiling async-std v1.6.5
[INFO] [stderr]    Compiling tokio v0.3.2
[INFO] [stderr]    Compiling async-stream v0.2.1
[INFO] [stderr]    Compiling thiserror v1.0.21
[INFO] [stderr]    Compiling pin-project v0.4.27
[INFO] [stderr]    Compiling structopt v0.3.20
[INFO] [stderr]    Compiling tracing v0.1.21
[INFO] [stderr]    Compiling pin-project v1.0.1
[INFO] [stderr]    Compiling futures-util v0.3.7
[INFO] [stderr]    Compiling darling v0.10.2
[INFO] [stderr]    Compiling tracing-futures v0.2.4
[INFO] [stderr]    Compiling serde_with_macros v1.2.2
[INFO] [stderr]    Compiling async-injector-derive v0.11.1
[INFO] [stderr]    Compiling serde v1.0.117
[INFO] [stderr]    Compiling futures-executor v0.3.7
[INFO] [stderr]    Compiling futures v0.3.7
[INFO] [stderr]    Compiling trust-dns-proto v0.19.5
[INFO] [stderr]    Compiling trust-dns-resolver v0.19.5
[INFO] [stderr]    Compiling tracing-serde v0.1.2
[INFO] [stderr]    Compiling serde_with v1.5.1
[INFO] [stderr]    Compiling serde-hashkey v0.2.2
[INFO] [stderr]    Compiling async-injector v0.11.1
[INFO] [stderr]    Compiling bson v1.1.0
[INFO] [stderr]    Compiling tracing-subscriber v0.2.14
[INFO] [stderr]    Compiling mongodb v1.1.1
[INFO] [stderr]    Compiling mini-redis v0.3.0
[INFO] [stderr]    Compiling accounts v0.1.0 (/opt/rustwide/workdir)
[INFO] [stdout] warning: unused import: `doc`
[INFO] [stdout]  --> src/infrastructure/repository/mongo_db/connection_factory.rs:3:12
[INFO] [stdout]   |
[INFO] [stdout] 3 |     bson::{doc},
[INFO] [stdout]   |            ^^^
[INFO] [stdout]   |
[INFO] [stdout]   = note: `#[warn(unused_imports)]` on by default
[INFO] [stdout] 
[INFO] [stdout] 
[INFO] [stdout] warning: unused import: `bson::Bson`
[INFO] [stdout]  --> src/infrastructure/repository/mongo_db/account_repository.rs:5:15
[INFO] [stdout]   |
[INFO] [stdout] 5 | use mongodb::{bson::Bson};
[INFO] [stdout]   |               ^^^^^^^^^^
[INFO] [stdout] 
[INFO] [stdout] 
[INFO] [stdout] warning: unused import: `std::env`
[INFO] [stdout]  --> src/tests/repositories/account.rs:1:5
[INFO] [stdout]   |
[INFO] [stdout] 1 | use std::env;
[INFO] [stdout]   |     ^^^^^^^^
[INFO] [stdout] 
[INFO] [stdout] 
[INFO] [stdout] warning: unused imports: `Account`, `account_repository::AccountRepositoryTrait`
[INFO] [stdout]  --> src/tests/repositories/account.rs:2:21
[INFO] [stdout]   |
[INFO] [stdout] 2 | use crate::domain::{Account, account_repository::AccountRepositoryTrait};
[INFO] [stdout]   |                     ^^^^^^^  ^^^^^^^^^^^^^^^^^^^^^^^^^^^^^^^^^^^^^^^^^^
[INFO] [stdout] 
[INFO] [stdout] 
[INFO] [stdout] warning: unused import: `repository::mongo_db::AccountRepository`
[INFO] [stdout]  --> src/tests/repositories/account.rs:3:29
[INFO] [stdout]   |
[INFO] [stdout] 3 | use crate::infrastructure::{repository::mongo_db::AccountRepository};
[INFO] [stdout]   |                             ^^^^^^^^^^^^^^^^^^^^^^^^^^^^^^^^^^^^^^^
[INFO] [stdout] 
[INFO] [stdout] 
[INFO] [stdout] warning: unused variable: `err`
[INFO] [stdout]   --> src/infrastructure/repository/mongo_db/account_repository.rs:21:21
[INFO] [stdout]    |
[INFO] [stdout] 21 |                 Err(err) => return Err(DbError::SaveError("error saving to mongo db".to_string())),
[INFO] [stdout]    |                     ^^^ help: if this is intentional, prefix it with an underscore: `_err`
[INFO] [stdout]    |
[INFO] [stdout]    = note: `#[warn(unused_variables)]` on by default
[INFO] [stdout] 
[INFO] [stdout] 
[INFO] [stdout] warning: unused variable: `e`
[INFO] [stdout]   --> src/infrastructure/repository/mongo_db/account_repository.rs:44:29
[INFO] [stdout]    |
[INFO] [stdout] 44 |                         Err(e) => print!("err"),
[INFO] [stdout]    |                             ^ help: if this is intentional, prefix it with an underscore: `_e`
[INFO] [stdout] 
[INFO] [stdout] 
[INFO] [stdout] warning: struct is never constructed: `Account`
[INFO] [stdout]  --> src/infrastructure/repository/mongo_db/model/account.rs:1:12
[INFO] [stdout]   |
[INFO] [stdout] 1 | pub struct Account {
[INFO] [stdout]   |            ^^^^^^^
[INFO] [stdout]   |
[INFO] [stdout]   = note: `#[warn(dead_code)]` on by default
[INFO] [stdout] 
[INFO] [stdout] 
[INFO] [stdout] warning: associated function is never used: `new`
[INFO] [stdout]  --> src/infrastructure/repository/mongo_db/model/account.rs:7:12
[INFO] [stdout]   |
[INFO] [stdout] 7 |     pub fn new(id: String, balance: f32) -> Account {
[INFO] [stdout]   |            ^^^
[INFO] [stdout] 
[INFO] [stdout] 
[INFO] [stdout] warning: associated function is never used: `new`
[INFO] [stdout]   --> src/domain/account.rs:10:12
[INFO] [stdout]    |
[INFO] [stdout] 10 |     pub fn new(id: Option<String>, balance: f32) -> Account {
[INFO] [stdout]    |            ^^^
[INFO] [stdout] 
[INFO] [stdout] 
[INFO] [stdout] warning: associated function is never used: `generate_id`
[INFO] [stdout]   --> src/domain/account.rs:14:8
[INFO] [stdout]    |
[INFO] [stdout] 14 |     fn generate_id() -> String {
[INFO] [stdout]    |        ^^^^^^^^^^^
[INFO] [stdout] 
[INFO] [stdout] 
[INFO] [stdout] warning: 11 warnings emitted
[INFO] [stdout] 
[INFO] [stdout] 
[INFO] [stderr]     Finished dev [unoptimized + debuginfo] target(s) in 1m 17s
[INFO] running `Command { std: "docker" "inspect" "f928aa20d39d6a2ba0b4ddb687896c77bd2091f15ecf7526725f1c3f435c98a2", kill_on_drop: false }`
[INFO] running `Command { std: "docker" "rm" "-f" "f928aa20d39d6a2ba0b4ddb687896c77bd2091f15ecf7526725f1c3f435c98a2", kill_on_drop: false }`
[INFO] [stdout] f928aa20d39d6a2ba0b4ddb687896c77bd2091f15ecf7526725f1c3f435c98a2
[INFO] running `Command { std: "docker" "create" "-v" "/var/lib/crater-agent-workspace/builds/worker-6/target:/opt/rustwide/target:rw,Z" "-v" "/var/lib/crater-agent-workspace/builds/worker-6/source:/opt/rustwide/workdir:ro,Z" "-v" "/var/lib/crater-agent-workspace/cargo-home:/opt/rustwide/cargo-home:ro,Z" "-v" "/var/lib/crater-agent-workspace/rustup-home:/opt/rustwide/rustup-home:ro,Z" "-e" "SOURCE_DIR=/opt/rustwide/workdir" "-e" "CARGO_TARGET_DIR=/opt/rustwide/target" "-e" "CARGO_INCREMENTAL=0" "-e" "RUST_BACKTRACE=full" "-e" "RUSTFLAGS=--cap-lints=warn" "-e" "CARGO_HOME=/opt/rustwide/cargo-home" "-e" "RUSTUP_HOME=/opt/rustwide/rustup-home" "-w" "/opt/rustwide/workdir" "-m" "1610612736" "--user" "0:0" "--network" "none" "ghcr.io/rust-lang/crates-build-env/linux@sha256:34b6a614d2c27851fe6cbf88fbd1137609cefab8b10d0615aaeb6fd47975d74e" "/opt/rustwide/cargo-home/bin/cargo" "+1.54.0" "test" "--frozen" "--no-run" "--message-format=json", kill_on_drop: false }`
[INFO] [stderr] WARNING: Your kernel does not support swap limit capabilities or the cgroup is not mounted. Memory limited without swap.
[INFO] [stdout] 6e9d4e2a85fedd2fd991e9ae5f15d58569d2560d6ee6dc9dc3df708942fb4986
[INFO] running `Command { std: "docker" "start" "-a" "6e9d4e2a85fedd2fd991e9ae5f15d58569d2560d6ee6dc9dc3df708942fb4986", kill_on_drop: false }`
[INFO] [stderr]     Blocking waiting for file lock on package cache
[INFO] [stderr]    Compiling accounts v0.1.0 (/opt/rustwide/workdir)
[INFO] [stdout] warning: unused import: `doc`
[INFO] [stdout]  --> src/infrastructure/repository/mongo_db/connection_factory.rs:3:12
[INFO] [stdout]   |
[INFO] [stdout] 3 |     bson::{doc},
[INFO] [stdout]   |            ^^^
[INFO] [stdout]   |
[INFO] [stdout]   = note: `#[warn(unused_imports)]` on by default
[INFO] [stdout] 
[INFO] [stdout] 
[INFO] [stdout] warning: unused import: `bson::Bson`
[INFO] [stdout]  --> src/infrastructure/repository/mongo_db/account_repository.rs:5:15
[INFO] [stdout]   |
[INFO] [stdout] 5 | use mongodb::{bson::Bson};
[INFO] [stdout]   |               ^^^^^^^^^^
[INFO] [stdout] 
[INFO] [stdout] 
[INFO] [stdout] warning: unused import: `std::env`
[INFO] [stdout]  --> src/tests/repositories/account.rs:1:5
[INFO] [stdout]   |
[INFO] [stdout] 1 | use std::env;
[INFO] [stdout]   |     ^^^^^^^^
[INFO] [stdout] 
[INFO] [stdout] 
[INFO] [stdout] warning: unused variable: `err`
[INFO] [stdout]   --> src/infrastructure/repository/mongo_db/account_repository.rs:21:21
[INFO] [stdout]    |
[INFO] [stdout] 21 |                 Err(err) => return Err(DbError::SaveError("error saving to mongo db".to_string())),
[INFO] [stdout]    |                     ^^^ help: if this is intentional, prefix it with an underscore: `_err`
[INFO] [stdout]    |
[INFO] [stdout]    = note: `#[warn(unused_variables)]` on by default
[INFO] [stdout] 
[INFO] [stdout] 
[INFO] [stdout] warning: unused variable: `e`
[INFO] [stdout]   --> src/infrastructure/repository/mongo_db/account_repository.rs:44:29
[INFO] [stdout]    |
[INFO] [stdout] 44 |                         Err(e) => print!("err"),
[INFO] [stdout]    |                             ^ help: if this is intentional, prefix it with an underscore: `_e`
[INFO] [stdout] 
[INFO] [stdout] 
[INFO] [stdout] warning: struct is never constructed: `Account`
[INFO] [stdout]  --> src/infrastructure/repository/mongo_db/model/account.rs:1:12
[INFO] [stdout]   |
[INFO] [stdout] 1 | pub struct Account {
[INFO] [stdout]   |            ^^^^^^^
[INFO] [stdout]   |
[INFO] [stdout]   = note: `#[warn(dead_code)]` on by default
[INFO] [stdout] 
[INFO] [stdout] 
[INFO] [stdout] warning: associated function is never used: `new`
[INFO] [stdout]  --> src/infrastructure/repository/mongo_db/model/account.rs:7:12
[INFO] [stdout]   |
[INFO] [stdout] 7 |     pub fn new(id: String, balance: f32) -> Account {
[INFO] [stdout]   |            ^^^
[INFO] [stdout] 
[INFO] [stdout] 
[INFO] [stdout] warning: 7 warnings emitted
[INFO] [stdout] 
[INFO] [stdout] 
[INFO] [stderr]     Finished test [unoptimized + debuginfo] target(s) in 8.76s
[INFO] running `Command { std: "docker" "inspect" "6e9d4e2a85fedd2fd991e9ae5f15d58569d2560d6ee6dc9dc3df708942fb4986", kill_on_drop: false }`
[INFO] running `Command { std: "docker" "rm" "-f" "6e9d4e2a85fedd2fd991e9ae5f15d58569d2560d6ee6dc9dc3df708942fb4986", kill_on_drop: false }`
[INFO] [stdout] 6e9d4e2a85fedd2fd991e9ae5f15d58569d2560d6ee6dc9dc3df708942fb4986
[INFO] running `Command { std: "docker" "create" "-v" "/var/lib/crater-agent-workspace/builds/worker-6/target:/opt/rustwide/target:rw,Z" "-v" "/var/lib/crater-agent-workspace/builds/worker-6/source:/opt/rustwide/workdir:ro,Z" "-v" "/var/lib/crater-agent-workspace/cargo-home:/opt/rustwide/cargo-home:ro,Z" "-v" "/var/lib/crater-agent-workspace/rustup-home:/opt/rustwide/rustup-home:ro,Z" "-e" "SOURCE_DIR=/opt/rustwide/workdir" "-e" "CARGO_TARGET_DIR=/opt/rustwide/target" "-e" "CARGO_INCREMENTAL=0" "-e" "RUST_BACKTRACE=full" "-e" "RUSTFLAGS=--cap-lints=warn" "-e" "CARGO_HOME=/opt/rustwide/cargo-home" "-e" "RUSTUP_HOME=/opt/rustwide/rustup-home" "-w" "/opt/rustwide/workdir" "-m" "1610612736" "--user" "0:0" "--network" "none" "ghcr.io/rust-lang/crates-build-env/linux@sha256:34b6a614d2c27851fe6cbf88fbd1137609cefab8b10d0615aaeb6fd47975d74e" "/opt/rustwide/cargo-home/bin/cargo" "+1.54.0" "test" "--frozen", kill_on_drop: false }`
[INFO] [stdout] 402a9aa3aadd58edfcd88288c4ea7c87ea13053d44ec83ac3379478e948d94db
[INFO] [stderr] WARNING: Your kernel does not support swap limit capabilities or the cgroup is not mounted. Memory limited without swap.
[INFO] running `Command { std: "docker" "start" "-a" "402a9aa3aadd58edfcd88288c4ea7c87ea13053d44ec83ac3379478e948d94db", kill_on_drop: false }`
[INFO] [stderr] warning: unused import: `doc`
[INFO] [stderr]  --> src/infrastructure/repository/mongo_db/connection_factory.rs:3:12
[INFO] [stderr]   |
[INFO] [stderr] 3 |     bson::{doc},
[INFO] [stderr]   |            ^^^
[INFO] [stderr]   |
[INFO] [stderr]   = note: `#[warn(unused_imports)]` on by default
[INFO] [stderr] 
[INFO] [stderr] warning: unused import: `bson::Bson`
[INFO] [stderr]  --> src/infrastructure/repository/mongo_db/account_repository.rs:5:15
[INFO] [stderr]   |
[INFO] [stderr] 5 | use mongodb::{bson::Bson};
[INFO] [stderr]   |               ^^^^^^^^^^
[INFO] [stderr] 
[INFO] [stderr] warning: unused import: `std::env`
[INFO] [stderr]  --> src/tests/repositories/account.rs:1:5
[INFO] [stderr]   |
[INFO] [stderr] 1 | use std::env;
[INFO] [stderr]   |     ^^^^^^^^
[INFO] [stderr] 
[INFO] [stderr] warning: unused variable: `err`
[INFO] [stderr]   --> src/infrastructure/repository/mongo_db/account_repository.rs:21:21
[INFO] [stderr]    |
[INFO] [stderr] 21 |                 Err(err) => return Err(DbError::SaveError("error saving to mongo db".to_string())),
[INFO] [stderr]    |                     ^^^ help: if this is intentional, prefix it with an underscore: `_err`
[INFO] [stderr]    |
[INFO] [stderr]    = note: `#[warn(unused_variables)]` on by default
[INFO] [stderr] 
[INFO] [stderr] warning: unused variable: `e`
[INFO] [stderr]   --> src/infrastructure/repository/mongo_db/account_repository.rs:44:29
[INFO] [stderr]    |
[INFO] [stderr] 44 |                         Err(e) => print!("err"),
[INFO] [stderr]    |                             ^ help: if this is intentional, prefix it with an underscore: `_e`
[INFO] [stderr] 
[INFO] [stderr] warning: struct is never constructed: `Account`
[INFO] [stderr]  --> src/infrastructure/repository/mongo_db/model/account.rs:1:12
[INFO] [stderr]   |
[INFO] [stderr] 1 | pub struct Account {
[INFO] [stderr]   |            ^^^^^^^
[INFO] [stderr]   |
[INFO] [stderr]   = note: `#[warn(dead_code)]` on by default
[INFO] [stderr] 
[INFO] [stderr] warning: associated function is never used: `new`
[INFO] [stderr]  --> src/infrastructure/repository/mongo_db/model/account.rs:7:12
[INFO] [stderr]   |
[INFO] [stderr] 7 |     pub fn new(id: String, balance: f32) -> Account {
[INFO] [stderr]   |            ^^^
[INFO] [stderr] 
[INFO] [stderr] warning: 7 warnings emitted
[INFO] [stderr] 
[INFO] [stderr]     Finished test [unoptimized + debuginfo] target(s) in 0.19s
[INFO] [stderr]      Running unittests (/opt/rustwide/target/debug/deps/accounts-3c747796d5b6e248)
[INFO] [stdout] 
[INFO] [stdout] running 2 tests
[INFO] [stdout] test tests::repositories::account::should_get_all ... FAILED
[INFO] [stdout] test tests::repositories::account::should_insert_account ... FAILED
[INFO] [stdout] 
[INFO] [stdout] failures:
[INFO] [stdout] 
[INFO] [stdout] ---- tests::repositories::account::should_get_all stdout ----
[INFO] [stdout] thread 'tests::repositories::account::should_get_all' panicked at 'assertion failed: ret.len() as i32 > 1', src/tests/repositories/account.rs:19:5
[INFO] [stdout] stack backtrace:
[INFO] [stdout]    0:     0x557e7f7ae2b0 - std::backtrace_rs::backtrace::libunwind::trace::h34055254b57d8e79
[INFO] [stdout]                                at /rustc/a178d0322ce20e33eac124758e837cbd80a6f633/library/std/src/../../backtrace/src/backtrace/libunwind.rs:90:5
[INFO] [stdout]    1:     0x557e7f7ae2b0 - std::backtrace_rs::backtrace::trace_unsynchronized::h8f1e3fbd9afff6ec
[INFO] [stdout]                                at /rustc/a178d0322ce20e33eac124758e837cbd80a6f633/library/std/src/../../backtrace/src/backtrace/mod.rs:66:5
[INFO] [stdout]    2:     0x557e7f7ae2b0 - std::sys_common::backtrace::_print_fmt::h3a99a796b770c360
[INFO] [stdout]                                at /rustc/a178d0322ce20e33eac124758e837cbd80a6f633/library/std/src/sys_common/backtrace.rs:67:5
[INFO] [stdout]    3:     0x557e7f7ae2b0 - <std::sys_common::backtrace::_print::DisplayBacktrace as core::fmt::Display>::fmt::h32d1f94a80615d18
[INFO] [stdout]                                at /rustc/a178d0322ce20e33eac124758e837cbd80a6f633/library/std/src/sys_common/backtrace.rs:46:22
[INFO] [stdout]    4:     0x557e7f7d387c - core::fmt::write::h306731c068f7162c
[INFO] [stdout]                                at /rustc/a178d0322ce20e33eac124758e837cbd80a6f633/library/core/src/fmt/mod.rs:1110:17
[INFO] [stdout]    5:     0x557e7f7a7a25 - std::io::Write::write_fmt::h87f19b0a2cd190bc
[INFO] [stdout]                                at /rustc/a178d0322ce20e33eac124758e837cbd80a6f633/library/std/src/io/mod.rs:1588:15
[INFO] [stdout]    6:     0x557e7f7b061b - std::sys_common::backtrace::_print::h5abaa2601a852287
[INFO] [stdout]                                at /rustc/a178d0322ce20e33eac124758e837cbd80a6f633/library/std/src/sys_common/backtrace.rs:49:5
[INFO] [stdout]    7:     0x557e7f7b061b - std::sys_common::backtrace::print::h8d81445442bb638f
[INFO] [stdout]                                at /rustc/a178d0322ce20e33eac124758e837cbd80a6f633/library/std/src/sys_common/backtrace.rs:36:9
[INFO] [stdout]    8:     0x557e7f7b061b - std::panicking::default_hook::{{closure}}::hcfe804496a9fa747
[INFO] [stdout]                                at /rustc/a178d0322ce20e33eac124758e837cbd80a6f633/library/std/src/panicking.rs:208:50
[INFO] [stdout]    9:     0x557e7f7b012c - std::panicking::default_hook::hbea8e3ccf2ba8901
[INFO] [stdout]                                at /rustc/a178d0322ce20e33eac124758e837cbd80a6f633/library/std/src/panicking.rs:222:9
[INFO] [stdout]   10:     0x557e7f7b0ce4 - std::panicking::rust_panic_with_hook::h7ee9e1a2d0f8975a
[INFO] [stdout]                                at /rustc/a178d0322ce20e33eac124758e837cbd80a6f633/library/std/src/panicking.rs:622:17
[INFO] [stdout]   11:     0x557e7f7b0797 - std::panicking::begin_panic_handler::{{closure}}::h8ab3b4491718b2c7
[INFO] [stdout]                                at /rustc/a178d0322ce20e33eac124758e837cbd80a6f633/library/std/src/panicking.rs:517:13
[INFO] [stdout]   12:     0x557e7f7ae7ac - std::sys_common::backtrace::__rust_end_short_backtrace::hd489062ffa586a9f
[INFO] [stdout]                                at /rustc/a178d0322ce20e33eac124758e837cbd80a6f633/library/std/src/sys_common/backtrace.rs:141:18
[INFO] [stdout]   13:     0x557e7f7b0729 - rust_begin_unwind
[INFO] [stdout]                                at /rustc/a178d0322ce20e33eac124758e837cbd80a6f633/library/std/src/panicking.rs:515:5
[INFO] [stdout]   14:     0x557e7eeafd31 - core::panicking::panic_fmt::hca6330e3e14086b4
[INFO] [stdout]                                at /rustc/a178d0322ce20e33eac124758e837cbd80a6f633/library/core/src/panicking.rs:92:14
[INFO] [stdout]   15:     0x557e7eeafc7d - core::panicking::panic::h1a48d878ff3dcd40
[INFO] [stdout]                                at /rustc/a178d0322ce20e33eac124758e837cbd80a6f633/library/core/src/panicking.rs:50:5
[INFO] [stdout]   16:     0x557e7eed363f - accounts::tests::repositories::account::should_get_all::{{closure}}::heb38c79bf0039ae9
[INFO] [stdout]                                at /opt/rustwide/workdir/src/tests/repositories/account.rs:19:5
[INFO] [stdout]   17:     0x557e7eed074b - <core::future::from_generator::GenFuture<T> as core::future::future::Future>::poll::hef2be7409ab72a87
[INFO] [stdout]                                at /rustc/a178d0322ce20e33eac124758e837cbd80a6f633/library/core/src/future/mod.rs:80:19
[INFO] [stdout]   18:     0x557e7eed1d9f - <core::pin::Pin<P> as core::future::future::Future>::poll::he7d015a5a5363752
[INFO] [stdout]                                at /rustc/a178d0322ce20e33eac124758e837cbd80a6f633/library/core/src/future/future.rs:119:9
[INFO] [stdout]   19:     0x557e7eed4f20 - tokio::runtime::basic_scheduler::Inner<P>::block_on::{{closure}}::{{closure}}::hcf0fa55f1835d636
[INFO] [stdout]                                at /opt/rustwide/cargo-home/registry/src/github.com-1ecc6299db9ec823/tokio-0.3.2/src/runtime/basic_scheduler.rs:193:58
[INFO] [stdout]   20:     0x557e7eecab4c - tokio::coop::with_budget::{{closure}}::h38ff9ec972686756
[INFO] [stdout]                                at /opt/rustwide/cargo-home/registry/src/github.com-1ecc6299db9ec823/tokio-0.3.2/src/coop.rs:121:9
[INFO] [stdout]   21:     0x557e7eeda281 - std::thread::local::LocalKey<T>::try_with::hafd5731ac5d913f6
[INFO] [stdout]                                at /rustc/a178d0322ce20e33eac124758e837cbd80a6f633/library/std/src/thread/local.rs:400:16
[INFO] [stdout]   22:     0x557e7eed986d - std::thread::local::LocalKey<T>::with::hddd5d06a2cc09f5e
[INFO] [stdout]                                at /rustc/a178d0322ce20e33eac124758e837cbd80a6f633/library/std/src/thread/local.rs:376:9
[INFO] [stdout]   23:     0x557e7eed4754 - tokio::coop::with_budget::h9c97b7ad1b70a90c
[INFO] [stdout]                                at /opt/rustwide/cargo-home/registry/src/github.com-1ecc6299db9ec823/tokio-0.3.2/src/coop.rs:114:5
[INFO] [stdout]   24:     0x557e7eed4754 - tokio::coop::budget::hcf0b8ccd8f467a78
[INFO] [stdout]                                at /opt/rustwide/cargo-home/registry/src/github.com-1ecc6299db9ec823/tokio-0.3.2/src/coop.rs:98:5
[INFO] [stdout]   25:     0x557e7eed4754 - tokio::runtime::basic_scheduler::Inner<P>::block_on::{{closure}}::hd560e0d8ab73af0c
[INFO] [stdout]                                at /opt/rustwide/cargo-home/registry/src/github.com-1ecc6299db9ec823/tokio-0.3.2/src/runtime/basic_scheduler.rs:193:35
[INFO] [stdout]   26:     0x557e7eed62d1 - tokio::runtime::basic_scheduler::enter::{{closure}}::he13dd1dae78bdae6
[INFO] [stdout]                                at /opt/rustwide/cargo-home/registry/src/github.com-1ecc6299db9ec823/tokio-0.3.2/src/runtime/basic_scheduler.rs:275:29
[INFO] [stdout]   27:     0x557e7eec502d - tokio::macros::scoped_tls::ScopedKey<T>::set::h6c39e263316140d7
[INFO] [stdout]                                at /opt/rustwide/cargo-home/registry/src/github.com-1ecc6299db9ec823/tokio-0.3.2/src/macros/scoped_tls.rs:61:9
[INFO] [stdout]   28:     0x557e7eed620c - tokio::runtime::basic_scheduler::enter::h9926b87298bcc4e7
[INFO] [stdout]                                at /opt/rustwide/cargo-home/registry/src/github.com-1ecc6299db9ec823/tokio-0.3.2/src/runtime/basic_scheduler.rs:275:5
[INFO] [stdout]   29:     0x557e7eed3c6b - tokio::runtime::basic_scheduler::Inner<P>::block_on::h9b77111cb10f768f
[INFO] [stdout]                                at /opt/rustwide/cargo-home/registry/src/github.com-1ecc6299db9ec823/tokio-0.3.2/src/runtime/basic_scheduler.rs:185:9
[INFO] [stdout]   30:     0x557e7eed5054 - tokio::runtime::basic_scheduler::InnerGuard<P>::block_on::hc1510999dffed27f
[INFO] [stdout]                                at /opt/rustwide/cargo-home/registry/src/github.com-1ecc6299db9ec823/tokio-0.3.2/src/runtime/basic_scheduler.rs:414:9
[INFO] [stdout]   31:     0x557e7eed5357 - tokio::runtime::basic_scheduler::BasicScheduler<P>::block_on::h5e6e62ed7138cefa
[INFO] [stdout]                                at /opt/rustwide/cargo-home/registry/src/github.com-1ecc6299db9ec823/tokio-0.3.2/src/runtime/basic_scheduler.rs:145:24
[INFO] [stdout]   32:     0x557e7eec74fc - tokio::runtime::Runtime::block_on::h07fd0463b937bed9
[INFO] [stdout]                                at /opt/rustwide/cargo-home/registry/src/github.com-1ecc6299db9ec823/tokio-0.3.2/src/runtime/mod.rs:440:46
[INFO] [stdout]   33:     0x557e7eed339b - accounts::tests::repositories::account::should_get_all::h987e7b877b1cf84b
[INFO] [stdout]                                at /opt/rustwide/workdir/src/tests/repositories/account.rs:14:1
[INFO] [stdout]   34:     0x557e7eed32ca - accounts::tests::repositories::account::should_get_all::{{closure}}::h3cc40bc7d4b83861
[INFO] [stdout]                                at /opt/rustwide/workdir/src/tests/repositories/account.rs:14:1
[INFO] [stdout]   35:     0x557e7eebe9ce - core::ops::function::FnOnce::call_once::h49cff87bf8e9fa9d
[INFO] [stdout]                                at /rustc/a178d0322ce20e33eac124758e837cbd80a6f633/library/core/src/ops/function.rs:227:5
[INFO] [stdout]   36:     0x557e7ef06373 - core::ops::function::FnOnce::call_once::h152e7e439ff59e19
[INFO] [stdout]                                at /rustc/a178d0322ce20e33eac124758e837cbd80a6f633/library/core/src/ops/function.rs:227:5
[INFO] [stdout]   37:     0x557e7ef06373 - test::__rust_begin_short_backtrace::h0908f3b1fdbb72ab
[INFO] [stdout]                                at /rustc/a178d0322ce20e33eac124758e837cbd80a6f633/library/test/src/lib.rs:577:5
[INFO] [stdout]   38:     0x557e7ef04e30 - <alloc::boxed::Box<F,A> as core::ops::function::FnOnce<Args>>::call_once::hf6d2a51e5587546c
[INFO] [stdout]                                at /rustc/a178d0322ce20e33eac124758e837cbd80a6f633/library/alloc/src/boxed.rs:1575:9
[INFO] [stdout]   39:     0x557e7ef04e30 - <std::panic::AssertUnwindSafe<F> as core::ops::function::FnOnce<()>>::call_once::h8af660f3a89ef593
[INFO] [stdout]                                at /rustc/a178d0322ce20e33eac124758e837cbd80a6f633/library/std/src/panic.rs:347:9
[INFO] [stdout]   40:     0x557e7ef04e30 - std::panicking::try::do_call::hd36aef60f84b6d36
[INFO] [stdout]                                at /rustc/a178d0322ce20e33eac124758e837cbd80a6f633/library/std/src/panicking.rs:401:40
[INFO] [stdout]   41:     0x557e7ef04e30 - std::panicking::try::h9932b4480e69817c
[INFO] [stdout]                                at /rustc/a178d0322ce20e33eac124758e837cbd80a6f633/library/std/src/panicking.rs:365:19
[INFO] [stdout]   42:     0x557e7ef04e30 - std::panic::catch_unwind::h6aa177099cfff5f8
[INFO] [stdout]                                at /rustc/a178d0322ce20e33eac124758e837cbd80a6f633/library/std/src/panic.rs:434:14
[INFO] [stdout]   43:     0x557e7ef04e30 - test::run_test_in_process::h5884d6f2d99e20c3
[INFO] [stdout]                                at /rustc/a178d0322ce20e33eac124758e837cbd80a6f633/library/test/src/lib.rs:600:18
[INFO] [stdout]   44:     0x557e7ef04e30 - test::run_test::run_test_inner::{{closure}}::h6fdc58c6d5f5b6e3
[INFO] [stdout]                                at /rustc/a178d0322ce20e33eac124758e837cbd80a6f633/library/test/src/lib.rs:492:39
[INFO] [stdout]   45:     0x557e7eede4e2 - test::run_test::run_test_inner::{{closure}}::h408365d67a78ade8
[INFO] [stdout]                                at /rustc/a178d0322ce20e33eac124758e837cbd80a6f633/library/test/src/lib.rs:519:37
[INFO] [stdout]   46:     0x557e7eede4e2 - std::sys_common::backtrace::__rust_begin_short_backtrace::hb560b77c4f701523
[INFO] [stdout]                                at /rustc/a178d0322ce20e33eac124758e837cbd80a6f633/library/std/src/sys_common/backtrace.rs:125:18
[INFO] [stdout]   47:     0x557e7eee2098 - std::thread::Builder::spawn_unchecked::{{closure}}::{{closure}}::hf2e7831dad93c597
[INFO] [stdout]                                at /rustc/a178d0322ce20e33eac124758e837cbd80a6f633/library/std/src/thread/mod.rs:481:17
[INFO] [stdout]   48:     0x557e7eee2098 - <std::panic::AssertUnwindSafe<F> as core::ops::function::FnOnce<()>>::call_once::hd2e08783d8be4d02
[INFO] [stdout]                                at /rustc/a178d0322ce20e33eac124758e837cbd80a6f633/library/std/src/panic.rs:347:9
[INFO] [stdout]   49:     0x557e7eee2098 - std::panicking::try::do_call::h062597b7acfd6b82
[INFO] [stdout]                                at /rustc/a178d0322ce20e33eac124758e837cbd80a6f633/library/std/src/panicking.rs:401:40
[INFO] [stdout]   50:     0x557e7eee2098 - std::panicking::try::h0d7b79db04c14552
[INFO] [stdout]                                at /rustc/a178d0322ce20e33eac124758e837cbd80a6f633/library/std/src/panicking.rs:365:19
[INFO] [stdout]   51:     0x557e7eee2098 - std::panic::catch_unwind::hb01a0b5e7c8cd43b
[INFO] [stdout]                                at /rustc/a178d0322ce20e33eac124758e837cbd80a6f633/library/std/src/panic.rs:434:14
[INFO] [stdout]   52:     0x557e7eee2098 - std::thread::Builder::spawn_unchecked::{{closure}}::h5bde48cc887e0d1e
[INFO] [stdout]                                at /rustc/a178d0322ce20e33eac124758e837cbd80a6f633/library/std/src/thread/mod.rs:480:30
[INFO] [stdout]   53:     0x557e7eee2098 - core::ops::function::FnOnce::call_once{{vtable.shim}}::h745ea30807a29e55
[INFO] [stdout]                                at /rustc/a178d0322ce20e33eac124758e837cbd80a6f633/library/core/src/ops/function.rs:227:5
[INFO] [stdout]   54:     0x557e7f7b62b7 - <alloc::boxed::Box<F,A> as core::ops::function::FnOnce<Args>>::call_once::h7ece6cfefaff1005
[INFO] [stdout]                                at /rustc/a178d0322ce20e33eac124758e837cbd80a6f633/library/alloc/src/boxed.rs:1575:9
[INFO] [stdout]   55:     0x557e7f7b62b7 - <alloc::boxed::Box<F,A> as core::ops::function::FnOnce<Args>>::call_once::hb8b48e55c21f193e
[INFO] [stdout]                                at /rustc/a178d0322ce20e33eac124758e837cbd80a6f633/library/alloc/src/boxed.rs:1575:9
[INFO] [stdout]   56:     0x557e7f7b62b7 - std::sys::unix::thread::Thread::new::thread_start::h8c7c4450dba62914
[INFO] [stdout]                                at /rustc/a178d0322ce20e33eac124758e837cbd80a6f633/library/std/src/sys/unix/thread.rs:71:17
[INFO] [stdout]   57:     0x7fada2b61609 - start_thread
[INFO] [stdout]   58:     0x7fada2933293 - clone
[INFO] [stdout]   59:                0x0 - <unknown>
[INFO] [stdout] 
[INFO] [stdout] ---- tests::repositories::account::should_insert_account stdout ----
[INFO] [stdout] Error error saving to mongo db
[INFO] [stdout] thread 'tests::repositories::account::should_insert_account' panicked at 'assertion failed: false', src/tests/repositories/account.rs:10:52
[INFO] [stdout] stack backtrace:
[INFO] [stdout]    0:     0x557e7f7ae2b0 - std::backtrace_rs::backtrace::libunwind::trace::h34055254b57d8e79
[INFO] [stdout]                                at /rustc/a178d0322ce20e33eac124758e837cbd80a6f633/library/std/src/../../backtrace/src/backtrace/libunwind.rs:90:5
[INFO] [stdout]    1:     0x557e7f7ae2b0 - std::backtrace_rs::backtrace::trace_unsynchronized::h8f1e3fbd9afff6ec
[INFO] [stdout]                                at /rustc/a178d0322ce20e33eac124758e837cbd80a6f633/library/std/src/../../backtrace/src/backtrace/mod.rs:66:5
[INFO] [stdout]    2:     0x557e7f7ae2b0 - std::sys_common::backtrace::_print_fmt::h3a99a796b770c360
[INFO] [stdout]                                at /rustc/a178d0322ce20e33eac124758e837cbd80a6f633/library/std/src/sys_common/backtrace.rs:67:5
[INFO] [stdout]    3:     0x557e7f7ae2b0 - <std::sys_common::backtrace::_print::DisplayBacktrace as core::fmt::Display>::fmt::h32d1f94a80615d18
[INFO] [stdout]                                at /rustc/a178d0322ce20e33eac124758e837cbd80a6f633/library/std/src/sys_common/backtrace.rs:46:22
[INFO] [stdout]    4:     0x557e7f7d387c - core::fmt::write::h306731c068f7162c
[INFO] [stdout]                                at /rustc/a178d0322ce20e33eac124758e837cbd80a6f633/library/core/src/fmt/mod.rs:1110:17
[INFO] [stdout]    5:     0x557e7f7a7a25 - std::io::Write::write_fmt::h87f19b0a2cd190bc
[INFO] [stdout]                                at /rustc/a178d0322ce20e33eac124758e837cbd80a6f633/library/std/src/io/mod.rs:1588:15
[INFO] [stdout]    6:     0x557e7f7b061b - std::sys_common::backtrace::_print::h5abaa2601a852287
[INFO] [stdout]                                at /rustc/a178d0322ce20e33eac124758e837cbd80a6f633/library/std/src/sys_common/backtrace.rs:49:5
[INFO] [stdout]    7:     0x557e7f7b061b - std::sys_common::backtrace::print::h8d81445442bb638f
[INFO] [stdout]                                at /rustc/a178d0322ce20e33eac124758e837cbd80a6f633/library/std/src/sys_common/backtrace.rs:36:9
[INFO] [stdout]    8:     0x557e7f7b061b - std::panicking::default_hook::{{closure}}::hcfe804496a9fa747
[INFO] [stdout]                                at /rustc/a178d0322ce20e33eac124758e837cbd80a6f633/library/std/src/panicking.rs:208:50
[INFO] [stdout]    9:     0x557e7f7b012c - std::panicking::default_hook::hbea8e3ccf2ba8901
[INFO] [stdout]                                at /rustc/a178d0322ce20e33eac124758e837cbd80a6f633/library/std/src/panicking.rs:222:9
[INFO] [stdout]   10:     0x557e7f7b0ce4 - std::panicking::rust_panic_with_hook::h7ee9e1a2d0f8975a
[INFO] [stdout]                                at /rustc/a178d0322ce20e33eac124758e837cbd80a6f633/library/std/src/panicking.rs:622:17
[INFO] [stdout]   11:     0x557e7f7b0797 - std::panicking::begin_panic_handler::{{closure}}::h8ab3b4491718b2c7
[INFO] [stdout]                                at /rustc/a178d0322ce20e33eac124758e837cbd80a6f633/library/std/src/panicking.rs:517:13
[INFO] [stdout]   12:     0x557e7f7ae7ac - std::sys_common::backtrace::__rust_end_short_backtrace::hd489062ffa586a9f
[INFO] [stdout]                                at /rustc/a178d0322ce20e33eac124758e837cbd80a6f633/library/std/src/sys_common/backtrace.rs:141:18
[INFO] [stdout]   13:     0x557e7f7b0729 - rust_begin_unwind
[INFO] [stdout]                                at /rustc/a178d0322ce20e33eac124758e837cbd80a6f633/library/std/src/panicking.rs:515:5
[INFO] [stdout]   14:     0x557e7eeafd31 - core::panicking::panic_fmt::hca6330e3e14086b4
[INFO] [stdout]                                at /rustc/a178d0322ce20e33eac124758e837cbd80a6f633/library/core/src/panicking.rs:92:14
[INFO] [stdout]   15:     0x557e7eeafc7d - core::panicking::panic::h1a48d878ff3dcd40
[INFO] [stdout]                                at /rustc/a178d0322ce20e33eac124758e837cbd80a6f633/library/core/src/panicking.rs:50:5
[INFO] [stdout]   16:     0x557e7eed31f3 - accounts::tests::repositories::account::should_insert_account::{{closure}}::h8ef5496cb8fe58f2
[INFO] [stdout]                                at /opt/rustwide/workdir/src/tests/repositories/account.rs:10:52
[INFO] [stdout]   17:     0x557e7eecfc3b - <core::future::from_generator::GenFuture<T> as core::future::future::Future>::poll::h50f62df3460efc10
[INFO] [stdout]                                at /rustc/a178d0322ce20e33eac124758e837cbd80a6f633/library/core/src/future/mod.rs:80:19
[INFO] [stdout]   18:     0x557e7eed1caf - <core::pin::Pin<P> as core::future::future::Future>::poll::hc03af376799e4de5
[INFO] [stdout]                                at /rustc/a178d0322ce20e33eac124758e837cbd80a6f633/library/core/src/future/future.rs:119:9
[INFO] [stdout]   19:     0x557e7eed4e60 - tokio::runtime::basic_scheduler::Inner<P>::block_on::{{closure}}::{{closure}}::h8cba21b668ca72cb
[INFO] [stdout]                                at /opt/rustwide/cargo-home/registry/src/github.com-1ecc6299db9ec823/tokio-0.3.2/src/runtime/basic_scheduler.rs:193:58
[INFO] [stdout]   20:     0x557e7eecac7c - tokio::coop::with_budget::{{closure}}::h937e0d3c6d2630a0
[INFO] [stdout]                                at /opt/rustwide/cargo-home/registry/src/github.com-1ecc6299db9ec823/tokio-0.3.2/src/coop.rs:121:9
[INFO] [stdout]   21:     0x557e7eed9d51 - std::thread::local::LocalKey<T>::try_with::h7c75ed9a41fbd3a2
[INFO] [stdout]                                at /rustc/a178d0322ce20e33eac124758e837cbd80a6f633/library/std/src/thread/local.rs:400:16
[INFO] [stdout]   22:     0x557e7eed97fd - std::thread::local::LocalKey<T>::with::hd245c0e808c1f800
[INFO] [stdout]                                at /rustc/a178d0322ce20e33eac124758e837cbd80a6f633/library/std/src/thread/local.rs:376:9
[INFO] [stdout]   23:     0x557e7eed3f24 - tokio::coop::with_budget::h1e19ad008024e8f3
[INFO] [stdout]                                at /opt/rustwide/cargo-home/registry/src/github.com-1ecc6299db9ec823/tokio-0.3.2/src/coop.rs:114:5
[INFO] [stdout]   24:     0x557e7eed3f24 - tokio::coop::budget::ha4451587ade75ed6
[INFO] [stdout]                                at /opt/rustwide/cargo-home/registry/src/github.com-1ecc6299db9ec823/tokio-0.3.2/src/coop.rs:98:5
[INFO] [stdout]   25:     0x557e7eed3f24 - tokio::runtime::basic_scheduler::Inner<P>::block_on::{{closure}}::h9f791f9932f064dc
[INFO] [stdout]                                at /opt/rustwide/cargo-home/registry/src/github.com-1ecc6299db9ec823/tokio-0.3.2/src/runtime/basic_scheduler.rs:193:35
[INFO] [stdout]   26:     0x557e7eed6291 - tokio::runtime::basic_scheduler::enter::{{closure}}::h2f975c11a1b9ba4d
[INFO] [stdout]                                at /opt/rustwide/cargo-home/registry/src/github.com-1ecc6299db9ec823/tokio-0.3.2/src/runtime/basic_scheduler.rs:275:29
[INFO] [stdout]   27:     0x557e7eec511d - tokio::macros::scoped_tls::ScopedKey<T>::set::hcf2f3505f220bdf1
[INFO] [stdout]                                at /opt/rustwide/cargo-home/registry/src/github.com-1ecc6299db9ec823/tokio-0.3.2/src/macros/scoped_tls.rs:61:9
[INFO] [stdout]   28:     0x557e7eed5e9c - tokio::runtime::basic_scheduler::enter::h92b750130fa42c95
[INFO] [stdout]                                at /opt/rustwide/cargo-home/registry/src/github.com-1ecc6299db9ec823/tokio-0.3.2/src/runtime/basic_scheduler.rs:275:5
[INFO] [stdout]   29:     0x557e7eed3c4b - tokio::runtime::basic_scheduler::Inner<P>::block_on::h2d6a1e2a7bbe3281
[INFO] [stdout]                                at /opt/rustwide/cargo-home/registry/src/github.com-1ecc6299db9ec823/tokio-0.3.2/src/runtime/basic_scheduler.rs:185:9
[INFO] [stdout]   30:     0x557e7eed4fc4 - tokio::runtime::basic_scheduler::InnerGuard<P>::block_on::h3d556c880818539f
[INFO] [stdout]                                at /opt/rustwide/cargo-home/registry/src/github.com-1ecc6299db9ec823/tokio-0.3.2/src/runtime/basic_scheduler.rs:414:9
[INFO] [stdout]   31:     0x557e7eed56e7 - tokio::runtime::basic_scheduler::BasicScheduler<P>::block_on::hc232b277be92f20b
[INFO] [stdout]                                at /opt/rustwide/cargo-home/registry/src/github.com-1ecc6299db9ec823/tokio-0.3.2/src/runtime/basic_scheduler.rs:145:24
[INFO] [stdout]   32:     0x557e7eec765c - tokio::runtime::Runtime::block_on::h72298eee96b1fea3
[INFO] [stdout]                                at /opt/rustwide/cargo-home/registry/src/github.com-1ecc6299db9ec823/tokio-0.3.2/src/runtime/mod.rs:440:46
[INFO] [stdout]   33:     0x557e7eed2e0b - accounts::tests::repositories::account::should_insert_account::h686e6aa25241cab4
[INFO] [stdout]                                at /opt/rustwide/workdir/src/tests/repositories/account.rs:5:1
[INFO] [stdout]   34:     0x557e7eed2d3a - accounts::tests::repositories::account::should_insert_account::{{closure}}::hb9c3de16461bc8ea
[INFO] [stdout]                                at /opt/rustwide/workdir/src/tests/repositories/account.rs:5:1
[INFO] [stdout]   35:     0x557e7eebea4e - core::ops::function::FnOnce::call_once::h6694e62bda08ef7a
[INFO] [stdout]                                at /rustc/a178d0322ce20e33eac124758e837cbd80a6f633/library/core/src/ops/function.rs:227:5
[INFO] [stdout]   36:     0x557e7ef06373 - core::ops::function::FnOnce::call_once::h152e7e439ff59e19
[INFO] [stdout]                                at /rustc/a178d0322ce20e33eac124758e837cbd80a6f633/library/core/src/ops/function.rs:227:5
[INFO] [stdout]   37:     0x557e7ef06373 - test::__rust_begin_short_backtrace::h0908f3b1fdbb72ab
[INFO] [stdout]                                at /rustc/a178d0322ce20e33eac124758e837cbd80a6f633/library/test/src/lib.rs:577:5
[INFO] [stdout]   38:     0x557e7ef04e30 - <alloc::boxed::Box<F,A> as core::ops::function::FnOnce<Args>>::call_once::hf6d2a51e5587546c
[INFO] [stdout]                                at /rustc/a178d0322ce20e33eac124758e837cbd80a6f633/library/alloc/src/boxed.rs:1575:9
[INFO] [stdout]   39:     0x557e7ef04e30 - <std::panic::AssertUnwindSafe<F> as core::ops::function::FnOnce<()>>::call_once::h8af660f3a89ef593
[INFO] [stdout]                                at /rustc/a178d0322ce20e33eac124758e837cbd80a6f633/library/std/src/panic.rs:347:9
[INFO] [stdout]   40:     0x557e7ef04e30 - std::panicking::try::do_call::hd36aef60f84b6d36
[INFO] [stdout]                                at /rustc/a178d0322ce20e33eac124758e837cbd80a6f633/library/std/src/panicking.rs:401:40
[INFO] [stdout]   41:     0x557e7ef04e30 - std::panicking::try::h9932b4480e69817c
[INFO] [stdout]                                at /rustc/a178d0322ce20e33eac124758e837cbd80a6f633/library/std/src/panicking.rs:365:19
[INFO] [stdout]   42:     0x557e7ef04e30 - std::panic::catch_unwind::h6aa177099cfff5f8
[INFO] [stdout]                                at /rustc/a178d0322ce20e33eac124758e837cbd80a6f633/library/std/src/panic.rs:434:14
[INFO] [stdout]   43:     0x557e7ef04e30 - test::run_test_in_process::h5884d6f2d99e20c3
[INFO] [stdout]                                at /rustc/a178d0322ce20e33eac124758e837cbd80a6f633/library/test/src/lib.rs:600:18
[INFO] [stdout]   44:     0x557e7ef04e30 - test::run_test::run_test_inner::{{closure}}::h6fdc58c6d5f5b6e3
[INFO] [stdout]                                at /rustc/a178d0322ce20e33eac124758e837cbd80a6f633/library/test/src/lib.rs:492:39
[INFO] [stdout]   45:     0x557e7eede4e2 - test::run_test::run_test_inner::{{closure}}::h408365d67a78ade8
[INFO] [stdout]                                at /rustc/a178d0322ce20e33eac124758e837cbd80a6f633/library/test/src/lib.rs:519:37
[INFO] [stdout]   46:     0x557e7eede4e2 - std::sys_common::backtrace::__rust_begin_short_backtrace::hb560b77c4f701523
[INFO] [stdout]                                at /rustc/a178d0322ce20e33eac124758e837cbd80a6f633/library/std/src/sys_common/backtrace.rs:125:18
[INFO] [stdout]   47:     0x557e7eee2098 - std::thread::Builder::spawn_unchecked::{{closure}}::{{closure}}::hf2e7831dad93c597
[INFO] [stdout]                                at /rustc/a178d0322ce20e33eac124758e837cbd80a6f633/library/std/src/thread/mod.rs:481:17
[INFO] [stdout]   48:     0x557e7eee2098 - <std::panic::AssertUnwindSafe<F> as core::ops::function::FnOnce<()>>::call_once::hd2e08783d8be4d02
[INFO] [stdout]                                at /rustc/a178d0322ce20e33eac124758e837cbd80a6f633/library/std/src/panic.rs:347:9
[INFO] [stdout]   49:     0x557e7eee2098 - std::panicking::try::do_call::h062597b7acfd6b82
[INFO] [stdout]                                at /rustc/a178d0322ce20e33eac124758e837cbd80a6f633/library/std/src/panicking.rs:401:40
[INFO] [stdout]   50:     0x557e7eee2098 - std::panicking::try::h0d7b79db04c14552
[INFO] [stdout]                                at /rustc/a178d0322ce20e33eac124758e837cbd80a6f633/library/std/src/panicking.rs:365:19
[INFO] [stdout]   51:     0x557e7eee2098 - std::panic::catch_unwind::hb01a0b5e7c8cd43b
[INFO] [stdout]                                at /rustc/a178d0322ce20e33eac124758e837cbd80a6f633/library/std/src/panic.rs:434:14
[INFO] [stdout]   52:     0x557e7eee2098 - std::thread::Builder::spawn_unchecked::{{closure}}::h5bde48cc887e0d1e
[INFO] [stdout]                                at /rustc/a178d0322ce20e33eac124758e837cbd80a6f633/library/std/src/thread/mod.rs:480:30
[INFO] [stdout]   53:     0x557e7eee2098 - core::ops::function::FnOnce::call_once{{vtable.shim}}::h745ea30807a29e55
[INFO] [stdout]                                at /rustc/a178d0322ce20e33eac124758e837cbd80a6f633/library/core/src/ops/function.rs:227:5
[INFO] [stdout]   54:     0x557e7f7b62b7 - <alloc::boxed::Box<F,A> as core::ops::function::FnOnce<Args>>::call_once::h7ece6cfefaff1005
[INFO] [stdout]                                at /rustc/a178d0322ce20e33eac124758e837cbd80a6f633/library/alloc/src/boxed.rs:1575:9
[INFO] [stdout]   55:     0x557e7f7b62b7 - <alloc::boxed::Box<F,A> as core::ops::function::FnOnce<Args>>::call_once::hb8b48e55c21f193e
[INFO] [stdout]                                at /rustc/a178d0322ce20e33eac124758e837cbd80a6f633/library/alloc/src/boxed.rs:1575:9
[INFO] [stdout]   56:     0x557e7f7b62b7 - std::sys::unix::thread::Thread::new::thread_start::h8c7c4450dba62914
[INFO] [stdout]                                at /rustc/a178d0322ce20e33eac124758e837cbd80a6f633/library/std/src/sys/unix/thread.rs:71:17
[INFO] [stdout]   57:     0x7fada2b61609 - start_thread
[INFO] [stdout]   58:     0x7fada2933293 - clone
[INFO] [stdout]   59:                0x0 - <unknown>
[INFO] [stdout] 
[INFO] [stdout] 
[INFO] [stdout] failures:
[INFO] [stdout]     tests::repositories::account::should_get_all
[INFO] [stdout]     tests::repositories::account::should_insert_account
[INFO] [stdout] 
[INFO] [stdout] test result: FAILED. 0 passed; 2 failed; 0 ignored; 0 measured; 0 filtered out; finished in 30.32s
[INFO] [stdout] 
[INFO] [stderr] error: test failed, to rerun pass '--bin accounts'
[INFO] running `Command { std: "docker" "inspect" "402a9aa3aadd58edfcd88288c4ea7c87ea13053d44ec83ac3379478e948d94db", kill_on_drop: false }`
[INFO] running `Command { std: "docker" "rm" "-f" "402a9aa3aadd58edfcd88288c4ea7c87ea13053d44ec83ac3379478e948d94db", kill_on_drop: false }`
[INFO] [stdout] 402a9aa3aadd58edfcd88288c4ea7c87ea13053d44ec83ac3379478e948d94db
