[INFO] cloning repository https://github.com/panicbit/ross
[INFO] running `Command { std: "git" "-c" "credential.helper=" "-c" "credential.helper=/workspace/cargo-home/bin/git-credential-null" "clone" "--bare" "https://github.com/panicbit/ross" "/workspace/cache/git-repos/https%3A%2F%2Fgithub.com%2Fpanicbit%2Fross", kill_on_drop: false }`
[INFO] [stderr] Cloning into bare repository '/workspace/cache/git-repos/https%3A%2F%2Fgithub.com%2Fpanicbit%2Fross'...
[INFO] running `Command { std: "git" "rev-parse" "HEAD", kill_on_drop: false }`
[INFO] [stdout] 7b21213448e2d2148eddbcb84cfbed90e28e0737
[INFO] testing panicbit/ross against 1.54.0 for beta-1.55-1
[INFO] running `Command { std: "git" "clone" "/workspace/cache/git-repos/https%3A%2F%2Fgithub.com%2Fpanicbit%2Fross" "/workspace/builds/worker-2/source", kill_on_drop: false }`
[INFO] [stderr] Cloning into '/workspace/builds/worker-2/source'...
[INFO] [stderr] done.
[INFO] validating manifest of git repo https://github.com/panicbit/ross on toolchain 1.54.0
[INFO] running `Command { std: "/workspace/cargo-home/bin/cargo" "+1.54.0" "metadata" "--manifest-path" "Cargo.toml" "--no-deps", kill_on_drop: false }`
[INFO] started tweaking git repo https://github.com/panicbit/ross
[INFO] finished tweaking git repo https://github.com/panicbit/ross
[INFO] tweaked toml for git repo https://github.com/panicbit/ross written to /workspace/builds/worker-2/source/Cargo.toml
[INFO] crate git repo https://github.com/panicbit/ross already has a lockfile, it will not be regenerated
[INFO] running `Command { std: "/workspace/cargo-home/bin/cargo" "+1.54.0" "fetch" "--manifest-path" "Cargo.toml", kill_on_drop: false }`
[INFO] [stderr]     Blocking waiting for file lock on package cache
[INFO] running `Command { std: "docker" "create" "-v" "/var/lib/crater-agent-workspace/builds/worker-2/target:/opt/rustwide/target:rw,Z" "-v" "/var/lib/crater-agent-workspace/builds/worker-2/source:/opt/rustwide/workdir:ro,Z" "-v" "/var/lib/crater-agent-workspace/cargo-home:/opt/rustwide/cargo-home:ro,Z" "-v" "/var/lib/crater-agent-workspace/rustup-home:/opt/rustwide/rustup-home:ro,Z" "-e" "SOURCE_DIR=/opt/rustwide/workdir" "-e" "CARGO_TARGET_DIR=/opt/rustwide/target" "-e" "CARGO_HOME=/opt/rustwide/cargo-home" "-e" "RUSTUP_HOME=/opt/rustwide/rustup-home" "-w" "/opt/rustwide/workdir" "-m" "1610612736" "--user" "0:0" "--network" "none" "ghcr.io/rust-lang/crates-build-env/linux@sha256:34b6a614d2c27851fe6cbf88fbd1137609cefab8b10d0615aaeb6fd47975d74e" "/opt/rustwide/cargo-home/bin/cargo" "+1.54.0" "metadata" "--no-deps" "--format-version=1", kill_on_drop: false }`
[INFO] [stdout] 17030a15466aea1834d7801112a9efab3085212e042f4092944201ad608d9fd4
[INFO] [stderr] WARNING: Your kernel does not support swap limit capabilities or the cgroup is not mounted. Memory limited without swap.
[INFO] running `Command { std: "docker" "start" "-a" "17030a15466aea1834d7801112a9efab3085212e042f4092944201ad608d9fd4", kill_on_drop: false }`
[INFO] running `Command { std: "docker" "inspect" "17030a15466aea1834d7801112a9efab3085212e042f4092944201ad608d9fd4", kill_on_drop: false }`
[INFO] running `Command { std: "docker" "rm" "-f" "17030a15466aea1834d7801112a9efab3085212e042f4092944201ad608d9fd4", kill_on_drop: false }`
[INFO] [stdout] 17030a15466aea1834d7801112a9efab3085212e042f4092944201ad608d9fd4
[INFO] running `Command { std: "docker" "create" "-v" "/var/lib/crater-agent-workspace/builds/worker-2/target:/opt/rustwide/target:rw,Z" "-v" "/var/lib/crater-agent-workspace/builds/worker-2/source:/opt/rustwide/workdir:ro,Z" "-v" "/var/lib/crater-agent-workspace/cargo-home:/opt/rustwide/cargo-home:ro,Z" "-v" "/var/lib/crater-agent-workspace/rustup-home:/opt/rustwide/rustup-home:ro,Z" "-e" "SOURCE_DIR=/opt/rustwide/workdir" "-e" "CARGO_TARGET_DIR=/opt/rustwide/target" "-e" "CARGO_INCREMENTAL=0" "-e" "RUST_BACKTRACE=full" "-e" "RUSTFLAGS=--cap-lints=warn" "-e" "CARGO_HOME=/opt/rustwide/cargo-home" "-e" "RUSTUP_HOME=/opt/rustwide/rustup-home" "-w" "/opt/rustwide/workdir" "-m" "1610612736" "--user" "0:0" "--network" "none" "ghcr.io/rust-lang/crates-build-env/linux@sha256:34b6a614d2c27851fe6cbf88fbd1137609cefab8b10d0615aaeb6fd47975d74e" "/opt/rustwide/cargo-home/bin/cargo" "+1.54.0" "build" "--frozen" "--message-format=json", kill_on_drop: false }`
[INFO] [stdout] 014be4b322b585be86d6902215141f7b24b43cf2c4fba7d8aacd634942c8e669
[INFO] [stderr] WARNING: Your kernel does not support swap limit capabilities or the cgroup is not mounted. Memory limited without swap.
[INFO] running `Command { std: "docker" "start" "-a" "014be4b322b585be86d6902215141f7b24b43cf2c4fba7d8aacd634942c8e669", kill_on_drop: false }`
[INFO] [stderr]     Blocking waiting for file lock on package cache
[INFO] [stderr]    Compiling cc v1.0.4
[INFO] [stderr]    Compiling pest v1.0.1
[INFO] [stderr]    Compiling either v1.4.0
[INFO] [stderr]    Compiling synom v0.11.3
[INFO] [stderr]    Compiling syn v0.10.8
[INFO] [stderr]    Compiling syn v0.11.11
[INFO] [stderr]    Compiling itertools v0.7.6
[INFO] [stderr]    Compiling backtrace-sys v0.1.16
[INFO] [stderr]    Compiling synstructure v0.6.1
[INFO] [stderr]    Compiling pest_derive v1.0.1
[INFO] [stderr]    Compiling failure_derive v0.1.1
[INFO] [stderr]    Compiling backtrace v0.3.5
[INFO] [stderr]    Compiling failure v0.1.1
[INFO] [stderr]    Compiling ross v0.1.0 (/opt/rustwide/workdir)
[INFO] [stdout] warning: trait objects without an explicit `dyn` are deprecated
[INFO] [stdout]    --> src/ast.rs:121:49
[INFO] [stdout]     |
[INFO] [stdout] 121 |     pub fn declared_idents<'a>(&'a self) -> Box<Iterator<Item=&'a Ident> + 'a> {
[INFO] [stdout]     |                                                 ^^^^^^^^^^^^^^^^^^^^^^^^^^^^^ help: use `dyn`: `dyn Iterator<Item=&'a Ident> + 'a`
[INFO] [stdout]     |
[INFO] [stdout]     = note: `#[warn(bare_trait_objects)]` on by default
[INFO] [stdout]     = warning: this was previously accepted by the compiler but is being phased out; it will become a hard error in the 2021 edition!
[INFO] [stdout]     = note: for more information, see issue #80165 <https://github.com/rust-lang/rust/issues/80165>
[INFO] [stdout] 
[INFO] [stdout] 
[INFO] [stdout] warning: unreachable expression
[INFO] [stdout]   --> src/parser.rs:32:5
[INFO] [stdout]    |
[INFO] [stdout] 30 |     panic!("{:#?}", module);
[INFO] [stdout]    |     ------------------------ any code following this expression is unreachable
[INFO] [stdout] 31 |     
[INFO] [stdout] 32 |     Ok(module)
[INFO] [stdout]    |     ^^^^^^^^^^ unreachable expression
[INFO] [stdout]    |
[INFO] [stdout]    = note: `#[warn(unreachable_code)]` on by default
[INFO] [stdout] 
[INFO] [stdout] 
[INFO] [stdout] warning: struct is never constructed: `Scope`
[INFO] [stdout]  --> src/trans.rs:2:8
[INFO] [stdout]   |
[INFO] [stdout] 2 | struct Scope {
[INFO] [stdout]   |        ^^^^^
[INFO] [stdout]   |
[INFO] [stdout]   = note: `#[warn(dead_code)]` on by default
[INFO] [stdout] 
[INFO] [stdout] 
[INFO] [stdout] warning: associated function is never used: `new`
[INFO] [stdout]   --> src/trans.rs:13:8
[INFO] [stdout]    |
[INFO] [stdout] 13 |     fn new(available: usize) -> Self {
[INFO] [stdout]    |        ^^^
[INFO] [stdout] 
[INFO] [stdout] 
[INFO] [stdout] warning: associated function is never used: `alloc`
[INFO] [stdout]   --> src/trans.rs:17:8
[INFO] [stdout]    |
[INFO] [stdout] 17 |     fn alloc(&mut self) -> Option<usize> {
[INFO] [stdout]    |        ^^^^^
[INFO] [stdout] 
[INFO] [stdout] 
[INFO] [stdout] warning: function is never used: `module`
[INFO] [stdout]  --> src/validate.rs:4:8
[INFO] [stdout]   |
[INFO] [stdout] 4 | pub fn module(items: &[Item]) -> Result<(), Error> {
[INFO] [stdout]   |        ^^^^^^
[INFO] [stdout] 
[INFO] [stdout] 
[INFO] [stdout] warning: function is never used: `static_blocks_are_unique`
[INFO] [stdout]   --> src/validate.rs:12:15
[INFO] [stdout]    |
[INFO] [stdout] 12 | pub(crate) fn static_blocks_are_unique(items: &[Item]) -> Result<(), Error> {
[INFO] [stdout]    |               ^^^^^^^^^^^^^^^^^^^^^^^^
[INFO] [stdout] 
[INFO] [stdout] 
[INFO] [stdout] warning: function is never used: `item_names_are_unique`
[INFO] [stdout]   --> src/validate.rs:27:15
[INFO] [stdout]    |
[INFO] [stdout] 27 | pub(crate) fn item_names_are_unique(items: &[Item]) -> Result<(), Error> {
[INFO] [stdout]    |               ^^^^^^^^^^^^^^^^^^^^^
[INFO] [stdout] 
[INFO] [stdout] 
[INFO] [stdout] warning: function is never used: `functions_dont_recur`
[INFO] [stdout]   --> src/validate.rs:42:15
[INFO] [stdout]    |
[INFO] [stdout] 42 | pub(crate) fn functions_dont_recur(items: &[Item]) -> Result<(), Error> {
[INFO] [stdout]    |               ^^^^^^^^^^^^^^^^^^^^
[INFO] [stdout] 
[INFO] [stdout] 
[INFO] [stdout] warning: enum is never used: `ConstExpr`
[INFO] [stdout]  --> src/picasso.rs:2:10
[INFO] [stdout]   |
[INFO] [stdout] 2 | pub enum ConstExpr {
[INFO] [stdout]   |          ^^^^^^^^^
[INFO] [stdout] 
[INFO] [stdout] 
[INFO] [stdout] warning: enum is never used: `Register`
[INFO] [stdout]  --> src/picasso.rs:7:10
[INFO] [stdout]   |
[INFO] [stdout] 7 | pub enum Register {
[INFO] [stdout]   |          ^^^^^^^^
[INFO] [stdout] 
[INFO] [stdout] 
[INFO] [stdout] warning: struct is never constructed: `Ref`
[INFO] [stdout]   --> src/picasso.rs:13:8
[INFO] [stdout]    |
[INFO] [stdout] 13 | struct Ref {
[INFO] [stdout]    |        ^^^
[INFO] [stdout] 
[INFO] [stdout] 
[INFO] [stdout] warning: struct is never constructed: `Builder`
[INFO] [stdout]   --> src/picasso.rs:17:8
[INFO] [stdout]    |
[INFO] [stdout] 17 | struct Builder {
[INFO] [stdout]    |        ^^^^^^^
[INFO] [stdout] 
[INFO] [stdout] 
[INFO] [stdout] warning: function is never used: `main`
[INFO] [stdout]   --> src/lib.rs:17:4
[INFO] [stdout]    |
[INFO] [stdout] 17 | fn main() {
[INFO] [stdout]    |    ^^^^
[INFO] [stdout] 
[INFO] [stdout] 
[INFO] [stdout] warning: 14 warnings emitted
[INFO] [stdout] 
[INFO] [stdout] 
[INFO] [stderr]     Finished dev [unoptimized + debuginfo] target(s) in 24.31s
[INFO] running `Command { std: "docker" "inspect" "014be4b322b585be86d6902215141f7b24b43cf2c4fba7d8aacd634942c8e669", kill_on_drop: false }`
[INFO] running `Command { std: "docker" "rm" "-f" "014be4b322b585be86d6902215141f7b24b43cf2c4fba7d8aacd634942c8e669", kill_on_drop: false }`
[INFO] [stdout] 014be4b322b585be86d6902215141f7b24b43cf2c4fba7d8aacd634942c8e669
[INFO] running `Command { std: "docker" "create" "-v" "/var/lib/crater-agent-workspace/builds/worker-2/target:/opt/rustwide/target:rw,Z" "-v" "/var/lib/crater-agent-workspace/builds/worker-2/source:/opt/rustwide/workdir:ro,Z" "-v" "/var/lib/crater-agent-workspace/cargo-home:/opt/rustwide/cargo-home:ro,Z" "-v" "/var/lib/crater-agent-workspace/rustup-home:/opt/rustwide/rustup-home:ro,Z" "-e" "SOURCE_DIR=/opt/rustwide/workdir" "-e" "CARGO_TARGET_DIR=/opt/rustwide/target" "-e" "CARGO_INCREMENTAL=0" "-e" "RUST_BACKTRACE=full" "-e" "RUSTFLAGS=--cap-lints=warn" "-e" "CARGO_HOME=/opt/rustwide/cargo-home" "-e" "RUSTUP_HOME=/opt/rustwide/rustup-home" "-w" "/opt/rustwide/workdir" "-m" "1610612736" "--user" "0:0" "--network" "none" "ghcr.io/rust-lang/crates-build-env/linux@sha256:34b6a614d2c27851fe6cbf88fbd1137609cefab8b10d0615aaeb6fd47975d74e" "/opt/rustwide/cargo-home/bin/cargo" "+1.54.0" "test" "--frozen" "--no-run" "--message-format=json", kill_on_drop: false }`
[INFO] [stdout] 86f51e92aadd7815154b5b3d65c016d8edf75dd4c2767e592a2147eeffcbe30c
[INFO] [stderr] WARNING: Your kernel does not support swap limit capabilities or the cgroup is not mounted. Memory limited without swap.
[INFO] running `Command { std: "docker" "start" "-a" "86f51e92aadd7815154b5b3d65c016d8edf75dd4c2767e592a2147eeffcbe30c", kill_on_drop: false }`
[INFO] [stderr]    Compiling ross v0.1.0 (/opt/rustwide/workdir)
[INFO] [stdout] warning: trait objects without an explicit `dyn` are deprecated
[INFO] [stdout]    --> src/ast.rs:121:49
[INFO] [stdout]     |
[INFO] [stdout] 121 |     pub fn declared_idents<'a>(&'a self) -> Box<Iterator<Item=&'a Ident> + 'a> {
[INFO] [stdout]     |                                                 ^^^^^^^^^^^^^^^^^^^^^^^^^^^^^ help: use `dyn`: `dyn Iterator<Item=&'a Ident> + 'a`
[INFO] [stdout]     |
[INFO] [stdout]     = note: `#[warn(bare_trait_objects)]` on by default
[INFO] [stdout]     = warning: this was previously accepted by the compiler but is being phased out; it will become a hard error in the 2021 edition!
[INFO] [stdout]     = note: for more information, see issue #80165 <https://github.com/rust-lang/rust/issues/80165>
[INFO] [stdout] 
[INFO] [stdout] 
[INFO] [stdout] warning: unreachable expression
[INFO] [stdout]   --> src/parser.rs:32:5
[INFO] [stdout]    |
[INFO] [stdout] 30 |     panic!("{:#?}", module);
[INFO] [stdout]    |     ------------------------ any code following this expression is unreachable
[INFO] [stdout] 31 |     
[INFO] [stdout] 32 |     Ok(module)
[INFO] [stdout]    |     ^^^^^^^^^^ unreachable expression
[INFO] [stdout]    |
[INFO] [stdout]    = note: `#[warn(unreachable_code)]` on by default
[INFO] [stdout] 
[INFO] [stdout] 
[INFO] [stdout] warning: struct is never constructed: `Scope`
[INFO] [stdout]  --> src/trans.rs:2:8
[INFO] [stdout]   |
[INFO] [stdout] 2 | struct Scope {
[INFO] [stdout]   |        ^^^^^
[INFO] [stdout]   |
[INFO] [stdout]   = note: `#[warn(dead_code)]` on by default
[INFO] [stdout] 
[INFO] [stdout] 
[INFO] [stdout] warning: associated function is never used: `new`
[INFO] [stdout]   --> src/trans.rs:13:8
[INFO] [stdout]    |
[INFO] [stdout] 13 |     fn new(available: usize) -> Self {
[INFO] [stdout]    |        ^^^
[INFO] [stdout] 
[INFO] [stdout] 
[INFO] [stdout] warning: associated function is never used: `alloc`
[INFO] [stdout]   --> src/trans.rs:17:8
[INFO] [stdout]    |
[INFO] [stdout] 17 |     fn alloc(&mut self) -> Option<usize> {
[INFO] [stdout]    |        ^^^^^
[INFO] [stdout] 
[INFO] [stdout] 
[INFO] [stdout] warning: function is never used: `module`
[INFO] [stdout]  --> src/validate.rs:4:8
[INFO] [stdout]   |
[INFO] [stdout] 4 | pub fn module(items: &[Item]) -> Result<(), Error> {
[INFO] [stdout]   |        ^^^^^^
[INFO] [stdout] 
[INFO] [stdout] 
[INFO] [stdout] warning: function is never used: `static_blocks_are_unique`
[INFO] [stdout]   --> src/validate.rs:12:15
[INFO] [stdout]    |
[INFO] [stdout] 12 | pub(crate) fn static_blocks_are_unique(items: &[Item]) -> Result<(), Error> {
[INFO] [stdout]    |               ^^^^^^^^^^^^^^^^^^^^^^^^
[INFO] [stdout] 
[INFO] [stdout] 
[INFO] [stdout] warning: function is never used: `item_names_are_unique`
[INFO] [stdout]   --> src/validate.rs:27:15
[INFO] [stdout]    |
[INFO] [stdout] 27 | pub(crate) fn item_names_are_unique(items: &[Item]) -> Result<(), Error> {
[INFO] [stdout]    |               ^^^^^^^^^^^^^^^^^^^^^
[INFO] [stdout] 
[INFO] [stdout] 
[INFO] [stdout] warning: function is never used: `functions_dont_recur`
[INFO] [stdout]   --> src/validate.rs:42:15
[INFO] [stdout]    |
[INFO] [stdout] 42 | pub(crate) fn functions_dont_recur(items: &[Item]) -> Result<(), Error> {
[INFO] [stdout]    |               ^^^^^^^^^^^^^^^^^^^^
[INFO] [stdout] 
[INFO] [stdout] 
[INFO] [stdout] warning: enum is never used: `ConstExpr`
[INFO] [stdout]  --> src/picasso.rs:2:10
[INFO] [stdout]   |
[INFO] [stdout] 2 | pub enum ConstExpr {
[INFO] [stdout]   |          ^^^^^^^^^
[INFO] [stdout] 
[INFO] [stdout] 
[INFO] [stdout] warning: enum is never used: `Register`
[INFO] [stdout]  --> src/picasso.rs:7:10
[INFO] [stdout]   |
[INFO] [stdout] 7 | pub enum Register {
[INFO] [stdout]   |          ^^^^^^^^
[INFO] [stdout] 
[INFO] [stdout] 
[INFO] [stdout] warning: struct is never constructed: `Ref`
[INFO] [stdout]   --> src/picasso.rs:13:8
[INFO] [stdout]    |
[INFO] [stdout] 13 | struct Ref {
[INFO] [stdout]    |        ^^^
[INFO] [stdout] 
[INFO] [stdout] 
[INFO] [stdout] warning: struct is never constructed: `Builder`
[INFO] [stdout]   --> src/picasso.rs:17:8
[INFO] [stdout]    |
[INFO] [stdout] 17 | struct Builder {
[INFO] [stdout]    |        ^^^^^^^
[INFO] [stdout] 
[INFO] [stdout] 
[INFO] [stdout] warning: function is never used: `main`
[INFO] [stdout]   --> src/lib.rs:17:4
[INFO] [stdout]    |
[INFO] [stdout] 17 | fn main() {
[INFO] [stdout]    |    ^^^^
[INFO] [stdout] 
[INFO] [stdout] 
[INFO] [stdout] warning: 14 warnings emitted
[INFO] [stdout] 
[INFO] [stdout] 
[INFO] [stdout] warning: trait objects without an explicit `dyn` are deprecated
[INFO] [stdout]    --> src/ast.rs:121:49
[INFO] [stdout]     |
[INFO] [stdout] 121 |     pub fn declared_idents<'a>(&'a self) -> Box<Iterator<Item=&'a Ident> + 'a> {
[INFO] [stdout]     |                                                 ^^^^^^^^^^^^^^^^^^^^^^^^^^^^^ help: use `dyn`: `dyn Iterator<Item=&'a Ident> + 'a`
[INFO] [stdout]     |
[INFO] [stdout]     = note: `#[warn(bare_trait_objects)]` on by default
[INFO] [stdout]     = warning: this was previously accepted by the compiler but is being phased out; it will become a hard error in the 2021 edition!
[INFO] [stdout]     = note: for more information, see issue #80165 <https://github.com/rust-lang/rust/issues/80165>
[INFO] [stdout] 
[INFO] [stdout] 
[INFO] [stdout] warning: unused import: `ast::*`
[INFO] [stdout]  --> src/tests.rs:1:5
[INFO] [stdout]   |
[INFO] [stdout] 1 | use ast::*;
[INFO] [stdout]   |     ^^^^^^
[INFO] [stdout]   |
[INFO] [stdout]   = note: `#[warn(unused_imports)]` on by default
[INFO] [stdout] 
[INFO] [stdout] 
[INFO] [stdout] warning: unreachable expression
[INFO] [stdout]   --> src/parser.rs:32:5
[INFO] [stdout]    |
[INFO] [stdout] 30 |     panic!("{:#?}", module);
[INFO] [stdout]    |     ------------------------ any code following this expression is unreachable
[INFO] [stdout] 31 |     
[INFO] [stdout] 32 |     Ok(module)
[INFO] [stdout]    |     ^^^^^^^^^^ unreachable expression
[INFO] [stdout]    |
[INFO] [stdout]    = note: `#[warn(unreachable_code)]` on by default
[INFO] [stdout] 
[INFO] [stdout] 
[INFO] [stdout] warning: struct is never constructed: `Scope`
[INFO] [stdout]  --> src/trans.rs:2:8
[INFO] [stdout]   |
[INFO] [stdout] 2 | struct Scope {
[INFO] [stdout]   |        ^^^^^
[INFO] [stdout]   |
[INFO] [stdout]   = note: `#[warn(dead_code)]` on by default
[INFO] [stdout] 
[INFO] [stdout] 
[INFO] [stdout] warning: associated function is never used: `new`
[INFO] [stdout]   --> src/trans.rs:13:8
[INFO] [stdout]    |
[INFO] [stdout] 13 |     fn new(available: usize) -> Self {
[INFO] [stdout]    |        ^^^
[INFO] [stdout] 
[INFO] [stdout] 
[INFO] [stdout] warning: associated function is never used: `alloc`
[INFO] [stdout]   --> src/trans.rs:17:8
[INFO] [stdout]    |
[INFO] [stdout] 17 |     fn alloc(&mut self) -> Option<usize> {
[INFO] [stdout]    |        ^^^^^
[INFO] [stdout] 
[INFO] [stdout] 
[INFO] [stdout] warning: function is never used: `module`
[INFO] [stdout]  --> src/validate.rs:4:8
[INFO] [stdout]   |
[INFO] [stdout] 4 | pub fn module(items: &[Item]) -> Result<(), Error> {
[INFO] [stdout]   |        ^^^^^^
[INFO] [stdout] 
[INFO] [stdout] 
[INFO] [stdout] warning: function is never used: `static_blocks_are_unique`
[INFO] [stdout]   --> src/validate.rs:12:15
[INFO] [stdout]    |
[INFO] [stdout] 12 | pub(crate) fn static_blocks_are_unique(items: &[Item]) -> Result<(), Error> {
[INFO] [stdout]    |               ^^^^^^^^^^^^^^^^^^^^^^^^
[INFO] [stdout] 
[INFO] [stdout] 
[INFO] [stdout] warning: function is never used: `item_names_are_unique`
[INFO] [stdout]   --> src/validate.rs:27:15
[INFO] [stdout]    |
[INFO] [stdout] 27 | pub(crate) fn item_names_are_unique(items: &[Item]) -> Result<(), Error> {
[INFO] [stdout]    |               ^^^^^^^^^^^^^^^^^^^^^
[INFO] [stdout] 
[INFO] [stdout] 
[INFO] [stdout] warning: function is never used: `functions_dont_recur`
[INFO] [stdout]   --> src/validate.rs:42:15
[INFO] [stdout]    |
[INFO] [stdout] 42 | pub(crate) fn functions_dont_recur(items: &[Item]) -> Result<(), Error> {
[INFO] [stdout]    |               ^^^^^^^^^^^^^^^^^^^^
[INFO] [stdout] 
[INFO] [stdout] 
[INFO] [stdout] warning: enum is never used: `ConstExpr`
[INFO] [stdout]  --> src/picasso.rs:2:10
[INFO] [stdout]   |
[INFO] [stdout] 2 | pub enum ConstExpr {
[INFO] [stdout]   |          ^^^^^^^^^
[INFO] [stdout] 
[INFO] [stdout] 
[INFO] [stdout] warning: enum is never used: `Register`
[INFO] [stdout]  --> src/picasso.rs:7:10
[INFO] [stdout]   |
[INFO] [stdout] 7 | pub enum Register {
[INFO] [stdout]   |          ^^^^^^^^
[INFO] [stdout] 
[INFO] [stdout] 
[INFO] [stdout] warning: struct is never constructed: `Ref`
[INFO] [stdout]   --> src/picasso.rs:13:8
[INFO] [stdout]    |
[INFO] [stdout] 13 | struct Ref {
[INFO] [stdout]    |        ^^^
[INFO] [stdout] 
[INFO] [stdout] 
[INFO] [stdout] warning: struct is never constructed: `Builder`
[INFO] [stdout]   --> src/picasso.rs:17:8
[INFO] [stdout]    |
[INFO] [stdout] 17 | struct Builder {
[INFO] [stdout]    |        ^^^^^^^
[INFO] [stdout] 
[INFO] [stdout] 
[INFO] [stdout] warning: panic message is not a string literal
[INFO] [stdout]   --> src/tests.rs:6:5
[INFO] [stdout]    |
[INFO] [stdout] 6  | /     parses_to! {
[INFO] [stdout] 7  | |         parser: RossParser,
[INFO] [stdout] 8  | |         input: "_ab12de",
[INFO] [stdout] 9  | |         rule: Rule::ident,
[INFO] [stdout] ...  |
[INFO] [stdout] 12 | |         ]
[INFO] [stdout] 13 | |     };
[INFO] [stdout]    | |______^
[INFO] [stdout]    |
[INFO] [stdout]    = note: `#[warn(non_fmt_panic)]` on by default
[INFO] [stdout]    = note: this is no longer accepted in Rust 2021
[INFO] [stdout]    = note: the assert!() macro supports formatting, so there's no need for the format!() macro here
[INFO] [stdout]    = note: this warning originates in the macro `parses_to` (in Nightly builds, run with -Z macro-backtrace for more info)
[INFO] [stdout] 
[INFO] [stdout] 
[INFO] [stderr]     Finished test [unoptimized + debuginfo] target(s) in 2.68s
[INFO] [stdout] warning: 15 warnings emitted
[INFO] [stdout] 
[INFO] [stdout] 
[INFO] running `Command { std: "docker" "inspect" "86f51e92aadd7815154b5b3d65c016d8edf75dd4c2767e592a2147eeffcbe30c", kill_on_drop: false }`
[INFO] running `Command { std: "docker" "rm" "-f" "86f51e92aadd7815154b5b3d65c016d8edf75dd4c2767e592a2147eeffcbe30c", kill_on_drop: false }`
[INFO] [stdout] 86f51e92aadd7815154b5b3d65c016d8edf75dd4c2767e592a2147eeffcbe30c
[INFO] running `Command { std: "docker" "create" "-v" "/var/lib/crater-agent-workspace/builds/worker-2/target:/opt/rustwide/target:rw,Z" "-v" "/var/lib/crater-agent-workspace/builds/worker-2/source:/opt/rustwide/workdir:ro,Z" "-v" "/var/lib/crater-agent-workspace/cargo-home:/opt/rustwide/cargo-home:ro,Z" "-v" "/var/lib/crater-agent-workspace/rustup-home:/opt/rustwide/rustup-home:ro,Z" "-e" "SOURCE_DIR=/opt/rustwide/workdir" "-e" "CARGO_TARGET_DIR=/opt/rustwide/target" "-e" "CARGO_INCREMENTAL=0" "-e" "RUST_BACKTRACE=full" "-e" "RUSTFLAGS=--cap-lints=warn" "-e" "CARGO_HOME=/opt/rustwide/cargo-home" "-e" "RUSTUP_HOME=/opt/rustwide/rustup-home" "-w" "/opt/rustwide/workdir" "-m" "1610612736" "--user" "0:0" "--network" "none" "ghcr.io/rust-lang/crates-build-env/linux@sha256:34b6a614d2c27851fe6cbf88fbd1137609cefab8b10d0615aaeb6fd47975d74e" "/opt/rustwide/cargo-home/bin/cargo" "+1.54.0" "test" "--frozen", kill_on_drop: false }`
[INFO] [stdout] cdb310fd2a73df452df67696d3cd25eeab117ef9c7259d9117b827125a8d3b43
[INFO] [stderr] WARNING: Your kernel does not support swap limit capabilities or the cgroup is not mounted. Memory limited without swap.
[INFO] running `Command { std: "docker" "start" "-a" "cdb310fd2a73df452df67696d3cd25eeab117ef9c7259d9117b827125a8d3b43", kill_on_drop: false }`
[INFO] [stderr] warning: trait objects without an explicit `dyn` are deprecated
[INFO] [stderr]    --> src/ast.rs:121:49
[INFO] [stderr]     |
[INFO] [stderr] 121 |     pub fn declared_idents<'a>(&'a self) -> Box<Iterator<Item=&'a Ident> + 'a> {
[INFO] [stderr]     |                                                 ^^^^^^^^^^^^^^^^^^^^^^^^^^^^^ help: use `dyn`: `dyn Iterator<Item=&'a Ident> + 'a`
[INFO] [stderr]     |
[INFO] [stderr]     = note: `#[warn(bare_trait_objects)]` on by default
[INFO] [stderr]     = warning: this was previously accepted by the compiler but is being phased out; it will become a hard error in the 2021 edition!
[INFO] [stderr]     = note: for more information, see issue #80165 <https://github.com/rust-lang/rust/issues/80165>
[INFO] [stderr] 
[INFO] [stderr] warning: unreachable expression
[INFO] [stderr]   --> src/parser.rs:32:5
[INFO] [stderr]    |
[INFO] [stderr] 30 |     panic!("{:#?}", module);
[INFO] [stderr]    |     ------------------------ any code following this expression is unreachable
[INFO] [stderr] 31 |     
[INFO] [stderr] 32 |     Ok(module)
[INFO] [stderr]    |     ^^^^^^^^^^ unreachable expression
[INFO] [stderr]    |
[INFO] [stderr]    = note: `#[warn(unreachable_code)]` on by default
[INFO] [stderr] 
[INFO] [stderr] warning: struct is never constructed: `Scope`
[INFO] [stderr]  --> src/trans.rs:2:8
[INFO] [stderr]   |
[INFO] [stderr] 2 | struct Scope {
[INFO] [stderr]   |        ^^^^^
[INFO] [stderr]   |
[INFO] [stderr]   = note: `#[warn(dead_code)]` on by default
[INFO] [stderr] 
[INFO] [stderr] warning: associated function is never used: `new`
[INFO] [stderr]   --> src/trans.rs:13:8
[INFO] [stderr]    |
[INFO] [stderr] 13 |     fn new(available: usize) -> Self {
[INFO] [stderr]    |        ^^^
[INFO] [stderr] 
[INFO] [stderr] warning: associated function is never used: `alloc`
[INFO] [stderr]   --> src/trans.rs:17:8
[INFO] [stderr]    |
[INFO] [stderr] 17 |     fn alloc(&mut self) -> Option<usize> {
[INFO] [stderr]    |        ^^^^^
[INFO] [stderr] 
[INFO] [stderr] warning: function is never used: `module`
[INFO] [stderr]  --> src/validate.rs:4:8
[INFO] [stderr]   |
[INFO] [stderr] 4 | pub fn module(items: &[Item]) -> Result<(), Error> {
[INFO] [stderr]   |        ^^^^^^
[INFO] [stderr] 
[INFO] [stderr] warning: function is never used: `static_blocks_are_unique`
[INFO] [stderr]   --> src/validate.rs:12:15
[INFO] [stderr]    |
[INFO] [stderr] 12 | pub(crate) fn static_blocks_are_unique(items: &[Item]) -> Result<(), Error> {
[INFO] [stderr]    |               ^^^^^^^^^^^^^^^^^^^^^^^^
[INFO] [stderr] 
[INFO] [stderr] warning: function is never used: `item_names_are_unique`
[INFO] [stderr]   --> src/validate.rs:27:15
[INFO] [stderr]    |
[INFO] [stderr] 27 | pub(crate) fn item_names_are_unique(items: &[Item]) -> Result<(), Error> {
[INFO] [stderr]    |               ^^^^^^^^^^^^^^^^^^^^^
[INFO] [stderr] 
[INFO] [stderr] warning: function is never used: `functions_dont_recur`
[INFO] [stderr]   --> src/validate.rs:42:15
[INFO] [stderr]    |
[INFO] [stderr] 42 | pub(crate) fn functions_dont_recur(items: &[Item]) -> Result<(), Error> {
[INFO] [stderr]    |               ^^^^^^^^^^^^^^^^^^^^
[INFO] [stderr] 
[INFO] [stderr] warning: enum is never used: `ConstExpr`
[INFO] [stderr]  --> src/picasso.rs:2:10
[INFO] [stderr]   |
[INFO] [stderr] 2 | pub enum ConstExpr {
[INFO] [stderr]   |          ^^^^^^^^^
[INFO] [stderr] 
[INFO] [stderr] warning: enum is never used: `Register`
[INFO] [stderr]  --> src/picasso.rs:7:10
[INFO] [stderr]   |
[INFO] [stderr] 7 | pub enum Register {
[INFO] [stderr]   |          ^^^^^^^^
[INFO] [stderr] 
[INFO] [stderr] warning: struct is never constructed: `Ref`
[INFO] [stderr]   --> src/picasso.rs:13:8
[INFO] [stderr]    |
[INFO] [stderr] 13 | struct Ref {
[INFO] [stderr]    |        ^^^
[INFO] [stderr] 
[INFO] [stderr] warning: struct is never constructed: `Builder`
[INFO] [stderr]   --> src/picasso.rs:17:8
[INFO] [stderr]    |
[INFO] [stderr] 17 | struct Builder {
[INFO] [stderr]    |        ^^^^^^^
[INFO] [stderr] 
[INFO] [stderr] warning: function is never used: `main`
[INFO] [stderr]   --> src/lib.rs:17:4
[INFO] [stderr]    |
[INFO] [stderr] 17 | fn main() {
[INFO] [stderr]    |    ^^^^
[INFO] [stderr] 
[INFO] [stderr] warning: 14 warnings emitted
[INFO] [stderr] 
[INFO] [stderr] warning: trait objects without an explicit `dyn` are deprecated
[INFO] [stderr]    --> src/ast.rs:121:49
[INFO] [stderr]     |
[INFO] [stderr] 121 |     pub fn declared_idents<'a>(&'a self) -> Box<Iterator<Item=&'a Ident> + 'a> {
[INFO] [stderr]     |                                                 ^^^^^^^^^^^^^^^^^^^^^^^^^^^^^ help: use `dyn`: `dyn Iterator<Item=&'a Ident> + 'a`
[INFO] [stderr]     |
[INFO] [stderr]     = note: `#[warn(bare_trait_objects)]` on by default
[INFO] [stderr]     = warning: this was previously accepted by the compiler but is being phased out; it will become a hard error in the 2021 edition!
[INFO] [stderr]     = note: for more information, see issue #80165 <https://github.com/rust-lang/rust/issues/80165>
[INFO] [stderr] 
[INFO] [stderr] warning: unused import: `ast::*`
[INFO] [stderr]  --> src/tests.rs:1:5
[INFO] [stderr]   |
[INFO] [stderr] 1 | use ast::*;
[INFO] [stderr]   |     ^^^^^^
[INFO] [stderr]   |
[INFO] [stderr]   = note: `#[warn(unused_imports)]` on by default
[INFO] [stderr] 
[INFO] [stderr] warning: unreachable expression
[INFO] [stderr]   --> src/parser.rs:32:5
[INFO] [stderr]    |
[INFO] [stderr] 30 |     panic!("{:#?}", module);
[INFO] [stderr]    |     ------------------------ any code following this expression is unreachable
[INFO] [stderr] 31 |     
[INFO] [stderr] 32 |     Ok(module)
[INFO] [stderr]    |     ^^^^^^^^^^ unreachable expression
[INFO] [stderr]    |
[INFO] [stderr]    = note: `#[warn(unreachable_code)]` on by default
[INFO] [stderr] 
[INFO] [stderr] warning: struct is never constructed: `Scope`
[INFO] [stderr]  --> src/trans.rs:2:8
[INFO] [stderr]   |
[INFO] [stderr] 2 | struct Scope {
[INFO] [stderr]   |        ^^^^^
[INFO] [stderr]   |
[INFO] [stderr]   = note: `#[warn(dead_code)]` on by default
[INFO] [stderr] 
[INFO] [stderr] warning: associated function is never used: `new`
[INFO] [stderr]   --> src/trans.rs:13:8
[INFO] [stderr]    |
[INFO] [stderr] 13 |     fn new(available: usize) -> Self {
[INFO] [stderr]    |        ^^^
[INFO] [stderr] 
[INFO] [stderr] warning: associated function is never used: `alloc`
[INFO] [stderr]   --> src/trans.rs:17:8
[INFO] [stderr]    |
[INFO] [stderr] 17 |     fn alloc(&mut self) -> Option<usize> {
[INFO] [stderr]    |        ^^^^^
[INFO] [stderr] 
[INFO] [stderr] warning: function is never used: `module`
[INFO] [stderr]  --> src/validate.rs:4:8
[INFO] [stderr]   |
[INFO] [stderr] 4 | pub fn module(items: &[Item]) -> Result<(), Error> {
[INFO] [stderr]   |        ^^^^^^
[INFO] [stderr] 
[INFO] [stderr] warning: function is never used: `static_blocks_are_unique`
[INFO] [stderr]   --> src/validate.rs:12:15
[INFO] [stderr]    |
[INFO] [stderr] 12 | pub(crate) fn static_blocks_are_unique(items: &[Item]) -> Result<(), Error> {
[INFO] [stderr]    |               ^^^^^^^^^^^^^^^^^^^^^^^^
[INFO] [stderr] 
[INFO] [stderr] warning: function is never used: `item_names_are_unique`
[INFO] [stderr]   --> src/validate.rs:27:15
[INFO] [stderr]    |
[INFO] [stderr] 27 | pub(crate) fn item_names_are_unique(items: &[Item]) -> Result<(), Error> {
[INFO] [stderr]    |               ^^^^^^^^^^^^^^^^^^^^^
[INFO] [stderr] 
[INFO] [stderr] warning: function is never used: `functions_dont_recur`
[INFO] [stderr]   --> src/validate.rs:42:15
[INFO] [stderr]    |
[INFO] [stderr] 42 | pub(crate) fn functions_dont_recur(items: &[Item]) -> Result<(), Error> {
[INFO] [stderr]    |               ^^^^^^^^^^^^^^^^^^^^
[INFO] [stderr] 
[INFO] [stderr] warning: enum is never used: `ConstExpr`
[INFO] [stderr]  --> src/picasso.rs:2:10
[INFO] [stderr]   |
[INFO] [stderr] 2 | pub enum ConstExpr {
[INFO] [stderr]   |          ^^^^^^^^^
[INFO] [stderr] 
[INFO] [stderr] warning: enum is never used: `Register`
[INFO] [stderr]  --> src/picasso.rs:7:10
[INFO] [stderr]   |
[INFO] [stderr] 7 | pub enum Register {
[INFO] [stderr]   |          ^^^^^^^^
[INFO] [stderr] 
[INFO] [stderr] warning: struct is never constructed: `Ref`
[INFO] [stderr]   --> src/picasso.rs:13:8
[INFO] [stderr]    |
[INFO] [stderr] 13 | struct Ref {
[INFO] [stderr]    |        ^^^
[INFO] [stderr] 
[INFO] [stderr] warning: struct is never constructed: `Builder`
[INFO] [stderr]   --> src/picasso.rs:17:8
[INFO] [stderr]    |
[INFO] [stderr] 17 | struct Builder {
[INFO] [stderr]    |        ^^^^^^^
[INFO] [stderr] 
[INFO] [stderr] warning: panic message is not a string literal
[INFO] [stderr]   --> src/tests.rs:6:5
[INFO] [stderr]    |
[INFO] [stderr] 6  | /     parses_to! {
[INFO] [stderr] 7  | |         parser: RossParser,
[INFO] [stderr] 8  | |         input: "_ab12de",
[INFO] [stderr] 9  | |         rule: Rule::ident,
[INFO] [stderr] ...  |
[INFO] [stderr] 12 | |         ]
[INFO] [stderr] 13 | |     };
[INFO] [stderr]    | |______^
[INFO] [stderr]    |
[INFO] [stderr]    = note: `#[warn(non_fmt_panic)]` on by default
[INFO] [stderr]    = note: this is no longer accepted in Rust 2021
[INFO] [stderr]    = note: the assert!() macro supports formatting, so there's no need for the format!() macro here
[INFO] [stderr]    = note: this warning originates in the macro `parses_to` (in Nightly builds, run with -Z macro-backtrace for more info)
[INFO] [stderr] 
[INFO] [stderr] warning: 15 warnings emitted
[INFO] [stderr] 
[INFO] [stderr]     Finished test [unoptimized + debuginfo] target(s) in 0.03s
[INFO] [stdout] 
[INFO] [stderr]      Running unittests (/opt/rustwide/target/debug/deps/ross-521f0eeeb318b5e1)
[INFO] [stdout] running 1 test
[INFO] [stdout] test tests::ident ... ok
[INFO] [stdout] 
[INFO] [stdout] test result: ok. 1 passed; 0 failed; 0 ignored; 0 measured; 0 filtered out; finished in 0.01s
[INFO] [stdout] 
[INFO] [stderr]      Running tests/simple_tri.rs (/opt/rustwide/target/debug/deps/simple_tri-00c36900f6d31502)
[INFO] [stdout] 
[INFO] [stdout] running 1 test
[INFO] [stderr] error: test failed, to rerun pass '--test simple_tri'
[INFO] [stdout] test simple_tri ... FAILED
[INFO] [stdout] 
[INFO] [stdout] failures:
[INFO] [stdout] 
[INFO] [stdout] ---- simple_tri stdout ----
[INFO] [stdout] thread 'simple_tri' panicked at 'Module {
[INFO] [stdout]     uniforms: [
[INFO] [stdout]         Uniform {
[INFO] [stdout]             ident: "projection",
[INFO] [stdout]             len: 4,
[INFO] [stdout]         },
[INFO] [stdout]         Uniform {
[INFO] [stdout]             ident: "foo",
[INFO] [stdout]             len: 1,
[INFO] [stdout]         },
[INFO] [stdout]     ],
[INFO] [stdout]     inputs: [
[INFO] [stdout]         Input {
[INFO] [stdout]             ident: "inpos",
[INFO] [stdout]         },
[INFO] [stdout]         Input {
[INFO] [stdout]             ident: "inclr",
[INFO] [stdout]         },
[INFO] [stdout]     ],
[INFO] [stdout]     outputs: [
[INFO] [stdout]         Output {
[INFO] [stdout]             ident: "outpos",
[INFO] [stdout]             typ: "position",
[INFO] [stdout]         },
[INFO] [stdout]         Output {
[INFO] [stdout]             ident: "outclr",
[INFO] [stdout]             typ: "color",
[INFO] [stdout]         },
[INFO] [stdout]     ],
[INFO] [stdout]     functions: [
[INFO] [stdout]         Fn {
[INFO] [stdout]             ident: "main",
[INFO] [stdout]             args: [],
[INFO] [stdout]             body: [
[INFO] [stdout]                 Let {
[INFO] [stdout]                     ident: "inpos",
[INFO] [stdout]                     typ: None,
[INFO] [stdout]                     expr: Array(
[INFO] [stdout]                         [
[INFO] [stdout]                             Var(
[INFO] [stdout]                                 Var {
[INFO] [stdout]                                     ident: "inpos",
[INFO] [stdout]                                     mask: Some(
[INFO] [stdout]                                         [
[INFO] [stdout]                                             R,
[INFO] [stdout]                                         ],
[INFO] [stdout]                                     ),
[INFO] [stdout]                                 },
[INFO] [stdout]                             ),
[INFO] [stdout]                             Var(
[INFO] [stdout]                                 Var {
[INFO] [stdout]                                     ident: "inpos",
[INFO] [stdout]                                     mask: Some(
[INFO] [stdout]                                         [
[INFO] [stdout]                                             G,
[INFO] [stdout]                                         ],
[INFO] [stdout]                                     ),
[INFO] [stdout]                                 },
[INFO] [stdout]                             ),
[INFO] [stdout]                             Var(
[INFO] [stdout]                                 Var {
[INFO] [stdout]                                     ident: "inpos",
[INFO] [stdout]                                     mask: Some(
[INFO] [stdout]                                         [
[INFO] [stdout]                                             B,
[INFO] [stdout]                                         ],
[INFO] [stdout]                                     ),
[INFO] [stdout]                                 },
[INFO] [stdout]                             ),
[INFO] [stdout]                             Float(
[INFO] [stdout]                                 1.0,
[INFO] [stdout]                             ),
[INFO] [stdout]                         ],
[INFO] [stdout]                     ),
[INFO] [stdout]                 },
[INFO] [stdout]             ],
[INFO] [stdout]         },
[INFO] [stdout]     ],
[INFO] [stdout] }', src/parser.rs:30:5
[INFO] [stdout] stack backtrace:
[INFO] [stdout]    0:     0x5636bbfc3a10 - std::backtrace_rs::backtrace::libunwind::trace::h34055254b57d8e79
[INFO] [stdout]                                at /rustc/a178d0322ce20e33eac124758e837cbd80a6f633/library/std/src/../../backtrace/src/backtrace/libunwind.rs:90:5
[INFO] [stdout]    1:     0x5636bbfc3a10 - std::backtrace_rs::backtrace::trace_unsynchronized::h8f1e3fbd9afff6ec
[INFO] [stdout]                                at /rustc/a178d0322ce20e33eac124758e837cbd80a6f633/library/std/src/../../backtrace/src/backtrace/mod.rs:66:5
[INFO] [stdout]    2:     0x5636bbfc3a10 - std::sys_common::backtrace::_print_fmt::h3a99a796b770c360
[INFO] [stdout]                                at /rustc/a178d0322ce20e33eac124758e837cbd80a6f633/library/std/src/sys_common/backtrace.rs:67:5
[INFO] [stdout]    3:     0x5636bbfc3a10 - <std::sys_common::backtrace::_print::DisplayBacktrace as core::fmt::Display>::fmt::h32d1f94a80615d18
[INFO] [stdout]                                at /rustc/a178d0322ce20e33eac124758e837cbd80a6f633/library/std/src/sys_common/backtrace.rs:46:22
[INFO] [stdout]    4:     0x5636bbfe7bcc - core::fmt::write::h306731c068f7162c
[INFO] [stdout]                                at /rustc/a178d0322ce20e33eac124758e837cbd80a6f633/library/core/src/fmt/mod.rs:1110:17
[INFO] [stdout]    5:     0x5636bbfc0935 - std::io::Write::write_fmt::h87f19b0a2cd190bc
[INFO] [stdout]                                at /rustc/a178d0322ce20e33eac124758e837cbd80a6f633/library/std/src/io/mod.rs:1588:15
[INFO] [stdout]    6:     0x5636bbfc5b7b - std::sys_common::backtrace::_print::h5abaa2601a852287
[INFO] [stdout]                                at /rustc/a178d0322ce20e33eac124758e837cbd80a6f633/library/std/src/sys_common/backtrace.rs:49:5
[INFO] [stdout]    7:     0x5636bbfc5b7b - std::sys_common::backtrace::print::h8d81445442bb638f
[INFO] [stdout]                                at /rustc/a178d0322ce20e33eac124758e837cbd80a6f633/library/std/src/sys_common/backtrace.rs:36:9
[INFO] [stdout]    8:     0x5636bbfc5b7b - std::panicking::default_hook::{{closure}}::hcfe804496a9fa747
[INFO] [stdout]                                at /rustc/a178d0322ce20e33eac124758e837cbd80a6f633/library/std/src/panicking.rs:208:50
[INFO] [stdout]    9:     0x5636bbfc568c - std::panicking::default_hook::hbea8e3ccf2ba8901
[INFO] [stdout]                                at /rustc/a178d0322ce20e33eac124758e837cbd80a6f633/library/std/src/panicking.rs:222:9
[INFO] [stdout]   10:     0x5636bbfc6244 - std::panicking::rust_panic_with_hook::h7ee9e1a2d0f8975a
[INFO] [stdout]                                at /rustc/a178d0322ce20e33eac124758e837cbd80a6f633/library/std/src/panicking.rs:622:17
[INFO] [stdout]   11:     0x5636bbfc5d27 - std::panicking::begin_panic_handler::{{closure}}::h8ab3b4491718b2c7
[INFO] [stdout]                                at /rustc/a178d0322ce20e33eac124758e837cbd80a6f633/library/std/src/panicking.rs:519:13
[INFO] [stdout]   12:     0x5636bbfc3f0c - std::sys_common::backtrace::__rust_end_short_backtrace::hd489062ffa586a9f
[INFO] [stdout]                                at /rustc/a178d0322ce20e33eac124758e837cbd80a6f633/library/std/src/sys_common/backtrace.rs:141:18
[INFO] [stdout]   13:     0x5636bbfc5c89 - rust_begin_unwind
[INFO] [stdout]                                at /rustc/a178d0322ce20e33eac124758e837cbd80a6f633/library/std/src/panicking.rs:515:5
[INFO] [stdout]   14:     0x5636bbef1f2b - std::panicking::begin_panic_fmt::h5479575e112541f8
[INFO] [stdout]                                at /rustc/a178d0322ce20e33eac124758e837cbd80a6f633/library/std/src/panicking.rs:457:5
[INFO] [stdout]   15:     0x5636bbf34592 - ross::parser::parse_module::hb30128aa1a4b79ad
[INFO] [stdout]                                at /opt/rustwide/workdir/src/parser.rs:30:5
[INFO] [stdout]   16:     0x5636bbef3469 - simple_tri::simple_tri::h8514619f52a5785f
[INFO] [stdout]                                at /opt/rustwide/workdir/tests/simple_tri.rs:6:5
[INFO] [stdout]   17:     0x5636bbef341a - simple_tri::simple_tri::{{closure}}::h0c2510287a361f00
[INFO] [stdout]                                at /opt/rustwide/workdir/tests/simple_tri.rs:4:1
[INFO] [stdout]   18:     0x5636bbef33ae - core::ops::function::FnOnce::call_once::h903dd65351d43590
[INFO] [stdout]                                at /rustc/a178d0322ce20e33eac124758e837cbd80a6f633/library/core/src/ops/function.rs:227:5
[INFO] [stdout]   19:     0x5636bbf1b7f3 - core::ops::function::FnOnce::call_once::h152e7e439ff59e19
[INFO] [stdout]                                at /rustc/a178d0322ce20e33eac124758e837cbd80a6f633/library/core/src/ops/function.rs:227:5
[INFO] [stdout]   20:     0x5636bbf1b7f3 - test::__rust_begin_short_backtrace::h0908f3b1fdbb72ab
[INFO] [stdout]                                at /rustc/a178d0322ce20e33eac124758e837cbd80a6f633/library/test/src/lib.rs:577:5
[INFO] [stdout]   21:     0x5636bbf1a2b0 - <alloc::boxed::Box<F,A> as core::ops::function::FnOnce<Args>>::call_once::hf6d2a51e5587546c
[INFO] [stdout]                                at /rustc/a178d0322ce20e33eac124758e837cbd80a6f633/library/alloc/src/boxed.rs:1575:9
[INFO] [stdout]   22:     0x5636bbf1a2b0 - <std::panic::AssertUnwindSafe<F> as core::ops::function::FnOnce<()>>::call_once::h8af660f3a89ef593
[INFO] [stdout]                                at /rustc/a178d0322ce20e33eac124758e837cbd80a6f633/library/std/src/panic.rs:347:9
[INFO] [stdout]   23:     0x5636bbf1a2b0 - std::panicking::try::do_call::hd36aef60f84b6d36
[INFO] [stdout]                                at /rustc/a178d0322ce20e33eac124758e837cbd80a6f633/library/std/src/panicking.rs:401:40
[INFO] [stdout]   24:     0x5636bbf1a2b0 - std::panicking::try::h9932b4480e69817c
[INFO] [stdout]                                at /rustc/a178d0322ce20e33eac124758e837cbd80a6f633/library/std/src/panicking.rs:365:19
[INFO] [stdout]   25:     0x5636bbf1a2b0 - std::panic::catch_unwind::h6aa177099cfff5f8
[INFO] [stdout]                                at /rustc/a178d0322ce20e33eac124758e837cbd80a6f633/library/std/src/panic.rs:434:14
[INFO] [stdout]   26:     0x5636bbf1a2b0 - test::run_test_in_process::h5884d6f2d99e20c3
[INFO] [stdout]                                at /rustc/a178d0322ce20e33eac124758e837cbd80a6f633/library/test/src/lib.rs:600:18
[INFO] [stdout]   27:     0x5636bbf1a2b0 - test::run_test::run_test_inner::{{closure}}::h6fdc58c6d5f5b6e3
[INFO] [stdout]                                at /rustc/a178d0322ce20e33eac124758e837cbd80a6f633/library/test/src/lib.rs:492:39
[INFO] [stdout]   28:     0x5636bbef3962 - test::run_test::run_test_inner::{{closure}}::h408365d67a78ade8
[INFO] [stdout]                                at /rustc/a178d0322ce20e33eac124758e837cbd80a6f633/library/test/src/lib.rs:519:37
[INFO] [stdout]   29:     0x5636bbef3962 - std::sys_common::backtrace::__rust_begin_short_backtrace::hb560b77c4f701523
[INFO] [stdout]                                at /rustc/a178d0322ce20e33eac124758e837cbd80a6f633/library/std/src/sys_common/backtrace.rs:125:18
[INFO] [stdout]   30:     0x5636bbef7518 - std::thread::Builder::spawn_unchecked::{{closure}}::{{closure}}::hf2e7831dad93c597
[INFO] [stdout]                                at /rustc/a178d0322ce20e33eac124758e837cbd80a6f633/library/std/src/thread/mod.rs:481:17
[INFO] [stdout]   31:     0x5636bbef7518 - <std::panic::AssertUnwindSafe<F> as core::ops::function::FnOnce<()>>::call_once::hd2e08783d8be4d02
[INFO] [stdout]                                at /rustc/a178d0322ce20e33eac124758e837cbd80a6f633/library/std/src/panic.rs:347:9
[INFO] [stdout]   32:     0x5636bbef7518 - std::panicking::try::do_call::h062597b7acfd6b82
[INFO] [stdout]                                at /rustc/a178d0322ce20e33eac124758e837cbd80a6f633/library/std/src/panicking.rs:401:40
[INFO] [stdout]   33:     0x5636bbef7518 - std::panicking::try::h0d7b79db04c14552
[INFO] [stdout]                                at /rustc/a178d0322ce20e33eac124758e837cbd80a6f633/library/std/src/panicking.rs:365:19
[INFO] [stdout]   34:     0x5636bbef7518 - std::panic::catch_unwind::hb01a0b5e7c8cd43b
[INFO] [stdout]                                at /rustc/a178d0322ce20e33eac124758e837cbd80a6f633/library/std/src/panic.rs:434:14
[INFO] [stdout]   35:     0x5636bbef7518 - std::thread::Builder::spawn_unchecked::{{closure}}::h5bde48cc887e0d1e
[INFO] [stdout]                                at /rustc/a178d0322ce20e33eac124758e837cbd80a6f633/library/std/src/thread/mod.rs:480:30
[INFO] [stdout]   36:     0x5636bbef7518 - core::ops::function::FnOnce::call_once{{vtable.shim}}::h745ea30807a29e55
[INFO] [stdout]                                at /rustc/a178d0322ce20e33eac124758e837cbd80a6f633/library/core/src/ops/function.rs:227:5
[INFO] [stdout]   37:     0x5636bbfcad07 - <alloc::boxed::Box<F,A> as core::ops::function::FnOnce<Args>>::call_once::h7ece6cfefaff1005
[INFO] [stdout]                                at /rustc/a178d0322ce20e33eac124758e837cbd80a6f633/library/alloc/src/boxed.rs:1575:9
[INFO] [stdout]   38:     0x5636bbfcad07 - <alloc::boxed::Box<F,A> as core::ops::function::FnOnce<Args>>::call_once::hb8b48e55c21f193e
[INFO] [stdout]                                at /rustc/a178d0322ce20e33eac124758e837cbd80a6f633/library/alloc/src/boxed.rs:1575:9
[INFO] [stdout]   39:     0x5636bbfcad07 - std::sys::unix::thread::Thread::new::thread_start::h8c7c4450dba62914
[INFO] [stdout]                                at /rustc/a178d0322ce20e33eac124758e837cbd80a6f633/library/std/src/sys/unix/thread.rs:71:17
[INFO] [stdout]   40:     0x7fc3b7153609 - start_thread
[INFO] [stdout]   41:     0x7fc3b6f25293 - clone
[INFO] [stdout]   42:                0x0 - <unknown>
[INFO] [stdout] 
[INFO] [stdout] 
[INFO] [stdout] failures:
[INFO] [stdout]     simple_tri
[INFO] [stdout] 
[INFO] [stdout] test result: FAILED. 0 passed; 1 failed; 0 ignored; 0 measured; 0 filtered out; finished in 0.04s
[INFO] [stdout] 
[INFO] running `Command { std: "docker" "inspect" "cdb310fd2a73df452df67696d3cd25eeab117ef9c7259d9117b827125a8d3b43", kill_on_drop: false }`
[INFO] running `Command { std: "docker" "rm" "-f" "cdb310fd2a73df452df67696d3cd25eeab117ef9c7259d9117b827125a8d3b43", kill_on_drop: false }`
[INFO] [stdout] cdb310fd2a73df452df67696d3cd25eeab117ef9c7259d9117b827125a8d3b43
