[INFO] cloning repository https://github.com/palmergs/marches-rltk
[INFO] running `Command { std: "git" "-c" "credential.helper=" "-c" "credential.helper=/workspace/cargo-home/bin/git-credential-null" "clone" "--bare" "https://github.com/palmergs/marches-rltk" "/workspace/cache/git-repos/https%3A%2F%2Fgithub.com%2Fpalmergs%2Fmarches-rltk", kill_on_drop: false }`
[INFO] [stderr] Cloning into bare repository '/workspace/cache/git-repos/https%3A%2F%2Fgithub.com%2Fpalmergs%2Fmarches-rltk'...
[INFO] running `Command { std: "git" "rev-parse" "HEAD", kill_on_drop: false }`
[INFO] [stdout] 06baa8dd8bc26d688df14b0e998c21b0a53d723d
[INFO] testing palmergs/marches-rltk against beta-2021-08-01 for beta-1.55-1
[INFO] running `Command { std: "git" "clone" "/workspace/cache/git-repos/https%3A%2F%2Fgithub.com%2Fpalmergs%2Fmarches-rltk" "/workspace/builds/worker-2/source", kill_on_drop: false }`
[INFO] [stderr] Cloning into '/workspace/builds/worker-2/source'...
[INFO] [stderr] done.
[INFO] validating manifest of git repo https://github.com/palmergs/marches-rltk on toolchain beta-2021-08-01
[INFO] running `Command { std: "/workspace/cargo-home/bin/cargo" "+beta-2021-08-01" "metadata" "--manifest-path" "Cargo.toml" "--no-deps", kill_on_drop: false }`
[INFO] started tweaking git repo https://github.com/palmergs/marches-rltk
[INFO] finished tweaking git repo https://github.com/palmergs/marches-rltk
[INFO] tweaked toml for git repo https://github.com/palmergs/marches-rltk written to /workspace/builds/worker-2/source/Cargo.toml
[INFO] crate git repo https://github.com/palmergs/marches-rltk already has a lockfile, it will not be regenerated
[INFO] running `Command { std: "/workspace/cargo-home/bin/cargo" "+beta-2021-08-01" "fetch" "--manifest-path" "Cargo.toml", kill_on_drop: false }`
[INFO] [stderr]     Blocking waiting for file lock on package cache
[INFO] running `Command { std: "docker" "create" "-v" "/var/lib/crater-agent-workspace/builds/worker-2/target:/opt/rustwide/target:rw,Z" "-v" "/var/lib/crater-agent-workspace/builds/worker-2/source:/opt/rustwide/workdir:ro,Z" "-v" "/var/lib/crater-agent-workspace/cargo-home:/opt/rustwide/cargo-home:ro,Z" "-v" "/var/lib/crater-agent-workspace/rustup-home:/opt/rustwide/rustup-home:ro,Z" "-e" "SOURCE_DIR=/opt/rustwide/workdir" "-e" "CARGO_TARGET_DIR=/opt/rustwide/target" "-e" "CARGO_HOME=/opt/rustwide/cargo-home" "-e" "RUSTUP_HOME=/opt/rustwide/rustup-home" "-w" "/opt/rustwide/workdir" "-m" "1610612736" "--user" "0:0" "--network" "none" "ghcr.io/rust-lang/crates-build-env/linux@sha256:34b6a614d2c27851fe6cbf88fbd1137609cefab8b10d0615aaeb6fd47975d74e" "/opt/rustwide/cargo-home/bin/cargo" "+beta-2021-08-01" "metadata" "--no-deps" "--format-version=1", kill_on_drop: false }`
[INFO] [stdout] 70c1bc5400d889ac8fa4ea0ef7503f414bf7b12feec067b41190ff994ebb2196
[INFO] [stderr] WARNING: Your kernel does not support swap limit capabilities or the cgroup is not mounted. Memory limited without swap.
[INFO] running `Command { std: "docker" "start" "-a" "70c1bc5400d889ac8fa4ea0ef7503f414bf7b12feec067b41190ff994ebb2196", kill_on_drop: false }`
[INFO] running `Command { std: "docker" "inspect" "70c1bc5400d889ac8fa4ea0ef7503f414bf7b12feec067b41190ff994ebb2196", kill_on_drop: false }`
[INFO] running `Command { std: "docker" "rm" "-f" "70c1bc5400d889ac8fa4ea0ef7503f414bf7b12feec067b41190ff994ebb2196", kill_on_drop: false }`
[INFO] [stdout] 70c1bc5400d889ac8fa4ea0ef7503f414bf7b12feec067b41190ff994ebb2196
[INFO] running `Command { std: "docker" "create" "-v" "/var/lib/crater-agent-workspace/builds/worker-2/target:/opt/rustwide/target:rw,Z" "-v" "/var/lib/crater-agent-workspace/builds/worker-2/source:/opt/rustwide/workdir:ro,Z" "-v" "/var/lib/crater-agent-workspace/cargo-home:/opt/rustwide/cargo-home:ro,Z" "-v" "/var/lib/crater-agent-workspace/rustup-home:/opt/rustwide/rustup-home:ro,Z" "-e" "SOURCE_DIR=/opt/rustwide/workdir" "-e" "CARGO_TARGET_DIR=/opt/rustwide/target" "-e" "CARGO_INCREMENTAL=0" "-e" "RUST_BACKTRACE=full" "-e" "RUSTFLAGS=--cap-lints=warn" "-e" "CARGO_HOME=/opt/rustwide/cargo-home" "-e" "RUSTUP_HOME=/opt/rustwide/rustup-home" "-w" "/opt/rustwide/workdir" "-m" "1610612736" "--user" "0:0" "--network" "none" "ghcr.io/rust-lang/crates-build-env/linux@sha256:34b6a614d2c27851fe6cbf88fbd1137609cefab8b10d0615aaeb6fd47975d74e" "/opt/rustwide/cargo-home/bin/cargo" "+beta-2021-08-01" "build" "--frozen" "--message-format=json", kill_on_drop: false }`
[INFO] [stdout] 9e6cf90ef57c20718f2728ac8fe273874b25033a3fa2ad2063ccecdef7be77a7
[INFO] [stderr] WARNING: Your kernel does not support swap limit capabilities or the cgroup is not mounted. Memory limited without swap.
[INFO] running `Command { std: "docker" "start" "-a" "9e6cf90ef57c20718f2728ac8fe273874b25033a3fa2ad2063ccecdef7be77a7", kill_on_drop: false }`
[INFO] [stderr]    Compiling libc v0.2.93
[INFO] [stderr]    Compiling syn v1.0.70
[INFO] [stderr]    Compiling serde_derive v1.0.125
[INFO] [stderr]    Compiling serde v1.0.125
[INFO] [stderr]    Compiling bytemuck v1.5.1
[INFO] [stderr]    Compiling ttf-parser v0.6.2
[INFO] [stderr]    Compiling nix v0.18.0
[INFO] [stderr]    Compiling adler32 v1.2.0
[INFO] [stderr]    Compiling color_quant v1.1.0
[INFO] [stderr]    Compiling jpeg-decoder v0.1.22
[INFO] [stderr]    Compiling instant v0.1.9
[INFO] [stderr]    Compiling wayland-sys v0.28.5
[INFO] [stderr]    Compiling crossbeam-utils v0.8.3
[INFO] [stderr]    Compiling num-traits v0.2.14
[INFO] [stderr]    Compiling num-integer v0.1.44
[INFO] [stderr]    Compiling x11-dl v2.18.5
[INFO] [stderr]    Compiling num-iter v0.1.42
[INFO] [stderr]    Compiling num-rational v0.3.2
[INFO] [stderr]    Compiling nom v6.1.2
[INFO] [stderr]    Compiling dlib v0.5.0
[INFO] [stderr]    Compiling dlib v0.4.2
[INFO] [stderr]    Compiling safe_arch v0.5.2
[INFO] [stderr]    Compiling deflate v0.8.6
[INFO] [stderr]    Compiling miniz_oxide v0.3.7
[INFO] [stderr]    Compiling gl_generator v0.14.0
[INFO] [stderr]    Compiling gl_generator v0.13.1
[INFO] [stderr]    Compiling wayland-scanner v0.28.5
[INFO] [stderr]    Compiling crossbeam-channel v0.4.4
[INFO] [stderr]    Compiling regex v1.4.6
[INFO] [stderr]    Compiling wide v0.5.5
[INFO] [stderr]    Compiling png v0.16.8
[INFO] [stderr]    Compiling owned_ttf_parser v0.6.0
[INFO] [stderr]    Compiling rusttype v0.9.2
[INFO] [stderr]    Compiling crossbeam-epoch v0.9.3
[INFO] [stderr]    Compiling crossbeam-channel v0.5.1
[INFO] [stderr]    Compiling glow v0.4.0
[INFO] [stderr]    Compiling andrew v0.3.1
[INFO] [stderr]    Compiling nix v0.20.0
[INFO] [stderr]    Compiling getrandom v0.2.2
[INFO] [stderr]    Compiling parking_lot_core v0.8.3
[INFO] [stderr]    Compiling net2 v0.2.37
[INFO] [stderr]    Compiling iovec v0.1.4
[INFO] [stderr]    Compiling memmap2 v0.1.0
[INFO] [stderr]    Compiling raw-window-handle v0.3.3
[INFO] [stderr]    Compiling parking_lot_core v0.7.2
[INFO] [stderr]    Compiling shared_library v0.1.9
[INFO] [stderr]    Compiling num_cpus v1.13.0
[INFO] [stderr]    Compiling flate2 v1.0.20
[INFO] [stderr]    Compiling crossbeam-deque v0.8.0
[INFO] [stderr]    Compiling glutin_egl_sys v0.1.5
[INFO] [stderr]    Compiling glutin_glx_sys v0.1.7
[INFO] [stderr]    Compiling rand_core v0.6.2
[INFO] [stderr]    Compiling wayland-client v0.28.5
[INFO] [stderr]    Compiling wayland-protocols v0.28.5
[INFO] [stderr]    Compiling parking_lot v0.11.1
[INFO] [stderr]    Compiling ultraviolet v0.7.5
[INFO] [stderr]    Compiling mio v0.6.23
[INFO] [stderr]    Compiling xcursor v0.3.3
[INFO] [stderr]    Compiling osmesa-sys v0.1.2
[INFO] [stderr]    Compiling parking_lot v0.10.2
[INFO] [stderr]    Compiling rayon-core v1.9.0
[INFO] [stderr]    Compiling rand_chacha v0.3.0
[INFO] [stderr]    Compiling image v0.23.14
[INFO] [stderr]    Compiling mio-extras v2.0.6
[INFO] [stderr]    Compiling object-pool v0.5.3
[INFO] [stderr]    Compiling rand v0.8.3
[INFO] [stderr]    Compiling rayon v1.5.0
[INFO] [stderr]    Compiling calloop v0.6.5
[INFO] [stderr]    Compiling wayland-commons v0.28.5
[INFO] [stderr]    Compiling ctrlc v3.1.9
[INFO] [stderr]    Compiling thiserror-impl v1.0.24
[INFO] [stderr]    Compiling derivative v2.2.0
[INFO] [stderr]    Compiling thiserror v1.0.24
[INFO] [stderr]    Compiling wayland-cursor v0.28.5
[INFO] [stderr]    Compiling wayland-egl v0.28.5
[INFO] [stderr]    Compiling legion_codegen v0.3.0
[INFO] [stderr]    Compiling bracket-geometry v0.8.2
[INFO] [stderr]    Compiling rand_xorshift v0.3.0
[INFO] [stderr]    Compiling bracket-color v0.8.2
[INFO] [stderr]    Compiling uuid v0.8.2
[INFO] [stderr]    Compiling erased-serde v0.3.13
[INFO] [stderr]    Compiling serde_json v1.0.64
[INFO] [stderr]    Compiling ron v0.6.4
[INFO] [stderr]    Compiling bracket-random v0.8.2
[INFO] [stderr]    Compiling bracket-algorithm-traits v0.8.2
[INFO] [stderr]    Compiling bracket-noise v0.8.2
[INFO] [stderr]    Compiling bracket-pathfinding v0.8.4
[INFO] [stderr]    Compiling legion v0.3.1
[INFO] [stderr]    Compiling smithay-client-toolkit v0.12.3
[INFO] [stderr]    Compiling winit v0.24.0
[INFO] [stderr]    Compiling glutin v0.26.0
[INFO] [stderr]    Compiling bracket-terminal v0.8.2
[INFO] [stderr]    Compiling bracket-lib v0.8.1
[INFO] [stderr]    Compiling marches-rltk v0.1.0 (/opt/rustwide/workdir)
[INFO] [stdout] warning: unused variable: `ecs`
[INFO] [stdout]   --> src/systems/select_equipped.rs:36:5
[INFO] [stdout]    |
[INFO] [stdout] 36 |     ecs: &SubWorld, 
[INFO] [stdout]    |     ^^^ help: if this is intentional, prefix it with an underscore: `_ecs`
[INFO] [stdout]    |
[INFO] [stdout]    = note: `#[warn(unused_variables)]` on by default
[INFO] [stdout] 
[INFO] [stdout] 
[INFO] [stdout] warning: unused variable: `commands`
[INFO] [stdout]   --> src/systems/select_equipped.rs:37:5
[INFO] [stdout]    |
[INFO] [stdout] 37 |     commands: &mut CommandBuffer, 
[INFO] [stdout]    |     ^^^^^^^^ help: if this is intentional, prefix it with an underscore: `_commands`
[INFO] [stdout] 
[INFO] [stdout] 
[INFO] [stdout] warning: unused variable: `item`
[INFO] [stdout]   --> src/systems/select_equipped.rs:38:5
[INFO] [stdout]    |
[INFO] [stdout] 38 |     item: &VirtualKeyCode,
[INFO] [stdout]    |     ^^^^ help: if this is intentional, prefix it with an underscore: `_item`
[INFO] [stdout] 
[INFO] [stdout] 
[INFO] [stdout] warning: unused variable: `ecs`
[INFO] [stdout]    --> src/systems/hud.rs:151:22
[INFO] [stdout]     |
[INFO] [stdout] 151 | fn draw_instructions(ecs: &SubWorld, draw_batch: &mut DrawBatch, rect: &Rect) {
[INFO] [stdout]     |                      ^^^ help: if this is intentional, prefix it with an underscore: `_ecs`
[INFO] [stdout] 
[INFO] [stdout] 
[INFO] [stdout] warning: unused variable: `ecs`
[INFO] [stdout]    --> src/systems/hud.rs:177:5
[INFO] [stdout]     |
[INFO] [stdout] 177 |     ecs: &SubWorld,
[INFO] [stdout]     |     ^^^ help: if this is intentional, prefix it with an underscore: `_ecs`
[INFO] [stdout] 
[INFO] [stdout] 
[INFO] [stdout] warning: unused variable: `ctx`
[INFO] [stdout]    --> src/state.rs:161:30
[INFO] [stdout]     |
[INFO] [stdout] 161 |     fn save_world(&mut self, ctx: &mut BTerm) {
[INFO] [stdout]     |                              ^^^ help: if this is intentional, prefix it with an underscore: `_ctx`
[INFO] [stdout] 
[INFO] [stdout] 
[INFO] [stdout] warning: function is never used: `item_first_at`
[INFO] [stdout]    --> src/systems/select_target.rs:198:4
[INFO] [stdout]     |
[INFO] [stdout] 198 | fn item_first_at(
[INFO] [stdout]     |    ^^^^^^^^^^^^^
[INFO] [stdout]     |
[INFO] [stdout]     = note: `#[warn(dead_code)]` on by default
[INFO] [stdout] 
[INFO] [stdout] 
[INFO] [stdout] warning: function is never used: `thing_at`
[INFO] [stdout]    --> src/systems/select_target.rs:237:4
[INFO] [stdout]     |
[INFO] [stdout] 237 | fn thing_at(ecs: &SubWorld, at: Point) -> Option<Entity> {
[INFO] [stdout]     |    ^^^^^^^^
[INFO] [stdout] 
[INFO] [stdout] 
[INFO] [stdout] warning: unused borrow that must be used
[INFO] [stdout]    --> src/state.rs:102:9
[INFO] [stdout]     |
[INFO] [stdout] 102 |         &cb.flush(&mut self.ecs);
[INFO] [stdout]     |         ^^^^^^^^^^^^^^^^^^^^^^^^
[INFO] [stdout]     |
[INFO] [stdout]     = note: `#[warn(unused_must_use)]` on by default
[INFO] [stdout] 
[INFO] [stdout] 
[INFO] [stdout] warning: 9 warnings emitted
[INFO] [stdout] 
[INFO] [stdout] 
[INFO] [stderr]     Finished dev [unoptimized + debuginfo] target(s) in 2m 44s
[INFO] running `Command { std: "docker" "inspect" "9e6cf90ef57c20718f2728ac8fe273874b25033a3fa2ad2063ccecdef7be77a7", kill_on_drop: false }`
[INFO] running `Command { std: "docker" "rm" "-f" "9e6cf90ef57c20718f2728ac8fe273874b25033a3fa2ad2063ccecdef7be77a7", kill_on_drop: false }`
[INFO] [stdout] 9e6cf90ef57c20718f2728ac8fe273874b25033a3fa2ad2063ccecdef7be77a7
[INFO] running `Command { std: "docker" "create" "-v" "/var/lib/crater-agent-workspace/builds/worker-2/target:/opt/rustwide/target:rw,Z" "-v" "/var/lib/crater-agent-workspace/builds/worker-2/source:/opt/rustwide/workdir:ro,Z" "-v" "/var/lib/crater-agent-workspace/cargo-home:/opt/rustwide/cargo-home:ro,Z" "-v" "/var/lib/crater-agent-workspace/rustup-home:/opt/rustwide/rustup-home:ro,Z" "-e" "SOURCE_DIR=/opt/rustwide/workdir" "-e" "CARGO_TARGET_DIR=/opt/rustwide/target" "-e" "CARGO_INCREMENTAL=0" "-e" "RUST_BACKTRACE=full" "-e" "RUSTFLAGS=--cap-lints=warn" "-e" "CARGO_HOME=/opt/rustwide/cargo-home" "-e" "RUSTUP_HOME=/opt/rustwide/rustup-home" "-w" "/opt/rustwide/workdir" "-m" "1610612736" "--user" "0:0" "--network" "none" "ghcr.io/rust-lang/crates-build-env/linux@sha256:34b6a614d2c27851fe6cbf88fbd1137609cefab8b10d0615aaeb6fd47975d74e" "/opt/rustwide/cargo-home/bin/cargo" "+beta-2021-08-01" "test" "--frozen" "--no-run" "--message-format=json", kill_on_drop: false }`
[INFO] [stdout] 2a2bf2496bd32225ab9c13db3a34453591b8631a188fc2f7200ed700b4ac6480
[INFO] [stderr] WARNING: Your kernel does not support swap limit capabilities or the cgroup is not mounted. Memory limited without swap.
[INFO] running `Command { std: "docker" "start" "-a" "2a2bf2496bd32225ab9c13db3a34453591b8631a188fc2f7200ed700b4ac6480", kill_on_drop: false }`
[INFO] [stderr]    Compiling marches-rltk v0.1.0 (/opt/rustwide/workdir)
[INFO] [stdout] warning: unused variable: `ecs`
[INFO] [stdout]   --> src/systems/select_equipped.rs:36:5
[INFO] [stdout]    |
[INFO] [stdout] 36 |     ecs: &SubWorld, 
[INFO] [stdout]    |     ^^^ help: if this is intentional, prefix it with an underscore: `_ecs`
[INFO] [stdout]    |
[INFO] [stdout]    = note: `#[warn(unused_variables)]` on by default
[INFO] [stdout] 
[INFO] [stdout] 
[INFO] [stdout] warning: unused variable: `commands`
[INFO] [stdout]   --> src/systems/select_equipped.rs:37:5
[INFO] [stdout]    |
[INFO] [stdout] 37 |     commands: &mut CommandBuffer, 
[INFO] [stdout]    |     ^^^^^^^^ help: if this is intentional, prefix it with an underscore: `_commands`
[INFO] [stdout] 
[INFO] [stdout] 
[INFO] [stdout] warning: unused variable: `item`
[INFO] [stdout]   --> src/systems/select_equipped.rs:38:5
[INFO] [stdout]    |
[INFO] [stdout] 38 |     item: &VirtualKeyCode,
[INFO] [stdout]    |     ^^^^ help: if this is intentional, prefix it with an underscore: `_item`
[INFO] [stdout] 
[INFO] [stdout] 
[INFO] [stdout] warning: unused variable: `ecs`
[INFO] [stdout]    --> src/systems/hud.rs:151:22
[INFO] [stdout]     |
[INFO] [stdout] 151 | fn draw_instructions(ecs: &SubWorld, draw_batch: &mut DrawBatch, rect: &Rect) {
[INFO] [stdout]     |                      ^^^ help: if this is intentional, prefix it with an underscore: `_ecs`
[INFO] [stdout] 
[INFO] [stdout] 
[INFO] [stdout] warning: unused variable: `ecs`
[INFO] [stdout]    --> src/systems/hud.rs:177:5
[INFO] [stdout]     |
[INFO] [stdout] 177 |     ecs: &SubWorld,
[INFO] [stdout]     |     ^^^ help: if this is intentional, prefix it with an underscore: `_ecs`
[INFO] [stdout] 
[INFO] [stdout] 
[INFO] [stdout] warning: unused variable: `ctx`
[INFO] [stdout]    --> src/state.rs:161:30
[INFO] [stdout]     |
[INFO] [stdout] 161 |     fn save_world(&mut self, ctx: &mut BTerm) {
[INFO] [stdout]     |                              ^^^ help: if this is intentional, prefix it with an underscore: `_ctx`
[INFO] [stdout] 
[INFO] [stdout] 
[INFO] [stdout] warning: function is never used: `item_first_at`
[INFO] [stdout]    --> src/systems/select_target.rs:198:4
[INFO] [stdout]     |
[INFO] [stdout] 198 | fn item_first_at(
[INFO] [stdout]     |    ^^^^^^^^^^^^^
[INFO] [stdout]     |
[INFO] [stdout]     = note: `#[warn(dead_code)]` on by default
[INFO] [stdout] 
[INFO] [stdout] 
[INFO] [stdout] warning: function is never used: `thing_at`
[INFO] [stdout]    --> src/systems/select_target.rs:237:4
[INFO] [stdout]     |
[INFO] [stdout] 237 | fn thing_at(ecs: &SubWorld, at: Point) -> Option<Entity> {
[INFO] [stdout]     |    ^^^^^^^^
[INFO] [stdout] 
[INFO] [stdout] 
[INFO] [stdout] warning: unused borrow that must be used
[INFO] [stdout]    --> src/state.rs:102:9
[INFO] [stdout]     |
[INFO] [stdout] 102 |         &cb.flush(&mut self.ecs);
[INFO] [stdout]     |         ^^^^^^^^^^^^^^^^^^^^^^^^
[INFO] [stdout]     |
[INFO] [stdout]     = note: `#[warn(unused_must_use)]` on by default
[INFO] [stdout] 
[INFO] [stdout] 
[INFO] [stdout] warning: 9 warnings emitted
[INFO] [stdout] 
[INFO] [stdout] 
[INFO] [stderr]     Finished test [unoptimized + debuginfo] target(s) in 9.25s
[INFO] running `Command { std: "docker" "inspect" "2a2bf2496bd32225ab9c13db3a34453591b8631a188fc2f7200ed700b4ac6480", kill_on_drop: false }`
[INFO] running `Command { std: "docker" "rm" "-f" "2a2bf2496bd32225ab9c13db3a34453591b8631a188fc2f7200ed700b4ac6480", kill_on_drop: false }`
[INFO] [stdout] 2a2bf2496bd32225ab9c13db3a34453591b8631a188fc2f7200ed700b4ac6480
[INFO] running `Command { std: "docker" "create" "-v" "/var/lib/crater-agent-workspace/builds/worker-2/target:/opt/rustwide/target:rw,Z" "-v" "/var/lib/crater-agent-workspace/builds/worker-2/source:/opt/rustwide/workdir:ro,Z" "-v" "/var/lib/crater-agent-workspace/cargo-home:/opt/rustwide/cargo-home:ro,Z" "-v" "/var/lib/crater-agent-workspace/rustup-home:/opt/rustwide/rustup-home:ro,Z" "-e" "SOURCE_DIR=/opt/rustwide/workdir" "-e" "CARGO_TARGET_DIR=/opt/rustwide/target" "-e" "CARGO_INCREMENTAL=0" "-e" "RUST_BACKTRACE=full" "-e" "RUSTFLAGS=--cap-lints=warn" "-e" "CARGO_HOME=/opt/rustwide/cargo-home" "-e" "RUSTUP_HOME=/opt/rustwide/rustup-home" "-w" "/opt/rustwide/workdir" "-m" "1610612736" "--user" "0:0" "--network" "none" "ghcr.io/rust-lang/crates-build-env/linux@sha256:34b6a614d2c27851fe6cbf88fbd1137609cefab8b10d0615aaeb6fd47975d74e" "/opt/rustwide/cargo-home/bin/cargo" "+beta-2021-08-01" "test" "--frozen", kill_on_drop: false }`
[INFO] [stderr] WARNING: Your kernel does not support swap limit capabilities or the cgroup is not mounted. Memory limited without swap.
[INFO] [stdout] 1debbbf5439a84d800c54c1f965a3c27a10f430e1532a001bece3b27c0d38932
[INFO] running `Command { std: "docker" "start" "-a" "1debbbf5439a84d800c54c1f965a3c27a10f430e1532a001bece3b27c0d38932", kill_on_drop: false }`
[INFO] [stderr] warning: unused variable: `ecs`
[INFO] [stderr]   --> src/systems/select_equipped.rs:36:5
[INFO] [stderr]    |
[INFO] [stderr] 36 |     ecs: &SubWorld, 
[INFO] [stderr]    |     ^^^ help: if this is intentional, prefix it with an underscore: `_ecs`
[INFO] [stderr]    |
[INFO] [stderr]    = note: `#[warn(unused_variables)]` on by default
[INFO] [stderr] 
[INFO] [stderr] warning: unused variable: `commands`
[INFO] [stderr]   --> src/systems/select_equipped.rs:37:5
[INFO] [stderr]    |
[INFO] [stderr] 37 |     commands: &mut CommandBuffer, 
[INFO] [stderr]    |     ^^^^^^^^ help: if this is intentional, prefix it with an underscore: `_commands`
[INFO] [stderr] 
[INFO] [stderr] warning: unused variable: `item`
[INFO] [stderr]   --> src/systems/select_equipped.rs:38:5
[INFO] [stderr]    |
[INFO] [stderr] 38 |     item: &VirtualKeyCode,
[INFO] [stderr]    |     ^^^^ help: if this is intentional, prefix it with an underscore: `_item`
[INFO] [stderr] 
[INFO] [stderr] warning: unused variable: `ecs`
[INFO] [stderr]    --> src/systems/hud.rs:151:22
[INFO] [stderr]     |
[INFO] [stderr] 151 | fn draw_instructions(ecs: &SubWorld, draw_batch: &mut DrawBatch, rect: &Rect) {
[INFO] [stderr]     |                      ^^^ help: if this is intentional, prefix it with an underscore: `_ecs`
[INFO] [stderr] 
[INFO] [stderr] warning: unused variable: `ecs`
[INFO] [stderr]    --> src/systems/hud.rs:177:5
[INFO] [stderr]     |
[INFO] [stderr] 177 |     ecs: &SubWorld,
[INFO] [stderr]     |     ^^^ help: if this is intentional, prefix it with an underscore: `_ecs`
[INFO] [stderr] 
[INFO] [stderr] warning: unused variable: `ctx`
[INFO] [stderr]    --> src/state.rs:161:30
[INFO] [stderr]     |
[INFO] [stderr] 161 |     fn save_world(&mut self, ctx: &mut BTerm) {
[INFO] [stderr]     |                              ^^^ help: if this is intentional, prefix it with an underscore: `_ctx`
[INFO] [stderr] 
[INFO] [stderr] warning: function is never used: `item_first_at`
[INFO] [stderr]    --> src/systems/select_target.rs:198:4
[INFO] [stderr]     |
[INFO] [stderr] 198 | fn item_first_at(
[INFO] [stderr]     |    ^^^^^^^^^^^^^
[INFO] [stderr]     |
[INFO] [stderr]     = note: `#[warn(dead_code)]` on by default
[INFO] [stderr] 
[INFO] [stderr] warning: function is never used: `thing_at`
[INFO] [stderr]    --> src/systems/select_target.rs:237:4
[INFO] [stderr]     |
[INFO] [stderr] 237 | fn thing_at(ecs: &SubWorld, at: Point) -> Option<Entity> {
[INFO] [stderr]     |    ^^^^^^^^
[INFO] [stderr] 
[INFO] [stderr] warning: unused borrow that must be used
[INFO] [stderr]    --> src/state.rs:102:9
[INFO] [stderr]     |
[INFO] [stderr] 102 |         &cb.flush(&mut self.ecs);
[INFO] [stderr]     |         ^^^^^^^^^^^^^^^^^^^^^^^^
[INFO] [stderr]     |
[INFO] [stderr]     = note: `#[warn(unused_must_use)]` on by default
[INFO] [stderr] 
[INFO] [stderr] warning: `marches-rltk` (bin "marches-rltk" test) generated 9 warnings
[INFO] [stderr]     Finished test [unoptimized + debuginfo] target(s) in 0.16s
[INFO] [stderr]      Running unittests (/opt/rustwide/target/debug/deps/marches_rltk-195b7de2d059895e)
[INFO] [stdout] 
[INFO] [stdout] running 3 tests
[INFO] [stdout] test cameras::test::test_camera ... ok
[INFO] [stdout] test systems::fov::test::test_edge_appears_in_view ... ok
[INFO] [stdout] test cameras::test::test_camera_move ... FAILED
[INFO] [stdout] 
[INFO] [stdout] failures:
[INFO] [stdout] 
[INFO] [stdout] ---- cameras::test::test_camera_move stdout ----
[INFO] [stdout] thread 'cameras::test::test_camera_move' panicked at 'assertion failed: `(left == right)`
[INFO] [stdout]   left: `13`,
[INFO] [stdout]  right: `12`', src/cameras/mod.rs:65:9
[INFO] [stdout] stack backtrace:
[INFO] [stdout]    0:     0x55c31f2b5ab0 - std::backtrace_rs::backtrace::libunwind::trace::hff4d1766e93f64f1
[INFO] [stdout]                                at /rustc/53fd98ca776cb875bc9e5514f56b52eb74f9e7a9/library/std/src/../../backtrace/src/backtrace/libunwind.rs:90:5
[INFO] [stdout]    1:     0x55c31f2b5ab0 - std::backtrace_rs::backtrace::trace_unsynchronized::h56bbc8eb78770bcb
[INFO] [stdout]                                at /rustc/53fd98ca776cb875bc9e5514f56b52eb74f9e7a9/library/std/src/../../backtrace/src/backtrace/mod.rs:66:5
[INFO] [stdout]    2:     0x55c31f2b5ab0 - std::sys_common::backtrace::_print_fmt::h5c8e75464faca780
[INFO] [stdout]                                at /rustc/53fd98ca776cb875bc9e5514f56b52eb74f9e7a9/library/std/src/sys_common/backtrace.rs:67:5
[INFO] [stdout]    3:     0x55c31f2b5ab0 - <std::sys_common::backtrace::_print::DisplayBacktrace as core::fmt::Display>::fmt::h48b88277def8b362
[INFO] [stdout]                                at /rustc/53fd98ca776cb875bc9e5514f56b52eb74f9e7a9/library/std/src/sys_common/backtrace.rs:46:22
[INFO] [stdout]    4:     0x55c31f2d827c - core::fmt::write::h3381b3176fe2b3d3
[INFO] [stdout]                                at /rustc/53fd98ca776cb875bc9e5514f56b52eb74f9e7a9/library/core/src/fmt/mod.rs:1115:17
[INFO] [stdout]    5:     0x55c31f2b2a15 - std::io::Write::write_fmt::h5f34a676f60246b5
[INFO] [stdout]                                at /rustc/53fd98ca776cb875bc9e5514f56b52eb74f9e7a9/library/std/src/io/mod.rs:1665:15
[INFO] [stdout]    6:     0x55c31f2b7c2b - std::sys_common::backtrace::_print::ha537687d6c17dd0d
[INFO] [stdout]                                at /rustc/53fd98ca776cb875bc9e5514f56b52eb74f9e7a9/library/std/src/sys_common/backtrace.rs:49:5
[INFO] [stdout]    7:     0x55c31f2b7c2b - std::sys_common::backtrace::print::h61376ae57d131d72
[INFO] [stdout]                                at /rustc/53fd98ca776cb875bc9e5514f56b52eb74f9e7a9/library/std/src/sys_common/backtrace.rs:36:9
[INFO] [stdout]    8:     0x55c31f2b7c2b - std::panicking::default_hook::{{closure}}::h0f7208c0b9644a54
[INFO] [stdout]                                at /rustc/53fd98ca776cb875bc9e5514f56b52eb74f9e7a9/library/std/src/panicking.rs:208:50
[INFO] [stdout]    9:     0x55c31f2b773c - std::panicking::default_hook::hdac7fc06578c14ce
[INFO] [stdout]                                at /rustc/53fd98ca776cb875bc9e5514f56b52eb74f9e7a9/library/std/src/panicking.rs:222:9
[INFO] [stdout]   10:     0x55c31f2b82f4 - std::panicking::rust_panic_with_hook::h72b21c283da3d1ef
[INFO] [stdout]                                at /rustc/53fd98ca776cb875bc9e5514f56b52eb74f9e7a9/library/std/src/panicking.rs:622:17
[INFO] [stdout]   11:     0x55c31f2b7dd7 - std::panicking::begin_panic_handler::{{closure}}::he5778f1729cff84a
[INFO] [stdout]                                at /rustc/53fd98ca776cb875bc9e5514f56b52eb74f9e7a9/library/std/src/panicking.rs:519:13
[INFO] [stdout]   12:     0x55c31f2b5f8c - std::sys_common::backtrace::__rust_end_short_backtrace::h2d11ca8b453b4b1d
[INFO] [stdout]                                at /rustc/53fd98ca776cb875bc9e5514f56b52eb74f9e7a9/library/std/src/sys_common/backtrace.rs:141:18
[INFO] [stdout]   13:     0x55c31f2b7d39 - rust_begin_unwind
[INFO] [stdout]                                at /rustc/53fd98ca776cb875bc9e5514f56b52eb74f9e7a9/library/std/src/panicking.rs:515:5
[INFO] [stdout]   14:     0x55c31f2473b1 - core::panicking::panic_fmt::hf9de31d4acbce4db
[INFO] [stdout]                                at /rustc/53fd98ca776cb875bc9e5514f56b52eb74f9e7a9/library/core/src/panicking.rs:92:14
[INFO] [stdout]   15:     0x55c31f2d6b98 - core::panicking::assert_failed_inner::h62e8cb2847a6e7ec
[INFO] [stdout]   16:     0x55c31f292a8a - core::panicking::assert_failed::h9270ede25e7a55cf
[INFO] [stdout]                                at /rustc/53fd98ca776cb875bc9e5514f56b52eb74f9e7a9/library/core/src/panicking.rs:117:5
[INFO] [stdout]   17:     0x55c31f249cb4 - marches_rltk::cameras::test::test_camera_move::h8f13d3d77aebc43c
[INFO] [stdout]                                at /opt/rustwide/workdir/src/cameras/mod.rs:65:9
[INFO] [stdout]   18:     0x55c31f249b1a - marches_rltk::cameras::test::test_camera_move::{{closure}}::hb94f0023dc1d7f95
[INFO] [stdout]                                at /opt/rustwide/workdir/src/cameras/mod.rs:61:5
[INFO] [stdout]   19:     0x55c31f24c9fe - core::ops::function::FnOnce::call_once::h81641ea99d8c3850
[INFO] [stdout]                                at /rustc/53fd98ca776cb875bc9e5514f56b52eb74f9e7a9/library/core/src/ops/function.rs:227:5
[INFO] [stdout]   20:     0x55c31f280053 - core::ops::function::FnOnce::call_once::hbb52c4519d3137b0
[INFO] [stdout]                                at /rustc/53fd98ca776cb875bc9e5514f56b52eb74f9e7a9/library/core/src/ops/function.rs:227:5
[INFO] [stdout]   21:     0x55c31f280053 - test::__rust_begin_short_backtrace::h86fe3a2a5a5121af
[INFO] [stdout]                                at /rustc/53fd98ca776cb875bc9e5514f56b52eb74f9e7a9/library/test/src/lib.rs:578:5
[INFO] [stdout]   22:     0x55c31f27eb08 - <alloc::boxed::Box<F,A> as core::ops::function::FnOnce<Args>>::call_once::hfd956bc3d57399be
[INFO] [stdout]                                at /rustc/53fd98ca776cb875bc9e5514f56b52eb74f9e7a9/library/alloc/src/boxed.rs:1572:9
[INFO] [stdout]   23:     0x55c31f27eb08 - <std::panic::AssertUnwindSafe<F> as core::ops::function::FnOnce<()>>::call_once::h40dc93e0ddb5938a
[INFO] [stdout]                                at /rustc/53fd98ca776cb875bc9e5514f56b52eb74f9e7a9/library/std/src/panic.rs:347:9
[INFO] [stdout]   24:     0x55c31f27eb08 - std::panicking::try::do_call::h90d07750cb47c562
[INFO] [stdout]                                at /rustc/53fd98ca776cb875bc9e5514f56b52eb74f9e7a9/library/std/src/panicking.rs:401:40
[INFO] [stdout]   25:     0x55c31f27eb08 - std::panicking::try::h063c84733ad2a629
[INFO] [stdout]                                at /rustc/53fd98ca776cb875bc9e5514f56b52eb74f9e7a9/library/std/src/panicking.rs:365:19
[INFO] [stdout]   26:     0x55c31f27eb08 - std::panic::catch_unwind::h0c464836a84e7c08
[INFO] [stdout]                                at /rustc/53fd98ca776cb875bc9e5514f56b52eb74f9e7a9/library/std/src/panic.rs:434:14
[INFO] [stdout]   27:     0x55c31f27eb08 - test::run_test_in_process::h5cb06ef620b157fc
[INFO] [stdout]                                at /rustc/53fd98ca776cb875bc9e5514f56b52eb74f9e7a9/library/test/src/lib.rs:601:18
[INFO] [stdout]   28:     0x55c31f27eb08 - test::run_test::run_test_inner::{{closure}}::h76f677f4b93f9828
[INFO] [stdout]                                at /rustc/53fd98ca776cb875bc9e5514f56b52eb74f9e7a9/library/test/src/lib.rs:493:39
[INFO] [stdout]   29:     0x55c31f24d29d - test::run_test::run_test_inner::{{closure}}::h366d01fe04f4d67a
[INFO] [stdout]                                at /rustc/53fd98ca776cb875bc9e5514f56b52eb74f9e7a9/library/test/src/lib.rs:520:37
[INFO] [stdout]   30:     0x55c31f24d29d - std::sys_common::backtrace::__rust_begin_short_backtrace::h7dfa0de4eb395af2
[INFO] [stdout]                                at /rustc/53fd98ca776cb875bc9e5514f56b52eb74f9e7a9/library/std/src/sys_common/backtrace.rs:125:18
[INFO] [stdout]   31:     0x55c31f251a68 - std::thread::Builder::spawn_unchecked::{{closure}}::{{closure}}::hf0a74bb58798037f
[INFO] [stdout]                                at /rustc/53fd98ca776cb875bc9e5514f56b52eb74f9e7a9/library/std/src/thread/mod.rs:476:17
[INFO] [stdout]   32:     0x55c31f251a68 - <std::panic::AssertUnwindSafe<F> as core::ops::function::FnOnce<()>>::call_once::hb024e854818586ac
[INFO] [stdout]                                at /rustc/53fd98ca776cb875bc9e5514f56b52eb74f9e7a9/library/std/src/panic.rs:347:9
[INFO] [stdout]   33:     0x55c31f251a68 - std::panicking::try::do_call::hb2dd9f1d0d48e41d
[INFO] [stdout]                                at /rustc/53fd98ca776cb875bc9e5514f56b52eb74f9e7a9/library/std/src/panicking.rs:401:40
[INFO] [stdout]   34:     0x55c31f251a68 - std::panicking::try::h4717ae7bac8b2bf3
[INFO] [stdout]                                at /rustc/53fd98ca776cb875bc9e5514f56b52eb74f9e7a9/library/std/src/panicking.rs:365:19
[INFO] [stdout]   35:     0x55c31f251a68 - std::panic::catch_unwind::h0dc8a061326ce8d8
[INFO] [stdout]                                at /rustc/53fd98ca776cb875bc9e5514f56b52eb74f9e7a9/library/std/src/panic.rs:434:14
[INFO] [stdout]   36:     0x55c31f251a68 - std::thread::Builder::spawn_unchecked::{{closure}}::haa369e2d6fd00aa1
[INFO] [stdout]                                at /rustc/53fd98ca776cb875bc9e5514f56b52eb74f9e7a9/library/std/src/thread/mod.rs:475:30
[INFO] [stdout]   37:     0x55c31f251a68 - core::ops::function::FnOnce::call_once{{vtable.shim}}::h36dcf3de8b056f17
[INFO] [stdout]                                at /rustc/53fd98ca776cb875bc9e5514f56b52eb74f9e7a9/library/core/src/ops/function.rs:227:5
[INFO] [stdout]   38:     0x55c31f2bce67 - <alloc::boxed::Box<F,A> as core::ops::function::FnOnce<Args>>::call_once::h65c29e4642be2358
[INFO] [stdout]                                at /rustc/53fd98ca776cb875bc9e5514f56b52eb74f9e7a9/library/alloc/src/boxed.rs:1572:9
[INFO] [stdout]   39:     0x55c31f2bce67 - <alloc::boxed::Box<F,A> as core::ops::function::FnOnce<Args>>::call_once::hd0f8f7fbbd9fffbf
[INFO] [stdout]                                at /rustc/53fd98ca776cb875bc9e5514f56b52eb74f9e7a9/library/alloc/src/boxed.rs:1572:9
[INFO] [stdout]   40:     0x55c31f2bce67 - std::sys::unix::thread::Thread::new::thread_start::h2fd22fee3ca77b65
[INFO] [stdout]                                at /rustc/53fd98ca776cb875bc9e5514f56b52eb74f9e7a9/library/std/src/sys/unix/thread.rs:74:17
[INFO] [stdout]   41:     0x7f2da0ecf609 - start_thread
[INFO] [stdout]   42:     0x7f2da0ca5293 - clone
[INFO] [stdout]   43:                0x0 - <unknown>
[INFO] [stdout] 
[INFO] [stdout] 
[INFO] [stdout] failures:
[INFO] [stdout]     cameras::test::test_camera_move
[INFO] [stdout] 
[INFO] [stdout] test result: FAILED. 2 passed; 1 failed; 0 ignored; 0 measured; 0 filtered out; finished in 0.08s
[INFO] [stdout] 
[INFO] [stderr] error: test failed, to rerun pass '--bin marches-rltk'
[INFO] running `Command { std: "docker" "inspect" "1debbbf5439a84d800c54c1f965a3c27a10f430e1532a001bece3b27c0d38932", kill_on_drop: false }`
[INFO] running `Command { std: "docker" "rm" "-f" "1debbbf5439a84d800c54c1f965a3c27a10f430e1532a001bece3b27c0d38932", kill_on_drop: false }`
[INFO] [stdout] 1debbbf5439a84d800c54c1f965a3c27a10f430e1532a001bece3b27c0d38932
