[INFO] cloning repository https://github.com/packysauce/adventofcode
[INFO] running `Command { std: "git" "-c" "credential.helper=" "-c" "credential.helper=/workspace/cargo-home/bin/git-credential-null" "clone" "--bare" "https://github.com/packysauce/adventofcode" "/workspace/cache/git-repos/https%3A%2F%2Fgithub.com%2Fpackysauce%2Fadventofcode", kill_on_drop: false }`
[INFO] [stderr] Cloning into bare repository '/workspace/cache/git-repos/https%3A%2F%2Fgithub.com%2Fpackysauce%2Fadventofcode'...
[INFO] running `Command { std: "git" "rev-parse" "HEAD", kill_on_drop: false }`
[INFO] [stdout] d8e1f78aade54c291d163965feb5c77ebb307900
[INFO] testing packysauce/adventofcode against 1.54.0 for beta-1.55-1
[INFO] running `Command { std: "git" "clone" "/workspace/cache/git-repos/https%3A%2F%2Fgithub.com%2Fpackysauce%2Fadventofcode" "/workspace/builds/worker-3/source", kill_on_drop: false }`
[INFO] [stderr] Cloning into '/workspace/builds/worker-3/source'...
[INFO] [stderr] done.
[INFO] validating manifest of git repo https://github.com/packysauce/adventofcode on toolchain 1.54.0
[INFO] running `Command { std: "/workspace/cargo-home/bin/cargo" "+1.54.0" "metadata" "--manifest-path" "Cargo.toml" "--no-deps", kill_on_drop: false }`
[INFO] started tweaking git repo https://github.com/packysauce/adventofcode
[INFO] finished tweaking git repo https://github.com/packysauce/adventofcode
[INFO] tweaked toml for git repo https://github.com/packysauce/adventofcode written to /workspace/builds/worker-3/source/Cargo.toml
[INFO] crate git repo https://github.com/packysauce/adventofcode already has a lockfile, it will not be regenerated
[INFO] running `Command { std: "/workspace/cargo-home/bin/cargo" "+1.54.0" "fetch" "--manifest-path" "Cargo.toml", kill_on_drop: false }`
[INFO] running `Command { std: "docker" "create" "-v" "/var/lib/crater-agent-workspace/builds/worker-3/target:/opt/rustwide/target:rw,Z" "-v" "/var/lib/crater-agent-workspace/builds/worker-3/source:/opt/rustwide/workdir:ro,Z" "-v" "/var/lib/crater-agent-workspace/cargo-home:/opt/rustwide/cargo-home:ro,Z" "-v" "/var/lib/crater-agent-workspace/rustup-home:/opt/rustwide/rustup-home:ro,Z" "-e" "SOURCE_DIR=/opt/rustwide/workdir" "-e" "CARGO_TARGET_DIR=/opt/rustwide/target" "-e" "CARGO_HOME=/opt/rustwide/cargo-home" "-e" "RUSTUP_HOME=/opt/rustwide/rustup-home" "-w" "/opt/rustwide/workdir" "-m" "1610612736" "--user" "0:0" "--network" "none" "ghcr.io/rust-lang/crates-build-env/linux@sha256:34b6a614d2c27851fe6cbf88fbd1137609cefab8b10d0615aaeb6fd47975d74e" "/opt/rustwide/cargo-home/bin/cargo" "+1.54.0" "metadata" "--no-deps" "--format-version=1", kill_on_drop: false }`
[INFO] [stderr] WARNING: Your kernel does not support swap limit capabilities or the cgroup is not mounted. Memory limited without swap.
[INFO] [stdout] 0b91d42829b6941dd41ea7224091c9dea9ab25b47a0f3179855b765088c407d2
[INFO] running `Command { std: "docker" "start" "-a" "0b91d42829b6941dd41ea7224091c9dea9ab25b47a0f3179855b765088c407d2", kill_on_drop: false }`
[INFO] running `Command { std: "docker" "inspect" "0b91d42829b6941dd41ea7224091c9dea9ab25b47a0f3179855b765088c407d2", kill_on_drop: false }`
[INFO] running `Command { std: "docker" "rm" "-f" "0b91d42829b6941dd41ea7224091c9dea9ab25b47a0f3179855b765088c407d2", kill_on_drop: false }`
[INFO] [stdout] 0b91d42829b6941dd41ea7224091c9dea9ab25b47a0f3179855b765088c407d2
[INFO] running `Command { std: "docker" "create" "-v" "/var/lib/crater-agent-workspace/builds/worker-3/target:/opt/rustwide/target:rw,Z" "-v" "/var/lib/crater-agent-workspace/builds/worker-3/source:/opt/rustwide/workdir:ro,Z" "-v" "/var/lib/crater-agent-workspace/cargo-home:/opt/rustwide/cargo-home:ro,Z" "-v" "/var/lib/crater-agent-workspace/rustup-home:/opt/rustwide/rustup-home:ro,Z" "-e" "SOURCE_DIR=/opt/rustwide/workdir" "-e" "CARGO_TARGET_DIR=/opt/rustwide/target" "-e" "CARGO_INCREMENTAL=0" "-e" "RUST_BACKTRACE=full" "-e" "RUSTFLAGS=--cap-lints=warn" "-e" "CARGO_HOME=/opt/rustwide/cargo-home" "-e" "RUSTUP_HOME=/opt/rustwide/rustup-home" "-w" "/opt/rustwide/workdir" "-m" "1610612736" "--user" "0:0" "--network" "none" "ghcr.io/rust-lang/crates-build-env/linux@sha256:34b6a614d2c27851fe6cbf88fbd1137609cefab8b10d0615aaeb6fd47975d74e" "/opt/rustwide/cargo-home/bin/cargo" "+1.54.0" "build" "--frozen" "--message-format=json", kill_on_drop: false }`
[INFO] [stdout] 46ddcd74240a0fceeb97e0c92e12a2dd23b132b431a01f5d0b27754f2843d13f
[INFO] [stderr] WARNING: Your kernel does not support swap limit capabilities or the cgroup is not mounted. Memory limited without swap.
[INFO] running `Command { std: "docker" "start" "-a" "46ddcd74240a0fceeb97e0c92e12a2dd23b132b431a01f5d0b27754f2843d13f", kill_on_drop: false }`
[INFO] [stderr]    Compiling libc v0.2.66
[INFO] [stderr]    Compiling proc-macro2 v1.0.6
[INFO] [stderr]    Compiling syn v1.0.11
[INFO] [stderr]    Compiling cc v1.0.47
[INFO] [stderr]    Compiling serde v1.0.103
[INFO] [stderr]    Compiling pdqselect v0.1.0
[INFO] [stderr]    Compiling rayon-core v1.6.1
[INFO] [stderr]    Compiling permutohedron v0.2.4
[INFO] [stderr]    Compiling crossbeam-utils v0.7.0
[INFO] [stderr]    Compiling num-traits v0.2.10
[INFO] [stderr]    Compiling crossbeam-epoch v0.8.0
[INFO] [stderr]    Compiling crossbeam-queue v0.2.0
[INFO] [stderr]    Compiling crossbeam-channel v0.4.0
[INFO] [stderr]    Compiling quote v1.0.2
[INFO] [stderr]    Compiling num_cpus v1.11.1
[INFO] [stderr]    Compiling atty v0.2.13
[INFO] [stderr]    Compiling backtrace-sys v0.1.32
[INFO] [stderr]    Compiling clap v2.33.0
[INFO] [stderr]    Compiling crossbeam-deque v0.7.2
[INFO] [stderr]    Compiling threadpool v1.7.1
[INFO] [stderr]    Compiling crossbeam v0.7.3
[INFO] [stderr]    Compiling num-traits v0.1.43
[INFO] [stderr]    Compiling rstar v0.2.0
[INFO] [stderr]    Compiling geo-types v0.4.3
[INFO] [stderr]    Compiling rayon v1.2.1
[INFO] [stderr]    Compiling backtrace v0.3.40
[INFO] [stderr]    Compiling synstructure v0.12.3
[INFO] [stderr]    Compiling failure_derive v0.1.6
[INFO] [stderr]    Compiling serde_derive v1.0.103
[INFO] [stderr]    Compiling failure v0.1.6
[INFO] [stderr]    Compiling geo v0.12.2
[INFO] [stderr]    Compiling geo v0.4.13
[INFO] [stderr]    Compiling line_intersection v0.4.0
[INFO] [stderr]    Compiling adventofcode v0.1.0 (/opt/rustwide/workdir)
[INFO] [stdout] warning: unused import: `ResultExt`
[INFO] [stdout]  --> bin/day5.rs:1:37
[INFO] [stdout]   |
[INFO] [stdout] 1 | use failure::{format_err, Fallible, ResultExt};
[INFO] [stdout]   |                                     ^^^^^^^^^
[INFO] [stdout]   |
[INFO] [stdout]   = note: `#[warn(unused_imports)]` on by default
[INFO] [stdout] 
[INFO] [stdout] 
[INFO] [stdout] warning: unnecessary braces around block return value
[INFO] [stdout]  --> bin/day5.rs:7:30
[INFO] [stdout]   |
[INFO] [stdout] 7 |     static ref DEBUG: bool = { std::env::var("DEBUG").is_ok() };
[INFO] [stdout]   |                              ^^^^^^^^^^^^^^^^^^^^^^^^^^^^^^^^^^ help: remove these braces
[INFO] [stdout]   |
[INFO] [stdout]   = note: `#[warn(unused_braces)]` on by default
[INFO] [stdout] 
[INFO] [stdout] 
[INFO] [stdout] warning: unused import: `bounded`
[INFO] [stdout]  --> src/main.rs:7:44
[INFO] [stdout]   |
[INFO] [stdout] 7 | use crossbeam::channel::{Sender, Receiver, bounded};
[INFO] [stdout]   |                                            ^^^^^^^
[INFO] [stdout]   |
[INFO] [stdout]   = note: `#[warn(unused_imports)]` on by default
[INFO] [stdout] 
[INFO] [stdout] 
[INFO] [stdout] warning: unnecessary braces around block return value
[INFO] [stdout]   --> src/main.rs:10:30
[INFO] [stdout]    |
[INFO] [stdout] 10 |     static ref DEBUG: bool = { std::env::var("DEBUG").is_ok() };
[INFO] [stdout]    |                              ^^^^^^^^^^^^^^^^^^^^^^^^^^^^^^^^^^ help: remove these braces
[INFO] [stdout]    |
[INFO] [stdout]    = note: `#[warn(unused_braces)]` on by default
[INFO] [stdout] 
[INFO] [stdout] 
[INFO] [stdout] warning: unused imports: `Coordinate`, `intersects::Intersects`
[INFO] [stdout]  --> bin/day3.rs:1:11
[INFO] [stdout]   |
[INFO] [stdout] 1 | use geo::{Coordinate, Line, intersects::Intersects};
[INFO] [stdout]   |           ^^^^^^^^^^        ^^^^^^^^^^^^^^^^^^^^^^
[INFO] [stdout]   |
[INFO] [stdout]   = note: `#[warn(unused_imports)]` on by default
[INFO] [stdout] 
[INFO] [stdout] 
[INFO] [stdout] warning: unused imports: `HashMap`, `hash_map::Entry`
[INFO] [stdout]  --> bin/day3.rs:2:24
[INFO] [stdout]   |
[INFO] [stdout] 2 | use std::collections::{HashMap, hash_map::Entry};
[INFO] [stdout]   |                        ^^^^^^^  ^^^^^^^^^^^^^^^
[INFO] [stdout] 
[INFO] [stdout] 
[INFO] [stdout] warning: unused imports: `Itertools`, `iproduct`
[INFO] [stdout]  --> bin/day3.rs:5:17
[INFO] [stdout]   |
[INFO] [stdout] 5 | use itertools::{Itertools, iproduct};
[INFO] [stdout]   |                 ^^^^^^^^^  ^^^^^^^^
[INFO] [stdout] 
[INFO] [stdout] 
[INFO] [stdout] warning: unused import: `rayon::prelude`
[INFO] [stdout]  --> bin/day3.rs:6:5
[INFO] [stdout]   |
[INFO] [stdout] 6 | use rayon::prelude::*;
[INFO] [stdout]   |     ^^^^^^^^^^^^^^
[INFO] [stdout] 
[INFO] [stdout] 
[INFO] [stdout] warning: variant is never constructed: `LineA`
[INFO] [stdout]   --> bin/day3.rs:55:5
[INFO] [stdout]    |
[INFO] [stdout] 55 |     LineA,
[INFO] [stdout]    |     ^^^^^
[INFO] [stdout]    |
[INFO] [stdout]    = note: `#[warn(dead_code)]` on by default
[INFO] [stdout] 
[INFO] [stdout] 
[INFO] [stdout] warning: variant is never constructed: `LineB`
[INFO] [stdout]   --> bin/day3.rs:56:5
[INFO] [stdout]    |
[INFO] [stdout] 56 |     LineB,
[INFO] [stdout]    |     ^^^^^
[INFO] [stdout] 
[INFO] [stdout] 
[INFO] [stdout] warning: variant is never constructed: `InvalidIndirect`
[INFO] [stdout]   --> bin/day5.rs:81:5
[INFO] [stdout]    |
[INFO] [stdout] 81 |     InvalidIndirect,
[INFO] [stdout]    |     ^^^^^^^^^^^^^^^
[INFO] [stdout]    |
[INFO] [stdout]    = note: `#[warn(dead_code)]` on by default
[INFO] [stdout] 
[INFO] [stdout] 
[INFO] [stdout] warning: variant is never constructed: `InvalidImmediate`
[INFO] [stdout]   --> bin/day5.rs:82:5
[INFO] [stdout]    |
[INFO] [stdout] 82 |     InvalidImmediate,
[INFO] [stdout]    |     ^^^^^^^^^^^^^^^^
[INFO] [stdout] 
[INFO] [stdout] 
[INFO] [stdout] warning: associated function is never used: `take_output`
[INFO] [stdout]    --> bin/day5.rs:112:8
[INFO] [stdout]     |
[INFO] [stdout] 112 |     fn take_output(mut self) -> Option<Box<dyn Output>> {
[INFO] [stdout]     |        ^^^^^^^^^^^
[INFO] [stdout] 
[INFO] [stdout] 
[INFO] [stdout] warning: associated function is never used: `as_ref`
[INFO] [stdout]    --> bin/day5.rs:156:8
[INFO] [stdout]     |
[INFO] [stdout] 156 |     fn as_ref(&'a self) -> &'a [i32] {
[INFO] [stdout]     |        ^^^^^^
[INFO] [stdout] 
[INFO] [stdout] 
[INFO] [stdout] warning: associated function is never used: `as_address`
[INFO] [stdout]    --> bin/day5.rs:285:8
[INFO] [stdout]     |
[INFO] [stdout] 285 |     fn as_address(&self) -> Fallible<usize> {
[INFO] [stdout]     |        ^^^^^^^^^^
[INFO] [stdout] 
[INFO] [stdout] 
[INFO] [stdout] warning: associated function is never used: `from_cpu`
[INFO] [stdout]    --> bin/day5.rs:300:8
[INFO] [stdout]     |
[INFO] [stdout] 300 |     fn from_cpu(&self, cpu: &IntcodeMachine) -> i32 {
[INFO] [stdout]     |        ^^^^^^^^
[INFO] [stdout] 
[INFO] [stdout] 
[INFO] [stdout] warning: variant is never constructed: `Noop`
[INFO] [stdout]    --> bin/day5.rs:354:5
[INFO] [stdout]     |
[INFO] [stdout] 354 |     Noop,
[INFO] [stdout]     |     ^^^^
[INFO] [stdout] 
[INFO] [stdout] 
[INFO] [stdout] warning: 6 warnings emitted
[INFO] [stdout] 
[INFO] [stdout] 
[INFO] [stdout] warning: 9 warnings emitted
[INFO] [stdout] 
[INFO] [stdout] 
[INFO] [stdout] warning: 2 warnings emitted
[INFO] [stdout] 
[INFO] [stdout] 
[INFO] [stderr]     Finished dev [unoptimized + debuginfo] target(s) in 36.71s
[INFO] running `Command { std: "docker" "inspect" "46ddcd74240a0fceeb97e0c92e12a2dd23b132b431a01f5d0b27754f2843d13f", kill_on_drop: false }`
[INFO] running `Command { std: "docker" "rm" "-f" "46ddcd74240a0fceeb97e0c92e12a2dd23b132b431a01f5d0b27754f2843d13f", kill_on_drop: false }`
[INFO] [stdout] 46ddcd74240a0fceeb97e0c92e12a2dd23b132b431a01f5d0b27754f2843d13f
[INFO] running `Command { std: "docker" "create" "-v" "/var/lib/crater-agent-workspace/builds/worker-3/target:/opt/rustwide/target:rw,Z" "-v" "/var/lib/crater-agent-workspace/builds/worker-3/source:/opt/rustwide/workdir:ro,Z" "-v" "/var/lib/crater-agent-workspace/cargo-home:/opt/rustwide/cargo-home:ro,Z" "-v" "/var/lib/crater-agent-workspace/rustup-home:/opt/rustwide/rustup-home:ro,Z" "-e" "SOURCE_DIR=/opt/rustwide/workdir" "-e" "CARGO_TARGET_DIR=/opt/rustwide/target" "-e" "CARGO_INCREMENTAL=0" "-e" "RUST_BACKTRACE=full" "-e" "RUSTFLAGS=--cap-lints=warn" "-e" "CARGO_HOME=/opt/rustwide/cargo-home" "-e" "RUSTUP_HOME=/opt/rustwide/rustup-home" "-w" "/opt/rustwide/workdir" "-m" "1610612736" "--user" "0:0" "--network" "none" "ghcr.io/rust-lang/crates-build-env/linux@sha256:34b6a614d2c27851fe6cbf88fbd1137609cefab8b10d0615aaeb6fd47975d74e" "/opt/rustwide/cargo-home/bin/cargo" "+1.54.0" "test" "--frozen" "--no-run" "--message-format=json", kill_on_drop: false }`
[INFO] [stdout] 623a71365f900d794509e553d4e08e6236de0c79e0b2453f9c5c83381bc82145
[INFO] [stderr] WARNING: Your kernel does not support swap limit capabilities or the cgroup is not mounted. Memory limited without swap.
[INFO] running `Command { std: "docker" "start" "-a" "623a71365f900d794509e553d4e08e6236de0c79e0b2453f9c5c83381bc82145", kill_on_drop: false }`
[INFO] [stderr]    Compiling adventofcode v0.1.0 (/opt/rustwide/workdir)
[INFO] [stdout] warning: unused import: `ResultExt`
[INFO] [stdout]  --> bin/day5.rs:1:37
[INFO] [stdout]   |
[INFO] [stdout] 1 | use failure::{format_err, Fallible, ResultExt};
[INFO] [stdout]   |                                     ^^^^^^^^^
[INFO] [stdout]   |
[INFO] [stdout]   = note: `#[warn(unused_imports)]` on by default
[INFO] [stdout] 
[INFO] [stdout] 
[INFO] [stdout] warning: unnecessary braces around block return value
[INFO] [stdout]  --> bin/day5.rs:7:30
[INFO] [stdout]   |
[INFO] [stdout] 7 |     static ref DEBUG: bool = { std::env::var("DEBUG").is_ok() };
[INFO] [stdout]   |                              ^^^^^^^^^^^^^^^^^^^^^^^^^^^^^^^^^^ help: remove these braces
[INFO] [stdout]   |
[INFO] [stdout]   = note: `#[warn(unused_braces)]` on by default
[INFO] [stdout] 
[INFO] [stdout] 
[INFO] [stdout] warning: unused imports: `Coordinate`, `intersects::Intersects`
[INFO] [stdout]  --> bin/day3.rs:1:11
[INFO] [stdout]   |
[INFO] [stdout] 1 | use geo::{Coordinate, Line, intersects::Intersects};
[INFO] [stdout]   |           ^^^^^^^^^^        ^^^^^^^^^^^^^^^^^^^^^^
[INFO] [stdout]   |
[INFO] [stdout]   = note: `#[warn(unused_imports)]` on by default
[INFO] [stdout] 
[INFO] [stdout] 
[INFO] [stdout] warning: unused imports: `HashMap`, `hash_map::Entry`
[INFO] [stdout]  --> bin/day3.rs:2:24
[INFO] [stdout]   |
[INFO] [stdout] 2 | use std::collections::{HashMap, hash_map::Entry};
[INFO] [stdout]   |                        ^^^^^^^  ^^^^^^^^^^^^^^^
[INFO] [stdout] 
[INFO] [stdout] 
[INFO] [stdout] warning: unused imports: `Itertools`, `iproduct`
[INFO] [stdout]  --> bin/day3.rs:5:17
[INFO] [stdout]   |
[INFO] [stdout] 5 | use itertools::{Itertools, iproduct};
[INFO] [stdout]   |                 ^^^^^^^^^  ^^^^^^^^
[INFO] [stdout] 
[INFO] [stdout] 
[INFO] [stdout] warning: unused import: `bounded`
[INFO] [stdout]  --> src/main.rs:7:44
[INFO] [stdout]   |
[INFO] [stdout] 7 | use crossbeam::channel::{Sender, Receiver, bounded};
[INFO] [stdout]   |                                            ^^^^^^^
[INFO] [stdout]   |
[INFO] [stdout]   = note: `#[warn(unused_imports)]` on by default
[INFO] [stdout] 
[INFO] [stdout] 
[INFO] [stdout] warning: unnecessary braces around block return value
[INFO] [stdout]   --> src/main.rs:10:30
[INFO] [stdout]    |
[INFO] [stdout] 10 |     static ref DEBUG: bool = { std::env::var("DEBUG").is_ok() };
[INFO] [stdout]    |                              ^^^^^^^^^^^^^^^^^^^^^^^^^^^^^^^^^^ help: remove these braces
[INFO] [stdout]    |
[INFO] [stdout]    = note: `#[warn(unused_braces)]` on by default
[INFO] [stdout] 
[INFO] [stdout] 
[INFO] [stdout] warning: unused import: `rayon::prelude`
[INFO] [stdout]  --> bin/day3.rs:6:5
[INFO] [stdout]   |
[INFO] [stdout] 6 | use rayon::prelude::*;
[INFO] [stdout]   |     ^^^^^^^^^^^^^^
[INFO] [stdout] 
[INFO] [stdout] 
[INFO] [stdout] warning: variant is never constructed: `LineA`
[INFO] [stdout]   --> bin/day3.rs:55:5
[INFO] [stdout]    |
[INFO] [stdout] 55 |     LineA,
[INFO] [stdout]    |     ^^^^^
[INFO] [stdout]    |
[INFO] [stdout]    = note: `#[warn(dead_code)]` on by default
[INFO] [stdout] 
[INFO] [stdout] 
[INFO] [stdout] warning: variant is never constructed: `LineB`
[INFO] [stdout]   --> bin/day3.rs:56:5
[INFO] [stdout]    |
[INFO] [stdout] 56 |     LineB,
[INFO] [stdout]    |     ^^^^^
[INFO] [stdout] 
[INFO] [stdout] 
[INFO] [stdout] warning: variant is never constructed: `InvalidIndirect`
[INFO] [stdout]   --> bin/day5.rs:81:5
[INFO] [stdout]    |
[INFO] [stdout] 81 |     InvalidIndirect,
[INFO] [stdout]    |     ^^^^^^^^^^^^^^^
[INFO] [stdout]    |
[INFO] [stdout]    = note: `#[warn(dead_code)]` on by default
[INFO] [stdout] 
[INFO] [stdout] 
[INFO] [stdout] warning: variant is never constructed: `InvalidImmediate`
[INFO] [stdout]   --> bin/day5.rs:82:5
[INFO] [stdout]    |
[INFO] [stdout] 82 |     InvalidImmediate,
[INFO] [stdout]    |     ^^^^^^^^^^^^^^^^
[INFO] [stdout] 
[INFO] [stdout] 
[INFO] [stdout] warning: associated function is never used: `as_ref`
[INFO] [stdout]    --> bin/day5.rs:156:8
[INFO] [stdout]     |
[INFO] [stdout] 156 |     fn as_ref(&'a self) -> &'a [i32] {
[INFO] [stdout]     |        ^^^^^^
[INFO] [stdout] 
[INFO] [stdout] 
[INFO] [stdout] warning: associated function is never used: `as_address`
[INFO] [stdout]    --> bin/day5.rs:285:8
[INFO] [stdout]     |
[INFO] [stdout] 285 |     fn as_address(&self) -> Fallible<usize> {
[INFO] [stdout]     |        ^^^^^^^^^^
[INFO] [stdout] 
[INFO] [stdout] 
[INFO] [stdout] warning: associated function is never used: `from_cpu`
[INFO] [stdout]    --> bin/day5.rs:300:8
[INFO] [stdout]     |
[INFO] [stdout] 300 |     fn from_cpu(&self, cpu: &IntcodeMachine) -> i32 {
[INFO] [stdout]     |        ^^^^^^^^
[INFO] [stdout] 
[INFO] [stdout] 
[INFO] [stdout] warning: variant is never constructed: `Noop`
[INFO] [stdout]    --> bin/day5.rs:354:5
[INFO] [stdout]     |
[INFO] [stdout] 354 |     Noop,
[INFO] [stdout]     |     ^^^^
[INFO] [stdout] 
[INFO] [stdout] 
[INFO] [stdout] warning: 6 warnings emitted
[INFO] [stdout] 
[INFO] [stdout] 
[INFO] [stdout] warning: 8 warnings emitted
[INFO] [stdout] 
[INFO] [stdout] 
[INFO] [stdout] warning: 2 warnings emitted
[INFO] [stdout] 
[INFO] [stdout] 
[INFO] [stderr]     Finished test [unoptimized + debuginfo] target(s) in 1.68s
[INFO] running `Command { std: "docker" "inspect" "623a71365f900d794509e553d4e08e6236de0c79e0b2453f9c5c83381bc82145", kill_on_drop: false }`
[INFO] running `Command { std: "docker" "rm" "-f" "623a71365f900d794509e553d4e08e6236de0c79e0b2453f9c5c83381bc82145", kill_on_drop: false }`
[INFO] [stdout] 623a71365f900d794509e553d4e08e6236de0c79e0b2453f9c5c83381bc82145
[INFO] running `Command { std: "docker" "create" "-v" "/var/lib/crater-agent-workspace/builds/worker-3/target:/opt/rustwide/target:rw,Z" "-v" "/var/lib/crater-agent-workspace/builds/worker-3/source:/opt/rustwide/workdir:ro,Z" "-v" "/var/lib/crater-agent-workspace/cargo-home:/opt/rustwide/cargo-home:ro,Z" "-v" "/var/lib/crater-agent-workspace/rustup-home:/opt/rustwide/rustup-home:ro,Z" "-e" "SOURCE_DIR=/opt/rustwide/workdir" "-e" "CARGO_TARGET_DIR=/opt/rustwide/target" "-e" "CARGO_INCREMENTAL=0" "-e" "RUST_BACKTRACE=full" "-e" "RUSTFLAGS=--cap-lints=warn" "-e" "CARGO_HOME=/opt/rustwide/cargo-home" "-e" "RUSTUP_HOME=/opt/rustwide/rustup-home" "-w" "/opt/rustwide/workdir" "-m" "1610612736" "--user" "0:0" "--network" "none" "ghcr.io/rust-lang/crates-build-env/linux@sha256:34b6a614d2c27851fe6cbf88fbd1137609cefab8b10d0615aaeb6fd47975d74e" "/opt/rustwide/cargo-home/bin/cargo" "+1.54.0" "test" "--frozen", kill_on_drop: false }`
[INFO] [stdout] 0b70fb8c25a0f673dcc5cffe65c6e8a0543b4e589c99ed6ed0e5ef6d7cc18e48
[INFO] [stderr] WARNING: Your kernel does not support swap limit capabilities or the cgroup is not mounted. Memory limited without swap.
[INFO] running `Command { std: "docker" "start" "-a" "0b70fb8c25a0f673dcc5cffe65c6e8a0543b4e589c99ed6ed0e5ef6d7cc18e48", kill_on_drop: false }`
[INFO] [stderr] warning: unused import: `ResultExt`
[INFO] [stderr]  --> bin/day5.rs:1:37
[INFO] [stderr]   |
[INFO] [stderr] 1 | use failure::{format_err, Fallible, ResultExt};
[INFO] [stderr]   |                                     ^^^^^^^^^
[INFO] [stderr]   |
[INFO] [stderr]   = note: `#[warn(unused_imports)]` on by default
[INFO] [stderr] 
[INFO] [stderr] warning: unnecessary braces around block return value
[INFO] [stderr]  --> bin/day5.rs:7:30
[INFO] [stderr]   |
[INFO] [stderr] 7 |     static ref DEBUG: bool = { std::env::var("DEBUG").is_ok() };
[INFO] [stderr]   |                              ^^^^^^^^^^^^^^^^^^^^^^^^^^^^^^^^^^ help: remove these braces
[INFO] [stderr]   |
[INFO] [stderr]   = note: `#[warn(unused_braces)]` on by default
[INFO] [stderr] 
[INFO] [stderr] warning: variant is never constructed: `InvalidIndirect`
[INFO] [stderr]   --> bin/day5.rs:81:5
[INFO] [stderr]    |
[INFO] [stderr] 81 |     InvalidIndirect,
[INFO] [stderr]    |     ^^^^^^^^^^^^^^^
[INFO] [stderr]    |
[INFO] [stderr]    = note: `#[warn(dead_code)]` on by default
[INFO] [stderr] 
[INFO] [stderr] warning: variant is never constructed: `InvalidImmediate`
[INFO] [stderr]   --> bin/day5.rs:82:5
[INFO] [stderr]    |
[INFO] [stderr] 82 |     InvalidImmediate,
[INFO] [stderr]    |     ^^^^^^^^^^^^^^^^
[INFO] [stderr] 
[INFO] [stderr] warning: associated function is never used: `as_ref`
[INFO] [stderr]    --> bin/day5.rs:156:8
[INFO] [stderr]     |
[INFO] [stderr] 156 |     fn as_ref(&'a self) -> &'a [i32] {
[INFO] [stderr]     |        ^^^^^^
[INFO] [stderr] 
[INFO] [stderr] warning: associated function is never used: `as_address`
[INFO] [stderr]    --> bin/day5.rs:285:8
[INFO] [stderr]     |
[INFO] [stderr] 285 |     fn as_address(&self) -> Fallible<usize> {
[INFO] [stderr]     |        ^^^^^^^^^^
[INFO] [stderr] 
[INFO] [stderr] warning: associated function is never used: `from_cpu`
[INFO] [stderr]    --> bin/day5.rs:300:8
[INFO] [stderr]     |
[INFO] [stderr] 300 |     fn from_cpu(&self, cpu: &IntcodeMachine) -> i32 {
[INFO] [stderr]     |        ^^^^^^^^
[INFO] [stderr] 
[INFO] [stderr] warning: variant is never constructed: `Noop`
[INFO] [stderr]    --> bin/day5.rs:354:5
[INFO] [stderr]     |
[INFO] [stderr] 354 |     Noop,
[INFO] [stderr]     |     ^^^^
[INFO] [stderr] 
[INFO] [stderr] warning: 8 warnings emitted
[INFO] [stderr] 
[INFO] [stderr] warning: unused imports: `Coordinate`, `intersects::Intersects`
[INFO] [stderr]  --> bin/day3.rs:1:11
[INFO] [stderr]   |
[INFO] [stderr] 1 | use geo::{Coordinate, Line, intersects::Intersects};
[INFO] [stderr]   |           ^^^^^^^^^^        ^^^^^^^^^^^^^^^^^^^^^^
[INFO] [stderr]   |
[INFO] [stderr]   = note: `#[warn(unused_imports)]` on by default
[INFO] [stderr] 
[INFO] [stderr] warning: unused imports: `HashMap`, `hash_map::Entry`
[INFO] [stderr]  --> bin/day3.rs:2:24
[INFO] [stderr]   |
[INFO] [stderr] 2 | use std::collections::{HashMap, hash_map::Entry};
[INFO] [stderr]   |                        ^^^^^^^  ^^^^^^^^^^^^^^^
[INFO] [stderr] 
[INFO] [stderr] warning: unused imports: `Itertools`, `iproduct`
[INFO] [stderr]  --> bin/day3.rs:5:17
[INFO] [stderr]   |
[INFO] [stderr] 5 | use itertools::{Itertools, iproduct};
[INFO] [stderr]   |                 ^^^^^^^^^  ^^^^^^^^
[INFO] [stderr] 
[INFO] [stderr] warning: unused import: `rayon::prelude`
[INFO] [stderr]  --> bin/day3.rs:6:5
[INFO] [stderr]   |
[INFO] [stderr] 6 | use rayon::prelude::*;
[INFO] [stderr]   |     ^^^^^^^^^^^^^^
[INFO] [stderr] 
[INFO] [stderr] warning: variant is never constructed: `LineA`
[INFO] [stderr]   --> bin/day3.rs:55:5
[INFO] [stderr]    |
[INFO] [stderr] 55 |     LineA,
[INFO] [stderr]    |     ^^^^^
[INFO] [stderr]    |
[INFO] [stderr]    = note: `#[warn(dead_code)]` on by default
[INFO] [stderr] 
[INFO] [stderr] warning: variant is never constructed: `LineB`
[INFO] [stderr]   --> bin/day3.rs:56:5
[INFO] [stderr]    |
[INFO] [stderr] 56 |     LineB,
[INFO] [stderr]    |     ^^^^^
[INFO] [stderr] 
[INFO] [stderr] warning: 6 warnings emitted
[INFO] [stderr] 
[INFO] [stderr] warning: unused import: `bounded`
[INFO] [stderr]  --> src/main.rs:7:44
[INFO] [stderr]   |
[INFO] [stderr] 7 | use crossbeam::channel::{Sender, Receiver, bounded};
[INFO] [stderr]   |                                            ^^^^^^^
[INFO] [stderr]   |
[INFO] [stderr]   = note: `#[warn(unused_imports)]` on by default
[INFO] [stderr] 
[INFO] [stderr] warning: unnecessary braces around block return value
[INFO] [stderr]   --> src/main.rs:10:30
[INFO] [stderr]    |
[INFO] [stderr] 10 |     static ref DEBUG: bool = { std::env::var("DEBUG").is_ok() };
[INFO] [stderr]    |                              ^^^^^^^^^^^^^^^^^^^^^^^^^^^^^^^^^^ help: remove these braces
[INFO] [stderr]    |
[INFO] [stderr]    = note: `#[warn(unused_braces)]` on by default
[INFO] [stderr] 
[INFO] [stderr] warning: 2 warnings emitted
[INFO] [stderr] 
[INFO] [stderr]     Finished test [unoptimized + debuginfo] target(s) in 0.05s
[INFO] [stderr]      Running unittests (/opt/rustwide/target/debug/deps/adventofcode-b030f67440a761ce)
[INFO] [stdout] 
[INFO] [stdout] running 12 tests
[INFO] [stdout] test tests::test_read_single_mul ... ok
[INFO] [stdout] test tests::test_jmp_if_true ... ok
[INFO] [stdout] test tests::test_single_add ... ok
[INFO] [stdout] test tests::test_read_single_add ... ok
[INFO] [stdout] test tests::test_single_mul ... ok
[INFO] [stdout] test tests::test_io ... ok
[INFO] [stdout] test tests::test_equal ... ok
[INFO] [stdout] test tests::test_less_imm ... ok
[INFO] [stdout] test tests::test_equal_imm ... ok
[INFO] [stdout] test tests::test_large_program ... ok
[INFO] [stdout] test tests::test_jmp_if_false ... FAILED
[INFO] [stdout] test tests::test_less ... ok
[INFO] [stdout] 
[INFO] [stdout] failures:
[INFO] [stdout] 
[INFO] [stdout] ---- tests::test_jmp_if_false stdout ----
[INFO] [stdout] thread 'tests::test_jmp_if_false' panicked at 'called `Result::unwrap()` on an `Err` value: OutOfBounds(104, 9)
[INFO] [stdout] 
[INFO] [stdout] stack backtrace:
[INFO] [stdout]    0: failure::backtrace::internal::InternalBacktrace::new
[INFO] [stdout]              at /opt/rustwide/cargo-home/registry/src/github.com-1ecc6299db9ec823/failure-0.1.6/src/backtrace/internal.rs:46
[INFO] [stdout]    1: failure::backtrace::Backtrace::new
[INFO] [stdout]              at /opt/rustwide/cargo-home/registry/src/github.com-1ecc6299db9ec823/failure-0.1.6/src/backtrace/mod.rs:121
[INFO] [stdout]    2: <failure::error::error_impl::ErrorImpl as core::convert::From<F>>::from
[INFO] [stdout]              at /opt/rustwide/cargo-home/registry/src/github.com-1ecc6299db9ec823/failure-0.1.6/src/error/error_impl.rs:19
[INFO] [stdout]    3: <failure::error::Error as core::convert::From<F>>::from
[INFO] [stdout]              at /opt/rustwide/cargo-home/registry/src/github.com-1ecc6299db9ec823/failure-0.1.6/src/error/mod.rs:36
[INFO] [stdout]    4: <T as core::convert::Into<U>>::into
[INFO] [stdout]              at /rustc/a178d0322ce20e33eac124758e837cbd80a6f633/library/core/src/convert/mod.rs:538
[INFO] [stdout]    5: adventofcode::IntcodeMachine::set_ip
[INFO] [stdout]              at src/main.rs:174
[INFO] [stdout]    6: <adventofcode::Opcode as adventofcode::Instruction>::execute
[INFO] [stdout]              at src/main.rs:393
[INFO] [stdout]    7: adventofcode::IntcodeMachine::run
[INFO] [stdout]              at src/main.rs:284
[INFO] [stdout]    8: adventofcode::tests::test_jmp_if_false
[INFO] [stdout]              at src/main.rs:527
[INFO] [stdout]    9: adventofcode::tests::test_jmp_if_false::{{closure}}
[INFO] [stdout]              at src/main.rs:518
[INFO] [stdout]   10: core::ops::function::FnOnce::call_once
[INFO] [stdout]              at /rustc/a178d0322ce20e33eac124758e837cbd80a6f633/library/core/src/ops/function.rs:227
[INFO] [stdout]   11: core::ops::function::FnOnce::call_once
[INFO] [stdout]              at /rustc/a178d0322ce20e33eac124758e837cbd80a6f633/library/core/src/ops/function.rs:227
[INFO] [stdout]       test::__rust_begin_short_backtrace
[INFO] [stdout]              at library/test/src/lib.rs:577
[INFO] [stdout]   12: <alloc::boxed::Box<F,A> as core::ops::function::FnOnce<Args>>::call_once
[INFO] [stdout]              at /rustc/a178d0322ce20e33eac124758e837cbd80a6f633/library/alloc/src/boxed.rs:1575
[INFO] [stdout]       <std::panic::AssertUnwindSafe<F> as core::ops::function::FnOnce<()>>::call_once
[INFO] [stdout]              at /rustc/a178d0322ce20e33eac124758e837cbd80a6f633/library/std/src/panic.rs:347
[INFO] [stdout]       std::panicking::try::do_call
[INFO] [stdout]              at /rustc/a178d0322ce20e33eac124758e837cbd80a6f633/library/std/src/panicking.rs:401
[INFO] [stdout]       std::panicking::try
[INFO] [stdout]              at /rustc/a178d0322ce20e33eac124758e837cbd80a6f633/library/std/src/panicking.rs:365
[INFO] [stdout]       std::panic::catch_unwind
[INFO] [stdout]              at /rustc/a178d0322ce20e33eac124758e837cbd80a6f633/library/std/src/panic.rs:434
[INFO] [stdout]       test::run_test_in_process
[INFO] [stdout]              at library/test/src/lib.rs:600
[INFO] [stdout]       test::run_test::run_test_inner::{{closure}}
[INFO] [stdout]              at library/test/src/lib.rs:492
[INFO] [stdout]   13: test::run_test::run_test_inner::{{closure}}
[INFO] [stdout]              at library/test/src/lib.rs:519
[INFO] [stdout]       std::sys_common::backtrace::__rust_begin_short_backtrace
[INFO] [stdout]              at /rustc/a178d0322ce20e33eac124758e837cbd80a6f633/library/std/src/sys_common/backtrace.rs:125
[INFO] [stdout]   14: std::thread::Builder::spawn_unchecked::{{closure}}::{{closure}}
[INFO] [stdout]              at /rustc/a178d0322ce20e33eac124758e837cbd80a6f633/library/std/src/thread/mod.rs:481
[INFO] [stdout]       <std::panic::AssertUnwindSafe<F> as core::ops::function::FnOnce<()>>::call_once
[INFO] [stdout]              at /rustc/a178d0322ce20e33eac124758e837cbd80a6f633/library/std/src/panic.rs:347
[INFO] [stdout]       std::panicking::try::do_call
[INFO] [stdout]              at /rustc/a178d0322ce20e33eac124758e837cbd80a6f633/library/std/src/panicking.rs:401
[INFO] [stdout]       std::panicking::try
[INFO] [stdout]              at /rustc/a178d0322ce20e33eac124758e837cbd80a6f633/library/std/src/panicking.rs:365
[INFO] [stdout]       std::panic::catch_unwind
[INFO] [stdout]              at /rustc/a178d0322ce20e33eac124758e837cbd80a6f633/library/std/src/panic.rs:434
[INFO] [stdout]       std::thread::Builder::spawn_unchecked::{{closure}}
[INFO] [stdout]              at /rustc/a178d0322ce20e33eac124758e837cbd80a6f633/library/std/src/thread/mod.rs:480
[INFO] [stdout]       core::ops::function::FnOnce::call_once{{vtable.shim}}
[INFO] [stdout]              at /rustc/a178d0322ce20e33eac124758e837cbd80a6f633/library/core/src/ops/function.rs:227
[INFO] [stdout]   15: <alloc::boxed::Box<F,A> as core::ops::function::FnOnce<Args>>::call_once
[INFO] [stdout]              at /rustc/a178d0322ce20e33eac124758e837cbd80a6f633/library/alloc/src/boxed.rs:1575
[INFO] [stdout]       <alloc::boxed::Box<F,A> as core::ops::function::FnOnce<Args>>::call_once
[INFO] [stdout]              at /rustc/a178d0322ce20e33eac124758e837cbd80a6f633/library/alloc/src/boxed.rs:1575
[INFO] [stdout]       std::sys::unix::thread::Thread::new::thread_start
[INFO] [stdout]              at library/std/src/sys/unix/thread.rs:71
[INFO] [stdout]   16: start_thread
[INFO] [stdout]   17: __clone
[INFO] [stdout] ', src/main.rs:527:23
[INFO] [stdout] stack backtrace:
[INFO] [stdout]    0:     0x55637c27d110 - std::backtrace_rs::backtrace::libunwind::trace::h34055254b57d8e79
[INFO] [stdout]                                at /rustc/a178d0322ce20e33eac124758e837cbd80a6f633/library/std/src/../../backtrace/src/backtrace/libunwind.rs:90:5
[INFO] [stdout]    1:     0x55637c27d110 - std::backtrace_rs::backtrace::trace_unsynchronized::h8f1e3fbd9afff6ec
[INFO] [stdout]                                at /rustc/a178d0322ce20e33eac124758e837cbd80a6f633/library/std/src/../../backtrace/src/backtrace/mod.rs:66:5
[INFO] [stdout]    2:     0x55637c27d110 - std::sys_common::backtrace::_print_fmt::h3a99a796b770c360
[INFO] [stdout]                                at /rustc/a178d0322ce20e33eac124758e837cbd80a6f633/library/std/src/sys_common/backtrace.rs:67:5
[INFO] [stdout]    3:     0x55637c27d110 - <std::sys_common::backtrace::_print::DisplayBacktrace as core::fmt::Display>::fmt::h32d1f94a80615d18
[INFO] [stdout]                                at /rustc/a178d0322ce20e33eac124758e837cbd80a6f633/library/std/src/sys_common/backtrace.rs:46:22
[INFO] [stdout]    4:     0x55637c29f90c - core::fmt::write::h306731c068f7162c
[INFO] [stdout]                                at /rustc/a178d0322ce20e33eac124758e837cbd80a6f633/library/core/src/fmt/mod.rs:1110:17
[INFO] [stdout]    5:     0x55637c279f95 - std::io::Write::write_fmt::h87f19b0a2cd190bc
[INFO] [stdout]                                at /rustc/a178d0322ce20e33eac124758e837cbd80a6f633/library/std/src/io/mod.rs:1588:15
[INFO] [stdout]    6:     0x55637c27f27b - std::sys_common::backtrace::_print::h5abaa2601a852287
[INFO] [stdout]                                at /rustc/a178d0322ce20e33eac124758e837cbd80a6f633/library/std/src/sys_common/backtrace.rs:49:5
[INFO] [stdout]    7:     0x55637c27f27b - std::sys_common::backtrace::print::h8d81445442bb638f
[INFO] [stdout]                                at /rustc/a178d0322ce20e33eac124758e837cbd80a6f633/library/std/src/sys_common/backtrace.rs:36:9
[INFO] [stdout]    8:     0x55637c27f27b - std::panicking::default_hook::{{closure}}::hcfe804496a9fa747
[INFO] [stdout]                                at /rustc/a178d0322ce20e33eac124758e837cbd80a6f633/library/std/src/panicking.rs:208:50
[INFO] [stdout]    9:     0x55637c27ed8c - std::panicking::default_hook::hbea8e3ccf2ba8901
[INFO] [stdout]                                at /rustc/a178d0322ce20e33eac124758e837cbd80a6f633/library/std/src/panicking.rs:222:9
[INFO] [stdout]   10:     0x55637c27f944 - std::panicking::rust_panic_with_hook::h7ee9e1a2d0f8975a
[INFO] [stdout]                                at /rustc/a178d0322ce20e33eac124758e837cbd80a6f633/library/std/src/panicking.rs:622:17
[INFO] [stdout]   11:     0x55637c27f427 - std::panicking::begin_panic_handler::{{closure}}::h8ab3b4491718b2c7
[INFO] [stdout]                                at /rustc/a178d0322ce20e33eac124758e837cbd80a6f633/library/std/src/panicking.rs:519:13
[INFO] [stdout]   12:     0x55637c27d60c - std::sys_common::backtrace::__rust_end_short_backtrace::hd489062ffa586a9f
[INFO] [stdout]                                at /rustc/a178d0322ce20e33eac124758e837cbd80a6f633/library/std/src/sys_common/backtrace.rs:141:18
[INFO] [stdout]   13:     0x55637c27f389 - rust_begin_unwind
[INFO] [stdout]                                at /rustc/a178d0322ce20e33eac124758e837cbd80a6f633/library/std/src/panicking.rs:515:5
[INFO] [stdout]   14:     0x55637c1e7721 - core::panicking::panic_fmt::hca6330e3e14086b4
[INFO] [stdout]                                at /rustc/a178d0322ce20e33eac124758e837cbd80a6f633/library/core/src/panicking.rs:92:14
[INFO] [stdout]   15:     0x55637c1e7813 - core::result::unwrap_failed::h6160d2b4bfbb0e87
[INFO] [stdout]                                at /rustc/a178d0322ce20e33eac124758e837cbd80a6f633/library/core/src/result.rs:1355:5
[INFO] [stdout]   16:     0x55637c1f6dd9 - core::result::Result<T,E>::unwrap::h493d4fa5bdb09ef7
[INFO] [stdout]                                at /rustc/a178d0322ce20e33eac124758e837cbd80a6f633/library/core/src/result.rs:1037:23
[INFO] [stdout]   17:     0x55637c1ee7f5 - adventofcode::tests::test_jmp_if_false::h523b627056a8e6cf
[INFO] [stdout]                                at /opt/rustwide/workdir/src/main.rs:527:9
[INFO] [stdout]   18:     0x55637c1ee56a - adventofcode::tests::test_jmp_if_false::{{closure}}::h0ca0e5502e7244b7
[INFO] [stdout]                                at /opt/rustwide/workdir/src/main.rs:518:5
[INFO] [stdout]   19:     0x55637c1f256e - core::ops::function::FnOnce::call_once::he3f283cbb612727e
[INFO] [stdout]                                at /rustc/a178d0322ce20e33eac124758e837cbd80a6f633/library/core/src/ops/function.rs:227:5
[INFO] [stdout]   20:     0x55637c2209d3 - core::ops::function::FnOnce::call_once::h152e7e439ff59e19
[INFO] [stdout]                                at /rustc/a178d0322ce20e33eac124758e837cbd80a6f633/library/core/src/ops/function.rs:227:5
[INFO] [stdout]   21:     0x55637c2209d3 - test::__rust_begin_short_backtrace::h0908f3b1fdbb72ab
[INFO] [stdout]                                at /rustc/a178d0322ce20e33eac124758e837cbd80a6f633/library/test/src/lib.rs:577:5
[INFO] [stdout]   22:     0x55637c21f490 - <alloc::boxed::Box<F,A> as core::ops::function::FnOnce<Args>>::call_once::hf6d2a51e5587546c
[INFO] [stdout]                                at /rustc/a178d0322ce20e33eac124758e837cbd80a6f633/library/alloc/src/boxed.rs:1575:9
[INFO] [stdout]   23:     0x55637c21f490 - <std::panic::AssertUnwindSafe<F> as core::ops::function::FnOnce<()>>::call_once::h8af660f3a89ef593
[INFO] [stdout]                                at /rustc/a178d0322ce20e33eac124758e837cbd80a6f633/library/std/src/panic.rs:347:9
[INFO] [stdout]   24:     0x55637c21f490 - std::panicking::try::do_call::hd36aef60f84b6d36
[INFO] [stdout]                                at /rustc/a178d0322ce20e33eac124758e837cbd80a6f633/library/std/src/panicking.rs:401:40
[INFO] [stdout]   25:     0x55637c21f490 - std::panicking::try::h9932b4480e69817c
[INFO] [stdout]                                at /rustc/a178d0322ce20e33eac124758e837cbd80a6f633/library/std/src/panicking.rs:365:19
[INFO] [stdout]   26:     0x55637c21f490 - std::panic::catch_unwind::h6aa177099cfff5f8
[INFO] [stdout]                                at /rustc/a178d0322ce20e33eac124758e837cbd80a6f633/library/std/src/panic.rs:434:14
[INFO] [stdout]   27:     0x55637c21f490 - test::run_test_in_process::h5884d6f2d99e20c3
[INFO] [stdout]                                at /rustc/a178d0322ce20e33eac124758e837cbd80a6f633/library/test/src/lib.rs:600:18
[INFO] [stdout]   28:     0x55637c21f490 - test::run_test::run_test_inner::{{closure}}::h6fdc58c6d5f5b6e3
[INFO] [stdout]                                at /rustc/a178d0322ce20e33eac124758e837cbd80a6f633/library/test/src/lib.rs:492:39
[INFO] [stdout]   29:     0x55637c1f8b42 - test::run_test::run_test_inner::{{closure}}::h408365d67a78ade8
[INFO] [stdout]                                at /rustc/a178d0322ce20e33eac124758e837cbd80a6f633/library/test/src/lib.rs:519:37
[INFO] [stdout]   30:     0x55637c1f8b42 - std::sys_common::backtrace::__rust_begin_short_backtrace::hb560b77c4f701523
[INFO] [stdout]                                at /rustc/a178d0322ce20e33eac124758e837cbd80a6f633/library/std/src/sys_common/backtrace.rs:125:18
[INFO] [stdout]   31:     0x55637c1fc6f8 - std::thread::Builder::spawn_unchecked::{{closure}}::{{closure}}::hf2e7831dad93c597
[INFO] [stdout]                                at /rustc/a178d0322ce20e33eac124758e837cbd80a6f633/library/std/src/thread/mod.rs:481:17
[INFO] [stdout]   32:     0x55637c1fc6f8 - <std::panic::AssertUnwindSafe<F> as core::ops::function::FnOnce<()>>::call_once::hd2e08783d8be4d02
[INFO] [stdout]                                at /rustc/a178d0322ce20e33eac124758e837cbd80a6f633/library/std/src/panic.rs:347:9
[INFO] [stdout]   33:     0x55637c1fc6f8 - std::panicking::try::do_call::h062597b7acfd6b82
[INFO] [stdout]                                at /rustc/a178d0322ce20e33eac124758e837cbd80a6f633/library/std/src/panicking.rs:401:40
[INFO] [stdout]   34:     0x55637c1fc6f8 - std::panicking::try::h0d7b79db04c14552
[INFO] [stdout]                                at /rustc/a178d0322ce20e33eac124758e837cbd80a6f633/library/std/src/panicking.rs:365:19
[INFO] [stdout]   35:     0x55637c1fc6f8 - std::panic::catch_unwind::hb01a0b5e7c8cd43b
[INFO] [stdout]                                at /rustc/a178d0322ce20e33eac124758e837cbd80a6f633/library/std/src/panic.rs:434:14
[INFO] [stdout]   36:     0x55637c1fc6f8 - std::thread::Builder::spawn_unchecked::{{closure}}::h5bde48cc887e0d1e
[INFO] [stdout]                                at /rustc/a178d0322ce20e33eac124758e837cbd80a6f633/library/std/src/thread/mod.rs:480:30
[INFO] [stdout]   37:     0x55637c1fc6f8 - core::ops::function::FnOnce::call_once{{vtable.shim}}::h745ea30807a29e55
[INFO] [stdout]                                at /rustc/a178d0322ce20e33eac124758e837cbd80a6f633/library/core/src/ops/function.rs:227:5
[INFO] [stdout]   38:     0x55637c284407 - <alloc::boxed::Box<F,A> as core::ops::function::FnOnce<Args>>::call_once::h7ece6cfefaff1005
[INFO] [stdout]                                at /rustc/a178d0322ce20e33eac124758e837cbd80a6f633/library/alloc/src/boxed.rs:1575:9
[INFO] [stdout]   39:     0x55637c284407 - <alloc::boxed::Box<F,A> as core::ops::function::FnOnce<Args>>::call_once::hb8b48e55c21f193e
[INFO] [stdout]                                at /rustc/a178d0322ce20e33eac124758e837cbd80a6f633/library/alloc/src/boxed.rs:1575:9
[INFO] [stdout]   40:     0x55637c284407 - std::sys::unix::thread::Thread::new::thread_start::h8c7c4450dba62914
[INFO] [stdout]                                at /rustc/a178d0322ce20e33eac124758e837cbd80a6f633/library/std/src/sys/unix/thread.rs:71:17
[INFO] [stdout]   41:     0x7fc667079609 - start_thread
[INFO] [stdout]   42:     0x7fc666e4b293 - clone
[INFO] [stdout]   43:                0x0 - <unknown>
[INFO] [stdout] 
[INFO] [stdout] 
[INFO] [stdout] failures:
[INFO] [stdout]     tests::test_jmp_if_false
[INFO] [stdout] 
[INFO] [stdout] test result: FAILED. 11 passed; 1 failed; 0 ignored; 0 measured; 0 filtered out; finished in 0.14s
[INFO] [stdout] 
[INFO] [stderr] error: test failed, to rerun pass '--bin adventofcode'
[INFO] running `Command { std: "docker" "inspect" "0b70fb8c25a0f673dcc5cffe65c6e8a0543b4e589c99ed6ed0e5ef6d7cc18e48", kill_on_drop: false }`
[INFO] running `Command { std: "docker" "rm" "-f" "0b70fb8c25a0f673dcc5cffe65c6e8a0543b4e589c99ed6ed0e5ef6d7cc18e48", kill_on_drop: false }`
[INFO] [stdout] 0b70fb8c25a0f673dcc5cffe65c6e8a0543b4e589c99ed6ed0e5ef6d7cc18e48
