[INFO] cloning repository https://github.com/ota42y/ryazo
[INFO] running `Command { std: "git" "-c" "credential.helper=" "-c" "credential.helper=/workspace/cargo-home/bin/git-credential-null" "clone" "--bare" "https://github.com/ota42y/ryazo" "/workspace/cache/git-repos/https%3A%2F%2Fgithub.com%2Fota42y%2Fryazo", kill_on_drop: false }`
[INFO] [stderr] Cloning into bare repository '/workspace/cache/git-repos/https%3A%2F%2Fgithub.com%2Fota42y%2Fryazo'...
[INFO] running `Command { std: "git" "rev-parse" "HEAD", kill_on_drop: false }`
[INFO] [stdout] 0bc2c736961fc491ff801bebcff1e99910ce0c1f
[INFO] testing ota42y/ryazo against beta-2021-08-01 for beta-1.55-1
[INFO] running `Command { std: "git" "clone" "/workspace/cache/git-repos/https%3A%2F%2Fgithub.com%2Fota42y%2Fryazo" "/workspace/builds/worker-8/source", kill_on_drop: false }`
[INFO] [stderr] Cloning into '/workspace/builds/worker-8/source'...
[INFO] [stderr] done.
[INFO] validating manifest of git repo https://github.com/ota42y/ryazo on toolchain beta-2021-08-01
[INFO] running `Command { std: "/workspace/cargo-home/bin/cargo" "+beta-2021-08-01" "metadata" "--manifest-path" "Cargo.toml" "--no-deps", kill_on_drop: false }`
[INFO] started tweaking git repo https://github.com/ota42y/ryazo
[INFO] finished tweaking git repo https://github.com/ota42y/ryazo
[INFO] tweaked toml for git repo https://github.com/ota42y/ryazo written to /workspace/builds/worker-8/source/Cargo.toml
[INFO] crate git repo https://github.com/ota42y/ryazo already has a lockfile, it will not be regenerated
[INFO] running `Command { std: "/workspace/cargo-home/bin/cargo" "+beta-2021-08-01" "fetch" "--manifest-path" "Cargo.toml", kill_on_drop: false }`
[INFO] [stderr]  Downloading crates ...
[INFO] [stderr]   Downloaded bodyparser v0.8.0
[INFO] [stderr]   Downloaded buf_redux v0.7.1
[INFO] [stderr]   Downloaded nickel v0.10.1
[INFO] [stderr]   Downloaded sequence_trie v0.3.5
[INFO] [stderr]   Downloaded persistent v0.4.0
[INFO] [stderr]   Downloaded staticfile v0.5.0
[INFO] [stderr]   Downloaded tiny_http v0.6.0
[INFO] [stderr]   Downloaded slice-deque v0.1.10
[INFO] [stderr]   Downloaded mustache v0.8.2
[INFO] [stderr]   Downloaded mach v0.2.0
[INFO] [stderr]   Downloaded params v0.8.0
[INFO] [stderr]   Downloaded urlencoded v0.6.0
[INFO] [stderr]   Downloaded mount v0.4.0
[INFO] [stderr]   Downloaded env_logger v0.5.11
[INFO] [stderr]   Downloaded multipart v0.15.0
[INFO] running `Command { std: "docker" "create" "-v" "/var/lib/crater-agent-workspace/builds/worker-8/target:/opt/rustwide/target:rw,Z" "-v" "/var/lib/crater-agent-workspace/builds/worker-8/source:/opt/rustwide/workdir:ro,Z" "-v" "/var/lib/crater-agent-workspace/cargo-home:/opt/rustwide/cargo-home:ro,Z" "-v" "/var/lib/crater-agent-workspace/rustup-home:/opt/rustwide/rustup-home:ro,Z" "-e" "SOURCE_DIR=/opt/rustwide/workdir" "-e" "CARGO_TARGET_DIR=/opt/rustwide/target" "-e" "CARGO_HOME=/opt/rustwide/cargo-home" "-e" "RUSTUP_HOME=/opt/rustwide/rustup-home" "-w" "/opt/rustwide/workdir" "-m" "1610612736" "--user" "0:0" "--network" "none" "ghcr.io/rust-lang/crates-build-env/linux@sha256:34b6a614d2c27851fe6cbf88fbd1137609cefab8b10d0615aaeb6fd47975d74e" "/opt/rustwide/cargo-home/bin/cargo" "+beta-2021-08-01" "metadata" "--no-deps" "--format-version=1", kill_on_drop: false }`
[INFO] [stdout] 4aef2fd224604b766e7c5ee96b2dbeb8230764109d7cf370369817d17c502f33
[INFO] running `Command { std: "docker" "start" "-a" "4aef2fd224604b766e7c5ee96b2dbeb8230764109d7cf370369817d17c502f33", kill_on_drop: false }`
[INFO] running `Command { std: "docker" "inspect" "4aef2fd224604b766e7c5ee96b2dbeb8230764109d7cf370369817d17c502f33", kill_on_drop: false }`
[INFO] running `Command { std: "docker" "rm" "-f" "4aef2fd224604b766e7c5ee96b2dbeb8230764109d7cf370369817d17c502f33", kill_on_drop: false }`
[INFO] [stdout] 4aef2fd224604b766e7c5ee96b2dbeb8230764109d7cf370369817d17c502f33
[INFO] running `Command { std: "docker" "create" "-v" "/var/lib/crater-agent-workspace/builds/worker-8/target:/opt/rustwide/target:rw,Z" "-v" "/var/lib/crater-agent-workspace/builds/worker-8/source:/opt/rustwide/workdir:ro,Z" "-v" "/var/lib/crater-agent-workspace/cargo-home:/opt/rustwide/cargo-home:ro,Z" "-v" "/var/lib/crater-agent-workspace/rustup-home:/opt/rustwide/rustup-home:ro,Z" "-e" "SOURCE_DIR=/opt/rustwide/workdir" "-e" "CARGO_TARGET_DIR=/opt/rustwide/target" "-e" "CARGO_INCREMENTAL=0" "-e" "RUST_BACKTRACE=full" "-e" "RUSTFLAGS=--cap-lints=warn" "-e" "CARGO_HOME=/opt/rustwide/cargo-home" "-e" "RUSTUP_HOME=/opt/rustwide/rustup-home" "-w" "/opt/rustwide/workdir" "-m" "1610612736" "--user" "0:0" "--network" "none" "ghcr.io/rust-lang/crates-build-env/linux@sha256:34b6a614d2c27851fe6cbf88fbd1137609cefab8b10d0615aaeb6fd47975d74e" "/opt/rustwide/cargo-home/bin/cargo" "+beta-2021-08-01" "build" "--frozen" "--message-format=json", kill_on_drop: false }`
[INFO] [stdout] c68989da6185f28d3c64c38c4de4ee5ee08a96158eca4d9fd07e2aa130a6d720
[INFO] running `Command { std: "docker" "start" "-a" "c68989da6185f28d3c64c38c4de4ee5ee08a96158eca4d9fd07e2aa130a6d720", kill_on_drop: false }`
[INFO] [stderr]    Compiling version_check v0.1.4
[INFO] [stderr]    Compiling cfg-if v0.1.4
[INFO] [stderr]    Compiling matches v0.1.7
[INFO] [stderr]    Compiling unicode-normalization v0.1.7
[INFO] [stderr]    Compiling httparse v1.3.2
[INFO] [stderr]    Compiling num-traits v0.2.5
[INFO] [stderr]    Compiling byteorder v1.2.3
[INFO] [stderr]    Compiling num-integer v0.1.39
[INFO] [stderr]    Compiling ucd-util v0.1.1
[INFO] [stderr]    Compiling remove_dir_all v0.5.1
[INFO] [stderr]    Compiling num-iter v0.1.37
[INFO] [stderr]    Compiling pkg-config v0.3.12
[INFO] [stderr]    Compiling regex v1.0.2
[INFO] [stderr]    Compiling sequence_trie v0.3.5
[INFO] [stderr]    Compiling ascii v0.8.7
[INFO] [stderr]    Compiling chunked_transfer v0.3.1
[INFO] [stderr]    Compiling groupable v0.2.0
[INFO] [stderr]    Compiling route-recognizer v0.1.12
[INFO] [stderr]    Compiling termcolor v1.0.1
[INFO] [stderr]    Compiling md5 v0.3.7
[INFO] [stderr]    Compiling rand v0.4.2
[INFO] [stderr]    Compiling time v0.1.40
[INFO] [stderr]    Compiling memchr v2.0.1
[INFO] [stderr]    Compiling memchr v1.0.2
[INFO] [stderr]    Compiling slice-deque v0.1.10
[INFO] [stderr]    Compiling atty v0.2.11
[INFO] [stderr]    Compiling unsafe-any v0.4.2
[INFO] [stderr]    Compiling proc-macro2 v0.3.8
[INFO] [stderr]    Compiling humantime v1.1.1
[INFO] [stderr]    Compiling thread_local v0.3.5
[INFO] [stderr]    Compiling unicode-bidi v0.3.4
[INFO] [stderr]    Compiling aho-corasick v0.6.6
[INFO] [stderr]    Compiling twoway v0.1.8
[INFO] [stderr]    Compiling log v0.4.3
[INFO] [stderr]    Compiling base64 v0.6.0
[INFO] [stderr]    Compiling buf_redux v0.6.3
[INFO] [stderr]    Compiling regex-syntax v0.5.6
[INFO] [stderr]    Compiling regex-syntax v0.6.2
[INFO] [stderr]    Compiling quote v0.5.2
[INFO] [stderr]    Compiling typemap v0.3.3
[INFO] [stderr]    Compiling plugin v0.2.6
[INFO] [stderr]    Compiling buf_redux v0.7.1
[INFO] [stderr]    Compiling log v0.3.9
[INFO] [stderr]    Compiling tempdir v0.3.7
[INFO] [stderr]    Compiling rand v0.3.22
[INFO] [stderr]    Compiling syn v0.13.11
[INFO] [stderr]    Compiling unicase v1.4.2
[INFO] [stderr]    Compiling mime v0.2.6
[INFO] [stderr]    Compiling mustache v0.8.2
[INFO] [stderr]    Compiling libsqlite3-sys v0.9.1
[INFO] [stderr]    Compiling idna v0.1.5
[INFO] [stderr]    Compiling phf_shared v0.7.22
[INFO] [stderr]    Compiling num-complex v0.1.43
[INFO] [stderr]    Compiling phf_generator v0.7.22
[INFO] [stderr]    Compiling phf v0.7.22
[INFO] [stderr]    Compiling phf_codegen v0.7.22
[INFO] [stderr]    Compiling chrono v0.4.4
[INFO] [stderr]    Compiling num-bigint v0.1.44
[INFO] [stderr]    Compiling url v1.7.1
[INFO] [stderr]    Compiling mime_guess v1.8.6
[INFO] [stderr]    Compiling num-rational v0.1.42
[INFO] [stderr]    Compiling hyper v0.10.13
[INFO] [stderr]    Compiling tiny_http v0.6.0
[INFO] [stderr]    Compiling regex v0.2.11
[INFO] [stderr]    Compiling num v0.1.42
[INFO] [stderr]    Compiling env_logger v0.5.11
[INFO] [stderr]    Compiling dotenv v0.9.0
[INFO] [stderr]    Compiling multipart v0.13.6
[INFO] [stderr]    Compiling diesel_derives v1.3.0
[INFO] [stderr]    Compiling iron v0.6.0
[INFO] [stderr]    Compiling nickel v0.10.1
[INFO] [stderr]    Compiling persistent v0.4.0
[INFO] [stderr]    Compiling mount v0.4.0
[INFO] [stderr]    Compiling router v0.6.0
[INFO] [stderr]    Compiling bodyparser v0.8.0
[INFO] [stderr]    Compiling staticfile v0.5.0
[INFO] [stderr]    Compiling urlencoded v0.6.0
[INFO] [stderr]    Compiling multipart v0.15.0
[INFO] [stderr]    Compiling params v0.8.0
[INFO] [stderr]    Compiling diesel v1.3.2
[INFO] [stderr]    Compiling ryazo v0.1.0 (/opt/rustwide/workdir)
[INFO] [stdout] warning: cannot find type `NaiveDateTime` in this scope
[INFO] [stdout]  --> src/models.rs:6:10
[INFO] [stdout]   |
[INFO] [stdout] 6 | #[derive(Queryable)]
[INFO] [stdout]   |          ^^^^^^^^^ names from parent modules are not accessible without an explicit import
[INFO] [stdout]   |
[INFO] [stdout]   = note: `#[warn(proc_macro_derive_resolution_fallback)]` on by default
[INFO] [stdout]   = warning: this was previously accepted by the compiler but is being phased out; it will become a hard error in a future release!
[INFO] [stdout]   = note: for more information, see issue #83583 <https://github.com/rust-lang/rust/issues/83583>
[INFO] [stdout]   = note: this warning originates in the derive macro `Queryable` (in Nightly builds, run with -Z macro-backtrace for more info)
[INFO] [stdout] 
[INFO] [stdout] 
[INFO] [stdout] warning: cannot find type `Item` in this scope
[INFO] [stdout]  --> src/models.rs:6:10
[INFO] [stdout]   |
[INFO] [stdout] 6 | #[derive(Queryable)]
[INFO] [stdout]   |          ^^^^^^^^^ names from parent modules are not accessible without an explicit import
[INFO] [stdout]   |
[INFO] [stdout]   = warning: this was previously accepted by the compiler but is being phased out; it will become a hard error in a future release!
[INFO] [stdout]   = note: for more information, see issue #83583 <https://github.com/rust-lang/rust/issues/83583>
[INFO] [stdout]   = note: this warning originates in the derive macro `Queryable` (in Nightly builds, run with -Z macro-backtrace for more info)
[INFO] [stdout] 
[INFO] [stdout] 
[INFO] [stdout] warning: cannot find type `NaiveDateTime` in this scope
[INFO] [stdout]  --> src/models.rs:6:10
[INFO] [stdout]   |
[INFO] [stdout] 6 | #[derive(Queryable)]
[INFO] [stdout]   |          ^^^^^^^^^ names from parent modules are not accessible without an explicit import
[INFO] [stdout]   |
[INFO] [stdout]   = warning: this was previously accepted by the compiler but is being phased out; it will become a hard error in a future release!
[INFO] [stdout]   = note: for more information, see issue #83583 <https://github.com/rust-lang/rust/issues/83583>
[INFO] [stdout]   = note: this warning originates in the derive macro `Queryable` (in Nightly builds, run with -Z macro-backtrace for more info)
[INFO] [stdout] 
[INFO] [stdout] 
[INFO] [stdout] warning: cannot find type `table` in this scope
[INFO] [stdout]  --> src/schema.rs:1:1
[INFO] [stdout]   |
[INFO] [stdout] 1 | / table! {
[INFO] [stdout] 2 | |     items (id) {
[INFO] [stdout] 3 | |         id -> Integer,
[INFO] [stdout] 4 | |         hash -> Text,
[INFO] [stdout] ... |
[INFO] [stdout] 7 | |     }
[INFO] [stdout] 8 | | }
[INFO] [stdout]   | |_^ names from parent modules are not accessible without an explicit import
[INFO] [stdout]   |
[INFO] [stdout]   = warning: this was previously accepted by the compiler but is being phased out; it will become a hard error in a future release!
[INFO] [stdout]   = note: for more information, see issue #83583 <https://github.com/rust-lang/rust/issues/83583>
[INFO] [stdout]   = note: this warning originates in the derive macro `QueryId` (in Nightly builds, run with -Z macro-backtrace for more info)
[INFO] [stdout] 
[INFO] [stdout] 
[INFO] [stdout] warning: cannot find type `id` in this scope
[INFO] [stdout]  --> src/schema.rs:1:1
[INFO] [stdout]   |
[INFO] [stdout] 1 | / table! {
[INFO] [stdout] 2 | |     items (id) {
[INFO] [stdout] 3 | |         id -> Integer,
[INFO] [stdout] 4 | |         hash -> Text,
[INFO] [stdout] ... |
[INFO] [stdout] 7 | |     }
[INFO] [stdout] 8 | | }
[INFO] [stdout]   | |_^ names from parent modules are not accessible without an explicit import
[INFO] [stdout]   |
[INFO] [stdout]   = warning: this was previously accepted by the compiler but is being phased out; it will become a hard error in a future release!
[INFO] [stdout]   = note: for more information, see issue #83583 <https://github.com/rust-lang/rust/issues/83583>
[INFO] [stdout]   = note: this warning originates in the derive macro `QueryId` (in Nightly builds, run with -Z macro-backtrace for more info)
[INFO] [stdout] 
[INFO] [stdout] 
[INFO] [stdout] warning: cannot find type `hash` in this scope
[INFO] [stdout]  --> src/schema.rs:1:1
[INFO] [stdout]   |
[INFO] [stdout] 1 | / table! {
[INFO] [stdout] 2 | |     items (id) {
[INFO] [stdout] 3 | |         id -> Integer,
[INFO] [stdout] 4 | |         hash -> Text,
[INFO] [stdout] ... |
[INFO] [stdout] 7 | |     }
[INFO] [stdout] 8 | | }
[INFO] [stdout]   | |_^ names from parent modules are not accessible without an explicit import
[INFO] [stdout]   |
[INFO] [stdout]   = warning: this was previously accepted by the compiler but is being phased out; it will become a hard error in a future release!
[INFO] [stdout]   = note: for more information, see issue #83583 <https://github.com/rust-lang/rust/issues/83583>
[INFO] [stdout]   = note: this warning originates in the derive macro `QueryId` (in Nightly builds, run with -Z macro-backtrace for more info)
[INFO] [stdout] 
[INFO] [stdout] 
[INFO] [stdout] warning: cannot find type `request_id` in this scope
[INFO] [stdout]  --> src/schema.rs:1:1
[INFO] [stdout]   |
[INFO] [stdout] 1 | / table! {
[INFO] [stdout] 2 | |     items (id) {
[INFO] [stdout] 3 | |         id -> Integer,
[INFO] [stdout] 4 | |         hash -> Text,
[INFO] [stdout] ... |
[INFO] [stdout] 7 | |     }
[INFO] [stdout] 8 | | }
[INFO] [stdout]   | |_^ names from parent modules are not accessible without an explicit import
[INFO] [stdout]   |
[INFO] [stdout]   = warning: this was previously accepted by the compiler but is being phased out; it will become a hard error in a future release!
[INFO] [stdout]   = note: for more information, see issue #83583 <https://github.com/rust-lang/rust/issues/83583>
[INFO] [stdout]   = note: this warning originates in the derive macro `QueryId` (in Nightly builds, run with -Z macro-backtrace for more info)
[INFO] [stdout] 
[INFO] [stdout] 
[INFO] [stdout] warning: cannot find type `created_at` in this scope
[INFO] [stdout]  --> src/schema.rs:1:1
[INFO] [stdout]   |
[INFO] [stdout] 1 | / table! {
[INFO] [stdout] 2 | |     items (id) {
[INFO] [stdout] 3 | |         id -> Integer,
[INFO] [stdout] 4 | |         hash -> Text,
[INFO] [stdout] ... |
[INFO] [stdout] 7 | |     }
[INFO] [stdout] 8 | | }
[INFO] [stdout]   | |_^ names from parent modules are not accessible without an explicit import
[INFO] [stdout]   |
[INFO] [stdout]   = warning: this was previously accepted by the compiler but is being phased out; it will become a hard error in a future release!
[INFO] [stdout]   = note: for more information, see issue #83583 <https://github.com/rust-lang/rust/issues/83583>
[INFO] [stdout]   = note: this warning originates in the derive macro `QueryId` (in Nightly builds, run with -Z macro-backtrace for more info)
[INFO] [stdout] 
[INFO] [stdout] 
[INFO] [stdout] warning: 8 warnings emitted
[INFO] [stdout] 
[INFO] [stdout] 
[INFO] [stdout] warning: trait objects without an explicit `dyn` are deprecated
[INFO] [stdout]   --> src/image_store/mod.rs:31:74
[INFO] [stdout]    |
[INFO] [stdout] 31 |     pub fn store_image(&self, req: &UploadRequest) -> Result<String, Box<Error>> {
[INFO] [stdout]    |                                                                          ^^^^^ help: use `dyn`: `dyn Error`
[INFO] [stdout]    |
[INFO] [stdout]    = note: `#[warn(bare_trait_objects)]` on by default
[INFO] [stdout]    = warning: this is accepted in the current edition (Rust 2015) but is a hard error in Rust 2021!
[INFO] [stdout]    = note: for more information, see issue #80165 <https://github.com/rust-lang/rust/issues/80165>
[INFO] [stdout] 
[INFO] [stdout] 
[INFO] [stdout] warning: trait objects without an explicit `dyn` are deprecated
[INFO] [stdout]   --> src/image_store/mod.rs:41:85
[INFO] [stdout]    |
[INFO] [stdout] 41 |     fn save_file(&self, image_buf: &Vec<u8>, filename: &String) -> Result<bool, Box<Error>> {
[INFO] [stdout]    |                                                                                     ^^^^^ help: use `dyn`: `dyn Error`
[INFO] [stdout]    |
[INFO] [stdout]    = warning: this is accepted in the current edition (Rust 2015) but is a hard error in Rust 2021!
[INFO] [stdout]    = note: for more information, see issue #80165 <https://github.com/rust-lang/rust/issues/80165>
[INFO] [stdout] 
[INFO] [stdout] 
[INFO] [stdout] warning: trait objects without an explicit `dyn` are deprecated
[INFO] [stdout]   --> src/image_store/mod.rs:50:92
[INFO] [stdout]    |
[INFO] [stdout] 50 |     fn store_hash(&self, item_request_id: &String, item_hash: &String) -> Result<bool, Box<Error>> {
[INFO] [stdout]    |                                                                                            ^^^^^ help: use `dyn`: `dyn Error`
[INFO] [stdout]    |
[INFO] [stdout]    = warning: this is accepted in the current edition (Rust 2015) but is a hard error in Rust 2021!
[INFO] [stdout]    = note: for more information, see issue #80165 <https://github.com/rust-lang/rust/issues/80165>
[INFO] [stdout] 
[INFO] [stdout] 
[INFO] [stdout] warning: trait objects without an explicit `dyn` are deprecated
[INFO] [stdout]   --> src/image_store/mod.rs:60:27
[INFO] [stdout]    |
[INFO] [stdout] 60 |     ) -> Result<bool, Box<Error>> {
[INFO] [stdout]    |                           ^^^^^ help: use `dyn`: `dyn Error`
[INFO] [stdout]    |
[INFO] [stdout]    = warning: this is accepted in the current edition (Rust 2015) but is a hard error in Rust 2021!
[INFO] [stdout]    = note: for more information, see issue #80165 <https://github.com/rust-lang/rust/issues/80165>
[INFO] [stdout] 
[INFO] [stdout] 
[INFO] [stdout] warning: trait objects without an explicit `dyn` are deprecated
[INFO] [stdout]   --> src/post_parser/mod.rs:16:62
[INFO] [stdout]    |
[INFO] [stdout] 16 | fn parse_data(entries: Entries) -> Result<UploadRequest, Box<Error>> {
[INFO] [stdout]    |                                                              ^^^^^ help: use `dyn`: `dyn Error`
[INFO] [stdout]    |
[INFO] [stdout]    = warning: this is accepted in the current edition (Rust 2015) but is a hard error in Rust 2021!
[INFO] [stdout]    = note: for more information, see issue #80165 <https://github.com/rust-lang/rust/issues/80165>
[INFO] [stdout] 
[INFO] [stdout] 
[INFO] [stdout] warning: trait objects without an explicit `dyn` are deprecated
[INFO] [stdout]   --> src/post_parser/mod.rs:57:90
[INFO] [stdout]    |
[INFO] [stdout] 57 | pub fn parse_request(remote_addr: IpAddr, entries: Entries) -> Result<UploadRequest, Box<Error>> {
[INFO] [stdout]    |                                                                                          ^^^^^ help: use `dyn`: `dyn Error`
[INFO] [stdout]    |
[INFO] [stdout]    = warning: this is accepted in the current edition (Rust 2015) but is a hard error in Rust 2021!
[INFO] [stdout]    = note: for more information, see issue #80165 <https://github.com/rust-lang/rust/issues/80165>
[INFO] [stdout] 
[INFO] [stdout] 
[INFO] [stdout] warning: unnecessary trailing semicolon
[INFO] [stdout]   --> src/main.rs:32:48
[INFO] [stdout]    |
[INFO] [stdout] 32 |         .mount("/upload.cgi", process_request);;
[INFO] [stdout]    |                                                ^ help: remove this semicolon
[INFO] [stdout]    |
[INFO] [stdout]    = note: `#[warn(redundant_semicolons)]` on by default
[INFO] [stdout] 
[INFO] [stdout] 
[INFO] [stdout] warning: trait objects without an explicit `dyn` are deprecated
[INFO] [stdout]   --> src/main.rs:89:26
[INFO] [stdout]    |
[INFO] [stdout] 89 | fn error_response(e: Box<Error>) -> Response {
[INFO] [stdout]    |                          ^^^^^ help: use `dyn`: `dyn Error`
[INFO] [stdout]    |
[INFO] [stdout]    = warning: this is accepted in the current edition (Rust 2015) but is a hard error in Rust 2021!
[INFO] [stdout]    = note: for more information, see issue #80165 <https://github.com/rust-lang/rust/issues/80165>
[INFO] [stdout] 
[INFO] [stdout] 
[INFO] [stdout] warning: trait objects without an explicit `dyn` are deprecated
[INFO] [stdout]   --> src/main.rs:93:75
[INFO] [stdout]    |
[INFO] [stdout] 93 | fn make_response(req: &post_parser::UploadRequest) -> Result<Vec<u8>, Box<Error>> {
[INFO] [stdout]    |                                                                           ^^^^^ help: use `dyn`: `dyn Error`
[INFO] [stdout]    |
[INFO] [stdout]    = warning: this is accepted in the current edition (Rust 2015) but is a hard error in Rust 2021!
[INFO] [stdout]    = note: for more information, see issue #80165 <https://github.com/rust-lang/rust/issues/80165>
[INFO] [stdout] 
[INFO] [stdout] 
[INFO] [stdout] warning: 9 warnings emitted
[INFO] [stdout] 
[INFO] [stdout] 
[INFO] [stderr]     Finished dev [unoptimized + debuginfo] target(s) in 52.90s
[INFO] running `Command { std: "docker" "inspect" "c68989da6185f28d3c64c38c4de4ee5ee08a96158eca4d9fd07e2aa130a6d720", kill_on_drop: false }`
[INFO] running `Command { std: "docker" "rm" "-f" "c68989da6185f28d3c64c38c4de4ee5ee08a96158eca4d9fd07e2aa130a6d720", kill_on_drop: false }`
[INFO] [stdout] c68989da6185f28d3c64c38c4de4ee5ee08a96158eca4d9fd07e2aa130a6d720
[INFO] running `Command { std: "docker" "create" "-v" "/var/lib/crater-agent-workspace/builds/worker-8/target:/opt/rustwide/target:rw,Z" "-v" "/var/lib/crater-agent-workspace/builds/worker-8/source:/opt/rustwide/workdir:ro,Z" "-v" "/var/lib/crater-agent-workspace/cargo-home:/opt/rustwide/cargo-home:ro,Z" "-v" "/var/lib/crater-agent-workspace/rustup-home:/opt/rustwide/rustup-home:ro,Z" "-e" "SOURCE_DIR=/opt/rustwide/workdir" "-e" "CARGO_TARGET_DIR=/opt/rustwide/target" "-e" "CARGO_INCREMENTAL=0" "-e" "RUST_BACKTRACE=full" "-e" "RUSTFLAGS=--cap-lints=warn" "-e" "CARGO_HOME=/opt/rustwide/cargo-home" "-e" "RUSTUP_HOME=/opt/rustwide/rustup-home" "-w" "/opt/rustwide/workdir" "-m" "1610612736" "--user" "0:0" "--network" "none" "ghcr.io/rust-lang/crates-build-env/linux@sha256:34b6a614d2c27851fe6cbf88fbd1137609cefab8b10d0615aaeb6fd47975d74e" "/opt/rustwide/cargo-home/bin/cargo" "+beta-2021-08-01" "test" "--frozen" "--no-run" "--message-format=json", kill_on_drop: false }`
[INFO] [stdout] b61e6bc9f9a1f3aecb911c6549f81ae0f46fae1465fede7c6356a97a7e42ca0f
[INFO] running `Command { std: "docker" "start" "-a" "b61e6bc9f9a1f3aecb911c6549f81ae0f46fae1465fede7c6356a97a7e42ca0f", kill_on_drop: false }`
[INFO] [stdout] warning: cannot find type `NaiveDateTime` in this scope
[INFO] [stdout]  --> src/models.rs:6:10
[INFO] [stdout]   |
[INFO] [stdout] 6 | #[derive(Queryable)]
[INFO] [stdout]   |          ^^^^^^^^^ names from parent modules are not accessible without an explicit import
[INFO] [stdout]   |
[INFO] [stdout]   = note: `#[warn(proc_macro_derive_resolution_fallback)]` on by default
[INFO] [stdout]   = warning: this was previously accepted by the compiler but is being phased out; it will become a hard error in a future release!
[INFO] [stdout]   = note: for more information, see issue #83583 <https://github.com/rust-lang/rust/issues/83583>
[INFO] [stdout]   = note: this warning originates in the derive macro `Queryable` (in Nightly builds, run with -Z macro-backtrace for more info)
[INFO] [stdout] 
[INFO] [stdout] 
[INFO] [stdout] warning: cannot find type `Item` in this scope
[INFO] [stdout]  --> src/models.rs:6:10
[INFO] [stdout]   |
[INFO] [stdout] 6 | #[derive(Queryable)]
[INFO] [stdout]   |          ^^^^^^^^^ names from parent modules are not accessible without an explicit import
[INFO] [stdout]   |
[INFO] [stdout]   = warning: this was previously accepted by the compiler but is being phased out; it will become a hard error in a future release!
[INFO] [stdout]   = note: for more information, see issue #83583 <https://github.com/rust-lang/rust/issues/83583>
[INFO] [stdout]   = note: this warning originates in the derive macro `Queryable` (in Nightly builds, run with -Z macro-backtrace for more info)
[INFO] [stdout] 
[INFO] [stdout] 
[INFO] [stdout] warning: cannot find type `NaiveDateTime` in this scope
[INFO] [stdout]  --> src/models.rs:6:10
[INFO] [stdout]   |
[INFO] [stdout] 6 | #[derive(Queryable)]
[INFO] [stdout]   |          ^^^^^^^^^ names from parent modules are not accessible without an explicit import
[INFO] [stdout]   |
[INFO] [stdout]   = warning: this was previously accepted by the compiler but is being phased out; it will become a hard error in a future release!
[INFO] [stdout]   = note: for more information, see issue #83583 <https://github.com/rust-lang/rust/issues/83583>
[INFO] [stdout]   = note: this warning originates in the derive macro `Queryable` (in Nightly builds, run with -Z macro-backtrace for more info)
[INFO] [stdout] 
[INFO] [stdout] 
[INFO] [stdout] warning: cannot find type `table` in this scope
[INFO] [stdout]  --> src/schema.rs:1:1
[INFO] [stdout]   |
[INFO] [stdout] 1 | / table! {
[INFO] [stdout] 2 | |     items (id) {
[INFO] [stdout] 3 | |         id -> Integer,
[INFO] [stdout] 4 | |         hash -> Text,
[INFO] [stdout] ... |
[INFO] [stdout] 7 | |     }
[INFO] [stdout] 8 | | }
[INFO] [stdout]   | |_^ names from parent modules are not accessible without an explicit import
[INFO] [stdout]   |
[INFO] [stdout]   = warning: this was previously accepted by the compiler but is being phased out; it will become a hard error in a future release!
[INFO] [stdout]   = note: for more information, see issue #83583 <https://github.com/rust-lang/rust/issues/83583>
[INFO] [stdout]   = note: this warning originates in the derive macro `QueryId` (in Nightly builds, run with -Z macro-backtrace for more info)
[INFO] [stdout] 
[INFO] [stdout] 
[INFO] [stdout] warning: cannot find type `id` in this scope
[INFO] [stdout]  --> src/schema.rs:1:1
[INFO] [stdout]   |
[INFO] [stdout] 1 | / table! {
[INFO] [stdout] 2 | |     items (id) {
[INFO] [stdout] 3 | |         id -> Integer,
[INFO] [stdout] 4 | |         hash -> Text,
[INFO] [stdout] ... |
[INFO] [stdout] 7 | |     }
[INFO] [stdout] 8 | | }
[INFO] [stdout]   | |_^ names from parent modules are not accessible without an explicit import
[INFO] [stdout]   |
[INFO] [stdout]   = warning: this was previously accepted by the compiler but is being phased out; it will become a hard error in a future release!
[INFO] [stdout]   = note: for more information, see issue #83583 <https://github.com/rust-lang/rust/issues/83583>
[INFO] [stdout]   = note: this warning originates in the derive macro `QueryId` (in Nightly builds, run with -Z macro-backtrace for more info)
[INFO] [stdout] 
[INFO] [stdout] 
[INFO] [stdout] warning: cannot find type `hash` in this scope
[INFO] [stdout]  --> src/schema.rs:1:1
[INFO] [stdout]   |
[INFO] [stdout] 1 | / table! {
[INFO] [stdout] 2 | |     items (id) {
[INFO] [stdout] 3 | |         id -> Integer,
[INFO] [stdout] 4 | |         hash -> Text,
[INFO] [stdout] ... |
[INFO] [stdout] 7 | |     }
[INFO] [stdout] 8 | | }
[INFO] [stdout]   | |_^ names from parent modules are not accessible without an explicit import
[INFO] [stdout]   |
[INFO] [stdout]   = warning: this was previously accepted by the compiler but is being phased out; it will become a hard error in a future release!
[INFO] [stdout]   = note: for more information, see issue #83583 <https://github.com/rust-lang/rust/issues/83583>
[INFO] [stdout]   = note: this warning originates in the derive macro `QueryId` (in Nightly builds, run with -Z macro-backtrace for more info)
[INFO] [stdout] 
[INFO] [stdout] 
[INFO] [stdout] warning: cannot find type `request_id` in this scope
[INFO] [stdout]  --> src/schema.rs:1:1
[INFO] [stdout]   |
[INFO] [stdout] 1 | / table! {
[INFO] [stdout] 2 | |     items (id) {
[INFO] [stdout] 3 | |         id -> Integer,
[INFO] [stdout] 4 | |         hash -> Text,
[INFO] [stdout] ... |
[INFO] [stdout] 7 | |     }
[INFO] [stdout] 8 | | }
[INFO] [stdout]   | |_^ names from parent modules are not accessible without an explicit import
[INFO] [stdout]   |
[INFO] [stdout]   = warning: this was previously accepted by the compiler but is being phased out; it will become a hard error in a future release!
[INFO] [stdout]   = note: for more information, see issue #83583 <https://github.com/rust-lang/rust/issues/83583>
[INFO] [stdout]   = note: this warning originates in the derive macro `QueryId` (in Nightly builds, run with -Z macro-backtrace for more info)
[INFO] [stdout] 
[INFO] [stdout] 
[INFO] [stderr]    Compiling ryazo v0.1.0 (/opt/rustwide/workdir)
[INFO] [stdout] warning: cannot find type `created_at` in this scope
[INFO] [stdout]  --> src/schema.rs:1:1
[INFO] [stdout]   |
[INFO] [stdout] 1 | / table! {
[INFO] [stdout] 2 | |     items (id) {
[INFO] [stdout] 3 | |         id -> Integer,
[INFO] [stdout] 4 | |         hash -> Text,
[INFO] [stdout] ... |
[INFO] [stdout] 7 | |     }
[INFO] [stdout] 8 | | }
[INFO] [stdout]   | |_^ names from parent modules are not accessible without an explicit import
[INFO] [stdout]   |
[INFO] [stdout]   = warning: this was previously accepted by the compiler but is being phased out; it will become a hard error in a future release!
[INFO] [stdout]   = note: for more information, see issue #83583 <https://github.com/rust-lang/rust/issues/83583>
[INFO] [stdout]   = note: this warning originates in the derive macro `QueryId` (in Nightly builds, run with -Z macro-backtrace for more info)
[INFO] [stdout] 
[INFO] [stdout] 
[INFO] [stdout] warning: 8 warnings emitted
[INFO] [stdout] 
[INFO] [stdout] 
[INFO] [stdout] warning: cannot find type `NaiveDateTime` in this scope
[INFO] [stdout]  --> src/models.rs:6:10
[INFO] [stdout]   |
[INFO] [stdout] 6 | #[derive(Queryable)]
[INFO] [stdout]   |          ^^^^^^^^^ names from parent modules are not accessible without an explicit import
[INFO] [stdout]   |
[INFO] [stdout]   = note: `#[warn(proc_macro_derive_resolution_fallback)]` on by default
[INFO] [stdout]   = warning: this was previously accepted by the compiler but is being phased out; it will become a hard error in a future release!
[INFO] [stdout]   = note: for more information, see issue #83583 <https://github.com/rust-lang/rust/issues/83583>
[INFO] [stdout]   = note: this warning originates in the derive macro `Queryable` (in Nightly builds, run with -Z macro-backtrace for more info)
[INFO] [stdout] 
[INFO] [stdout] 
[INFO] [stdout] warning: cannot find type `Item` in this scope
[INFO] [stdout]  --> src/models.rs:6:10
[INFO] [stdout]   |
[INFO] [stdout] 6 | #[derive(Queryable)]
[INFO] [stdout]   |          ^^^^^^^^^ names from parent modules are not accessible without an explicit import
[INFO] [stdout]   |
[INFO] [stdout]   = warning: this was previously accepted by the compiler but is being phased out; it will become a hard error in a future release!
[INFO] [stdout]   = note: for more information, see issue #83583 <https://github.com/rust-lang/rust/issues/83583>
[INFO] [stdout]   = note: this warning originates in the derive macro `Queryable` (in Nightly builds, run with -Z macro-backtrace for more info)
[INFO] [stdout] 
[INFO] [stdout] 
[INFO] [stdout] warning: cannot find type `NaiveDateTime` in this scope
[INFO] [stdout]  --> src/models.rs:6:10
[INFO] [stdout]   |
[INFO] [stdout] 6 | #[derive(Queryable)]
[INFO] [stdout]   |          ^^^^^^^^^ names from parent modules are not accessible without an explicit import
[INFO] [stdout]   |
[INFO] [stdout]   = warning: this was previously accepted by the compiler but is being phased out; it will become a hard error in a future release!
[INFO] [stdout]   = note: for more information, see issue #83583 <https://github.com/rust-lang/rust/issues/83583>
[INFO] [stdout]   = note: this warning originates in the derive macro `Queryable` (in Nightly builds, run with -Z macro-backtrace for more info)
[INFO] [stdout] 
[INFO] [stdout] 
[INFO] [stdout] warning: cannot find type `table` in this scope
[INFO] [stdout]  --> src/schema.rs:1:1
[INFO] [stdout]   |
[INFO] [stdout] 1 | / table! {
[INFO] [stdout] 2 | |     items (id) {
[INFO] [stdout] 3 | |         id -> Integer,
[INFO] [stdout] 4 | |         hash -> Text,
[INFO] [stdout] ... |
[INFO] [stdout] 7 | |     }
[INFO] [stdout] 8 | | }
[INFO] [stdout]   | |_^ names from parent modules are not accessible without an explicit import
[INFO] [stdout]   |
[INFO] [stdout]   = warning: this was previously accepted by the compiler but is being phased out; it will become a hard error in a future release!
[INFO] [stdout]   = note: for more information, see issue #83583 <https://github.com/rust-lang/rust/issues/83583>
[INFO] [stdout]   = note: this warning originates in the derive macro `QueryId` (in Nightly builds, run with -Z macro-backtrace for more info)
[INFO] [stdout] 
[INFO] [stdout] 
[INFO] [stdout] warning: cannot find type `id` in this scope
[INFO] [stdout]  --> src/schema.rs:1:1
[INFO] [stdout]   |
[INFO] [stdout] 1 | / table! {
[INFO] [stdout] 2 | |     items (id) {
[INFO] [stdout] 3 | |         id -> Integer,
[INFO] [stdout] 4 | |         hash -> Text,
[INFO] [stdout] ... |
[INFO] [stdout] 7 | |     }
[INFO] [stdout] 8 | | }
[INFO] [stdout]   | |_^ names from parent modules are not accessible without an explicit import
[INFO] [stdout]   |
[INFO] [stdout]   = warning: this was previously accepted by the compiler but is being phased out; it will become a hard error in a future release!
[INFO] [stdout]   = note: for more information, see issue #83583 <https://github.com/rust-lang/rust/issues/83583>
[INFO] [stdout]   = note: this warning originates in the derive macro `QueryId` (in Nightly builds, run with -Z macro-backtrace for more info)
[INFO] [stdout] 
[INFO] [stdout] 
[INFO] [stdout] warning: cannot find type `hash` in this scope
[INFO] [stdout]  --> src/schema.rs:1:1
[INFO] [stdout]   |
[INFO] [stdout] 1 | / table! {
[INFO] [stdout] 2 | |     items (id) {
[INFO] [stdout] 3 | |         id -> Integer,
[INFO] [stdout] 4 | |         hash -> Text,
[INFO] [stdout] ... |
[INFO] [stdout] 7 | |     }
[INFO] [stdout] 8 | | }
[INFO] [stdout]   | |_^ names from parent modules are not accessible without an explicit import
[INFO] [stdout]   |
[INFO] [stdout]   = warning: this was previously accepted by the compiler but is being phased out; it will become a hard error in a future release!
[INFO] [stdout]   = note: for more information, see issue #83583 <https://github.com/rust-lang/rust/issues/83583>
[INFO] [stdout]   = note: this warning originates in the derive macro `QueryId` (in Nightly builds, run with -Z macro-backtrace for more info)
[INFO] [stdout] 
[INFO] [stdout] 
[INFO] [stdout] warning: cannot find type `request_id` in this scope
[INFO] [stdout]  --> src/schema.rs:1:1
[INFO] [stdout]   |
[INFO] [stdout] 1 | / table! {
[INFO] [stdout] 2 | |     items (id) {
[INFO] [stdout] 3 | |         id -> Integer,
[INFO] [stdout] 4 | |         hash -> Text,
[INFO] [stdout] ... |
[INFO] [stdout] 7 | |     }
[INFO] [stdout] 8 | | }
[INFO] [stdout]   | |_^ names from parent modules are not accessible without an explicit import
[INFO] [stdout]   |
[INFO] [stdout]   = warning: this was previously accepted by the compiler but is being phased out; it will become a hard error in a future release!
[INFO] [stdout]   = note: for more information, see issue #83583 <https://github.com/rust-lang/rust/issues/83583>
[INFO] [stdout]   = note: this warning originates in the derive macro `QueryId` (in Nightly builds, run with -Z macro-backtrace for more info)
[INFO] [stdout] 
[INFO] [stdout] 
[INFO] [stdout] warning: trait objects without an explicit `dyn` are deprecated
[INFO] [stdout]   --> src/image_store/mod.rs:31:74
[INFO] [stdout]    |
[INFO] [stdout] 31 |     pub fn store_image(&self, req: &UploadRequest) -> Result<String, Box<Error>> {
[INFO] [stdout]    |                                                                          ^^^^^ help: use `dyn`: `dyn Error`
[INFO] [stdout]    |
[INFO] [stdout]    = note: `#[warn(bare_trait_objects)]` on by default
[INFO] [stdout]    = warning: this is accepted in the current edition (Rust 2015) but is a hard error in Rust 2021!
[INFO] [stdout]    = note: for more information, see issue #80165 <https://github.com/rust-lang/rust/issues/80165>
[INFO] [stdout] 
[INFO] [stdout] 
[INFO] [stdout] warning: trait objects without an explicit `dyn` are deprecated
[INFO] [stdout]   --> src/image_store/mod.rs:41:85
[INFO] [stdout]    |
[INFO] [stdout] 41 |     fn save_file(&self, image_buf: &Vec<u8>, filename: &String) -> Result<bool, Box<Error>> {
[INFO] [stdout]    |                                                                                     ^^^^^ help: use `dyn`: `dyn Error`
[INFO] [stdout]    |
[INFO] [stdout]    = warning: this is accepted in the current edition (Rust 2015) but is a hard error in Rust 2021!
[INFO] [stdout]    = note: for more information, see issue #80165 <https://github.com/rust-lang/rust/issues/80165>
[INFO] [stdout] 
[INFO] [stdout] 
[INFO] [stdout] warning: trait objects without an explicit `dyn` are deprecated
[INFO] [stdout]   --> src/image_store/mod.rs:50:92
[INFO] [stdout]    |
[INFO] [stdout] 50 |     fn store_hash(&self, item_request_id: &String, item_hash: &String) -> Result<bool, Box<Error>> {
[INFO] [stdout]    |                                                                                            ^^^^^ help: use `dyn`: `dyn Error`
[INFO] [stdout]    |
[INFO] [stdout]    = warning: this is accepted in the current edition (Rust 2015) but is a hard error in Rust 2021!
[INFO] [stdout]    = note: for more information, see issue #80165 <https://github.com/rust-lang/rust/issues/80165>
[INFO] [stdout] 
[INFO] [stdout] 
[INFO] [stdout] warning: trait objects without an explicit `dyn` are deprecated
[INFO] [stdout]   --> src/image_store/mod.rs:60:27
[INFO] [stdout]    |
[INFO] [stdout] 60 |     ) -> Result<bool, Box<Error>> {
[INFO] [stdout]    |                           ^^^^^ help: use `dyn`: `dyn Error`
[INFO] [stdout]    |
[INFO] [stdout]    = warning: this is accepted in the current edition (Rust 2015) but is a hard error in Rust 2021!
[INFO] [stdout]    = note: for more information, see issue #80165 <https://github.com/rust-lang/rust/issues/80165>
[INFO] [stdout] 
[INFO] [stdout] 
[INFO] [stdout] warning: trait objects without an explicit `dyn` are deprecated
[INFO] [stdout]   --> src/post_parser/mod.rs:16:62
[INFO] [stdout]    |
[INFO] [stdout] 16 | fn parse_data(entries: Entries) -> Result<UploadRequest, Box<Error>> {
[INFO] [stdout]    |                                                              ^^^^^ help: use `dyn`: `dyn Error`
[INFO] [stdout]    |
[INFO] [stdout]    = warning: this is accepted in the current edition (Rust 2015) but is a hard error in Rust 2021!
[INFO] [stdout]    = note: for more information, see issue #80165 <https://github.com/rust-lang/rust/issues/80165>
[INFO] [stdout] 
[INFO] [stdout] 
[INFO] [stdout] warning: trait objects without an explicit `dyn` are deprecated
[INFO] [stdout]   --> src/post_parser/mod.rs:57:90
[INFO] [stdout]    |
[INFO] [stdout] 57 | pub fn parse_request(remote_addr: IpAddr, entries: Entries) -> Result<UploadRequest, Box<Error>> {
[INFO] [stdout]    |                                                                                          ^^^^^ help: use `dyn`: `dyn Error`
[INFO] [stdout]    |
[INFO] [stdout]    = warning: this is accepted in the current edition (Rust 2015) but is a hard error in Rust 2021!
[INFO] [stdout]    = note: for more information, see issue #80165 <https://github.com/rust-lang/rust/issues/80165>
[INFO] [stdout] 
[INFO] [stdout] 
[INFO] [stdout] warning: unnecessary trailing semicolon
[INFO] [stdout]   --> src/main.rs:32:48
[INFO] [stdout]    |
[INFO] [stdout] 32 |         .mount("/upload.cgi", process_request);;
[INFO] [stdout]    |                                                ^ help: remove this semicolon
[INFO] [stdout]    |
[INFO] [stdout]    = note: `#[warn(redundant_semicolons)]` on by default
[INFO] [stdout] 
[INFO] [stdout] 
[INFO] [stdout] warning: trait objects without an explicit `dyn` are deprecated
[INFO] [stdout]   --> src/main.rs:89:26
[INFO] [stdout]    |
[INFO] [stdout] 89 | fn error_response(e: Box<Error>) -> Response {
[INFO] [stdout]    |                          ^^^^^ help: use `dyn`: `dyn Error`
[INFO] [stdout]    |
[INFO] [stdout]    = warning: this is accepted in the current edition (Rust 2015) but is a hard error in Rust 2021!
[INFO] [stdout]    = note: for more information, see issue #80165 <https://github.com/rust-lang/rust/issues/80165>
[INFO] [stdout] 
[INFO] [stdout] 
[INFO] [stdout] warning: trait objects without an explicit `dyn` are deprecated
[INFO] [stdout]   --> src/main.rs:93:75
[INFO] [stdout]    |
[INFO] [stdout] 93 | fn make_response(req: &post_parser::UploadRequest) -> Result<Vec<u8>, Box<Error>> {
[INFO] [stdout]    |                                                                           ^^^^^ help: use `dyn`: `dyn Error`
[INFO] [stdout]    |
[INFO] [stdout]    = warning: this is accepted in the current edition (Rust 2015) but is a hard error in Rust 2021!
[INFO] [stdout]    = note: for more information, see issue #80165 <https://github.com/rust-lang/rust/issues/80165>
[INFO] [stdout] 
[INFO] [stdout] 
[INFO] [stdout] warning: cannot find type `created_at` in this scope
[INFO] [stdout]  --> src/schema.rs:1:1
[INFO] [stdout]   |
[INFO] [stdout] 1 | / table! {
[INFO] [stdout] 2 | |     items (id) {
[INFO] [stdout] 3 | |         id -> Integer,
[INFO] [stdout] 4 | |         hash -> Text,
[INFO] [stdout] ... |
[INFO] [stdout] 7 | |     }
[INFO] [stdout] 8 | | }
[INFO] [stdout]   | |_^ names from parent modules are not accessible without an explicit import
[INFO] [stdout]   |
[INFO] [stdout]   = warning: this was previously accepted by the compiler but is being phased out; it will become a hard error in a future release!
[INFO] [stdout]   = note: for more information, see issue #83583 <https://github.com/rust-lang/rust/issues/83583>
[INFO] [stdout]   = note: this warning originates in the derive macro `QueryId` (in Nightly builds, run with -Z macro-backtrace for more info)
[INFO] [stdout] 
[INFO] [stdout] 
[INFO] [stdout] warning: 8 warnings emitted
[INFO] [stdout] 
[INFO] [stdout] 
[INFO] [stdout] warning: 9 warnings emitted
[INFO] [stdout] 
[INFO] [stdout] 
[INFO] [stderr]     Finished test [unoptimized + debuginfo] target(s) in 3.28s
[INFO] running `Command { std: "docker" "inspect" "b61e6bc9f9a1f3aecb911c6549f81ae0f46fae1465fede7c6356a97a7e42ca0f", kill_on_drop: false }`
[INFO] running `Command { std: "docker" "rm" "-f" "b61e6bc9f9a1f3aecb911c6549f81ae0f46fae1465fede7c6356a97a7e42ca0f", kill_on_drop: false }`
[INFO] [stdout] b61e6bc9f9a1f3aecb911c6549f81ae0f46fae1465fede7c6356a97a7e42ca0f
[INFO] running `Command { std: "docker" "create" "-v" "/var/lib/crater-agent-workspace/builds/worker-8/target:/opt/rustwide/target:rw,Z" "-v" "/var/lib/crater-agent-workspace/builds/worker-8/source:/opt/rustwide/workdir:ro,Z" "-v" "/var/lib/crater-agent-workspace/cargo-home:/opt/rustwide/cargo-home:ro,Z" "-v" "/var/lib/crater-agent-workspace/rustup-home:/opt/rustwide/rustup-home:ro,Z" "-e" "SOURCE_DIR=/opt/rustwide/workdir" "-e" "CARGO_TARGET_DIR=/opt/rustwide/target" "-e" "CARGO_INCREMENTAL=0" "-e" "RUST_BACKTRACE=full" "-e" "RUSTFLAGS=--cap-lints=warn" "-e" "CARGO_HOME=/opt/rustwide/cargo-home" "-e" "RUSTUP_HOME=/opt/rustwide/rustup-home" "-w" "/opt/rustwide/workdir" "-m" "1610612736" "--user" "0:0" "--network" "none" "ghcr.io/rust-lang/crates-build-env/linux@sha256:34b6a614d2c27851fe6cbf88fbd1137609cefab8b10d0615aaeb6fd47975d74e" "/opt/rustwide/cargo-home/bin/cargo" "+beta-2021-08-01" "test" "--frozen", kill_on_drop: false }`
[INFO] [stdout] c6f8d6d2f26f1535044149f54c03f17e16b48f339fc4cf76ce9aaaff96c184a3
[INFO] running `Command { std: "docker" "start" "-a" "c6f8d6d2f26f1535044149f54c03f17e16b48f339fc4cf76ce9aaaff96c184a3", kill_on_drop: false }`
[INFO] [stderr] warning: cannot find type `NaiveDateTime` in this scope
[INFO] [stderr]  --> src/models.rs:6:10
[INFO] [stderr]   |
[INFO] [stderr] 6 | #[derive(Queryable)]
[INFO] [stderr]   |          ^^^^^^^^^ names from parent modules are not accessible without an explicit import
[INFO] [stderr]   |
[INFO] [stderr]   = note: `#[warn(proc_macro_derive_resolution_fallback)]` on by default
[INFO] [stderr]   = warning: this was previously accepted by the compiler but is being phased out; it will become a hard error in a future release!
[INFO] [stderr]   = note: for more information, see issue #83583 <https://github.com/rust-lang/rust/issues/83583>
[INFO] [stderr]   = note: this warning originates in the derive macro `Queryable` (in Nightly builds, run with -Z macro-backtrace for more info)
[INFO] [stderr] 
[INFO] [stderr] warning: cannot find type `Item` in this scope
[INFO] [stderr]  --> src/models.rs:6:10
[INFO] [stderr]   |
[INFO] [stderr] 6 | #[derive(Queryable)]
[INFO] [stderr]   |          ^^^^^^^^^ names from parent modules are not accessible without an explicit import
[INFO] [stderr]   |
[INFO] [stderr]   = warning: this was previously accepted by the compiler but is being phased out; it will become a hard error in a future release!
[INFO] [stderr]   = note: for more information, see issue #83583 <https://github.com/rust-lang/rust/issues/83583>
[INFO] [stderr]   = note: this warning originates in the derive macro `Queryable` (in Nightly builds, run with -Z macro-backtrace for more info)
[INFO] [stderr] 
[INFO] [stderr] warning: cannot find type `NaiveDateTime` in this scope
[INFO] [stderr]  --> src/models.rs:6:10
[INFO] [stderr]   |
[INFO] [stderr] 6 | #[derive(Queryable)]
[INFO] [stderr]   |          ^^^^^^^^^ names from parent modules are not accessible without an explicit import
[INFO] [stderr]   |
[INFO] [stderr]   = warning: this was previously accepted by the compiler but is being phased out; it will become a hard error in a future release!
[INFO] [stderr]   = note: for more information, see issue #83583 <https://github.com/rust-lang/rust/issues/83583>
[INFO] [stderr]   = note: this warning originates in the derive macro `Queryable` (in Nightly builds, run with -Z macro-backtrace for more info)
[INFO] [stderr] 
[INFO] [stderr] warning: cannot find type `table` in this scope
[INFO] [stderr]  --> src/schema.rs:1:1
[INFO] [stderr]   |
[INFO] [stderr] 1 | / table! {
[INFO] [stderr] 2 | |     items (id) {
[INFO] [stderr] 3 | |         id -> Integer,
[INFO] [stderr] 4 | |         hash -> Text,
[INFO] [stderr] ... |
[INFO] [stderr] 7 | |     }
[INFO] [stderr] 8 | | }
[INFO] [stderr]   | |_^ names from parent modules are not accessible without an explicit import
[INFO] [stderr]   |
[INFO] [stderr]   = warning: this was previously accepted by the compiler but is being phased out; it will become a hard error in a future release!
[INFO] [stderr]   = note: for more information, see issue #83583 <https://github.com/rust-lang/rust/issues/83583>
[INFO] [stderr]   = note: this warning originates in the derive macro `QueryId` (in Nightly builds, run with -Z macro-backtrace for more info)
[INFO] [stderr] 
[INFO] [stderr] warning: cannot find type `id` in this scope
[INFO] [stderr]  --> src/schema.rs:1:1
[INFO] [stderr]   |
[INFO] [stderr] 1 | / table! {
[INFO] [stderr] 2 | |     items (id) {
[INFO] [stderr] 3 | |         id -> Integer,
[INFO] [stderr] 4 | |         hash -> Text,
[INFO] [stderr] ... |
[INFO] [stderr] 7 | |     }
[INFO] [stderr] 8 | | }
[INFO] [stderr]   | |_^ names from parent modules are not accessible without an explicit import
[INFO] [stderr]   |
[INFO] [stderr]   = warning: this was previously accepted by the compiler but is being phased out; it will become a hard error in a future release!
[INFO] [stderr]   = note: for more information, see issue #83583 <https://github.com/rust-lang/rust/issues/83583>
[INFO] [stderr]   = note: this warning originates in the derive macro `QueryId` (in Nightly builds, run with -Z macro-backtrace for more info)
[INFO] [stderr] 
[INFO] [stderr] warning: cannot find type `hash` in this scope
[INFO] [stderr]  --> src/schema.rs:1:1
[INFO] [stderr]   |
[INFO] [stderr] 1 | / table! {
[INFO] [stderr] 2 | |     items (id) {
[INFO] [stderr] 3 | |         id -> Integer,
[INFO] [stderr] 4 | |         hash -> Text,
[INFO] [stderr] ... |
[INFO] [stderr] 7 | |     }
[INFO] [stderr] 8 | | }
[INFO] [stderr]   | |_^ names from parent modules are not accessible without an explicit import
[INFO] [stderr]   |
[INFO] [stderr]   = warning: this was previously accepted by the compiler but is being phased out; it will become a hard error in a future release!
[INFO] [stderr]   = note: for more information, see issue #83583 <https://github.com/rust-lang/rust/issues/83583>
[INFO] [stderr]   = note: this warning originates in the derive macro `QueryId` (in Nightly builds, run with -Z macro-backtrace for more info)
[INFO] [stderr] 
[INFO] [stderr] warning: cannot find type `request_id` in this scope
[INFO] [stderr]  --> src/schema.rs:1:1
[INFO] [stderr]   |
[INFO] [stderr] 1 | / table! {
[INFO] [stderr] 2 | |     items (id) {
[INFO] [stderr] 3 | |         id -> Integer,
[INFO] [stderr] 4 | |         hash -> Text,
[INFO] [stderr] ... |
[INFO] [stderr] 7 | |     }
[INFO] [stderr] 8 | | }
[INFO] [stderr]   | |_^ names from parent modules are not accessible without an explicit import
[INFO] [stderr]   |
[INFO] [stderr]   = warning: this was previously accepted by the compiler but is being phased out; it will become a hard error in a future release!
[INFO] [stderr]   = note: for more information, see issue #83583 <https://github.com/rust-lang/rust/issues/83583>
[INFO] [stderr]   = note: this warning originates in the derive macro `QueryId` (in Nightly builds, run with -Z macro-backtrace for more info)
[INFO] [stderr] 
[INFO] [stderr] warning: cannot find type `created_at` in this scope
[INFO] [stderr]  --> src/schema.rs:1:1
[INFO] [stderr]   |
[INFO] [stderr] 1 | / table! {
[INFO] [stderr] 2 | |     items (id) {
[INFO] [stderr] 3 | |         id -> Integer,
[INFO] [stderr] 4 | |         hash -> Text,
[INFO] [stderr] ... |
[INFO] [stderr] 7 | |     }
[INFO] [stderr] 8 | | }
[INFO] [stderr]   | |_^ names from parent modules are not accessible without an explicit import
[INFO] [stderr]   |
[INFO] [stderr]   = warning: this was previously accepted by the compiler but is being phased out; it will become a hard error in a future release!
[INFO] [stderr]   = note: for more information, see issue #83583 <https://github.com/rust-lang/rust/issues/83583>
[INFO] [stderr]   = note: this warning originates in the derive macro `QueryId` (in Nightly builds, run with -Z macro-backtrace for more info)
[INFO] [stderr] 
[INFO] [stdout] 
[INFO] [stderr] warning: `ryazo` (lib) generated 8 warnings
[INFO] [stdout] running 0 tests
[INFO] [stderr] warning: `ryazo` (lib test) generated 8 warnings (8 duplicates)
[INFO] [stdout] 
[INFO] [stderr] warning: trait objects without an explicit `dyn` are deprecated
[INFO] [stdout] test result: ok. 0 passed; 0 failed; 0 ignored; 0 measured; 0 filtered out; finished in 0.00s
[INFO] [stderr]   --> src/image_store/mod.rs:31:74
[INFO] [stdout] 
[INFO] [stderr]    |
[INFO] [stdout] 
[INFO] [stderr] 31 |     pub fn store_image(&self, req: &UploadRequest) -> Result<String, Box<Error>> {
[INFO] [stdout] running 2 tests
[INFO] [stderr]    |                                                                          ^^^^^ help: use `dyn`: `dyn Error`
[INFO] [stderr]    |
[INFO] [stderr]    = note: `#[warn(bare_trait_objects)]` on by default
[INFO] [stderr]    = warning: this is accepted in the current edition (Rust 2015) but is a hard error in Rust 2021!
[INFO] [stderr]    = note: for more information, see issue #80165 <https://github.com/rust-lang/rust/issues/80165>
[INFO] [stderr] 
[INFO] [stderr] warning: trait objects without an explicit `dyn` are deprecated
[INFO] [stderr]   --> src/image_store/mod.rs:41:85
[INFO] [stderr]    |
[INFO] [stderr] 41 |     fn save_file(&self, image_buf: &Vec<u8>, filename: &String) -> Result<bool, Box<Error>> {
[INFO] [stderr]    |                                                                                     ^^^^^ help: use `dyn`: `dyn Error`
[INFO] [stderr]    |
[INFO] [stderr]    = warning: this is accepted in the current edition (Rust 2015) but is a hard error in Rust 2021!
[INFO] [stderr]    = note: for more information, see issue #80165 <https://github.com/rust-lang/rust/issues/80165>
[INFO] [stderr] 
[INFO] [stderr] warning: trait objects without an explicit `dyn` are deprecated
[INFO] [stderr]   --> src/image_store/mod.rs:50:92
[INFO] [stderr]    |
[INFO] [stderr] 50 |     fn store_hash(&self, item_request_id: &String, item_hash: &String) -> Result<bool, Box<Error>> {
[INFO] [stderr]    |                                                                                            ^^^^^ help: use `dyn`: `dyn Error`
[INFO] [stderr]    |
[INFO] [stderr]    = warning: this is accepted in the current edition (Rust 2015) but is a hard error in Rust 2021!
[INFO] [stderr]    = note: for more information, see issue #80165 <https://github.com/rust-lang/rust/issues/80165>
[INFO] [stderr] 
[INFO] [stderr] warning: trait objects without an explicit `dyn` are deprecated
[INFO] [stderr]   --> src/image_store/mod.rs:60:27
[INFO] [stderr]    |
[INFO] [stderr] 60 |     ) -> Result<bool, Box<Error>> {
[INFO] [stderr]    |                           ^^^^^ help: use `dyn`: `dyn Error`
[INFO] [stderr]    |
[INFO] [stderr]    = warning: this is accepted in the current edition (Rust 2015) but is a hard error in Rust 2021!
[INFO] [stderr]    = note: for more information, see issue #80165 <https://github.com/rust-lang/rust/issues/80165>
[INFO] [stderr] 
[INFO] [stderr] warning: trait objects without an explicit `dyn` are deprecated
[INFO] [stderr]   --> src/post_parser/mod.rs:16:62
[INFO] [stderr]    |
[INFO] [stderr] 16 | fn parse_data(entries: Entries) -> Result<UploadRequest, Box<Error>> {
[INFO] [stderr]    |                                                              ^^^^^ help: use `dyn`: `dyn Error`
[INFO] [stderr]    |
[INFO] [stderr]    = warning: this is accepted in the current edition (Rust 2015) but is a hard error in Rust 2021!
[INFO] [stderr]    = note: for more information, see issue #80165 <https://github.com/rust-lang/rust/issues/80165>
[INFO] [stderr] 
[INFO] [stderr] warning: trait objects without an explicit `dyn` are deprecated
[INFO] [stderr]   --> src/post_parser/mod.rs:57:90
[INFO] [stderr]    |
[INFO] [stderr] 57 | pub fn parse_request(remote_addr: IpAddr, entries: Entries) -> Result<UploadRequest, Box<Error>> {
[INFO] [stderr]    |                                                                                          ^^^^^ help: use `dyn`: `dyn Error`
[INFO] [stderr]    |
[INFO] [stderr]    = warning: this is accepted in the current edition (Rust 2015) but is a hard error in Rust 2021!
[INFO] [stderr]    = note: for more information, see issue #80165 <https://github.com/rust-lang/rust/issues/80165>
[INFO] [stderr] 
[INFO] [stderr] warning: unnecessary trailing semicolon
[INFO] [stderr]   --> src/main.rs:32:48
[INFO] [stderr]    |
[INFO] [stderr] 32 |         .mount("/upload.cgi", process_request);;
[INFO] [stderr]    |                                                ^ help: remove this semicolon
[INFO] [stderr]    |
[INFO] [stderr]    = note: `#[warn(redundant_semicolons)]` on by default
[INFO] [stderr] 
[INFO] [stderr] warning: trait objects without an explicit `dyn` are deprecated
[INFO] [stderr]   --> src/main.rs:89:26
[INFO] [stderr]    |
[INFO] [stderr] 89 | fn error_response(e: Box<Error>) -> Response {
[INFO] [stderr]    |                          ^^^^^ help: use `dyn`: `dyn Error`
[INFO] [stderr]    |
[INFO] [stderr]    = warning: this is accepted in the current edition (Rust 2015) but is a hard error in Rust 2021!
[INFO] [stderr]    = note: for more information, see issue #80165 <https://github.com/rust-lang/rust/issues/80165>
[INFO] [stderr] 
[INFO] [stderr] warning: trait objects without an explicit `dyn` are deprecated
[INFO] [stderr]   --> src/main.rs:93:75
[INFO] [stderr]    |
[INFO] [stderr] 93 | fn make_response(req: &post_parser::UploadRequest) -> Result<Vec<u8>, Box<Error>> {
[INFO] [stderr]    |                                                                           ^^^^^ help: use `dyn`: `dyn Error`
[INFO] [stderr]    |
[INFO] [stderr]    = warning: this is accepted in the current edition (Rust 2015) but is a hard error in Rust 2021!
[INFO] [stderr]    = note: for more information, see issue #80165 <https://github.com/rust-lang/rust/issues/80165>
[INFO] [stderr] 
[INFO] [stderr] warning: `ryazo` (bin "ryazo" test) generated 9 warnings
[INFO] [stderr]     Finished test [unoptimized + debuginfo] target(s) in 0.09s
[INFO] [stderr]      Running unittests (/opt/rustwide/target/debug/deps/ryazo-0d41df995783561e)
[INFO] [stderr]      Running unittests (/opt/rustwide/target/debug/deps/ryazo-346d2fb74be99628)
[INFO] [stdout] test post_parser::test_new_id ... ok
[INFO] [stderr] error: test failed, to rerun pass '--bin ryazo'
[INFO] [stdout] test image_store::test_save_hash ... FAILED
[INFO] [stdout] 
[INFO] [stdout] failures:
[INFO] [stdout] 
[INFO] [stdout] ---- image_store::test_save_hash stdout ----
[INFO] [stdout] thread 'image_store::test_save_hash' panicked at 'called `Result::unwrap()` on an `Err` value: BadConnection("Unable to open the database file")', src/image_store/mod.rs:51:74
[INFO] [stdout] stack backtrace:
[INFO] [stdout]    0:     0x56143fdd2ca0 - std::backtrace_rs::backtrace::libunwind::trace::hff4d1766e93f64f1
[INFO] [stdout]                                at /rustc/53fd98ca776cb875bc9e5514f56b52eb74f9e7a9/library/std/src/../../backtrace/src/backtrace/libunwind.rs:90:5
[INFO] [stdout]    1:     0x56143fdd2ca0 - std::backtrace_rs::backtrace::trace_unsynchronized::h56bbc8eb78770bcb
[INFO] [stdout]                                at /rustc/53fd98ca776cb875bc9e5514f56b52eb74f9e7a9/library/std/src/../../backtrace/src/backtrace/mod.rs:66:5
[INFO] [stdout]    2:     0x56143fdd2ca0 - std::sys_common::backtrace::_print_fmt::h5c8e75464faca780
[INFO] [stdout]                                at /rustc/53fd98ca776cb875bc9e5514f56b52eb74f9e7a9/library/std/src/sys_common/backtrace.rs:67:5
[INFO] [stdout]    3:     0x56143fdd2ca0 - <std::sys_common::backtrace::_print::DisplayBacktrace as core::fmt::Display>::fmt::h48b88277def8b362
[INFO] [stdout]                                at /rustc/53fd98ca776cb875bc9e5514f56b52eb74f9e7a9/library/std/src/sys_common/backtrace.rs:46:22
[INFO] [stdout]    4:     0x56143fdf632c - core::fmt::write::h3381b3176fe2b3d3
[INFO] [stdout]                                at /rustc/53fd98ca776cb875bc9e5514f56b52eb74f9e7a9/library/core/src/fmt/mod.rs:1115:17
[INFO] [stdout]    5:     0x56143fdceb85 - std::io::Write::write_fmt::h5f34a676f60246b5
[INFO] [stdout]                                at /rustc/53fd98ca776cb875bc9e5514f56b52eb74f9e7a9/library/std/src/io/mod.rs:1665:15
[INFO] [stdout]    6:     0x56143fdd4e1b - std::sys_common::backtrace::_print::ha537687d6c17dd0d
[INFO] [stdout]                                at /rustc/53fd98ca776cb875bc9e5514f56b52eb74f9e7a9/library/std/src/sys_common/backtrace.rs:49:5
[INFO] [stdout]    7:     0x56143fdd4e1b - std::sys_common::backtrace::print::h61376ae57d131d72
[INFO] [stdout]                                at /rustc/53fd98ca776cb875bc9e5514f56b52eb74f9e7a9/library/std/src/sys_common/backtrace.rs:36:9
[INFO] [stdout]    8:     0x56143fdd4e1b - std::panicking::default_hook::{{closure}}::h0f7208c0b9644a54
[INFO] [stdout]                                at /rustc/53fd98ca776cb875bc9e5514f56b52eb74f9e7a9/library/std/src/panicking.rs:208:50
[INFO] [stdout]    9:     0x56143fdd492c - std::panicking::default_hook::hdac7fc06578c14ce
[INFO] [stdout]                                at /rustc/53fd98ca776cb875bc9e5514f56b52eb74f9e7a9/library/std/src/panicking.rs:222:9
[INFO] [stdout]   10:     0x56143fdd54e4 - std::panicking::rust_panic_with_hook::h72b21c283da3d1ef
[INFO] [stdout]                                at /rustc/53fd98ca776cb875bc9e5514f56b52eb74f9e7a9/library/std/src/panicking.rs:622:17
[INFO] [stdout]   11:     0x56143fdd4fc7 - std::panicking::begin_panic_handler::{{closure}}::he5778f1729cff84a
[INFO] [stdout]                                at /rustc/53fd98ca776cb875bc9e5514f56b52eb74f9e7a9/library/std/src/panicking.rs:519:13
[INFO] [stdout]   12:     0x56143fdd317c - std::sys_common::backtrace::__rust_end_short_backtrace::h2d11ca8b453b4b1d
[INFO] [stdout]                                at /rustc/53fd98ca776cb875bc9e5514f56b52eb74f9e7a9/library/std/src/sys_common/backtrace.rs:141:18
[INFO] [stdout]   13:     0x56143fdd4f29 - rust_begin_unwind
[INFO] [stdout]                                at /rustc/53fd98ca776cb875bc9e5514f56b52eb74f9e7a9/library/std/src/panicking.rs:515:5
[INFO] [stdout]   14:     0x56143fd203b1 - core::panicking::panic_fmt::hf9de31d4acbce4db
[INFO] [stdout]                                at /rustc/53fd98ca776cb875bc9e5514f56b52eb74f9e7a9/library/core/src/panicking.rs:92:14
[INFO] [stdout]   15:     0x56143fd204a3 - core::result::unwrap_failed::ha0c84e81219e5878
[INFO] [stdout]                                at /rustc/53fd98ca776cb875bc9e5514f56b52eb74f9e7a9/library/core/src/result.rs:1599:5
[INFO] [stdout]   16:     0x56143fd2a3cd - core::result::Result<T,E>::unwrap::hda840944c6eae41d
[INFO] [stdout]                                at /rustc/53fd98ca776cb875bc9e5514f56b52eb74f9e7a9/library/core/src/result.rs:1281:23
[INFO] [stdout]   17:     0x56143fd368d2 - ryazo::image_store::ImageStore::store_hash::h1eb15035fda8a488
[INFO] [stdout]                                at /opt/rustwide/workdir/src/image_store/mod.rs:51:26
[INFO] [stdout]   18:     0x56143fd36dd0 - ryazo::image_store::test_save_hash::hb64eb108b71a86a5
[INFO] [stdout]                                at /opt/rustwide/workdir/src/image_store/mod.rs:86:13
[INFO] [stdout]   19:     0x56143fd36c8a - ryazo::image_store::test_save_hash::{{closure}}::h0b1f04d206df41ca
[INFO] [stdout]                                at /opt/rustwide/workdir/src/image_store/mod.rs:76:1
[INFO] [stdout]   20:     0x56143fd349ee - core::ops::function::FnOnce::call_once::hc0cf9d7f828fb651
[INFO] [stdout]                                at /rustc/53fd98ca776cb875bc9e5514f56b52eb74f9e7a9/library/core/src/ops/function.rs:227:5
[INFO] [stdout]   21:     0x56143fd6ebc3 - core::ops::function::FnOnce::call_once::hbb52c4519d3137b0
[INFO] [stdout]                                at /rustc/53fd98ca776cb875bc9e5514f56b52eb74f9e7a9/library/core/src/ops/function.rs:227:5
[INFO] [stdout]   22:     0x56143fd6ebc3 - test::__rust_begin_short_backtrace::h86fe3a2a5a5121af
[INFO] [stdout]                                at /rustc/53fd98ca776cb875bc9e5514f56b52eb74f9e7a9/library/test/src/lib.rs:578:5
[INFO] [stdout]   23:     0x56143fd6d678 - <alloc::boxed::Box<F,A> as core::ops::function::FnOnce<Args>>::call_once::hfd956bc3d57399be
[INFO] [stdout]                                at /rustc/53fd98ca776cb875bc9e5514f56b52eb74f9e7a9/library/alloc/src/boxed.rs:1572:9
[INFO] [stdout]   24:     0x56143fd6d678 - <std::panic::AssertUnwindSafe<F> as core::ops::function::FnOnce<()>>::call_once::h40dc93e0ddb5938a
[INFO] [stdout]                                at /rustc/53fd98ca776cb875bc9e5514f56b52eb74f9e7a9/library/std/src/panic.rs:347:9
[INFO] [stdout]   25:     0x56143fd6d678 - std::panicking::try::do_call::h90d07750cb47c562
[INFO] [stdout]                                at /rustc/53fd98ca776cb875bc9e5514f56b52eb74f9e7a9/library/std/src/panicking.rs:401:40
[INFO] [stdout]   26:     0x56143fd6d678 - std::panicking::try::h063c84733ad2a629
[INFO] [stdout]                                at /rustc/53fd98ca776cb875bc9e5514f56b52eb74f9e7a9/library/std/src/panicking.rs:365:19
[INFO] [stdout]   27:     0x56143fd6d678 - std::panic::catch_unwind::h0c464836a84e7c08
[INFO] [stdout]                                at /rustc/53fd98ca776cb875bc9e5514f56b52eb74f9e7a9/library/std/src/panic.rs:434:14
[INFO] [stdout]   28:     0x56143fd6d678 - test::run_test_in_process::h5cb06ef620b157fc
[INFO] [stdout]                                at /rustc/53fd98ca776cb875bc9e5514f56b52eb74f9e7a9/library/test/src/lib.rs:601:18
[INFO] [stdout]   29:     0x56143fd6d678 - test::run_test::run_test_inner::{{closure}}::h76f677f4b93f9828
[INFO] [stdout]                                at /rustc/53fd98ca776cb875bc9e5514f56b52eb74f9e7a9/library/test/src/lib.rs:493:39
[INFO] [stdout]   30:     0x56143fd3be0d - test::run_test::run_test_inner::{{closure}}::h366d01fe04f4d67a
[INFO] [stdout]                                at /rustc/53fd98ca776cb875bc9e5514f56b52eb74f9e7a9/library/test/src/lib.rs:520:37
[INFO] [stdout]   31:     0x56143fd3be0d - std::sys_common::backtrace::__rust_begin_short_backtrace::h7dfa0de4eb395af2
[INFO] [stdout]                                at /rustc/53fd98ca776cb875bc9e5514f56b52eb74f9e7a9/library/std/src/sys_common/backtrace.rs:125:18
[INFO] [stdout]   32:     0x56143fd405d8 - std::thread::Builder::spawn_unchecked::{{closure}}::{{closure}}::hf0a74bb58798037f
[INFO] [stdout]                                at /rustc/53fd98ca776cb875bc9e5514f56b52eb74f9e7a9/library/std/src/thread/mod.rs:476:17
[INFO] [stdout]   33:     0x56143fd405d8 - <std::panic::AssertUnwindSafe<F> as core::ops::function::FnOnce<()>>::call_once::hb024e854818586ac
[INFO] [stdout]                                at /rustc/53fd98ca776cb875bc9e5514f56b52eb74f9e7a9/library/std/src/panic.rs:347:9
[INFO] [stdout]   34:     0x56143fd405d8 - std::panicking::try::do_call::hb2dd9f1d0d48e41d
[INFO] [stdout]                                at /rustc/53fd98ca776cb875bc9e5514f56b52eb74f9e7a9/library/std/src/panicking.rs:401:40
[INFO] [stdout]   35:     0x56143fd405d8 - std::panicking::try::h4717ae7bac8b2bf3
[INFO] [stdout]                                at /rustc/53fd98ca776cb875bc9e5514f56b52eb74f9e7a9/library/std/src/panicking.rs:365:19
[INFO] [stdout]   36:     0x56143fd405d8 - std::panic::catch_unwind::h0dc8a061326ce8d8
[INFO] [stdout]                                at /rustc/53fd98ca776cb875bc9e5514f56b52eb74f9e7a9/library/std/src/panic.rs:434:14
[INFO] [stdout]   37:     0x56143fd405d8 - std::thread::Builder::spawn_unchecked::{{closure}}::haa369e2d6fd00aa1
[INFO] [stdout]                                at /rustc/53fd98ca776cb875bc9e5514f56b52eb74f9e7a9/library/std/src/thread/mod.rs:475:30
[INFO] [stdout]   38:     0x56143fd405d8 - core::ops::function::FnOnce::call_once{{vtable.shim}}::h36dcf3de8b056f17
[INFO] [stdout]                                at /rustc/53fd98ca776cb875bc9e5514f56b52eb74f9e7a9/library/core/src/ops/function.rs:227:5
[INFO] [stdout]   39:     0x56143fdda0a7 - <alloc::boxed::Box<F,A> as core::ops::function::FnOnce<Args>>::call_once::h65c29e4642be2358
[INFO] [stdout]                                at /rustc/53fd98ca776cb875bc9e5514f56b52eb74f9e7a9/library/alloc/src/boxed.rs:1572:9
[INFO] [stdout]   40:     0x56143fdda0a7 - <alloc::boxed::Box<F,A> as core::ops::function::FnOnce<Args>>::call_once::hd0f8f7fbbd9fffbf
[INFO] [stdout]                                at /rustc/53fd98ca776cb875bc9e5514f56b52eb74f9e7a9/library/alloc/src/boxed.rs:1572:9
[INFO] [stdout]   41:     0x56143fdda0a7 - std::sys::unix::thread::Thread::new::thread_start::h2fd22fee3ca77b65
[INFO] [stdout]                                at /rustc/53fd98ca776cb875bc9e5514f56b52eb74f9e7a9/library/std/src/sys/unix/thread.rs:74:17
[INFO] [stdout]   42:     0x7f3f16a97609 - start_thread
[INFO] [stdout]   43:     0x7f3f16869293 - clone
[INFO] [stdout]   44:                0x0 - <unknown>
[INFO] [stdout] 
[INFO] [stdout] 
[INFO] [stdout] failures:
[INFO] [stdout]     image_store::test_save_hash
[INFO] [stdout] 
[INFO] [stdout] test result: FAILED. 1 passed; 1 failed; 0 ignored; 0 measured; 0 filtered out; finished in 0.03s
[INFO] [stdout] 
[INFO] running `Command { std: "docker" "inspect" "c6f8d6d2f26f1535044149f54c03f17e16b48f339fc4cf76ce9aaaff96c184a3", kill_on_drop: false }`
[INFO] running `Command { std: "docker" "rm" "-f" "c6f8d6d2f26f1535044149f54c03f17e16b48f339fc4cf76ce9aaaff96c184a3", kill_on_drop: false }`
[INFO] [stdout] c6f8d6d2f26f1535044149f54c03f17e16b48f339fc4cf76ce9aaaff96c184a3
