[INFO] cloning repository https://github.com/ostrosco/passpartout_printer
[INFO] running `Command { std: "git" "-c" "credential.helper=" "-c" "credential.helper=/workspace/cargo-home/bin/git-credential-null" "clone" "--bare" "https://github.com/ostrosco/passpartout_printer" "/workspace/cache/git-repos/https%3A%2F%2Fgithub.com%2Fostrosco%2Fpasspartout_printer", kill_on_drop: false }`
[INFO] [stderr] Cloning into bare repository '/workspace/cache/git-repos/https%3A%2F%2Fgithub.com%2Fostrosco%2Fpasspartout_printer'...
[INFO] running `Command { std: "git" "rev-parse" "HEAD", kill_on_drop: false }`
[INFO] [stdout] 7e55d630feb7746ba4eb59924ceb174bf199016d
[INFO] testing ostrosco/passpartout_printer against beta-2021-08-01 for beta-1.55-1
[INFO] running `Command { std: "git" "clone" "/workspace/cache/git-repos/https%3A%2F%2Fgithub.com%2Fostrosco%2Fpasspartout_printer" "/workspace/builds/worker-1/source", kill_on_drop: false }`
[INFO] [stderr] Cloning into '/workspace/builds/worker-1/source'...
[INFO] [stderr] done.
[INFO] validating manifest of git repo https://github.com/ostrosco/passpartout_printer on toolchain beta-2021-08-01
[INFO] running `Command { std: "/workspace/cargo-home/bin/cargo" "+beta-2021-08-01" "metadata" "--manifest-path" "Cargo.toml" "--no-deps", kill_on_drop: false }`
[INFO] started tweaking git repo https://github.com/ostrosco/passpartout_printer
[INFO] finished tweaking git repo https://github.com/ostrosco/passpartout_printer
[INFO] tweaked toml for git repo https://github.com/ostrosco/passpartout_printer written to /workspace/builds/worker-1/source/Cargo.toml
[INFO] crate git repo https://github.com/ostrosco/passpartout_printer already has a lockfile, it will not be regenerated
[INFO] running `Command { std: "/workspace/cargo-home/bin/cargo" "+beta-2021-08-01" "fetch" "--manifest-path" "Cargo.toml", kill_on_drop: false }`
[INFO] [stderr]     Blocking waiting for file lock on package cache
[INFO] [stderr]  Downloading crates ...
[INFO] [stderr]   Downloaded x11 v2.17.4
[INFO] [stderr]   Downloaded device_query v0.1.0
[INFO] [stderr]   Downloaded enigo v0.0.11
[INFO] running `Command { std: "docker" "create" "-v" "/var/lib/crater-agent-workspace/builds/worker-1/target:/opt/rustwide/target:rw,Z" "-v" "/var/lib/crater-agent-workspace/builds/worker-1/source:/opt/rustwide/workdir:ro,Z" "-v" "/var/lib/crater-agent-workspace/cargo-home:/opt/rustwide/cargo-home:ro,Z" "-v" "/var/lib/crater-agent-workspace/rustup-home:/opt/rustwide/rustup-home:ro,Z" "-e" "SOURCE_DIR=/opt/rustwide/workdir" "-e" "CARGO_TARGET_DIR=/opt/rustwide/target" "-e" "CARGO_HOME=/opt/rustwide/cargo-home" "-e" "RUSTUP_HOME=/opt/rustwide/rustup-home" "-w" "/opt/rustwide/workdir" "-m" "1610612736" "--user" "0:0" "--network" "none" "ghcr.io/rust-lang/crates-build-env/linux@sha256:34b6a614d2c27851fe6cbf88fbd1137609cefab8b10d0615aaeb6fd47975d74e" "/opt/rustwide/cargo-home/bin/cargo" "+beta-2021-08-01" "metadata" "--no-deps" "--format-version=1", kill_on_drop: false }`
[INFO] [stdout] b9dc414b993db73ee960f85219fc16da5d32dd53d7464d93e6f8ddcaa3de5588
[INFO] running `Command { std: "docker" "start" "-a" "b9dc414b993db73ee960f85219fc16da5d32dd53d7464d93e6f8ddcaa3de5588", kill_on_drop: false }`
[INFO] running `Command { std: "docker" "inspect" "b9dc414b993db73ee960f85219fc16da5d32dd53d7464d93e6f8ddcaa3de5588", kill_on_drop: false }`
[INFO] running `Command { std: "docker" "rm" "-f" "b9dc414b993db73ee960f85219fc16da5d32dd53d7464d93e6f8ddcaa3de5588", kill_on_drop: false }`
[INFO] [stdout] b9dc414b993db73ee960f85219fc16da5d32dd53d7464d93e6f8ddcaa3de5588
[INFO] running `Command { std: "docker" "create" "-v" "/var/lib/crater-agent-workspace/builds/worker-1/target:/opt/rustwide/target:rw,Z" "-v" "/var/lib/crater-agent-workspace/builds/worker-1/source:/opt/rustwide/workdir:ro,Z" "-v" "/var/lib/crater-agent-workspace/cargo-home:/opt/rustwide/cargo-home:ro,Z" "-v" "/var/lib/crater-agent-workspace/rustup-home:/opt/rustwide/rustup-home:ro,Z" "-e" "SOURCE_DIR=/opt/rustwide/workdir" "-e" "CARGO_TARGET_DIR=/opt/rustwide/target" "-e" "CARGO_INCREMENTAL=0" "-e" "RUST_BACKTRACE=full" "-e" "RUSTFLAGS=--cap-lints=warn" "-e" "CARGO_HOME=/opt/rustwide/cargo-home" "-e" "RUSTUP_HOME=/opt/rustwide/rustup-home" "-w" "/opt/rustwide/workdir" "-m" "1610612736" "--user" "0:0" "--network" "none" "ghcr.io/rust-lang/crates-build-env/linux@sha256:34b6a614d2c27851fe6cbf88fbd1137609cefab8b10d0615aaeb6fd47975d74e" "/opt/rustwide/cargo-home/bin/cargo" "+beta-2021-08-01" "build" "--frozen" "--message-format=json", kill_on_drop: false }`
[INFO] [stdout] 8a2131990de106bdf0887caff57bffc040537e82adb06e1981bddd4fee124f52
[INFO] running `Command { std: "docker" "start" "-a" "8a2131990de106bdf0887caff57bffc040537e82adb06e1981bddd4fee124f52", kill_on_drop: false }`
[INFO] [stderr]    Compiling num-traits v0.2.2
[INFO] [stderr]    Compiling lazy_static v1.0.0
[INFO] [stderr]    Compiling rayon-core v1.4.0
[INFO] [stderr]    Compiling cc v1.0.9
[INFO] [stderr]    Compiling byteorder v1.2.2
[INFO] [stderr]    Compiling adler32 v1.0.2
[INFO] [stderr]    Compiling rustc-demangle v0.1.7
[INFO] [stderr]    Compiling color_quant v1.0.0
[INFO] [stderr]    Compiling itoa v0.4.1
[INFO] [stderr]    Compiling serde v1.0.37
[INFO] [stderr]    Compiling num_cpus v1.8.0
[INFO] [stderr]    Compiling atty v0.2.8
[INFO] [stderr]    Compiling crossbeam-utils v0.2.2
[INFO] [stderr]    Compiling proc-macro2 v0.3.1
[INFO] [stderr]    Compiling x11 v2.17.4
[INFO] [stderr]    Compiling enigo v0.0.11
[INFO] [stderr]    Compiling device_query v0.1.0
[INFO] [stderr]    Compiling synstructure v0.6.1
[INFO] [stderr]    Compiling clap v2.31.2
[INFO] [stderr]    Compiling crossbeam-epoch v0.3.1
[INFO] [stderr]    Compiling gif v0.9.2
[INFO] [stderr]    Compiling inflate v0.3.4
[INFO] [stderr]    Compiling deflate v0.7.18
[INFO] [stderr]    Compiling crossbeam-deque v0.2.0
[INFO] [stderr]    Compiling quote v0.5.1
[INFO] [stderr]    Compiling failure_derive v0.1.1
[INFO] [stderr]    Compiling syn v0.13.1
[INFO] [stderr]    Compiling num-integer v0.1.36
[INFO] [stderr]    Compiling num-traits v0.1.43
[INFO] [stderr]    Compiling enum_primitive v0.1.1
[INFO] [stderr]    Compiling num-iter v0.1.35
[INFO] [stderr]    Compiling num-rational v0.1.42
[INFO] [stderr]    Compiling backtrace-sys v0.1.16
[INFO] [stderr]    Compiling rayon v1.0.1
[INFO] [stderr]    Compiling png v0.11.0
[INFO] [stderr]    Compiling serde_derive_internals v0.23.0
[INFO] [stderr]    Compiling jpeg-decoder v0.1.14
[INFO] [stderr]    Compiling image v0.18.0
[INFO] [stderr]    Compiling serde_derive v1.0.37
[INFO] [stderr]    Compiling serde_json v1.0.13
[INFO] [stderr]    Compiling backtrace v0.3.5
[INFO] [stderr]    Compiling failure v0.1.1
[INFO] [stderr]    Compiling passpartout_printer v1.0.0 (/opt/rustwide/workdir)
[INFO] [stderr]     Finished dev [unoptimized + debuginfo] target(s) in 42.11s
[INFO] running `Command { std: "docker" "inspect" "8a2131990de106bdf0887caff57bffc040537e82adb06e1981bddd4fee124f52", kill_on_drop: false }`
[INFO] running `Command { std: "docker" "rm" "-f" "8a2131990de106bdf0887caff57bffc040537e82adb06e1981bddd4fee124f52", kill_on_drop: false }`
[INFO] [stdout] 8a2131990de106bdf0887caff57bffc040537e82adb06e1981bddd4fee124f52
[INFO] running `Command { std: "docker" "create" "-v" "/var/lib/crater-agent-workspace/builds/worker-1/target:/opt/rustwide/target:rw,Z" "-v" "/var/lib/crater-agent-workspace/builds/worker-1/source:/opt/rustwide/workdir:ro,Z" "-v" "/var/lib/crater-agent-workspace/cargo-home:/opt/rustwide/cargo-home:ro,Z" "-v" "/var/lib/crater-agent-workspace/rustup-home:/opt/rustwide/rustup-home:ro,Z" "-e" "SOURCE_DIR=/opt/rustwide/workdir" "-e" "CARGO_TARGET_DIR=/opt/rustwide/target" "-e" "CARGO_INCREMENTAL=0" "-e" "RUST_BACKTRACE=full" "-e" "RUSTFLAGS=--cap-lints=warn" "-e" "CARGO_HOME=/opt/rustwide/cargo-home" "-e" "RUSTUP_HOME=/opt/rustwide/rustup-home" "-w" "/opt/rustwide/workdir" "-m" "1610612736" "--user" "0:0" "--network" "none" "ghcr.io/rust-lang/crates-build-env/linux@sha256:34b6a614d2c27851fe6cbf88fbd1137609cefab8b10d0615aaeb6fd47975d74e" "/opt/rustwide/cargo-home/bin/cargo" "+beta-2021-08-01" "test" "--frozen" "--no-run" "--message-format=json", kill_on_drop: false }`
[INFO] [stdout] 0b24621e5a20308c02541483f6a30d57fe1afa94713f5678fbaf224ac226d321
[INFO] running `Command { std: "docker" "start" "-a" "0b24621e5a20308c02541483f6a30d57fe1afa94713f5678fbaf224ac226d321", kill_on_drop: false }`
[INFO] [stderr]    Compiling passpartout_printer v1.0.0 (/opt/rustwide/workdir)
[INFO] [stderr]     Finished test [unoptimized + debuginfo] target(s) in 2.29s
[INFO] running `Command { std: "docker" "inspect" "0b24621e5a20308c02541483f6a30d57fe1afa94713f5678fbaf224ac226d321", kill_on_drop: false }`
[INFO] running `Command { std: "docker" "rm" "-f" "0b24621e5a20308c02541483f6a30d57fe1afa94713f5678fbaf224ac226d321", kill_on_drop: false }`
[INFO] [stdout] 0b24621e5a20308c02541483f6a30d57fe1afa94713f5678fbaf224ac226d321
[INFO] running `Command { std: "docker" "create" "-v" "/var/lib/crater-agent-workspace/builds/worker-1/target:/opt/rustwide/target:rw,Z" "-v" "/var/lib/crater-agent-workspace/builds/worker-1/source:/opt/rustwide/workdir:ro,Z" "-v" "/var/lib/crater-agent-workspace/cargo-home:/opt/rustwide/cargo-home:ro,Z" "-v" "/var/lib/crater-agent-workspace/rustup-home:/opt/rustwide/rustup-home:ro,Z" "-e" "SOURCE_DIR=/opt/rustwide/workdir" "-e" "CARGO_TARGET_DIR=/opt/rustwide/target" "-e" "CARGO_INCREMENTAL=0" "-e" "RUST_BACKTRACE=full" "-e" "RUSTFLAGS=--cap-lints=warn" "-e" "CARGO_HOME=/opt/rustwide/cargo-home" "-e" "RUSTUP_HOME=/opt/rustwide/rustup-home" "-w" "/opt/rustwide/workdir" "-m" "1610612736" "--user" "0:0" "--network" "none" "ghcr.io/rust-lang/crates-build-env/linux@sha256:34b6a614d2c27851fe6cbf88fbd1137609cefab8b10d0615aaeb6fd47975d74e" "/opt/rustwide/cargo-home/bin/cargo" "+beta-2021-08-01" "test" "--frozen", kill_on_drop: false }`
[INFO] [stdout] b5ca7d9eba9cb040f33ca99a1b67dca1dc2bba8a650675a485ae9bb5e5e54245
[INFO] running `Command { std: "docker" "start" "-a" "b5ca7d9eba9cb040f33ca99a1b67dca1dc2bba8a650675a485ae9bb5e5e54245", kill_on_drop: false }`
[INFO] [stderr]     Finished test [unoptimized + debuginfo] target(s) in 0.06s
[INFO] [stderr]      Running unittests (/opt/rustwide/target/debug/deps/passpartout_printer-9c93e7b2b2a165f7)
[INFO] [stdout] 
[INFO] [stderr]      Running unittests (/opt/rustwide/target/debug/deps/passpartout_printer-9a2e0638f49e27af)
[INFO] [stdout] running 0 tests
[INFO] [stdout] 
[INFO] [stdout] test result: ok. 0 passed; 0 failed; 0 ignored; 0 measured; 0 filtered out; finished in 0.00s
[INFO] [stdout] 
[INFO] [stdout] 
[INFO] [stdout] running 0 tests
[INFO] [stdout] 
[INFO] [stdout] test result: ok. 0 passed; 0 failed; 0 ignored; 0 measured; 0 filtered out; finished in 0.00s
[INFO] [stdout] 
[INFO] [stderr]    Doc-tests passpartout_printer
[INFO] [stdout] 
[INFO] [stdout] running 2 tests
[INFO] [stdout] test src/easel.rs - easel::Easel::change_brush_size (line 227) - compile ... FAILED
[INFO] [stdout] test src/easel.rs - easel::Easel::draw_line (line 269) - compile ... FAILED
[INFO] [stdout] 
[INFO] [stdout] failures:
[INFO] [stdout] 
[INFO] [stdout] ---- src/easel.rs - easel::Easel::change_brush_size (line 227) stdout ----
[INFO] [stdout] error[E0432]: unresolved import `easel`
[INFO] [stdout]  --> src/easel.rs:228:5
[INFO] [stdout]   |
[INFO] [stdout] 3 | use easel::*;
[INFO] [stdout]   |     ^^^^^ maybe a missing crate `easel`?
[INFO] [stdout] 
[INFO] [stdout] error[E0432]: unresolved import `enigo`
[INFO] [stdout]  --> src/easel.rs:229:5
[INFO] [stdout]   |
[INFO] [stdout] 4 | use enigo::*;
[INFO] [stdout]   |     ^^^^^ maybe a missing crate `enigo`?
[INFO] [stdout] 
[INFO] [stdout] error[E0433]: failed to resolve: use of undeclared type `Easel`
[INFO] [stdout]  --> src/easel.rs:232:17
[INFO] [stdout]   |
[INFO] [stdout] 7 | let mut easel = Easel::new("coords.json", Enigo::new(),
[INFO] [stdout]   |                 ^^^^^ use of undeclared type `Easel`
[INFO] [stdout] 
[INFO] [stdout] error[E0433]: failed to resolve: use of undeclared type `Enigo`
[INFO] [stdout]  --> src/easel.rs:232:43
[INFO] [stdout]   |
[INFO] [stdout] 7 | let mut easel = Easel::new("coords.json", Enigo::new(),
[INFO] [stdout]   |                                           ^^^^^ use of undeclared type `Enigo`
[INFO] [stdout] 
[INFO] [stdout] error: aborting due to 4 previous errors
[INFO] [stdout] 
[INFO] [stdout] Some errors have detailed explanations: E0432, E0433.
[INFO] [stdout] For more information about an error, try `rustc --explain E0432`.
[INFO] [stdout] Couldn't compile the test.
[INFO] [stdout] ---- src/easel.rs - easel::Easel::draw_line (line 269) stdout ----
[INFO] [stdout] error: expected `:`, found `=`
[INFO] [stdout]   --> src/easel.rs:279:25
[INFO] [stdout]    |
[INFO] [stdout] 12 | let color = Rgba { data = [0, 0, 0, 255] };
[INFO] [stdout]    |                        -^
[INFO] [stdout]    |                        |
[INFO] [stdout]    |                        help: replace equals symbol with a colon: `:`
[INFO] [stdout] 
[INFO] [stdout] error[E0432]: unresolved import `easel`
[INFO] [stdout]  --> src/easel.rs:270:5
[INFO] [stdout]   |
[INFO] [stdout] 3 | use easel::*;
[INFO] [stdout]   |     ^^^^^ maybe a missing crate `easel`?
[INFO] [stdout] 
[INFO] [stdout] error[E0432]: unresolved import `enigo`
[INFO] [stdout]  --> src/easel.rs:271:5
[INFO] [stdout]   |
[INFO] [stdout] 4 | use enigo::*;
[INFO] [stdout]   |     ^^^^^ maybe a missing crate `enigo`?
[INFO] [stdout] 
[INFO] [stdout] error[E0432]: unresolved import `image`
[INFO] [stdout]  --> src/easel.rs:273:5
[INFO] [stdout]   |
[INFO] [stdout] 6 | use image::Rgba;
[INFO] [stdout]   |     ^^^^^ maybe a missing crate `image`?
[INFO] [stdout] 
[INFO] [stdout] error[E0433]: failed to resolve: use of undeclared type `Easel`
[INFO] [stdout]   --> src/easel.rs:277:17
[INFO] [stdout]    |
[INFO] [stdout] 10 | let mut easel = Easel::new("coords.json", Enigo::new(),
[INFO] [stdout]    |                 ^^^^^ use of undeclared type `Easel`
[INFO] [stdout] 
[INFO] [stdout] error[E0433]: failed to resolve: use of undeclared type `Enigo`
[INFO] [stdout]   --> src/easel.rs:277:43
[INFO] [stdout]    |
[INFO] [stdout] 10 | let mut easel = Easel::new("coords.json", Enigo::new(),
[INFO] [stdout]    |                                           ^^^^^ use of undeclared type `Enigo`
[INFO] [stdout] 
[INFO] [stdout] error: aborting due to 6 previous errors
[INFO] [stdout] 
[INFO] [stdout] Some errors have detailed explanations: E0432, E0433.
[INFO] [stdout] For more information about an error, try `rustc --explain E0432`.
[INFO] [stdout] Couldn't compile the test.
[INFO] [stdout] 
[INFO] [stdout] failures:
[INFO] [stdout]     src/easel.rs - easel::Easel::change_brush_size (line 227)
[INFO] [stdout]     src/easel.rs - easel::Easel::draw_line (line 269)
[INFO] [stdout] 
[INFO] [stdout] test result: FAILED. 0 passed; 2 failed; 0 ignored; 0 measured; 0 filtered out; finished in 0.18s
[INFO] [stdout] 
[INFO] [stderr] error: test failed, to rerun pass '--doc'
[INFO] running `Command { std: "docker" "inspect" "b5ca7d9eba9cb040f33ca99a1b67dca1dc2bba8a650675a485ae9bb5e5e54245", kill_on_drop: false }`
[INFO] running `Command { std: "docker" "rm" "-f" "b5ca7d9eba9cb040f33ca99a1b67dca1dc2bba8a650675a485ae9bb5e5e54245", kill_on_drop: false }`
[INFO] [stdout] b5ca7d9eba9cb040f33ca99a1b67dca1dc2bba8a650675a485ae9bb5e5e54245
