[INFO] cloning repository https://github.com/oshas/auth
[INFO] running `Command { std: "git" "-c" "credential.helper=" "-c" "credential.helper=/workspace/cargo-home/bin/git-credential-null" "clone" "--bare" "https://github.com/oshas/auth" "/workspace/cache/git-repos/https%3A%2F%2Fgithub.com%2Foshas%2Fauth", kill_on_drop: false }`
[INFO] [stderr] Cloning into bare repository '/workspace/cache/git-repos/https%3A%2F%2Fgithub.com%2Foshas%2Fauth'...
[INFO] running `Command { std: "git" "rev-parse" "HEAD", kill_on_drop: false }`
[INFO] [stdout] 2fc9cb0da74ed890e8c73595a8131ef152e1070f
[INFO] testing oshas/auth against 1.54.0 for beta-1.55-1
[INFO] running `Command { std: "git" "clone" "/workspace/cache/git-repos/https%3A%2F%2Fgithub.com%2Foshas%2Fauth" "/workspace/builds/worker-0/source", kill_on_drop: false }`
[INFO] [stderr] Cloning into '/workspace/builds/worker-0/source'...
[INFO] [stderr] done.
[INFO] validating manifest of git repo https://github.com/oshas/auth on toolchain 1.54.0
[INFO] running `Command { std: "/workspace/cargo-home/bin/cargo" "+1.54.0" "metadata" "--manifest-path" "Cargo.toml" "--no-deps", kill_on_drop: false }`
[INFO] started tweaking git repo https://github.com/oshas/auth
[INFO] finished tweaking git repo https://github.com/oshas/auth
[INFO] tweaked toml for git repo https://github.com/oshas/auth written to /workspace/builds/worker-0/source/Cargo.toml
[INFO] crate git repo https://github.com/oshas/auth already has a lockfile, it will not be regenerated
[INFO] running `Command { std: "/workspace/cargo-home/bin/cargo" "+1.54.0" "fetch" "--manifest-path" "Cargo.toml", kill_on_drop: false }`
[INFO] [stderr]     Blocking waiting for file lock on package cache
[INFO] running `Command { std: "docker" "create" "-v" "/var/lib/crater-agent-workspace/builds/worker-0/target:/opt/rustwide/target:rw,Z" "-v" "/var/lib/crater-agent-workspace/builds/worker-0/source:/opt/rustwide/workdir:ro,Z" "-v" "/var/lib/crater-agent-workspace/cargo-home:/opt/rustwide/cargo-home:ro,Z" "-v" "/var/lib/crater-agent-workspace/rustup-home:/opt/rustwide/rustup-home:ro,Z" "-e" "SOURCE_DIR=/opt/rustwide/workdir" "-e" "CARGO_TARGET_DIR=/opt/rustwide/target" "-e" "CARGO_HOME=/opt/rustwide/cargo-home" "-e" "RUSTUP_HOME=/opt/rustwide/rustup-home" "-w" "/opt/rustwide/workdir" "-m" "1610612736" "--user" "0:0" "--network" "none" "ghcr.io/rust-lang/crates-build-env/linux@sha256:34b6a614d2c27851fe6cbf88fbd1137609cefab8b10d0615aaeb6fd47975d74e" "/opt/rustwide/cargo-home/bin/cargo" "+1.54.0" "metadata" "--no-deps" "--format-version=1", kill_on_drop: false }`
[INFO] [stdout] 709f1d7ef97bd123be20b9f7c086e71b9d7e48a179259960b6fa97906129c788
[INFO] running `Command { std: "docker" "start" "-a" "709f1d7ef97bd123be20b9f7c086e71b9d7e48a179259960b6fa97906129c788", kill_on_drop: false }`
[INFO] running `Command { std: "docker" "inspect" "709f1d7ef97bd123be20b9f7c086e71b9d7e48a179259960b6fa97906129c788", kill_on_drop: false }`
[INFO] running `Command { std: "docker" "rm" "-f" "709f1d7ef97bd123be20b9f7c086e71b9d7e48a179259960b6fa97906129c788", kill_on_drop: false }`
[INFO] [stdout] 709f1d7ef97bd123be20b9f7c086e71b9d7e48a179259960b6fa97906129c788
[INFO] running `Command { std: "docker" "create" "-v" "/var/lib/crater-agent-workspace/builds/worker-0/target:/opt/rustwide/target:rw,Z" "-v" "/var/lib/crater-agent-workspace/builds/worker-0/source:/opt/rustwide/workdir:ro,Z" "-v" "/var/lib/crater-agent-workspace/cargo-home:/opt/rustwide/cargo-home:ro,Z" "-v" "/var/lib/crater-agent-workspace/rustup-home:/opt/rustwide/rustup-home:ro,Z" "-e" "SOURCE_DIR=/opt/rustwide/workdir" "-e" "CARGO_TARGET_DIR=/opt/rustwide/target" "-e" "CARGO_INCREMENTAL=0" "-e" "RUST_BACKTRACE=full" "-e" "RUSTFLAGS=--cap-lints=warn" "-e" "CARGO_HOME=/opt/rustwide/cargo-home" "-e" "RUSTUP_HOME=/opt/rustwide/rustup-home" "-w" "/opt/rustwide/workdir" "-m" "1610612736" "--user" "0:0" "--network" "none" "ghcr.io/rust-lang/crates-build-env/linux@sha256:34b6a614d2c27851fe6cbf88fbd1137609cefab8b10d0615aaeb6fd47975d74e" "/opt/rustwide/cargo-home/bin/cargo" "+1.54.0" "build" "--frozen" "--message-format=json", kill_on_drop: false }`
[INFO] [stdout] 7ad45def36698c001397354cdc406c46495a156b08b69300e4dc9dc6789a49b9
[INFO] running `Command { std: "docker" "start" "-a" "7ad45def36698c001397354cdc406c46495a156b08b69300e4dc9dc6789a49b9", kill_on_drop: false }`
[INFO] [stderr]    Compiling libc v0.2.48
[INFO] [stderr]    Compiling cc v1.0.28
[INFO] [stderr]    Compiling proc-macro2 v0.4.26
[INFO] [stderr]    Compiling memchr v2.1.3
[INFO] [stderr]    Compiling linked-hash-map v0.4.2
[INFO] [stderr]    Compiling arc-swap v0.3.7
[INFO] [stderr]    Compiling serde v1.0.85
[INFO] [stderr]    Compiling crc32fast v1.1.2
[INFO] [stderr]    Compiling safemem v0.3.0
[INFO] [stderr]    Compiling regex v1.1.0
[INFO] [stderr]    Compiling string v0.1.3
[INFO] [stderr]    Compiling crossbeam-utils v0.6.5
[INFO] [stderr]    Compiling log v0.4.6
[INFO] [stderr]    Compiling backtrace v0.3.13
[INFO] [stderr]    Compiling unicase v2.2.0
[INFO] [stderr]    Compiling tokio-sync v0.1.1
[INFO] [stderr]    Compiling v_escape v0.3.2
[INFO] [stderr]    Compiling v_htmlescape v0.3.2
[INFO] [stderr]    Compiling actix-web v0.7.18
[INFO] [stderr]    Compiling tower-service v0.1.0
[INFO] [stderr]    Compiling smallvec v0.6.8
[INFO] [stderr]    Compiling regex-syntax v0.6.5
[INFO] [stderr]    Compiling rand_pcg v0.1.1
[INFO] [stderr]    Compiling phf_shared v0.7.24
[INFO] [stderr]    Compiling phf v0.7.24
[INFO] [stderr]    Compiling base64 v0.9.3
[INFO] [stderr]    Compiling unicode-normalization v0.1.8
[INFO] [stderr]    Compiling lru-cache v0.1.1
[INFO] [stderr]    Compiling tokio-executor v0.1.6
[INFO] [stderr]    Compiling crossbeam-epoch v0.7.1
[INFO] [stderr]    Compiling crossbeam-channel v0.3.8
[INFO] [stderr]    Compiling tokio-timer v0.2.10
[INFO] [stderr]    Compiling tokio-current-thread v0.1.4
[INFO] [stderr]    Compiling crossbeam-deque v0.6.3
[INFO] [stderr]    Compiling backtrace-sys v0.1.28
[INFO] [stderr]    Compiling brotli-sys v0.3.2
[INFO] [stderr]    Compiling miniz-sys v0.1.11
[INFO] [stderr]    Compiling ring v0.13.5
[INFO] [stderr]    Compiling mime v0.3.13
[INFO] [stderr]    Compiling quote v0.6.11
[INFO] [stderr]    Compiling rand_os v0.1.2
[INFO] [stderr]    Compiling iovec v0.1.2
[INFO] [stderr]    Compiling num_cpus v1.9.0
[INFO] [stderr]    Compiling net2 v0.2.33
[INFO] [stderr]    Compiling rand v0.5.6
[INFO] [stderr]    Compiling socket2 v0.3.8
[INFO] [stderr]    Compiling hostname v0.1.5
[INFO] [stderr]    Compiling signal-hook v0.1.7
[INFO] [stderr]    Compiling time v0.1.42
[INFO] [stderr]    Compiling rand v0.6.5
[INFO] [stderr]    Compiling syn v0.15.26
[INFO] [stderr]    Compiling bytes v0.4.11
[INFO] [stderr]    Compiling idna v0.1.5
[INFO] [stderr]    Compiling futures-cpupool v0.1.8
[INFO] [stderr]    Compiling resolv-conf v0.6.2
[INFO] [stderr]    Compiling mio v0.6.16
[INFO] [stderr]    Compiling nom v4.2.0
[INFO] [stderr]    Compiling aho-corasick v0.6.9
[INFO] [stderr]    Compiling tokio-io v0.1.11
[INFO] [stderr]    Compiling http v0.1.15
[INFO] [stderr]    Compiling flate2 v1.0.6
[INFO] [stderr]    Compiling url v1.7.2
[INFO] [stderr]    Compiling tokio-codec v0.1.1
[INFO] [stderr]    Compiling mio-uds v0.6.7
[INFO] [stderr]    Compiling parking_lot_core v0.4.0
[INFO] [stderr]    Compiling phf_generator v0.7.24
[INFO] [stderr]    Compiling uuid v0.7.2
[INFO] [stderr]    Compiling phf_codegen v0.7.24
[INFO] [stderr]    Compiling parking_lot v0.7.1
[INFO] [stderr]    Compiling mime_guess v2.0.0-alpha.6
[INFO] [stderr]    Compiling tokio-reactor v0.1.8
[INFO] [stderr]    Compiling crossbeam v0.6.0
[INFO] [stderr]    Compiling tokio-threadpool v0.1.11
[INFO] [stderr]    Compiling tokio-tcp v0.1.3
[INFO] [stderr]    Compiling tokio-udp v0.1.3
[INFO] [stderr]    Compiling tokio-uds v0.2.5
[INFO] [stderr]    Compiling tokio-signal v0.2.7
[INFO] [stderr]    Compiling h2 v0.1.16
[INFO] [stderr]    Compiling tokio-fs v0.1.5
[INFO] [stderr]    Compiling serde_urlencoded v0.5.4
[INFO] [stderr]    Compiling serde_json v1.0.37
[INFO] [stderr]    Compiling tokio v0.1.15
[INFO] [stderr]    Compiling cookie v0.11.0
[INFO] [stderr]    Compiling synstructure v0.10.1
[INFO] [stderr]    Compiling brotli2 v0.3.2
[INFO] [stderr]    Compiling failure_derive v0.1.5
[INFO] [stderr]    Compiling actix_derive v0.3.2
[INFO] [stderr]    Compiling v_escape_derive v0.2.1
[INFO] [stderr]    Compiling serde_derive v1.0.85
[INFO] [stderr]    Compiling failure v0.1.5
[INFO] [stderr]    Compiling trust-dns-proto v0.6.3
[INFO] [stderr]    Compiling trust-dns-proto v0.5.0
[INFO] [stderr]    Compiling trust-dns-resolver v0.10.3
[INFO] [stderr]    Compiling actix v0.7.9
[INFO] [stderr]    Compiling actix-net v0.2.6
[INFO] [stderr]    Compiling auth v0.1.0 (/opt/rustwide/workdir)
[INFO] [stdout] warning: trait objects without an explicit `dyn` are deprecated
[INFO] [stdout]   --> src/main.rs:27:10
[INFO] [stdout]    |
[INFO] [stdout] 27 | ) -> Box<Future<Item = HttpResponse, Error = actix_web::Error>> {
[INFO] [stdout]    |          ^^^^^^^^^^^^^^^^^^^^^^^^^^^^^^^^^^^^^^^^^^^^^^^^^^^^^ help: use `dyn`: `dyn Future<Item = HttpResponse, Error = actix_web::Error>`
[INFO] [stdout]    |
[INFO] [stdout]    = note: `#[warn(bare_trait_objects)]` on by default
[INFO] [stdout]    = warning: this was previously accepted by the compiler but is being phased out; it will become a hard error in the 2021 edition!
[INFO] [stdout]    = note: for more information, see issue #80165 <https://github.com/rust-lang/rust/issues/80165>
[INFO] [stdout] 
[INFO] [stdout] 
[INFO] [stdout] warning: 1 warning emitted
[INFO] [stdout] 
[INFO] [stdout] 
[INFO] [stderr]     Finished dev [unoptimized + debuginfo] target(s) in 53.14s
[INFO] running `Command { std: "docker" "inspect" "7ad45def36698c001397354cdc406c46495a156b08b69300e4dc9dc6789a49b9", kill_on_drop: false }`
[INFO] running `Command { std: "docker" "rm" "-f" "7ad45def36698c001397354cdc406c46495a156b08b69300e4dc9dc6789a49b9", kill_on_drop: false }`
[INFO] [stdout] 7ad45def36698c001397354cdc406c46495a156b08b69300e4dc9dc6789a49b9
[INFO] running `Command { std: "docker" "create" "-v" "/var/lib/crater-agent-workspace/builds/worker-0/target:/opt/rustwide/target:rw,Z" "-v" "/var/lib/crater-agent-workspace/builds/worker-0/source:/opt/rustwide/workdir:ro,Z" "-v" "/var/lib/crater-agent-workspace/cargo-home:/opt/rustwide/cargo-home:ro,Z" "-v" "/var/lib/crater-agent-workspace/rustup-home:/opt/rustwide/rustup-home:ro,Z" "-e" "SOURCE_DIR=/opt/rustwide/workdir" "-e" "CARGO_TARGET_DIR=/opt/rustwide/target" "-e" "CARGO_INCREMENTAL=0" "-e" "RUST_BACKTRACE=full" "-e" "RUSTFLAGS=--cap-lints=warn" "-e" "CARGO_HOME=/opt/rustwide/cargo-home" "-e" "RUSTUP_HOME=/opt/rustwide/rustup-home" "-w" "/opt/rustwide/workdir" "-m" "1610612736" "--user" "0:0" "--network" "none" "ghcr.io/rust-lang/crates-build-env/linux@sha256:34b6a614d2c27851fe6cbf88fbd1137609cefab8b10d0615aaeb6fd47975d74e" "/opt/rustwide/cargo-home/bin/cargo" "+1.54.0" "test" "--frozen" "--no-run" "--message-format=json", kill_on_drop: false }`
[INFO] [stdout] f95dd30c3629b62ff69ad6810574b2efc63a0490ac19de71d6ea8fd027ff2e22
[INFO] running `Command { std: "docker" "start" "-a" "f95dd30c3629b62ff69ad6810574b2efc63a0490ac19de71d6ea8fd027ff2e22", kill_on_drop: false }`
[INFO] [stderr]    Compiling auth v0.1.0 (/opt/rustwide/workdir)
[INFO] [stdout] warning: trait objects without an explicit `dyn` are deprecated
[INFO] [stdout]   --> src/main.rs:27:10
[INFO] [stdout]    |
[INFO] [stdout] 27 | ) -> Box<Future<Item = HttpResponse, Error = actix_web::Error>> {
[INFO] [stdout]    |          ^^^^^^^^^^^^^^^^^^^^^^^^^^^^^^^^^^^^^^^^^^^^^^^^^^^^^ help: use `dyn`: `dyn Future<Item = HttpResponse, Error = actix_web::Error>`
[INFO] [stdout]    |
[INFO] [stdout]    = note: `#[warn(bare_trait_objects)]` on by default
[INFO] [stdout]    = warning: this was previously accepted by the compiler but is being phased out; it will become a hard error in the 2021 edition!
[INFO] [stdout]    = note: for more information, see issue #80165 <https://github.com/rust-lang/rust/issues/80165>
[INFO] [stdout] 
[INFO] [stdout] 
[INFO] [stdout] warning: 1 warning emitted
[INFO] [stdout] 
[INFO] [stdout] 
[INFO] [stderr]     Finished test [unoptimized + debuginfo] target(s) in 5.16s
[INFO] running `Command { std: "docker" "inspect" "f95dd30c3629b62ff69ad6810574b2efc63a0490ac19de71d6ea8fd027ff2e22", kill_on_drop: false }`
[INFO] running `Command { std: "docker" "rm" "-f" "f95dd30c3629b62ff69ad6810574b2efc63a0490ac19de71d6ea8fd027ff2e22", kill_on_drop: false }`
[INFO] [stdout] f95dd30c3629b62ff69ad6810574b2efc63a0490ac19de71d6ea8fd027ff2e22
[INFO] running `Command { std: "docker" "create" "-v" "/var/lib/crater-agent-workspace/builds/worker-0/target:/opt/rustwide/target:rw,Z" "-v" "/var/lib/crater-agent-workspace/builds/worker-0/source:/opt/rustwide/workdir:ro,Z" "-v" "/var/lib/crater-agent-workspace/cargo-home:/opt/rustwide/cargo-home:ro,Z" "-v" "/var/lib/crater-agent-workspace/rustup-home:/opt/rustwide/rustup-home:ro,Z" "-e" "SOURCE_DIR=/opt/rustwide/workdir" "-e" "CARGO_TARGET_DIR=/opt/rustwide/target" "-e" "CARGO_INCREMENTAL=0" "-e" "RUST_BACKTRACE=full" "-e" "RUSTFLAGS=--cap-lints=warn" "-e" "CARGO_HOME=/opt/rustwide/cargo-home" "-e" "RUSTUP_HOME=/opt/rustwide/rustup-home" "-w" "/opt/rustwide/workdir" "-m" "1610612736" "--user" "0:0" "--network" "none" "ghcr.io/rust-lang/crates-build-env/linux@sha256:34b6a614d2c27851fe6cbf88fbd1137609cefab8b10d0615aaeb6fd47975d74e" "/opt/rustwide/cargo-home/bin/cargo" "+1.54.0" "test" "--frozen", kill_on_drop: false }`
[INFO] [stdout] c272404ec1404e7556caf66a0736a3e2ea1fa2beb1229fb06469576a4f3ae906
[INFO] running `Command { std: "docker" "start" "-a" "c272404ec1404e7556caf66a0736a3e2ea1fa2beb1229fb06469576a4f3ae906", kill_on_drop: false }`
[INFO] [stderr] warning: trait objects without an explicit `dyn` are deprecated
[INFO] [stderr]   --> src/main.rs:27:10
[INFO] [stderr]    |
[INFO] [stderr] 27 | ) -> Box<Future<Item = HttpResponse, Error = actix_web::Error>> {
[INFO] [stderr]    |          ^^^^^^^^^^^^^^^^^^^^^^^^^^^^^^^^^^^^^^^^^^^^^^^^^^^^^ help: use `dyn`: `dyn Future<Item = HttpResponse, Error = actix_web::Error>`
[INFO] [stderr]    |
[INFO] [stderr]    = note: `#[warn(bare_trait_objects)]` on by default
[INFO] [stderr]    = warning: this was previously accepted by the compiler but is being phased out; it will become a hard error in the 2021 edition!
[INFO] [stderr]    = note: for more information, see issue #80165 <https://github.com/rust-lang/rust/issues/80165>
[INFO] [stderr] 
[INFO] [stderr] warning: 1 warning emitted
[INFO] [stderr] 
[INFO] [stderr]     Finished test [unoptimized + debuginfo] target(s) in 0.12s
[INFO] [stderr]      Running unittests (/opt/rustwide/target/debug/deps/auth-db8047537430eb16)
[INFO] [stdout] 
[INFO] [stdout] running 1 test
[INFO] [stdout] test db::tests::password_storage ... FAILED
[INFO] [stdout] 
[INFO] [stdout] failures:
[INFO] [stdout] 
[INFO] [stdout] ---- db::tests::password_storage stdout ----
[INFO] [stdout] thread 'db::tests::password_storage' panicked at 'called `Result::unwrap()` on an `Err` value: Os { code: 2, kind: NotFound, message: "No such file or directory" }', src/db.rs:79:46
[INFO] [stdout] stack backtrace:
[INFO] [stdout]    0:     0x55971565e9c0 - std::backtrace_rs::backtrace::libunwind::trace::h34055254b57d8e79
[INFO] [stdout]                                at /rustc/a178d0322ce20e33eac124758e837cbd80a6f633/library/std/src/../../backtrace/src/backtrace/libunwind.rs:90:5
[INFO] [stdout]    1:     0x55971565e9c0 - std::backtrace_rs::backtrace::trace_unsynchronized::h8f1e3fbd9afff6ec
[INFO] [stdout]                                at /rustc/a178d0322ce20e33eac124758e837cbd80a6f633/library/std/src/../../backtrace/src/backtrace/mod.rs:66:5
[INFO] [stdout]    2:     0x55971565e9c0 - std::sys_common::backtrace::_print_fmt::h3a99a796b770c360
[INFO] [stdout]                                at /rustc/a178d0322ce20e33eac124758e837cbd80a6f633/library/std/src/sys_common/backtrace.rs:67:5
[INFO] [stdout]    3:     0x55971565e9c0 - <std::sys_common::backtrace::_print::DisplayBacktrace as core::fmt::Display>::fmt::h32d1f94a80615d18
[INFO] [stdout]                                at /rustc/a178d0322ce20e33eac124758e837cbd80a6f633/library/std/src/sys_common/backtrace.rs:46:22
[INFO] [stdout]    4:     0x5597156811bc - core::fmt::write::h306731c068f7162c
[INFO] [stdout]                                at /rustc/a178d0322ce20e33eac124758e837cbd80a6f633/library/core/src/fmt/mod.rs:1110:17
[INFO] [stdout]    5:     0x55971565b8e5 - std::io::Write::write_fmt::h87f19b0a2cd190bc
[INFO] [stdout]                                at /rustc/a178d0322ce20e33eac124758e837cbd80a6f633/library/std/src/io/mod.rs:1588:15
[INFO] [stdout]    6:     0x559715660b2b - std::sys_common::backtrace::_print::h5abaa2601a852287
[INFO] [stdout]                                at /rustc/a178d0322ce20e33eac124758e837cbd80a6f633/library/std/src/sys_common/backtrace.rs:49:5
[INFO] [stdout]    7:     0x559715660b2b - std::sys_common::backtrace::print::h8d81445442bb638f
[INFO] [stdout]                                at /rustc/a178d0322ce20e33eac124758e837cbd80a6f633/library/std/src/sys_common/backtrace.rs:36:9
[INFO] [stdout]    8:     0x559715660b2b - std::panicking::default_hook::{{closure}}::hcfe804496a9fa747
[INFO] [stdout]                                at /rustc/a178d0322ce20e33eac124758e837cbd80a6f633/library/std/src/panicking.rs:208:50
[INFO] [stdout]    9:     0x55971566063c - std::panicking::default_hook::hbea8e3ccf2ba8901
[INFO] [stdout]                                at /rustc/a178d0322ce20e33eac124758e837cbd80a6f633/library/std/src/panicking.rs:222:9
[INFO] [stdout]   10:     0x5597156611f4 - std::panicking::rust_panic_with_hook::h7ee9e1a2d0f8975a
[INFO] [stdout]                                at /rustc/a178d0322ce20e33eac124758e837cbd80a6f633/library/std/src/panicking.rs:622:17
[INFO] [stdout]   11:     0x559715660cd7 - std::panicking::begin_panic_handler::{{closure}}::h8ab3b4491718b2c7
[INFO] [stdout]                                at /rustc/a178d0322ce20e33eac124758e837cbd80a6f633/library/std/src/panicking.rs:519:13
[INFO] [stdout]   12:     0x55971565eebc - std::sys_common::backtrace::__rust_end_short_backtrace::hd489062ffa586a9f
[INFO] [stdout]                                at /rustc/a178d0322ce20e33eac124758e837cbd80a6f633/library/std/src/sys_common/backtrace.rs:141:18
[INFO] [stdout]   13:     0x559715660c39 - rust_begin_unwind
[INFO] [stdout]                                at /rustc/a178d0322ce20e33eac124758e837cbd80a6f633/library/std/src/panicking.rs:515:5
[INFO] [stdout]   14:     0x5597155ce681 - core::panicking::panic_fmt::hca6330e3e14086b4
[INFO] [stdout]                                at /rustc/a178d0322ce20e33eac124758e837cbd80a6f633/library/core/src/panicking.rs:92:14
[INFO] [stdout]   15:     0x5597155ce773 - core::result::unwrap_failed::h6160d2b4bfbb0e87
[INFO] [stdout]                                at /rustc/a178d0322ce20e33eac124758e837cbd80a6f633/library/core/src/result.rs:1355:5
[INFO] [stdout]   16:     0x5597155d880e - core::result::Result<T,E>::unwrap::h7be4718d16223e90
[INFO] [stdout]                                at /rustc/a178d0322ce20e33eac124758e837cbd80a6f633/library/core/src/result.rs:1037:23
[INFO] [stdout]   17:     0x5597155e0929 - auth::db::Config::from_file::hbcd624f7611b9e72
[INFO] [stdout]                                at /opt/rustwide/workdir/src/db.rs:79:20
[INFO] [stdout]   18:     0x5597155e029b - auth::db::UserDatabase::from_config_file::hd06063faa76a88ae
[INFO] [stdout]                                at /opt/rustwide/workdir/src/db.rs:24:19
[INFO] [stdout]   19:     0x5597155da2de - auth::db::tests::password_storage::hc353ca8f996ccca8
[INFO] [stdout]                                at /opt/rustwide/workdir/src/db.rs:115:22
[INFO] [stdout]   20:     0x5597155da2ba - auth::db::tests::password_storage::{{closure}}::h2ae017373ea44695
[INFO] [stdout]                                at /opt/rustwide/workdir/src/db.rs:114:5
[INFO] [stdout]   21:     0x5597155e159e - core::ops::function::FnOnce::call_once::h9e28d9694216ca56
[INFO] [stdout]                                at /rustc/a178d0322ce20e33eac124758e837cbd80a6f633/library/core/src/ops/function.rs:227:5
[INFO] [stdout]   22:     0x559715609f33 - core::ops::function::FnOnce::call_once::h152e7e439ff59e19
[INFO] [stdout]                                at /rustc/a178d0322ce20e33eac124758e837cbd80a6f633/library/core/src/ops/function.rs:227:5
[INFO] [stdout]   23:     0x559715609f33 - test::__rust_begin_short_backtrace::h0908f3b1fdbb72ab
[INFO] [stdout]                                at /rustc/a178d0322ce20e33eac124758e837cbd80a6f633/library/test/src/lib.rs:577:5
[INFO] [stdout]   24:     0x5597156089f0 - <alloc::boxed::Box<F,A> as core::ops::function::FnOnce<Args>>::call_once::hf6d2a51e5587546c
[INFO] [stdout]                                at /rustc/a178d0322ce20e33eac124758e837cbd80a6f633/library/alloc/src/boxed.rs:1575:9
[INFO] [stdout]   25:     0x5597156089f0 - <std::panic::AssertUnwindSafe<F> as core::ops::function::FnOnce<()>>::call_once::h8af660f3a89ef593
[INFO] [stdout]                                at /rustc/a178d0322ce20e33eac124758e837cbd80a6f633/library/std/src/panic.rs:347:9
[INFO] [stdout]   26:     0x5597156089f0 - std::panicking::try::do_call::hd36aef60f84b6d36
[INFO] [stdout]                                at /rustc/a178d0322ce20e33eac124758e837cbd80a6f633/library/std/src/panicking.rs:401:40
[INFO] [stdout]   27:     0x5597156089f0 - std::panicking::try::h9932b4480e69817c
[INFO] [stdout]                                at /rustc/a178d0322ce20e33eac124758e837cbd80a6f633/library/std/src/panicking.rs:365:19
[INFO] [stdout]   28:     0x5597156089f0 - std::panic::catch_unwind::h6aa177099cfff5f8
[INFO] [stdout]                                at /rustc/a178d0322ce20e33eac124758e837cbd80a6f633/library/std/src/panic.rs:434:14
[INFO] [stdout]   29:     0x5597156089f0 - test::run_test_in_process::h5884d6f2d99e20c3
[INFO] [stdout]                                at /rustc/a178d0322ce20e33eac124758e837cbd80a6f633/library/test/src/lib.rs:600:18
[INFO] [stdout]   30:     0x5597156089f0 - test::run_test::run_test_inner::{{closure}}::h6fdc58c6d5f5b6e3
[INFO] [stdout]                                at /rustc/a178d0322ce20e33eac124758e837cbd80a6f633/library/test/src/lib.rs:492:39
[INFO] [stdout]   31:     0x5597155e20a2 - test::run_test::run_test_inner::{{closure}}::h408365d67a78ade8
[INFO] [stdout]                                at /rustc/a178d0322ce20e33eac124758e837cbd80a6f633/library/test/src/lib.rs:519:37
[INFO] [stdout]   32:     0x5597155e20a2 - std::sys_common::backtrace::__rust_begin_short_backtrace::hb560b77c4f701523
[INFO] [stdout]                                at /rustc/a178d0322ce20e33eac124758e837cbd80a6f633/library/std/src/sys_common/backtrace.rs:125:18
[INFO] [stdout]   33:     0x5597155e5c58 - std::thread::Builder::spawn_unchecked::{{closure}}::{{closure}}::hf2e7831dad93c597
[INFO] [stdout]                                at /rustc/a178d0322ce20e33eac124758e837cbd80a6f633/library/std/src/thread/mod.rs:481:17
[INFO] [stdout]   34:     0x5597155e5c58 - <std::panic::AssertUnwindSafe<F> as core::ops::function::FnOnce<()>>::call_once::hd2e08783d8be4d02
[INFO] [stdout]                                at /rustc/a178d0322ce20e33eac124758e837cbd80a6f633/library/std/src/panic.rs:347:9
[INFO] [stdout]   35:     0x5597155e5c58 - std::panicking::try::do_call::h062597b7acfd6b82
[INFO] [stdout]                                at /rustc/a178d0322ce20e33eac124758e837cbd80a6f633/library/std/src/panicking.rs:401:40
[INFO] [stdout]   36:     0x5597155e5c58 - std::panicking::try::h0d7b79db04c14552
[INFO] [stdout]                                at /rustc/a178d0322ce20e33eac124758e837cbd80a6f633/library/std/src/panicking.rs:365:19
[INFO] [stdout]   37:     0x5597155e5c58 - std::panic::catch_unwind::hb01a0b5e7c8cd43b
[INFO] [stdout]                                at /rustc/a178d0322ce20e33eac124758e837cbd80a6f633/library/std/src/panic.rs:434:14
[INFO] [stdout]   38:     0x5597155e5c58 - std::thread::Builder::spawn_unchecked::{{closure}}::h5bde48cc887e0d1e
[INFO] [stdout]                                at /rustc/a178d0322ce20e33eac124758e837cbd80a6f633/library/std/src/thread/mod.rs:480:30
[INFO] [stdout]   39:     0x5597155e5c58 - core::ops::function::FnOnce::call_once{{vtable.shim}}::h745ea30807a29e55
[INFO] [stdout]                                at /rustc/a178d0322ce20e33eac124758e837cbd80a6f633/library/core/src/ops/function.rs:227:5
[INFO] [stdout]   40:     0x559715665cb7 - <alloc::boxed::Box<F,A> as core::ops::function::FnOnce<Args>>::call_once::h7ece6cfefaff1005
[INFO] [stdout]                                at /rustc/a178d0322ce20e33eac124758e837cbd80a6f633/library/alloc/src/boxed.rs:1575:9
[INFO] [stdout]   41:     0x559715665cb7 - <alloc::boxed::Box<F,A> as core::ops::function::FnOnce<Args>>::call_once::hb8b48e55c21f193e
[INFO] [stdout]                                at /rustc/a178d0322ce20e33eac124758e837cbd80a6f633/library/alloc/src/boxed.rs:1575:9
[INFO] [stdout]   42:     0x559715665cb7 - std::sys::unix::thread::Thread::new::thread_start::h8c7c4450dba62914
[INFO] [stdout]                                at /rustc/a178d0322ce20e33eac124758e837cbd80a6f633/library/std/src/sys/unix/thread.rs:71:17
[INFO] [stdout]   43:     0x7fe63e131609 - start_thread
[INFO] [stdout]   44:     0x7fe63df03293 - clone
[INFO] [stdout]   45:                0x0 - <unknown>
[INFO] [stdout] 
[INFO] [stdout] 
[INFO] [stdout] failures:
[INFO] [stdout]     db::tests::password_storage
[INFO] [stdout] 
[INFO] [stdout] test result: FAILED. 0 passed; 1 failed; 0 ignored; 0 measured; 0 filtered out; finished in 0.05s
[INFO] [stdout] 
[INFO] [stderr] error: test failed, to rerun pass '--bin auth'
[INFO] running `Command { std: "docker" "inspect" "c272404ec1404e7556caf66a0736a3e2ea1fa2beb1229fb06469576a4f3ae906", kill_on_drop: false }`
[INFO] running `Command { std: "docker" "rm" "-f" "c272404ec1404e7556caf66a0736a3e2ea1fa2beb1229fb06469576a4f3ae906", kill_on_drop: false }`
[INFO] [stdout] c272404ec1404e7556caf66a0736a3e2ea1fa2beb1229fb06469576a4f3ae906
