[INFO] cloning repository https://github.com/osarrouy/argent-cli
[INFO] running `Command { std: "git" "-c" "credential.helper=" "-c" "credential.helper=/workspace/cargo-home/bin/git-credential-null" "clone" "--bare" "https://github.com/osarrouy/argent-cli" "/workspace/cache/git-repos/https%3A%2F%2Fgithub.com%2Fosarrouy%2Fargent-cli", kill_on_drop: false }`
[INFO] [stderr] Cloning into bare repository '/workspace/cache/git-repos/https%3A%2F%2Fgithub.com%2Fosarrouy%2Fargent-cli'...
[INFO] running `Command { std: "git" "rev-parse" "HEAD", kill_on_drop: false }`
[INFO] [stdout] 77badeb1e944befc461d022d4fdf5a79b9cec41e
[INFO] testing osarrouy/argent-cli against 1.54.0 for beta-1.55-1
[INFO] running `Command { std: "git" "clone" "/workspace/cache/git-repos/https%3A%2F%2Fgithub.com%2Fosarrouy%2Fargent-cli" "/workspace/builds/worker-9/source", kill_on_drop: false }`
[INFO] [stderr] Cloning into '/workspace/builds/worker-9/source'...
[INFO] [stderr] done.
[INFO] validating manifest of git repo https://github.com/osarrouy/argent-cli on toolchain 1.54.0
[INFO] running `Command { std: "/workspace/cargo-home/bin/cargo" "+1.54.0" "metadata" "--manifest-path" "Cargo.toml" "--no-deps", kill_on_drop: false }`
[INFO] started tweaking git repo https://github.com/osarrouy/argent-cli
[INFO] finished tweaking git repo https://github.com/osarrouy/argent-cli
[INFO] tweaked toml for git repo https://github.com/osarrouy/argent-cli written to /workspace/builds/worker-9/source/Cargo.toml
[INFO] crate git repo https://github.com/osarrouy/argent-cli already has a lockfile, it will not be regenerated
[INFO] running `Command { std: "/workspace/cargo-home/bin/cargo" "+1.54.0" "fetch" "--manifest-path" "Cargo.toml", kill_on_drop: false }`
[INFO] [stderr]     Blocking waiting for file lock on package cache
[INFO] running `Command { std: "docker" "create" "-v" "/var/lib/crater-agent-workspace/builds/worker-9/target:/opt/rustwide/target:rw,Z" "-v" "/var/lib/crater-agent-workspace/builds/worker-9/source:/opt/rustwide/workdir:ro,Z" "-v" "/var/lib/crater-agent-workspace/cargo-home:/opt/rustwide/cargo-home:ro,Z" "-v" "/var/lib/crater-agent-workspace/rustup-home:/opt/rustwide/rustup-home:ro,Z" "-e" "SOURCE_DIR=/opt/rustwide/workdir" "-e" "CARGO_TARGET_DIR=/opt/rustwide/target" "-e" "CARGO_HOME=/opt/rustwide/cargo-home" "-e" "RUSTUP_HOME=/opt/rustwide/rustup-home" "-w" "/opt/rustwide/workdir" "-m" "1610612736" "--user" "0:0" "--network" "none" "ghcr.io/rust-lang/crates-build-env/linux@sha256:34b6a614d2c27851fe6cbf88fbd1137609cefab8b10d0615aaeb6fd47975d74e" "/opt/rustwide/cargo-home/bin/cargo" "+1.54.0" "metadata" "--no-deps" "--format-version=1", kill_on_drop: false }`
[INFO] [stdout] 93fc9e06830e533a541f1085bc366f1ca8da76ef4c536ee60501dc2050e3a993
[INFO] running `Command { std: "docker" "start" "-a" "93fc9e06830e533a541f1085bc366f1ca8da76ef4c536ee60501dc2050e3a993", kill_on_drop: false }`
[INFO] running `Command { std: "docker" "inspect" "93fc9e06830e533a541f1085bc366f1ca8da76ef4c536ee60501dc2050e3a993", kill_on_drop: false }`
[INFO] running `Command { std: "docker" "rm" "-f" "93fc9e06830e533a541f1085bc366f1ca8da76ef4c536ee60501dc2050e3a993", kill_on_drop: false }`
[INFO] [stdout] 93fc9e06830e533a541f1085bc366f1ca8da76ef4c536ee60501dc2050e3a993
[INFO] running `Command { std: "docker" "create" "-v" "/var/lib/crater-agent-workspace/builds/worker-9/target:/opt/rustwide/target:rw,Z" "-v" "/var/lib/crater-agent-workspace/builds/worker-9/source:/opt/rustwide/workdir:ro,Z" "-v" "/var/lib/crater-agent-workspace/cargo-home:/opt/rustwide/cargo-home:ro,Z" "-v" "/var/lib/crater-agent-workspace/rustup-home:/opt/rustwide/rustup-home:ro,Z" "-e" "SOURCE_DIR=/opt/rustwide/workdir" "-e" "CARGO_TARGET_DIR=/opt/rustwide/target" "-e" "CARGO_INCREMENTAL=0" "-e" "RUST_BACKTRACE=full" "-e" "RUSTFLAGS=--cap-lints=warn" "-e" "CARGO_HOME=/opt/rustwide/cargo-home" "-e" "RUSTUP_HOME=/opt/rustwide/rustup-home" "-w" "/opt/rustwide/workdir" "-m" "1610612736" "--user" "0:0" "--network" "none" "ghcr.io/rust-lang/crates-build-env/linux@sha256:34b6a614d2c27851fe6cbf88fbd1137609cefab8b10d0615aaeb6fd47975d74e" "/opt/rustwide/cargo-home/bin/cargo" "+1.54.0" "build" "--frozen" "--message-format=json", kill_on_drop: false }`
[INFO] [stdout] bb8c8b71b1b4bec8a9919b343e5745233266eaee4707c420f90a6d8e09a487b0
[INFO] running `Command { std: "docker" "start" "-a" "bb8c8b71b1b4bec8a9919b343e5745233266eaee4707c420f90a6d8e09a487b0", kill_on_drop: false }`
[INFO] [stderr]     Blocking waiting for file lock on package cache
[INFO] [stderr]     Blocking waiting for file lock on package cache
[INFO] [stderr]    Compiling proc-macro2 v1.0.8
[INFO] [stderr]    Compiling syn v1.0.14
[INFO] [stderr]    Compiling cc v1.0.41
[INFO] [stderr]    Compiling ppv-lite86 v0.2.6
[INFO] [stderr]    Compiling crunchy v0.2.2
[INFO] [stderr]    Compiling rustc-hex v2.1.0
[INFO] [stderr]    Compiling byte-slice-cast v0.3.5
[INFO] [stderr]    Compiling arrayvec v0.5.1
[INFO] [stderr]    Compiling bitvec v0.15.2
[INFO] [stderr]    Compiling regex-syntax v0.6.13
[INFO] [stderr]    Compiling tiny-keccak v2.0.1
[INFO] [stderr]    Compiling hex v0.4.0
[INFO] [stderr]    Compiling tokio-sync v0.1.7
[INFO] [stderr]    Compiling unicode-normalization v0.1.12
[INFO] [stderr]    Compiling indexmap v1.3.1
[INFO] [stderr]    Compiling error-chain v0.12.1
[INFO] [stderr]    Compiling tokio-timer v0.1.2
[INFO] [stderr]    Compiling tokio-executor v0.1.9
[INFO] [stderr]    Compiling num_cpus v1.12.0
[INFO] [stderr]    Compiling getrandom v0.1.14
[INFO] [stderr]    Compiling log v0.3.9
[INFO] [stderr]    Compiling want v0.2.0
[INFO] [stderr]    Compiling base64 v0.9.3
[INFO] [stderr]    Compiling termios v0.3.1
[INFO] [stderr]    Compiling parking_lot_core v0.7.0
[INFO] [stderr]    Compiling clicolors-control v1.0.1
[INFO] [stderr]    Compiling rand v0.5.6
[INFO] [stderr]    Compiling atty v0.2.14
[INFO] [stderr]    Compiling bytes v0.4.12
[INFO] [stderr]    Compiling mio v0.6.21
[INFO] [stderr]    Compiling rlp v0.4.4
[INFO] [stderr]    Compiling colored v1.9.2
[INFO] [stderr]    Compiling clap v2.33.0
[INFO] [stderr]    Compiling futures-cpupool v0.1.8
[INFO] [stderr]    Compiling parking_lot v0.10.0
[INFO] [stderr]    Compiling rand_core v0.5.1
[INFO] [stderr]    Compiling mime v0.2.6
[INFO] [stderr]    Compiling idna v0.1.5
[INFO] [stderr]    Compiling idna v0.2.0
[INFO] [stderr]    Compiling tokio-threadpool v0.1.17
[INFO] [stderr]    Compiling tokio-timer v0.2.12
[INFO] [stderr]    Compiling tokio-current-thread v0.1.6
[INFO] [stderr]    Compiling c2-chacha v0.2.3
[INFO] [stderr]    Compiling tokio-io v0.1.12
[INFO] [stderr]    Compiling http v0.1.21
[INFO] [stderr]    Compiling tokio-buf v0.1.1
[INFO] [stderr]    Compiling string v0.2.1
[INFO] [stderr]    Compiling impl-rlp v0.2.1
[INFO] [stderr]    Compiling tiny-keccak v1.5.0
[INFO] [stderr]    Compiling uint v0.8.2
[INFO] [stderr]    Compiling rand_chacha v0.2.1
[INFO] [stderr]    Compiling tokio-codec v0.1.1
[INFO] [stderr]    Compiling url v1.7.2
[INFO] [stderr]    Compiling rand v0.7.3
[INFO] [stderr]    Compiling tokio-fs v0.1.6
[INFO] [stderr]    Compiling tokio-reactor v0.1.11
[INFO] [stderr]    Compiling mio-uds v0.6.7
[INFO] [stderr]    Compiling openssl-sys v0.9.53
[INFO] [stderr]    Compiling url v2.1.1
[INFO] [stderr]    Compiling regex v1.3.3
[INFO] [stderr]    Compiling quote v1.0.2
[INFO] [stderr]    Compiling fixed-hash v0.5.2
[INFO] [stderr]    Compiling tempfile v3.1.0
[INFO] [stderr]    Compiling tokio-uds v0.2.5
[INFO] [stderr]    Compiling tokio-tcp v0.1.3
[INFO] [stderr]    Compiling tokio-udp v0.1.5
[INFO] [stderr]    Compiling hyper v0.10.16
[INFO] [stderr]    Compiling tokio v0.1.22
[INFO] [stderr]    Compiling console v0.9.2
[INFO] [stderr]    Compiling openssl v0.10.26
[INFO] [stderr]    Compiling native-tls v0.2.3
[INFO] [stderr]    Compiling h2 v0.1.26
[INFO] [stderr]    Compiling http-body v0.1.0
[INFO] [stderr]    Compiling tokio-core v0.1.17
[INFO] [stderr]    Compiling dialoguer v0.5.0
[INFO] [stderr]    Compiling tokio-uds v0.1.7
[INFO] [stderr]    Compiling hyper v0.12.35
[INFO] [stderr]    Compiling serde_derive v1.0.104
[INFO] [stderr]    Compiling derive_more v0.99.2
[INFO] [stderr]    Compiling tokio-tls v0.2.1
[INFO] [stderr]    Compiling hyper-tls v0.3.2
[INFO] [stderr]    Compiling websocket v0.21.1
[INFO] [stderr]    Compiling serde v1.0.104
[INFO] [stderr]    Compiling parity-scale-codec v1.1.2
[INFO] [stderr]    Compiling impl-serde v0.2.3
[INFO] [stderr]    Compiling impl-serde v0.3.0
[INFO] [stderr]    Compiling serde_json v1.0.44
[INFO] [stderr]    Compiling ethbloom v0.8.1
[INFO] [stderr]    Compiling jsonrpc-core v14.0.5
[INFO] [stderr]    Compiling impl-codec v0.4.2
[INFO] [stderr]    Compiling primitive-types v0.6.2
[INFO] [stderr]    Compiling ethereum-types v0.8.0
[INFO] [stderr]    Compiling ethabi v9.0.1
[INFO] [stderr]    Compiling web3 v0.10.0
[INFO] [stderr]    Compiling argent v0.1.0 (/opt/rustwide/workdir)
[INFO] [stdout] warning: unused import: `Sha3`
[INFO] [stdout]  --> src/modules/recovery_manager/mod.rs:5:27
[INFO] [stdout]   |
[INFO] [stdout] 5 | use tiny_keccak::{Hasher, Sha3, Keccak};
[INFO] [stdout]   |                           ^^^^
[INFO] [stdout]   |
[INFO] [stdout]   = note: `#[warn(unused_imports)]` on by default
[INFO] [stdout] 
[INFO] [stdout] 
[INFO] [stdout] warning: unused import: `H160`
[INFO] [stdout]   --> src/modules/recovery_manager/mod.rs:16:68
[INFO] [stdout]    |
[INFO] [stdout] 16 | use web3::types::{Address, Bytes, CallRequest, TransactionRequest, H160, H256, U256};
[INFO] [stdout]    |                                                                    ^^^^
[INFO] [stdout] 
[INFO] [stdout] 
[INFO] [stdout] warning: unused variable: `prefix`
[INFO] [stdout]    --> src/modules/recovery_manager/mod.rs:175:13
[INFO] [stdout]     |
[INFO] [stdout] 175 | ...   let prefix = [0, 0, 0, 0, 0, 0, 0, 0, 0, 0, 0, 0, 0, 0, 0, 0, 0, 0, 0, 0, 0, 0, 0, 0, 0, 0, 0, 0, 0, 0, 0, 32, 0, 0, 0, 0, 0, 0, 0,...
[INFO] [stdout]     |           ^^^^^^ help: if this is intentional, prefix it with an underscore: `_prefix`
[INFO] [stdout]     |
[INFO] [stdout]     = note: `#[warn(unused_variables)]` on by default
[INFO] [stdout] 
[INFO] [stdout] 
[INFO] [stdout] warning: unused variable: `padding`
[INFO] [stdout]    --> src/modules/recovery_manager/mod.rs:176:13
[INFO] [stdout]     |
[INFO] [stdout] 176 |         let padding = [0, 0, 0, 0, 0, 0, 0, 0, 0, 0, 0, 0, 0, 0, 0, 0, 0, 0];
[INFO] [stdout]     |             ^^^^^^^ help: if this is intentional, prefix it with an underscore: `_padding`
[INFO] [stdout] 
[INFO] [stdout] 
[INFO] [stdout] warning: unused variable: `t`
[INFO] [stdout]    --> src/modules/recovery_manager/mod.rs:188:13
[INFO] [stdout]     |
[INFO] [stdout] 188 |         let t = "0x".as_bytes().to_hex::<String>();
[INFO] [stdout]     |             ^ help: if this is intentional, prefix it with an underscore: `_t`
[INFO] [stdout] 
[INFO] [stdout] 
[INFO] [stdout] warning: constant is never used: `ERC1077_HASH`
[INFO] [stdout]  --> src/constants/abis.rs:9:1
[INFO] [stdout]   |
[INFO] [stdout] 9 | pub const ERC1077_HASH: &[u8] = include_bytes!("../abis/erc1077_hash.abi");
[INFO] [stdout]   | ^^^^^^^^^^^^^^^^^^^^^^^^^^^^^^^^^^^^^^^^^^^^^^^^^^^^^^^^^^^^^^^^^^^^^^^^^^^
[INFO] [stdout]   |
[INFO] [stdout]   = note: `#[warn(dead_code)]` on by default
[INFO] [stdout] 
[INFO] [stdout] 
[INFO] [stdout] warning: associated function is never used: `owner`
[INFO] [stdout]   --> src/ens/mod.rs:91:12
[INFO] [stdout]    |
[INFO] [stdout] 91 |     pub fn owner(&self, name: &str) -> Result<Address, String> {
[INFO] [stdout]    |            ^^^^^
[INFO] [stdout] 
[INFO] [stdout] 
[INFO] [stdout] warning: associated function is never used: `hash_sign`
[INFO] [stdout]   --> src/modules/recovery_manager/mod.rs:93:8
[INFO] [stdout]    |
[INFO] [stdout] 93 |     fn hash_sign(
[INFO] [stdout]    |        ^^^^^^^^^
[INFO] [stdout] 
[INFO] [stdout] 
[INFO] [stdout] warning: associated function is never used: `just_hash`
[INFO] [stdout]    --> src/modules/recovery_manager/mod.rs:266:8
[INFO] [stdout]     |
[INFO] [stdout] 266 |     fn just_hash(&self, data: Vec<u8>) {
[INFO] [stdout]     |        ^^^^^^^^^
[INFO] [stdout] 
[INFO] [stdout] 
[INFO] [stdout] warning: 9 warnings emitted
[INFO] [stdout] 
[INFO] [stdout] 
[INFO] [stderr]     Finished dev [unoptimized + debuginfo] target(s) in 1m 15s
[INFO] running `Command { std: "docker" "inspect" "bb8c8b71b1b4bec8a9919b343e5745233266eaee4707c420f90a6d8e09a487b0", kill_on_drop: false }`
[INFO] running `Command { std: "docker" "rm" "-f" "bb8c8b71b1b4bec8a9919b343e5745233266eaee4707c420f90a6d8e09a487b0", kill_on_drop: false }`
[INFO] [stdout] bb8c8b71b1b4bec8a9919b343e5745233266eaee4707c420f90a6d8e09a487b0
[INFO] running `Command { std: "docker" "create" "-v" "/var/lib/crater-agent-workspace/builds/worker-9/target:/opt/rustwide/target:rw,Z" "-v" "/var/lib/crater-agent-workspace/builds/worker-9/source:/opt/rustwide/workdir:ro,Z" "-v" "/var/lib/crater-agent-workspace/cargo-home:/opt/rustwide/cargo-home:ro,Z" "-v" "/var/lib/crater-agent-workspace/rustup-home:/opt/rustwide/rustup-home:ro,Z" "-e" "SOURCE_DIR=/opt/rustwide/workdir" "-e" "CARGO_TARGET_DIR=/opt/rustwide/target" "-e" "CARGO_INCREMENTAL=0" "-e" "RUST_BACKTRACE=full" "-e" "RUSTFLAGS=--cap-lints=warn" "-e" "CARGO_HOME=/opt/rustwide/cargo-home" "-e" "RUSTUP_HOME=/opt/rustwide/rustup-home" "-w" "/opt/rustwide/workdir" "-m" "1610612736" "--user" "0:0" "--network" "none" "ghcr.io/rust-lang/crates-build-env/linux@sha256:34b6a614d2c27851fe6cbf88fbd1137609cefab8b10d0615aaeb6fd47975d74e" "/opt/rustwide/cargo-home/bin/cargo" "+1.54.0" "test" "--frozen" "--no-run" "--message-format=json", kill_on_drop: false }`
[INFO] [stdout] 49c910a89e0373fae4db0756735d2e522245a52bc06ca4a87758035f757c7206
[INFO] running `Command { std: "docker" "start" "-a" "49c910a89e0373fae4db0756735d2e522245a52bc06ca4a87758035f757c7206", kill_on_drop: false }`
[INFO] [stderr]    Compiling argent v0.1.0 (/opt/rustwide/workdir)
[INFO] [stdout] warning: unused import: `Sha3`
[INFO] [stdout]  --> src/modules/recovery_manager/mod.rs:5:27
[INFO] [stdout]   |
[INFO] [stdout] 5 | use tiny_keccak::{Hasher, Sha3, Keccak};
[INFO] [stdout]   |                           ^^^^
[INFO] [stdout]   |
[INFO] [stdout]   = note: `#[warn(unused_imports)]` on by default
[INFO] [stdout] 
[INFO] [stdout] 
[INFO] [stdout] warning: unused import: `H160`
[INFO] [stdout]   --> src/modules/recovery_manager/mod.rs:16:68
[INFO] [stdout]    |
[INFO] [stdout] 16 | use web3::types::{Address, Bytes, CallRequest, TransactionRequest, H160, H256, U256};
[INFO] [stdout]    |                                                                    ^^^^
[INFO] [stdout] 
[INFO] [stdout] 
[INFO] [stdout] warning: unused variable: `prefix`
[INFO] [stdout]    --> src/modules/recovery_manager/mod.rs:175:13
[INFO] [stdout]     |
[INFO] [stdout] 175 | ...   let prefix = [0, 0, 0, 0, 0, 0, 0, 0, 0, 0, 0, 0, 0, 0, 0, 0, 0, 0, 0, 0, 0, 0, 0, 0, 0, 0, 0, 0, 0, 0, 0, 32, 0, 0, 0, 0, 0, 0, 0,...
[INFO] [stdout]     |           ^^^^^^ help: if this is intentional, prefix it with an underscore: `_prefix`
[INFO] [stdout]     |
[INFO] [stdout]     = note: `#[warn(unused_variables)]` on by default
[INFO] [stdout] 
[INFO] [stdout] 
[INFO] [stdout] warning: unused variable: `padding`
[INFO] [stdout]    --> src/modules/recovery_manager/mod.rs:176:13
[INFO] [stdout]     |
[INFO] [stdout] 176 |         let padding = [0, 0, 0, 0, 0, 0, 0, 0, 0, 0, 0, 0, 0, 0, 0, 0, 0, 0];
[INFO] [stdout]     |             ^^^^^^^ help: if this is intentional, prefix it with an underscore: `_padding`
[INFO] [stdout] 
[INFO] [stdout] 
[INFO] [stdout] warning: unused variable: `t`
[INFO] [stdout]    --> src/modules/recovery_manager/mod.rs:188:13
[INFO] [stdout]     |
[INFO] [stdout] 188 |         let t = "0x".as_bytes().to_hex::<String>();
[INFO] [stdout]     |             ^ help: if this is intentional, prefix it with an underscore: `_t`
[INFO] [stdout] 
[INFO] [stdout] 
[INFO] [stdout] warning: constant is never used: `ERC1077_HASH`
[INFO] [stdout]  --> src/constants/abis.rs:9:1
[INFO] [stdout]   |
[INFO] [stdout] 9 | pub const ERC1077_HASH: &[u8] = include_bytes!("../abis/erc1077_hash.abi");
[INFO] [stdout]   | ^^^^^^^^^^^^^^^^^^^^^^^^^^^^^^^^^^^^^^^^^^^^^^^^^^^^^^^^^^^^^^^^^^^^^^^^^^^
[INFO] [stdout]   |
[INFO] [stdout]   = note: `#[warn(dead_code)]` on by default
[INFO] [stdout] 
[INFO] [stdout] 
[INFO] [stdout] warning: associated function is never used: `owner`
[INFO] [stdout]   --> src/ens/mod.rs:91:12
[INFO] [stdout]    |
[INFO] [stdout] 91 |     pub fn owner(&self, name: &str) -> Result<Address, String> {
[INFO] [stdout]    |            ^^^^^
[INFO] [stdout] 
[INFO] [stdout] 
[INFO] [stdout] warning: associated function is never used: `hash_sign`
[INFO] [stdout]   --> src/modules/recovery_manager/mod.rs:93:8
[INFO] [stdout]    |
[INFO] [stdout] 93 |     fn hash_sign(
[INFO] [stdout]    |        ^^^^^^^^^
[INFO] [stdout] 
[INFO] [stdout] 
[INFO] [stdout] warning: associated function is never used: `just_hash`
[INFO] [stdout]    --> src/modules/recovery_manager/mod.rs:266:8
[INFO] [stdout]     |
[INFO] [stdout] 266 |     fn just_hash(&self, data: Vec<u8>) {
[INFO] [stdout]     |        ^^^^^^^^^
[INFO] [stdout] 
[INFO] [stdout] 
[INFO] [stdout] warning: 9 warnings emitted
[INFO] [stdout] 
[INFO] [stdout] 
[INFO] [stderr]     Finished test [unoptimized + debuginfo] target(s) in 3.61s
[INFO] running `Command { std: "docker" "inspect" "49c910a89e0373fae4db0756735d2e522245a52bc06ca4a87758035f757c7206", kill_on_drop: false }`
[INFO] running `Command { std: "docker" "rm" "-f" "49c910a89e0373fae4db0756735d2e522245a52bc06ca4a87758035f757c7206", kill_on_drop: false }`
[INFO] [stdout] 49c910a89e0373fae4db0756735d2e522245a52bc06ca4a87758035f757c7206
[INFO] running `Command { std: "docker" "create" "-v" "/var/lib/crater-agent-workspace/builds/worker-9/target:/opt/rustwide/target:rw,Z" "-v" "/var/lib/crater-agent-workspace/builds/worker-9/source:/opt/rustwide/workdir:ro,Z" "-v" "/var/lib/crater-agent-workspace/cargo-home:/opt/rustwide/cargo-home:ro,Z" "-v" "/var/lib/crater-agent-workspace/rustup-home:/opt/rustwide/rustup-home:ro,Z" "-e" "SOURCE_DIR=/opt/rustwide/workdir" "-e" "CARGO_TARGET_DIR=/opt/rustwide/target" "-e" "CARGO_INCREMENTAL=0" "-e" "RUST_BACKTRACE=full" "-e" "RUSTFLAGS=--cap-lints=warn" "-e" "CARGO_HOME=/opt/rustwide/cargo-home" "-e" "RUSTUP_HOME=/opt/rustwide/rustup-home" "-w" "/opt/rustwide/workdir" "-m" "1610612736" "--user" "0:0" "--network" "none" "ghcr.io/rust-lang/crates-build-env/linux@sha256:34b6a614d2c27851fe6cbf88fbd1137609cefab8b10d0615aaeb6fd47975d74e" "/opt/rustwide/cargo-home/bin/cargo" "+1.54.0" "test" "--frozen", kill_on_drop: false }`
[INFO] [stdout] 9dd0f0c7b6d03098c12eb1779351499de14ee0cce3bf30ad49ea300974f3dbd2
[INFO] running `Command { std: "docker" "start" "-a" "9dd0f0c7b6d03098c12eb1779351499de14ee0cce3bf30ad49ea300974f3dbd2", kill_on_drop: false }`
[INFO] [stderr] warning: unused import: `Sha3`
[INFO] [stderr]  --> src/modules/recovery_manager/mod.rs:5:27
[INFO] [stderr]   |
[INFO] [stderr] 5 | use tiny_keccak::{Hasher, Sha3, Keccak};
[INFO] [stderr]   |                           ^^^^
[INFO] [stderr]   |
[INFO] [stderr]   = note: `#[warn(unused_imports)]` on by default
[INFO] [stderr] 
[INFO] [stderr] warning: unused import: `H160`
[INFO] [stderr]   --> src/modules/recovery_manager/mod.rs:16:68
[INFO] [stderr]    |
[INFO] [stderr] 16 | use web3::types::{Address, Bytes, CallRequest, TransactionRequest, H160, H256, U256};
[INFO] [stderr]    |                                                                    ^^^^
[INFO] [stderr] 
[INFO] [stderr] warning: unused variable: `prefix`
[INFO] [stderr]    --> src/modules/recovery_manager/mod.rs:175:13
[INFO] [stderr]     |
[INFO] [stderr] 175 | ...   let prefix = [0, 0, 0, 0, 0, 0, 0, 0, 0, 0, 0, 0, 0, 0, 0, 0, 0, 0, 0, 0, 0, 0, 0, 0, 0, 0, 0, 0, 0, 0, 0, 32, 0, 0, 0, 0, 0, 0, 0,...
[INFO] [stderr]     |           ^^^^^^ help: if this is intentional, prefix it with an underscore: `_prefix`
[INFO] [stderr]     |
[INFO] [stderr]     = note: `#[warn(unused_variables)]` on by default
[INFO] [stderr] 
[INFO] [stderr] warning: unused variable: `padding`
[INFO] [stderr]    --> src/modules/recovery_manager/mod.rs:176:13
[INFO] [stderr]     |
[INFO] [stderr] 176 |         let padding = [0, 0, 0, 0, 0, 0, 0, 0, 0, 0, 0, 0, 0, 0, 0, 0, 0, 0];
[INFO] [stderr]     |             ^^^^^^^ help: if this is intentional, prefix it with an underscore: `_padding`
[INFO] [stderr] 
[INFO] [stderr] warning: unused variable: `t`
[INFO] [stderr]    --> src/modules/recovery_manager/mod.rs:188:13
[INFO] [stderr]     |
[INFO] [stderr] 188 |         let t = "0x".as_bytes().to_hex::<String>();
[INFO] [stderr]     |             ^ help: if this is intentional, prefix it with an underscore: `_t`
[INFO] [stderr] 
[INFO] [stderr] warning: constant is never used: `ERC1077_HASH`
[INFO] [stderr]  --> src/constants/abis.rs:9:1
[INFO] [stderr]   |
[INFO] [stderr] 9 | pub const ERC1077_HASH: &[u8] = include_bytes!("../abis/erc1077_hash.abi");
[INFO] [stderr]   | ^^^^^^^^^^^^^^^^^^^^^^^^^^^^^^^^^^^^^^^^^^^^^^^^^^^^^^^^^^^^^^^^^^^^^^^^^^^
[INFO] [stderr]   |
[INFO] [stderr]   = note: `#[warn(dead_code)]` on by default
[INFO] [stderr] 
[INFO] [stderr] warning: associated function is never used: `owner`
[INFO] [stderr]   --> src/ens/mod.rs:91:12
[INFO] [stderr]    |
[INFO] [stderr] 91 |     pub fn owner(&self, name: &str) -> Result<Address, String> {
[INFO] [stderr]    |            ^^^^^
[INFO] [stderr] 
[INFO] [stderr] warning: associated function is never used: `hash_sign`
[INFO] [stderr]   --> src/modules/recovery_manager/mod.rs:93:8
[INFO] [stderr]    |
[INFO] [stderr] 93 |     fn hash_sign(
[INFO] [stderr]    |        ^^^^^^^^^
[INFO] [stderr] 
[INFO] [stderr] warning: associated function is never used: `just_hash`
[INFO] [stderr]    --> src/modules/recovery_manager/mod.rs:266:8
[INFO] [stderr]     |
[INFO] [stderr] 266 |     fn just_hash(&self, data: Vec<u8>) {
[INFO] [stderr]     |        ^^^^^^^^^
[INFO] [stderr] 
[INFO] [stderr] warning: 9 warnings emitted
[INFO] [stderr] 
[INFO] [stderr]     Finished test [unoptimized + debuginfo] target(s) in 0.09s
[INFO] [stderr]      Running unittests (/opt/rustwide/target/debug/deps/argent-e311b4b44c38161d)
[INFO] [stdout] 
[INFO] [stdout] running 1 test
[INFO] [stdout] test ens::test::test_namehash ... FAILED
[INFO] [stdout] 
[INFO] [stdout] failures:
[INFO] [stdout] 
[INFO] [stdout] ---- ens::test::test_namehash stdout ----
[INFO] [stdout] thread 'ens::test::test_namehash' panicked at 'assertion failed: `(left == right)`
[INFO] [stdout]   left: `32`,
[INFO] [stdout]  right: `20`', /opt/rustwide/cargo-home/registry/src/github.com-1ecc6299db9ec823/primitive-types-0.6.2/src/lib.rs:41:1
[INFO] [stdout] stack backtrace:
[INFO] [stdout]    0:     0x56135711e3d0 - std::backtrace_rs::backtrace::libunwind::trace::h34055254b57d8e79
[INFO] [stdout]                                at /rustc/a178d0322ce20e33eac124758e837cbd80a6f633/library/std/src/../../backtrace/src/backtrace/libunwind.rs:90:5
[INFO] [stdout]    1:     0x56135711e3d0 - std::backtrace_rs::backtrace::trace_unsynchronized::h8f1e3fbd9afff6ec
[INFO] [stdout]                                at /rustc/a178d0322ce20e33eac124758e837cbd80a6f633/library/std/src/../../backtrace/src/backtrace/mod.rs:66:5
[INFO] [stdout]    2:     0x56135711e3d0 - std::sys_common::backtrace::_print_fmt::h3a99a796b770c360
[INFO] [stdout]                                at /rustc/a178d0322ce20e33eac124758e837cbd80a6f633/library/std/src/sys_common/backtrace.rs:67:5
[INFO] [stdout]    3:     0x56135711e3d0 - <std::sys_common::backtrace::_print::DisplayBacktrace as core::fmt::Display>::fmt::h32d1f94a80615d18
[INFO] [stdout]                                at /rustc/a178d0322ce20e33eac124758e837cbd80a6f633/library/std/src/sys_common/backtrace.rs:46:22
[INFO] [stdout]    4:     0x561357140bcc - core::fmt::write::h306731c068f7162c
[INFO] [stdout]                                at /rustc/a178d0322ce20e33eac124758e837cbd80a6f633/library/core/src/fmt/mod.rs:1110:17
[INFO] [stdout]    5:     0x56135711b2f5 - std::io::Write::write_fmt::h87f19b0a2cd190bc
[INFO] [stdout]                                at /rustc/a178d0322ce20e33eac124758e837cbd80a6f633/library/std/src/io/mod.rs:1588:15
[INFO] [stdout]    6:     0x56135712053b - std::sys_common::backtrace::_print::h5abaa2601a852287
[INFO] [stdout]                                at /rustc/a178d0322ce20e33eac124758e837cbd80a6f633/library/std/src/sys_common/backtrace.rs:49:5
[INFO] [stdout]    7:     0x56135712053b - std::sys_common::backtrace::print::h8d81445442bb638f
[INFO] [stdout]                                at /rustc/a178d0322ce20e33eac124758e837cbd80a6f633/library/std/src/sys_common/backtrace.rs:36:9
[INFO] [stdout]    8:     0x56135712053b - std::panicking::default_hook::{{closure}}::hcfe804496a9fa747
[INFO] [stdout]                                at /rustc/a178d0322ce20e33eac124758e837cbd80a6f633/library/std/src/panicking.rs:208:50
[INFO] [stdout]    9:     0x56135712004c - std::panicking::default_hook::hbea8e3ccf2ba8901
[INFO] [stdout]                                at /rustc/a178d0322ce20e33eac124758e837cbd80a6f633/library/std/src/panicking.rs:222:9
[INFO] [stdout]   10:     0x561357120c04 - std::panicking::rust_panic_with_hook::h7ee9e1a2d0f8975a
[INFO] [stdout]                                at /rustc/a178d0322ce20e33eac124758e837cbd80a6f633/library/std/src/panicking.rs:622:17
[INFO] [stdout]   11:     0x5613571206e7 - std::panicking::begin_panic_handler::{{closure}}::h8ab3b4491718b2c7
[INFO] [stdout]                                at /rustc/a178d0322ce20e33eac124758e837cbd80a6f633/library/std/src/panicking.rs:519:13
[INFO] [stdout]   12:     0x56135711e8cc - std::sys_common::backtrace::__rust_end_short_backtrace::hd489062ffa586a9f
[INFO] [stdout]                                at /rustc/a178d0322ce20e33eac124758e837cbd80a6f633/library/std/src/sys_common/backtrace.rs:141:18
[INFO] [stdout]   13:     0x561357120649 - rust_begin_unwind
[INFO] [stdout]                                at /rustc/a178d0322ce20e33eac124758e837cbd80a6f633/library/std/src/panicking.rs:515:5
[INFO] [stdout]   14:     0x5613570b3651 - core::panicking::panic_fmt::hca6330e3e14086b4
[INFO] [stdout]                                at /rustc/a178d0322ce20e33eac124758e837cbd80a6f633/library/core/src/panicking.rs:92:14
[INFO] [stdout]   15:     0x56135713f4e8 - core::panicking::assert_failed_inner::h33b45280069a80ed
[INFO] [stdout]   16:     0x5613571076aa - core::panicking::assert_failed::hadbea95c7b57b234
[INFO] [stdout]                                at /rustc/a178d0322ce20e33eac124758e837cbd80a6f633/library/core/src/panicking.rs:117:5
[INFO] [stdout]   17:     0x5613570fc2f8 - primitive_types::H160::from_slice::hc635ef20e9c38647
[INFO] [stdout]                                at /opt/rustwide/cargo-home/registry/src/github.com-1ecc6299db9ec823/fixed-hash-0.5.2/src/hash.rs:200:5
[INFO] [stdout]   18:     0x5613570b5ada - argent::ens::test::test_namehash::hcd6cb06e788ef52c
[INFO] [stdout]                                at /opt/rustwide/workdir/src/ens/mod.rs:151:32
[INFO] [stdout]   19:     0x5613570b579a - argent::ens::test::test_namehash::{{closure}}::ha754b13c98a9f81d
[INFO] [stdout]                                at /opt/rustwide/workdir/src/ens/mod.rs:144:5
[INFO] [stdout]   20:     0x5613570b4bfe - core::ops::function::FnOnce::call_once::h5421ce48a73e6b9f
[INFO] [stdout]                                at /rustc/a178d0322ce20e33eac124758e837cbd80a6f633/library/core/src/ops/function.rs:227:5
[INFO] [stdout]   21:     0x5613570de843 - core::ops::function::FnOnce::call_once::h152e7e439ff59e19
[INFO] [stdout]                                at /rustc/a178d0322ce20e33eac124758e837cbd80a6f633/library/core/src/ops/function.rs:227:5
[INFO] [stdout]   22:     0x5613570de843 - test::__rust_begin_short_backtrace::h0908f3b1fdbb72ab
[INFO] [stdout]                                at /rustc/a178d0322ce20e33eac124758e837cbd80a6f633/library/test/src/lib.rs:577:5
[INFO] [stdout]   23:     0x5613570dd300 - <alloc::boxed::Box<F,A> as core::ops::function::FnOnce<Args>>::call_once::hf6d2a51e5587546c
[INFO] [stdout]                                at /rustc/a178d0322ce20e33eac124758e837cbd80a6f633/library/alloc/src/boxed.rs:1575:9
[INFO] [stdout]   24:     0x5613570dd300 - <std::panic::AssertUnwindSafe<F> as core::ops::function::FnOnce<()>>::call_once::h8af660f3a89ef593
[INFO] [stdout]                                at /rustc/a178d0322ce20e33eac124758e837cbd80a6f633/library/std/src/panic.rs:347:9
[INFO] [stdout]   25:     0x5613570dd300 - std::panicking::try::do_call::hd36aef60f84b6d36
[INFO] [stdout]                                at /rustc/a178d0322ce20e33eac124758e837cbd80a6f633/library/std/src/panicking.rs:401:40
[INFO] [stdout]   26:     0x5613570dd300 - std::panicking::try::h9932b4480e69817c
[INFO] [stdout]                                at /rustc/a178d0322ce20e33eac124758e837cbd80a6f633/library/std/src/panicking.rs:365:19
[INFO] [stdout]   27:     0x5613570dd300 - std::panic::catch_unwind::h6aa177099cfff5f8
[INFO] [stdout]                                at /rustc/a178d0322ce20e33eac124758e837cbd80a6f633/library/std/src/panic.rs:434:14
[INFO] [stdout]   28:     0x5613570dd300 - test::run_test_in_process::h5884d6f2d99e20c3
[INFO] [stdout]                                at /rustc/a178d0322ce20e33eac124758e837cbd80a6f633/library/test/src/lib.rs:600:18
[INFO] [stdout]   29:     0x5613570dd300 - test::run_test::run_test_inner::{{closure}}::h6fdc58c6d5f5b6e3
[INFO] [stdout]                                at /rustc/a178d0322ce20e33eac124758e837cbd80a6f633/library/test/src/lib.rs:492:39
[INFO] [stdout]   30:     0x5613570b69b2 - test::run_test::run_test_inner::{{closure}}::h408365d67a78ade8
[INFO] [stdout]                                at /rustc/a178d0322ce20e33eac124758e837cbd80a6f633/library/test/src/lib.rs:519:37
[INFO] [stdout]   31:     0x5613570b69b2 - std::sys_common::backtrace::__rust_begin_short_backtrace::hb560b77c4f701523
[INFO] [stdout]                                at /rustc/a178d0322ce20e33eac124758e837cbd80a6f633/library/std/src/sys_common/backtrace.rs:125:18
[INFO] [stdout]   32:     0x5613570ba568 - std::thread::Builder::spawn_unchecked::{{closure}}::{{closure}}::hf2e7831dad93c597
[INFO] [stdout]                                at /rustc/a178d0322ce20e33eac124758e837cbd80a6f633/library/std/src/thread/mod.rs:481:17
[INFO] [stdout]   33:     0x5613570ba568 - <std::panic::AssertUnwindSafe<F> as core::ops::function::FnOnce<()>>::call_once::hd2e08783d8be4d02
[INFO] [stdout]                                at /rustc/a178d0322ce20e33eac124758e837cbd80a6f633/library/std/src/panic.rs:347:9
[INFO] [stdout]   34:     0x5613570ba568 - std::panicking::try::do_call::h062597b7acfd6b82
[INFO] [stdout]                                at /rustc/a178d0322ce20e33eac124758e837cbd80a6f633/library/std/src/panicking.rs:401:40
[INFO] [stdout]   35:     0x5613570ba568 - std::panicking::try::h0d7b79db04c14552
[INFO] [stdout]                                at /rustc/a178d0322ce20e33eac124758e837cbd80a6f633/library/std/src/panicking.rs:365:19
[INFO] [stdout]   36:     0x5613570ba568 - std::panic::catch_unwind::hb01a0b5e7c8cd43b
[INFO] [stdout]                                at /rustc/a178d0322ce20e33eac124758e837cbd80a6f633/library/std/src/panic.rs:434:14
[INFO] [stdout]   37:     0x5613570ba568 - std::thread::Builder::spawn_unchecked::{{closure}}::h5bde48cc887e0d1e
[INFO] [stdout]                                at /rustc/a178d0322ce20e33eac124758e837cbd80a6f633/library/std/src/thread/mod.rs:480:30
[INFO] [stdout]   38:     0x5613570ba568 - core::ops::function::FnOnce::call_once{{vtable.shim}}::h745ea30807a29e55
[INFO] [stdout]                                at /rustc/a178d0322ce20e33eac124758e837cbd80a6f633/library/core/src/ops/function.rs:227:5
[INFO] [stdout]   39:     0x5613571256c7 - <alloc::boxed::Box<F,A> as core::ops::function::FnOnce<Args>>::call_once::h7ece6cfefaff1005
[INFO] [stdout]                                at /rustc/a178d0322ce20e33eac124758e837cbd80a6f633/library/alloc/src/boxed.rs:1575:9
[INFO] [stdout]   40:     0x5613571256c7 - <alloc::boxed::Box<F,A> as core::ops::function::FnOnce<Args>>::call_once::hb8b48e55c21f193e
[INFO] [stdout]                                at /rustc/a178d0322ce20e33eac124758e837cbd80a6f633/library/alloc/src/boxed.rs:1575:9
[INFO] [stdout]   41:     0x5613571256c7 - std::sys::unix::thread::Thread::new::thread_start::h8c7c4450dba62914
[INFO] [stdout]                                at /rustc/a178d0322ce20e33eac124758e837cbd80a6f633/library/std/src/sys/unix/thread.rs:71:17
[INFO] [stdout]   42:     0x7f028c792609 - start_thread
[INFO] [stdout]   43:     0x7f028c8e9293 - clone
[INFO] [stdout]   44:                0x0 - <unknown>
[INFO] [stdout] 
[INFO] [stdout] 
[INFO] [stdout] failures:
[INFO] [stdout]     ens::test::test_namehash
[INFO] [stdout] 
[INFO] [stdout] test result: FAILED. 0 passed; 1 failed; 0 ignored; 0 measured; 0 filtered out; finished in 0.02s
[INFO] [stdout] 
[INFO] [stderr] error: test failed, to rerun pass '--bin argent'
[INFO] running `Command { std: "docker" "inspect" "9dd0f0c7b6d03098c12eb1779351499de14ee0cce3bf30ad49ea300974f3dbd2", kill_on_drop: false }`
[INFO] running `Command { std: "docker" "rm" "-f" "9dd0f0c7b6d03098c12eb1779351499de14ee0cce3bf30ad49ea300974f3dbd2", kill_on_drop: false }`
[INFO] [stdout] 9dd0f0c7b6d03098c12eb1779351499de14ee0cce3bf30ad49ea300974f3dbd2
