[INFO] cloning repository https://github.com/omshankar1/advent-of-code-2020
[INFO] running `Command { std: "git" "-c" "credential.helper=" "-c" "credential.helper=/workspace/cargo-home/bin/git-credential-null" "clone" "--bare" "https://github.com/omshankar1/advent-of-code-2020" "/workspace/cache/git-repos/https%3A%2F%2Fgithub.com%2Fomshankar1%2Fadvent-of-code-2020", kill_on_drop: false }`
[INFO] [stderr] Cloning into bare repository '/workspace/cache/git-repos/https%3A%2F%2Fgithub.com%2Fomshankar1%2Fadvent-of-code-2020'...
[INFO] running `Command { std: "git" "rev-parse" "HEAD", kill_on_drop: false }`
[INFO] [stdout] c28aee84b59d06763a9e88865683203e4a8361f0
[INFO] testing omshankar1/advent-of-code-2020 against 1.54.0 for beta-1.55-1
[INFO] running `Command { std: "git" "clone" "/workspace/cache/git-repos/https%3A%2F%2Fgithub.com%2Fomshankar1%2Fadvent-of-code-2020" "/workspace/builds/worker-12/source", kill_on_drop: false }`
[INFO] [stderr] Cloning into '/workspace/builds/worker-12/source'...
[INFO] [stderr] done.
[INFO] validating manifest of git repo https://github.com/omshankar1/advent-of-code-2020 on toolchain 1.54.0
[INFO] running `Command { std: "/workspace/cargo-home/bin/cargo" "+1.54.0" "metadata" "--manifest-path" "Cargo.toml" "--no-deps", kill_on_drop: false }`
[INFO] started tweaking git repo https://github.com/omshankar1/advent-of-code-2020
[INFO] finished tweaking git repo https://github.com/omshankar1/advent-of-code-2020
[INFO] tweaked toml for git repo https://github.com/omshankar1/advent-of-code-2020 written to /workspace/builds/worker-12/source/Cargo.toml
[INFO] crate git repo https://github.com/omshankar1/advent-of-code-2020 already has a lockfile, it will not be regenerated
[INFO] running `Command { std: "/workspace/cargo-home/bin/cargo" "+1.54.0" "fetch" "--manifest-path" "Cargo.toml", kill_on_drop: false }`
[INFO] running `Command { std: "docker" "create" "-v" "/var/lib/crater-agent-workspace/builds/worker-12/target:/opt/rustwide/target:rw,Z" "-v" "/var/lib/crater-agent-workspace/builds/worker-12/source:/opt/rustwide/workdir:ro,Z" "-v" "/var/lib/crater-agent-workspace/cargo-home:/opt/rustwide/cargo-home:ro,Z" "-v" "/var/lib/crater-agent-workspace/rustup-home:/opt/rustwide/rustup-home:ro,Z" "-e" "SOURCE_DIR=/opt/rustwide/workdir" "-e" "CARGO_TARGET_DIR=/opt/rustwide/target" "-e" "CARGO_HOME=/opt/rustwide/cargo-home" "-e" "RUSTUP_HOME=/opt/rustwide/rustup-home" "-w" "/opt/rustwide/workdir" "-m" "1610612736" "--user" "0:0" "--network" "none" "ghcr.io/rust-lang/crates-build-env/linux@sha256:34b6a614d2c27851fe6cbf88fbd1137609cefab8b10d0615aaeb6fd47975d74e" "/opt/rustwide/cargo-home/bin/cargo" "+1.54.0" "metadata" "--no-deps" "--format-version=1", kill_on_drop: false }`
[INFO] [stdout] 671d345897f3e8b4183f37f41fbddb7dcf56ba8817405d22602cdc5f31abaa61
[INFO] running `Command { std: "docker" "start" "-a" "671d345897f3e8b4183f37f41fbddb7dcf56ba8817405d22602cdc5f31abaa61", kill_on_drop: false }`
[INFO] running `Command { std: "docker" "inspect" "671d345897f3e8b4183f37f41fbddb7dcf56ba8817405d22602cdc5f31abaa61", kill_on_drop: false }`
[INFO] running `Command { std: "docker" "rm" "-f" "671d345897f3e8b4183f37f41fbddb7dcf56ba8817405d22602cdc5f31abaa61", kill_on_drop: false }`
[INFO] [stdout] 671d345897f3e8b4183f37f41fbddb7dcf56ba8817405d22602cdc5f31abaa61
[INFO] running `Command { std: "docker" "create" "-v" "/var/lib/crater-agent-workspace/builds/worker-12/target:/opt/rustwide/target:rw,Z" "-v" "/var/lib/crater-agent-workspace/builds/worker-12/source:/opt/rustwide/workdir:ro,Z" "-v" "/var/lib/crater-agent-workspace/cargo-home:/opt/rustwide/cargo-home:ro,Z" "-v" "/var/lib/crater-agent-workspace/rustup-home:/opt/rustwide/rustup-home:ro,Z" "-e" "SOURCE_DIR=/opt/rustwide/workdir" "-e" "CARGO_TARGET_DIR=/opt/rustwide/target" "-e" "CARGO_INCREMENTAL=0" "-e" "RUST_BACKTRACE=full" "-e" "RUSTFLAGS=--cap-lints=warn" "-e" "CARGO_HOME=/opt/rustwide/cargo-home" "-e" "RUSTUP_HOME=/opt/rustwide/rustup-home" "-w" "/opt/rustwide/workdir" "-m" "1610612736" "--user" "0:0" "--network" "none" "ghcr.io/rust-lang/crates-build-env/linux@sha256:34b6a614d2c27851fe6cbf88fbd1137609cefab8b10d0615aaeb6fd47975d74e" "/opt/rustwide/cargo-home/bin/cargo" "+1.54.0" "build" "--frozen" "--message-format=json", kill_on_drop: false }`
[INFO] [stdout] d9da8e46617566985426720421ed47ab67cdf7d4ee6408706e054f9a7c22a76e
[INFO] running `Command { std: "docker" "start" "-a" "d9da8e46617566985426720421ed47ab67cdf7d4ee6408706e054f9a7c22a76e", kill_on_drop: false }`
[INFO] [stderr]    Compiling adventofcode2020 v0.1.0 (/opt/rustwide/workdir)
[INFO] [stdout] warning: unused import: `std::fs`
[INFO] [stdout]  --> src/main.rs:1:5
[INFO] [stdout]   |
[INFO] [stdout] 1 | use std::fs;
[INFO] [stdout]   |     ^^^^^^^
[INFO] [stdout]   |
[INFO] [stdout]   = note: `#[warn(unused_imports)]` on by default
[INFO] [stdout] 
[INFO] [stdout] 
[INFO] [stdout] warning: unused variable: `a02`
[INFO] [stdout]   --> src/main.rs:14:9
[INFO] [stdout]    |
[INFO] [stdout] 14 |     let a02 = a02_1::problem1(&input[..]);
[INFO] [stdout]    |         ^^^ help: if this is intentional, prefix it with an underscore: `_a02`
[INFO] [stdout]    |
[INFO] [stdout]    = note: `#[warn(unused_variables)]` on by default
[INFO] [stdout] 
[INFO] [stdout] 
[INFO] [stdout] warning: unused variable: `a02`
[INFO] [stdout]   --> src/main.rs:16:9
[INFO] [stdout]    |
[INFO] [stdout] 16 |     let a02 = a02_1::problem2(&input[..]);
[INFO] [stdout]    |         ^^^ help: if this is intentional, prefix it with an underscore: `_a02`
[INFO] [stdout] 
[INFO] [stdout] 
[INFO] [stdout] warning: associated function is never used: `is_valid`
[INFO] [stdout]   --> src/a02_1.rs:17:12
[INFO] [stdout]    |
[INFO] [stdout] 17 |     pub fn is_valid(&self) -> bool {
[INFO] [stdout]    |            ^^^^^^^^
[INFO] [stdout]    |
[INFO] [stdout]    = note: `#[warn(dead_code)]` on by default
[INFO] [stdout] 
[INFO] [stdout] 
[INFO] [stdout] warning: associated function is never used: `numchar_occurrences`
[INFO] [stdout]   --> src/a02_1.rs:20:12
[INFO] [stdout]    |
[INFO] [stdout] 20 |     pub fn numchar_occurrences(&self) -> usize {
[INFO] [stdout]    |            ^^^^^^^^^^^^^^^^^^^
[INFO] [stdout] 
[INFO] [stdout] 
[INFO] [stdout] warning: 5 warnings emitted
[INFO] [stdout] 
[INFO] [stdout] 
[INFO] [stderr]     Finished dev [unoptimized + debuginfo] target(s) in 2.16s
[INFO] running `Command { std: "docker" "inspect" "d9da8e46617566985426720421ed47ab67cdf7d4ee6408706e054f9a7c22a76e", kill_on_drop: false }`
[INFO] running `Command { std: "docker" "rm" "-f" "d9da8e46617566985426720421ed47ab67cdf7d4ee6408706e054f9a7c22a76e", kill_on_drop: false }`
[INFO] [stdout] d9da8e46617566985426720421ed47ab67cdf7d4ee6408706e054f9a7c22a76e
[INFO] running `Command { std: "docker" "create" "-v" "/var/lib/crater-agent-workspace/builds/worker-12/target:/opt/rustwide/target:rw,Z" "-v" "/var/lib/crater-agent-workspace/builds/worker-12/source:/opt/rustwide/workdir:ro,Z" "-v" "/var/lib/crater-agent-workspace/cargo-home:/opt/rustwide/cargo-home:ro,Z" "-v" "/var/lib/crater-agent-workspace/rustup-home:/opt/rustwide/rustup-home:ro,Z" "-e" "SOURCE_DIR=/opt/rustwide/workdir" "-e" "CARGO_TARGET_DIR=/opt/rustwide/target" "-e" "CARGO_INCREMENTAL=0" "-e" "RUST_BACKTRACE=full" "-e" "RUSTFLAGS=--cap-lints=warn" "-e" "CARGO_HOME=/opt/rustwide/cargo-home" "-e" "RUSTUP_HOME=/opt/rustwide/rustup-home" "-w" "/opt/rustwide/workdir" "-m" "1610612736" "--user" "0:0" "--network" "none" "ghcr.io/rust-lang/crates-build-env/linux@sha256:34b6a614d2c27851fe6cbf88fbd1137609cefab8b10d0615aaeb6fd47975d74e" "/opt/rustwide/cargo-home/bin/cargo" "+1.54.0" "test" "--frozen" "--no-run" "--message-format=json", kill_on_drop: false }`
[INFO] [stdout] 3b50663345ea92fb6f9a48c24f96e51f1ed18cc67db2dbb31b34ca6276be076b
[INFO] running `Command { std: "docker" "start" "-a" "3b50663345ea92fb6f9a48c24f96e51f1ed18cc67db2dbb31b34ca6276be076b", kill_on_drop: false }`
[INFO] [stderr]    Compiling adventofcode2020 v0.1.0 (/opt/rustwide/workdir)
[INFO] [stdout] warning: unused import: `std::fs`
[INFO] [stdout]  --> src/main.rs:1:5
[INFO] [stdout]   |
[INFO] [stdout] 1 | use std::fs;
[INFO] [stdout]   |     ^^^^^^^
[INFO] [stdout]   |
[INFO] [stdout]   = note: `#[warn(unused_imports)]` on by default
[INFO] [stdout] 
[INFO] [stdout] 
[INFO] [stdout] warning: unused variable: `a02`
[INFO] [stdout]   --> src/main.rs:14:9
[INFO] [stdout]    |
[INFO] [stdout] 14 |     let a02 = a02_1::problem1(&input[..]);
[INFO] [stdout]    |         ^^^ help: if this is intentional, prefix it with an underscore: `_a02`
[INFO] [stdout]    |
[INFO] [stdout]    = note: `#[warn(unused_variables)]` on by default
[INFO] [stdout] 
[INFO] [stdout] 
[INFO] [stdout] warning: unused variable: `a02`
[INFO] [stdout]   --> src/main.rs:16:9
[INFO] [stdout]    |
[INFO] [stdout] 16 |     let a02 = a02_1::problem2(&input[..]);
[INFO] [stdout]    |         ^^^ help: if this is intentional, prefix it with an underscore: `_a02`
[INFO] [stdout] 
[INFO] [stdout] 
[INFO] [stdout] warning: unused variable: `input`
[INFO] [stdout]    --> src/a02_1.rs:119:13
[INFO] [stdout]     |
[INFO] [stdout] 119 |         let input = "
[INFO] [stdout]     |             ^^^^^ help: if this is intentional, prefix it with an underscore: `_input`
[INFO] [stdout] 
[INFO] [stdout] 
[INFO] [stdout] warning: associated function is never used: `is_valid`
[INFO] [stdout]   --> src/a02_1.rs:17:12
[INFO] [stdout]    |
[INFO] [stdout] 17 |     pub fn is_valid(&self) -> bool {
[INFO] [stdout]    |            ^^^^^^^^
[INFO] [stdout]    |
[INFO] [stdout]    = note: `#[warn(dead_code)]` on by default
[INFO] [stdout] 
[INFO] [stdout] 
[INFO] [stdout] warning: associated function is never used: `numchar_occurrences`
[INFO] [stdout]   --> src/a02_1.rs:20:12
[INFO] [stdout]    |
[INFO] [stdout] 20 |     pub fn numchar_occurrences(&self) -> usize {
[INFO] [stdout]    |            ^^^^^^^^^^^^^^^^^^^
[INFO] [stdout] 
[INFO] [stdout] 
[INFO] [stdout] warning: 6 warnings emitted
[INFO] [stdout] 
[INFO] [stdout] 
[INFO] [stderr]     Finished test [unoptimized + debuginfo] target(s) in 1.70s
[INFO] running `Command { std: "docker" "inspect" "3b50663345ea92fb6f9a48c24f96e51f1ed18cc67db2dbb31b34ca6276be076b", kill_on_drop: false }`
[INFO] running `Command { std: "docker" "rm" "-f" "3b50663345ea92fb6f9a48c24f96e51f1ed18cc67db2dbb31b34ca6276be076b", kill_on_drop: false }`
[INFO] [stdout] 3b50663345ea92fb6f9a48c24f96e51f1ed18cc67db2dbb31b34ca6276be076b
[INFO] running `Command { std: "docker" "create" "-v" "/var/lib/crater-agent-workspace/builds/worker-12/target:/opt/rustwide/target:rw,Z" "-v" "/var/lib/crater-agent-workspace/builds/worker-12/source:/opt/rustwide/workdir:ro,Z" "-v" "/var/lib/crater-agent-workspace/cargo-home:/opt/rustwide/cargo-home:ro,Z" "-v" "/var/lib/crater-agent-workspace/rustup-home:/opt/rustwide/rustup-home:ro,Z" "-e" "SOURCE_DIR=/opt/rustwide/workdir" "-e" "CARGO_TARGET_DIR=/opt/rustwide/target" "-e" "CARGO_INCREMENTAL=0" "-e" "RUST_BACKTRACE=full" "-e" "RUSTFLAGS=--cap-lints=warn" "-e" "CARGO_HOME=/opt/rustwide/cargo-home" "-e" "RUSTUP_HOME=/opt/rustwide/rustup-home" "-w" "/opt/rustwide/workdir" "-m" "1610612736" "--user" "0:0" "--network" "none" "ghcr.io/rust-lang/crates-build-env/linux@sha256:34b6a614d2c27851fe6cbf88fbd1137609cefab8b10d0615aaeb6fd47975d74e" "/opt/rustwide/cargo-home/bin/cargo" "+1.54.0" "test" "--frozen", kill_on_drop: false }`
[INFO] [stdout] 5ed74dd13881ec0c91e353d62618c97f559037e58e5810e39ad502ac003deadc
[INFO] running `Command { std: "docker" "start" "-a" "5ed74dd13881ec0c91e353d62618c97f559037e58e5810e39ad502ac003deadc", kill_on_drop: false }`
[INFO] [stderr] warning: unused import: `std::fs`
[INFO] [stderr]  --> src/main.rs:1:5
[INFO] [stderr]   |
[INFO] [stderr] 1 | use std::fs;
[INFO] [stderr]   |     ^^^^^^^
[INFO] [stderr]   |
[INFO] [stderr]   = note: `#[warn(unused_imports)]` on by default
[INFO] [stderr] 
[INFO] [stderr] warning: unused variable: `a02`
[INFO] [stderr]   --> src/main.rs:14:9
[INFO] [stderr]    |
[INFO] [stderr] 14 |     let a02 = a02_1::problem1(&input[..]);
[INFO] [stderr]    |         ^^^ help: if this is intentional, prefix it with an underscore: `_a02`
[INFO] [stderr]    |
[INFO] [stderr]    = note: `#[warn(unused_variables)]` on by default
[INFO] [stderr] 
[INFO] [stderr] warning: unused variable: `a02`
[INFO] [stderr]   --> src/main.rs:16:9
[INFO] [stderr]    |
[INFO] [stderr] 16 |     let a02 = a02_1::problem2(&input[..]);
[INFO] [stderr]    |         ^^^ help: if this is intentional, prefix it with an underscore: `_a02`
[INFO] [stderr] 
[INFO] [stderr] warning: unused variable: `input`
[INFO] [stderr]    --> src/a02_1.rs:119:13
[INFO] [stderr]     |
[INFO] [stderr] 119 |         let input = "
[INFO] [stderr]     |             ^^^^^ help: if this is intentional, prefix it with an underscore: `_input`
[INFO] [stderr] 
[INFO] [stderr] warning: associated function is never used: `is_valid`
[INFO] [stderr]   --> src/a02_1.rs:17:12
[INFO] [stderr]    |
[INFO] [stderr] 17 |     pub fn is_valid(&self) -> bool {
[INFO] [stderr]    |            ^^^^^^^^
[INFO] [stderr]    |
[INFO] [stderr]    = note: `#[warn(dead_code)]` on by default
[INFO] [stderr] 
[INFO] [stderr] warning: associated function is never used: `numchar_occurrences`
[INFO] [stderr]   --> src/a02_1.rs:20:12
[INFO] [stderr]    |
[INFO] [stderr] 20 |     pub fn numchar_occurrences(&self) -> usize {
[INFO] [stderr]    |            ^^^^^^^^^^^^^^^^^^^
[INFO] [stderr] 
[INFO] [stderr] warning: 6 warnings emitted
[INFO] [stderr] 
[INFO] [stderr]     Finished test [unoptimized + debuginfo] target(s) in 0.02s
[INFO] [stderr]      Running unittests (/opt/rustwide/target/debug/deps/adventofcode2020-e47de2e257a0785f)
[INFO] [stdout] 
[INFO] [stdout] running 5 tests
[INFO] [stdout] test a01_1::tests::test_sample_input ... ok
[INFO] [stdout] test a01_1::tests::test_input_problem1 ... ok
[INFO] [stdout] test a01_1::tests::test_input_problem2 ... ok
[INFO] [stdout] test a03_1::tests::test_input_problem1 ... FAILED
[INFO] [stdout] test a02_1::tests::test_input_problem1 ... ok
[INFO] [stdout] 
[INFO] [stdout] failures:
[INFO] [stdout] 
[INFO] [stdout] ---- a03_1::tests::test_input_problem1 stdout ----
[INFO] [stdout] ..##.......
[INFO] [stdout] #...#...#..
[INFO] [stdout] .#....#..#.
[INFO] [stdout] ..#.#...#.#
[INFO] [stdout] .#...##..#.
[INFO] [stdout] ..#.##.....
[INFO] [stdout] .#.#.#....#
[INFO] [stdout] .#........#
[INFO] [stdout] #.##...#...
[INFO] [stdout] #...##....#
[INFO] [stdout] .#..#...#.#
[INFO] [stdout] 
[INFO] [stdout] thread 'a03_1::tests::test_input_problem1' panicked at 'assertion failed: `(left == right)`
[INFO] [stdout]   left: `7`,
[INFO] [stdout]  right: `164`', src/a03_1.rs:40:9
[INFO] [stdout] stack backtrace:
[INFO] [stdout]    0:     0x5613b69ea660 - std::backtrace_rs::backtrace::libunwind::trace::h34055254b57d8e79
[INFO] [stdout]                                at /rustc/a178d0322ce20e33eac124758e837cbd80a6f633/library/std/src/../../backtrace/src/backtrace/libunwind.rs:90:5
[INFO] [stdout]    1:     0x5613b69ea660 - std::backtrace_rs::backtrace::trace_unsynchronized::h8f1e3fbd9afff6ec
[INFO] [stdout]                                at /rustc/a178d0322ce20e33eac124758e837cbd80a6f633/library/std/src/../../backtrace/src/backtrace/mod.rs:66:5
[INFO] [stdout]    2:     0x5613b69ea660 - std::sys_common::backtrace::_print_fmt::h3a99a796b770c360
[INFO] [stdout]                                at /rustc/a178d0322ce20e33eac124758e837cbd80a6f633/library/std/src/sys_common/backtrace.rs:67:5
[INFO] [stdout]    3:     0x5613b69ea660 - <std::sys_common::backtrace::_print::DisplayBacktrace as core::fmt::Display>::fmt::h32d1f94a80615d18
[INFO] [stdout]                                at /rustc/a178d0322ce20e33eac124758e837cbd80a6f633/library/std/src/sys_common/backtrace.rs:46:22
[INFO] [stdout]    4:     0x5613b6a0d2cc - core::fmt::write::h306731c068f7162c
[INFO] [stdout]                                at /rustc/a178d0322ce20e33eac124758e837cbd80a6f633/library/core/src/fmt/mod.rs:1110:17
[INFO] [stdout]    5:     0x5613b69e7585 - std::io::Write::write_fmt::h87f19b0a2cd190bc
[INFO] [stdout]                                at /rustc/a178d0322ce20e33eac124758e837cbd80a6f633/library/std/src/io/mod.rs:1588:15
[INFO] [stdout]    6:     0x5613b69ec7cb - std::sys_common::backtrace::_print::h5abaa2601a852287
[INFO] [stdout]                                at /rustc/a178d0322ce20e33eac124758e837cbd80a6f633/library/std/src/sys_common/backtrace.rs:49:5
[INFO] [stdout]    7:     0x5613b69ec7cb - std::sys_common::backtrace::print::h8d81445442bb638f
[INFO] [stdout]                                at /rustc/a178d0322ce20e33eac124758e837cbd80a6f633/library/std/src/sys_common/backtrace.rs:36:9
[INFO] [stdout]    8:     0x5613b69ec7cb - std::panicking::default_hook::{{closure}}::hcfe804496a9fa747
[INFO] [stdout]                                at /rustc/a178d0322ce20e33eac124758e837cbd80a6f633/library/std/src/panicking.rs:208:50
[INFO] [stdout]    9:     0x5613b69ec2dc - std::panicking::default_hook::hbea8e3ccf2ba8901
[INFO] [stdout]                                at /rustc/a178d0322ce20e33eac124758e837cbd80a6f633/library/std/src/panicking.rs:222:9
[INFO] [stdout]   10:     0x5613b69ece94 - std::panicking::rust_panic_with_hook::h7ee9e1a2d0f8975a
[INFO] [stdout]                                at /rustc/a178d0322ce20e33eac124758e837cbd80a6f633/library/std/src/panicking.rs:622:17
[INFO] [stdout]   11:     0x5613b69ec977 - std::panicking::begin_panic_handler::{{closure}}::h8ab3b4491718b2c7
[INFO] [stdout]                                at /rustc/a178d0322ce20e33eac124758e837cbd80a6f633/library/std/src/panicking.rs:519:13
[INFO] [stdout]   12:     0x5613b69eab5c - std::sys_common::backtrace::__rust_end_short_backtrace::hd489062ffa586a9f
[INFO] [stdout]                                at /rustc/a178d0322ce20e33eac124758e837cbd80a6f633/library/std/src/sys_common/backtrace.rs:141:18
[INFO] [stdout]   13:     0x5613b69ec8d9 - rust_begin_unwind
[INFO] [stdout]                                at /rustc/a178d0322ce20e33eac124758e837cbd80a6f633/library/std/src/panicking.rs:515:5
[INFO] [stdout]   14:     0x5613b67cdb31 - core::panicking::panic_fmt::hca6330e3e14086b4
[INFO] [stdout]                                at /rustc/a178d0322ce20e33eac124758e837cbd80a6f633/library/core/src/panicking.rs:92:14
[INFO] [stdout]   15:     0x5613b6a0b938 - core::panicking::assert_failed_inner::h33b45280069a80ed
[INFO] [stdout]   16:     0x5613b69ca07a - core::panicking::assert_failed::h299a6836ca6cbe13
[INFO] [stdout]                                at /rustc/a178d0322ce20e33eac124758e837cbd80a6f633/library/core/src/panicking.rs:117:5
[INFO] [stdout]   17:     0x5613b67d5084 - adventofcode2020::a03_1::tests::test_input_problem1::h9544368c0a66afe0
[INFO] [stdout]                                at /opt/rustwide/workdir/src/a03_1.rs:40:9
[INFO] [stdout]   18:     0x5613b67d4e5a - adventofcode2020::a03_1::tests::test_input_problem1::{{closure}}::hc79d8dc32e0acb8c
[INFO] [stdout]                                at /opt/rustwide/workdir/src/a03_1.rs:35:5
[INFO] [stdout]   19:     0x5613b67d82ce - core::ops::function::FnOnce::call_once::hcb9b94488a51e764
[INFO] [stdout]                                at /rustc/a178d0322ce20e33eac124758e837cbd80a6f633/library/core/src/ops/function.rs:227:5
[INFO] [stdout]   20:     0x5613b6806a63 - core::ops::function::FnOnce::call_once::h152e7e439ff59e19
[INFO] [stdout]                                at /rustc/a178d0322ce20e33eac124758e837cbd80a6f633/library/core/src/ops/function.rs:227:5
[INFO] [stdout]   21:     0x5613b6806a63 - test::__rust_begin_short_backtrace::h0908f3b1fdbb72ab
[INFO] [stdout]                                at /rustc/a178d0322ce20e33eac124758e837cbd80a6f633/library/test/src/lib.rs:577:5
[INFO] [stdout]   22:     0x5613b6805520 - <alloc::boxed::Box<F,A> as core::ops::function::FnOnce<Args>>::call_once::hf6d2a51e5587546c
[INFO] [stdout]                                at /rustc/a178d0322ce20e33eac124758e837cbd80a6f633/library/alloc/src/boxed.rs:1575:9
[INFO] [stdout]   23:     0x5613b6805520 - <std::panic::AssertUnwindSafe<F> as core::ops::function::FnOnce<()>>::call_once::h8af660f3a89ef593
[INFO] [stdout]                                at /rustc/a178d0322ce20e33eac124758e837cbd80a6f633/library/std/src/panic.rs:347:9
[INFO] [stdout]   24:     0x5613b6805520 - std::panicking::try::do_call::hd36aef60f84b6d36
[INFO] [stdout]                                at /rustc/a178d0322ce20e33eac124758e837cbd80a6f633/library/std/src/panicking.rs:401:40
[INFO] [stdout]   25:     0x5613b6805520 - std::panicking::try::h9932b4480e69817c
[INFO] [stdout]                                at /rustc/a178d0322ce20e33eac124758e837cbd80a6f633/library/std/src/panicking.rs:365:19
[INFO] [stdout]   26:     0x5613b6805520 - std::panic::catch_unwind::h6aa177099cfff5f8
[INFO] [stdout]                                at /rustc/a178d0322ce20e33eac124758e837cbd80a6f633/library/std/src/panic.rs:434:14
[INFO] [stdout]   27:     0x5613b6805520 - test::run_test_in_process::h5884d6f2d99e20c3
[INFO] [stdout]                                at /rustc/a178d0322ce20e33eac124758e837cbd80a6f633/library/test/src/lib.rs:600:18
[INFO] [stdout]   28:     0x5613b6805520 - test::run_test::run_test_inner::{{closure}}::h6fdc58c6d5f5b6e3
[INFO] [stdout]                                at /rustc/a178d0322ce20e33eac124758e837cbd80a6f633/library/test/src/lib.rs:492:39
[INFO] [stdout]   29:     0x5613b67debd2 - test::run_test::run_test_inner::{{closure}}::h408365d67a78ade8
[INFO] [stdout]                                at /rustc/a178d0322ce20e33eac124758e837cbd80a6f633/library/test/src/lib.rs:519:37
[INFO] [stdout]   30:     0x5613b67debd2 - std::sys_common::backtrace::__rust_begin_short_backtrace::hb560b77c4f701523
[INFO] [stdout]                                at /rustc/a178d0322ce20e33eac124758e837cbd80a6f633/library/std/src/sys_common/backtrace.rs:125:18
[INFO] [stdout]   31:     0x5613b67e2788 - std::thread::Builder::spawn_unchecked::{{closure}}::{{closure}}::hf2e7831dad93c597
[INFO] [stdout]                                at /rustc/a178d0322ce20e33eac124758e837cbd80a6f633/library/std/src/thread/mod.rs:481:17
[INFO] [stdout]   32:     0x5613b67e2788 - <std::panic::AssertUnwindSafe<F> as core::ops::function::FnOnce<()>>::call_once::hd2e08783d8be4d02
[INFO] [stdout]                                at /rustc/a178d0322ce20e33eac124758e837cbd80a6f633/library/std/src/panic.rs:347:9
[INFO] [stdout]   33:     0x5613b67e2788 - std::panicking::try::do_call::h062597b7acfd6b82
[INFO] [stdout]                                at /rustc/a178d0322ce20e33eac124758e837cbd80a6f633/library/std/src/panicking.rs:401:40
[INFO] [stdout]   34:     0x5613b67e2788 - std::panicking::try::h0d7b79db04c14552
[INFO] [stdout]                                at /rustc/a178d0322ce20e33eac124758e837cbd80a6f633/library/std/src/panicking.rs:365:19
[INFO] [stdout]   35:     0x5613b67e2788 - std::panic::catch_unwind::hb01a0b5e7c8cd43b
[INFO] [stdout]                                at /rustc/a178d0322ce20e33eac124758e837cbd80a6f633/library/std/src/panic.rs:434:14
[INFO] [stdout]   36:     0x5613b67e2788 - std::thread::Builder::spawn_unchecked::{{closure}}::h5bde48cc887e0d1e
[INFO] [stdout]                                at /rustc/a178d0322ce20e33eac124758e837cbd80a6f633/library/std/src/thread/mod.rs:480:30
[INFO] [stdout]   37:     0x5613b67e2788 - core::ops::function::FnOnce::call_once{{vtable.shim}}::h745ea30807a29e55
[INFO] [stdout]                                at /rustc/a178d0322ce20e33eac124758e837cbd80a6f633/library/core/src/ops/function.rs:227:5
[INFO] [stdout]   38:     0x5613b69f1957 - <alloc::boxed::Box<F,A> as core::ops::function::FnOnce<Args>>::call_once::h7ece6cfefaff1005
[INFO] [stdout]                                at /rustc/a178d0322ce20e33eac124758e837cbd80a6f633/library/alloc/src/boxed.rs:1575:9
[INFO] [stdout]   39:     0x5613b69f1957 - <alloc::boxed::Box<F,A> as core::ops::function::FnOnce<Args>>::call_once::hb8b48e55c21f193e
[INFO] [stdout]                                at /rustc/a178d0322ce20e33eac124758e837cbd80a6f633/library/alloc/src/boxed.rs:1575:9
[INFO] [stdout]   40:     0x5613b69f1957 - std::sys::unix::thread::Thread::new::thread_start::h8c7c4450dba62914
[INFO] [stdout]                                at /rustc/a178d0322ce20e33eac124758e837cbd80a6f633/library/std/src/sys/unix/thread.rs:71:17
[INFO] [stdout]   41:     0x7f454208f609 - start_thread
[INFO] [stdout]   42:     0x7f4541e61293 - clone
[INFO] [stdout]   43:                0x0 - <unknown>
[INFO] [stdout] 
[INFO] [stdout] 
[INFO] [stdout] failures:
[INFO] [stdout]     a03_1::tests::test_input_problem1
[INFO] [stdout] 
[INFO] [stdout] test result: FAILED. 4 passed; 1 failed; 0 ignored; 0 measured; 0 filtered out; finished in 0.18s
[INFO] [stdout] 
[INFO] [stderr] error: test failed, to rerun pass '--bin adventofcode2020'
[INFO] running `Command { std: "docker" "inspect" "5ed74dd13881ec0c91e353d62618c97f559037e58e5810e39ad502ac003deadc", kill_on_drop: false }`
[INFO] running `Command { std: "docker" "rm" "-f" "5ed74dd13881ec0c91e353d62618c97f559037e58e5810e39ad502ac003deadc", kill_on_drop: false }`
[INFO] [stdout] 5ed74dd13881ec0c91e353d62618c97f559037e58e5810e39ad502ac003deadc
