[INFO] cloning repository https://github.com/octoml/opentelemetry-datadog
[INFO] running `Command { std: "git" "-c" "credential.helper=" "-c" "credential.helper=/workspace/cargo-home/bin/git-credential-null" "clone" "--bare" "https://github.com/octoml/opentelemetry-datadog" "/workspace/cache/git-repos/https%3A%2F%2Fgithub.com%2Foctoml%2Fopentelemetry-datadog", kill_on_drop: false }`
[INFO] [stderr] Cloning into bare repository '/workspace/cache/git-repos/https%3A%2F%2Fgithub.com%2Foctoml%2Fopentelemetry-datadog'...
[INFO] running `Command { std: "git" "rev-parse" "HEAD", kill_on_drop: false }`
[INFO] [stdout] 3ca741ddd227a00c619cbab75423eaa8cd28fa07
[INFO] testing octoml/opentelemetry-datadog against beta-2021-08-01 for beta-1.55-1
[INFO] running `Command { std: "git" "clone" "/workspace/cache/git-repos/https%3A%2F%2Fgithub.com%2Foctoml%2Fopentelemetry-datadog" "/workspace/builds/worker-2/source", kill_on_drop: false }`
[INFO] [stderr] Cloning into '/workspace/builds/worker-2/source'...
[INFO] [stderr] done.
[INFO] validating manifest of git repo https://github.com/octoml/opentelemetry-datadog on toolchain beta-2021-08-01
[INFO] running `Command { std: "/workspace/cargo-home/bin/cargo" "+beta-2021-08-01" "metadata" "--manifest-path" "Cargo.toml" "--no-deps", kill_on_drop: false }`
[INFO] started tweaking git repo https://github.com/octoml/opentelemetry-datadog
[INFO] finished tweaking git repo https://github.com/octoml/opentelemetry-datadog
[INFO] tweaked toml for git repo https://github.com/octoml/opentelemetry-datadog written to /workspace/builds/worker-2/source/Cargo.toml
[INFO] crate git repo https://github.com/octoml/opentelemetry-datadog already has a lockfile, it will not be regenerated
[INFO] running `Command { std: "/workspace/cargo-home/bin/cargo" "+beta-2021-08-01" "fetch" "--manifest-path" "Cargo.toml", kill_on_drop: false }`
[INFO] [stderr]  Downloading crates ...
[INFO] [stderr]   Downloaded protobuf v2.18.0
[INFO] [stderr]   Downloaded prometheus v0.7.0
[INFO] [stderr]   Downloaded opentelemetry v0.8.0
[INFO] running `Command { std: "docker" "create" "-v" "/var/lib/crater-agent-workspace/builds/worker-2/target:/opt/rustwide/target:rw,Z" "-v" "/var/lib/crater-agent-workspace/builds/worker-2/source:/opt/rustwide/workdir:ro,Z" "-v" "/var/lib/crater-agent-workspace/cargo-home:/opt/rustwide/cargo-home:ro,Z" "-v" "/var/lib/crater-agent-workspace/rustup-home:/opt/rustwide/rustup-home:ro,Z" "-e" "SOURCE_DIR=/opt/rustwide/workdir" "-e" "CARGO_TARGET_DIR=/opt/rustwide/target" "-e" "CARGO_HOME=/opt/rustwide/cargo-home" "-e" "RUSTUP_HOME=/opt/rustwide/rustup-home" "-w" "/opt/rustwide/workdir" "-m" "1610612736" "--user" "0:0" "--network" "none" "ghcr.io/rust-lang/crates-build-env/linux@sha256:34b6a614d2c27851fe6cbf88fbd1137609cefab8b10d0615aaeb6fd47975d74e" "/opt/rustwide/cargo-home/bin/cargo" "+beta-2021-08-01" "metadata" "--no-deps" "--format-version=1", kill_on_drop: false }`
[INFO] [stdout] 6cd75a39ad751e78184e7e86f928b2e3b692497a7bd49083144f2aaea2c9aaf8
[INFO] [stderr] WARNING: Your kernel does not support swap limit capabilities or the cgroup is not mounted. Memory limited without swap.
[INFO] running `Command { std: "docker" "start" "-a" "6cd75a39ad751e78184e7e86f928b2e3b692497a7bd49083144f2aaea2c9aaf8", kill_on_drop: false }`
[INFO] running `Command { std: "docker" "inspect" "6cd75a39ad751e78184e7e86f928b2e3b692497a7bd49083144f2aaea2c9aaf8", kill_on_drop: false }`
[INFO] running `Command { std: "docker" "rm" "-f" "6cd75a39ad751e78184e7e86f928b2e3b692497a7bd49083144f2aaea2c9aaf8", kill_on_drop: false }`
[INFO] [stdout] 6cd75a39ad751e78184e7e86f928b2e3b692497a7bd49083144f2aaea2c9aaf8
[INFO] running `Command { std: "docker" "create" "-v" "/var/lib/crater-agent-workspace/builds/worker-2/target:/opt/rustwide/target:rw,Z" "-v" "/var/lib/crater-agent-workspace/builds/worker-2/source:/opt/rustwide/workdir:ro,Z" "-v" "/var/lib/crater-agent-workspace/cargo-home:/opt/rustwide/cargo-home:ro,Z" "-v" "/var/lib/crater-agent-workspace/rustup-home:/opt/rustwide/rustup-home:ro,Z" "-e" "SOURCE_DIR=/opt/rustwide/workdir" "-e" "CARGO_TARGET_DIR=/opt/rustwide/target" "-e" "CARGO_INCREMENTAL=0" "-e" "RUST_BACKTRACE=full" "-e" "RUSTFLAGS=--cap-lints=warn" "-e" "CARGO_HOME=/opt/rustwide/cargo-home" "-e" "RUSTUP_HOME=/opt/rustwide/rustup-home" "-w" "/opt/rustwide/workdir" "-m" "1610612736" "--user" "0:0" "--network" "none" "ghcr.io/rust-lang/crates-build-env/linux@sha256:34b6a614d2c27851fe6cbf88fbd1137609cefab8b10d0615aaeb6fd47975d74e" "/opt/rustwide/cargo-home/bin/cargo" "+beta-2021-08-01" "build" "--frozen" "--message-format=json", kill_on_drop: false }`
[INFO] [stdout] 0093086eb15ee5f0addcaa8b2865ace76c182c347a527756ab300d8dd00a930d
[INFO] [stderr] WARNING: Your kernel does not support swap limit capabilities or the cgroup is not mounted. Memory limited without swap.
[INFO] running `Command { std: "docker" "start" "-a" "0093086eb15ee5f0addcaa8b2865ace76c182c347a527756ab300d8dd00a930d", kill_on_drop: false }`
[INFO] [stderr]    Compiling openssl v0.10.30
[INFO] [stderr]    Compiling protobuf v2.18.0
[INFO] [stderr]    Compiling serde v1.0.117
[INFO] [stderr]    Compiling prometheus v0.7.0
[INFO] [stderr]    Compiling openssl-sys v0.9.58
[INFO] [stderr]    Compiling futures-channel v0.3.6
[INFO] [stderr]    Compiling futures-task v0.3.6
[INFO] [stderr]    Compiling tokio v0.2.22
[INFO] [stderr]    Compiling rmp v0.8.9
[INFO] [stderr]    Compiling futures-util v0.3.6
[INFO] [stderr]    Compiling native-tls v0.2.4
[INFO] [stderr]    Compiling tokio-util v0.3.1
[INFO] [stderr]    Compiling h2 v0.2.6
[INFO] [stderr]    Compiling futures-executor v0.3.6
[INFO] [stderr]    Compiling serde_urlencoded v0.6.1
[INFO] [stderr]    Compiling futures v0.3.6
[INFO] [stderr]    Compiling opentelemetry v0.8.0
[INFO] [stderr]    Compiling tokio-tls v0.3.1
[INFO] [stderr]    Compiling hyper v0.13.8
[INFO] [stderr]    Compiling hyper-tls v0.4.3
[INFO] [stderr]    Compiling reqwest v0.10.8
[INFO] [stderr]    Compiling opentelemetry-datadog v0.1.0 (/opt/rustwide/workdir)
[INFO] [stderr]     Finished dev [unoptimized + debuginfo] target(s) in 1m 28s
[INFO] running `Command { std: "docker" "inspect" "0093086eb15ee5f0addcaa8b2865ace76c182c347a527756ab300d8dd00a930d", kill_on_drop: false }`
[INFO] running `Command { std: "docker" "rm" "-f" "0093086eb15ee5f0addcaa8b2865ace76c182c347a527756ab300d8dd00a930d", kill_on_drop: false }`
[INFO] [stdout] 0093086eb15ee5f0addcaa8b2865ace76c182c347a527756ab300d8dd00a930d
[INFO] running `Command { std: "docker" "create" "-v" "/var/lib/crater-agent-workspace/builds/worker-2/target:/opt/rustwide/target:rw,Z" "-v" "/var/lib/crater-agent-workspace/builds/worker-2/source:/opt/rustwide/workdir:ro,Z" "-v" "/var/lib/crater-agent-workspace/cargo-home:/opt/rustwide/cargo-home:ro,Z" "-v" "/var/lib/crater-agent-workspace/rustup-home:/opt/rustwide/rustup-home:ro,Z" "-e" "SOURCE_DIR=/opt/rustwide/workdir" "-e" "CARGO_TARGET_DIR=/opt/rustwide/target" "-e" "CARGO_INCREMENTAL=0" "-e" "RUST_BACKTRACE=full" "-e" "RUSTFLAGS=--cap-lints=warn" "-e" "CARGO_HOME=/opt/rustwide/cargo-home" "-e" "RUSTUP_HOME=/opt/rustwide/rustup-home" "-w" "/opt/rustwide/workdir" "-m" "1610612736" "--user" "0:0" "--network" "none" "ghcr.io/rust-lang/crates-build-env/linux@sha256:34b6a614d2c27851fe6cbf88fbd1137609cefab8b10d0615aaeb6fd47975d74e" "/opt/rustwide/cargo-home/bin/cargo" "+beta-2021-08-01" "test" "--frozen" "--no-run" "--message-format=json", kill_on_drop: false }`
[INFO] [stdout] 06f8ab150bf0db9d41869eac477370849e8dd194e1b97809349a451fbf838bd5
[INFO] [stderr] WARNING: Your kernel does not support swap limit capabilities or the cgroup is not mounted. Memory limited without swap.
[INFO] running `Command { std: "docker" "start" "-a" "06f8ab150bf0db9d41869eac477370849e8dd194e1b97809349a451fbf838bd5", kill_on_drop: false }`
[INFO] [stderr]    Compiling opentelemetry-datadog v0.1.0 (/opt/rustwide/workdir)
[INFO] [stderr]     Finished test [unoptimized + debuginfo] target(s) in 8.01s
[INFO] running `Command { std: "docker" "inspect" "06f8ab150bf0db9d41869eac477370849e8dd194e1b97809349a451fbf838bd5", kill_on_drop: false }`
[INFO] running `Command { std: "docker" "rm" "-f" "06f8ab150bf0db9d41869eac477370849e8dd194e1b97809349a451fbf838bd5", kill_on_drop: false }`
[INFO] [stdout] 06f8ab150bf0db9d41869eac477370849e8dd194e1b97809349a451fbf838bd5
[INFO] running `Command { std: "docker" "create" "-v" "/var/lib/crater-agent-workspace/builds/worker-2/target:/opt/rustwide/target:rw,Z" "-v" "/var/lib/crater-agent-workspace/builds/worker-2/source:/opt/rustwide/workdir:ro,Z" "-v" "/var/lib/crater-agent-workspace/cargo-home:/opt/rustwide/cargo-home:ro,Z" "-v" "/var/lib/crater-agent-workspace/rustup-home:/opt/rustwide/rustup-home:ro,Z" "-e" "SOURCE_DIR=/opt/rustwide/workdir" "-e" "CARGO_TARGET_DIR=/opt/rustwide/target" "-e" "CARGO_INCREMENTAL=0" "-e" "RUST_BACKTRACE=full" "-e" "RUSTFLAGS=--cap-lints=warn" "-e" "CARGO_HOME=/opt/rustwide/cargo-home" "-e" "RUSTUP_HOME=/opt/rustwide/rustup-home" "-w" "/opt/rustwide/workdir" "-m" "1610612736" "--user" "0:0" "--network" "none" "ghcr.io/rust-lang/crates-build-env/linux@sha256:34b6a614d2c27851fe6cbf88fbd1137609cefab8b10d0615aaeb6fd47975d74e" "/opt/rustwide/cargo-home/bin/cargo" "+beta-2021-08-01" "test" "--frozen", kill_on_drop: false }`
[INFO] [stderr] WARNING: Your kernel does not support swap limit capabilities or the cgroup is not mounted. Memory limited without swap.
[INFO] [stdout] 5b77cf3027d44d19c6a3edf7da31e0af3e9ad266cedbde0a9ae7da95d298d89d
[INFO] running `Command { std: "docker" "start" "-a" "5b77cf3027d44d19c6a3edf7da31e0af3e9ad266cedbde0a9ae7da95d298d89d", kill_on_drop: false }`
[INFO] [stderr]     Finished test [unoptimized + debuginfo] target(s) in 0.13s
[INFO] [stderr]      Running unittests (/opt/rustwide/target/debug/deps/opentelemetry_datadog-50aae34cb1050d0a)
[INFO] [stdout] 
[INFO] [stdout] running 3 tests
[INFO] [stdout] test datadog::intern::tests::test_intern ... ok
[INFO] [stdout] test datadog::model::tests::test_encode_v03 ... ok
[INFO] [stdout] test datadog::model::tests::test_encode_v05 ... ok
[INFO] [stdout] 
[INFO] [stdout] test result: ok. 3 passed; 0 failed; 0 ignored; 0 measured; 0 filtered out; finished in 0.01s
[INFO] [stdout] 
[INFO] [stderr]    Doc-tests opentelemetry-datadog
[INFO] [stdout] 
[INFO] [stdout] running 1 test
[INFO] [stdout] test src/datadog/mod.rs - datadog (line 57) - compile ... FAILED
[INFO] [stdout] 
[INFO] [stdout] failures:
[INFO] [stdout] 
[INFO] [stdout] ---- src/datadog/mod.rs - datadog (line 57) stdout ----
[INFO] [stdout] error[E0433]: failed to resolve: use of undeclared crate or module `octo_doggo`
[INFO] [stdout]  --> src/datadog/mod.rs:65:18
[INFO] [stdout]   |
[INFO] [stdout] 9 |     let tracer = octo_doggo::datadog::new_pipeline()
[INFO] [stdout]   |                  ^^^^^^^^^^ use of undeclared crate or module `octo_doggo`
[INFO] [stdout] 
[INFO] [stdout] error[E0433]: failed to resolve: use of undeclared crate or module `octo_doggo`
[INFO] [stdout]   --> src/datadog/mod.rs:67:23
[INFO] [stdout]    |
[INFO] [stdout] 11 |         .with_version(octo_doggo::datadog::ApiVersion::Version05)
[INFO] [stdout]    |                       ^^^^^^^^^^ use of undeclared crate or module `octo_doggo`
[INFO] [stdout] 
[INFO] [stdout] error: aborting due to 2 previous errors
[INFO] [stdout] 
[INFO] [stdout] For more information about this error, try `rustc --explain E0433`.
[INFO] [stdout] Couldn't compile the test.
[INFO] [stdout] 
[INFO] [stdout] failures:
[INFO] [stdout]     src/datadog/mod.rs - datadog (line 57)
[INFO] [stdout] 
[INFO] [stdout] test result: FAILED. 0 passed; 1 failed; 0 ignored; 0 measured; 0 filtered out; finished in 0.45s
[INFO] [stdout] 
[INFO] [stderr] error: test failed, to rerun pass '--doc'
[INFO] running `Command { std: "docker" "inspect" "5b77cf3027d44d19c6a3edf7da31e0af3e9ad266cedbde0a9ae7da95d298d89d", kill_on_drop: false }`
[INFO] running `Command { std: "docker" "rm" "-f" "5b77cf3027d44d19c6a3edf7da31e0af3e9ad266cedbde0a9ae7da95d298d89d", kill_on_drop: false }`
[INFO] [stdout] 5b77cf3027d44d19c6a3edf7da31e0af3e9ad266cedbde0a9ae7da95d298d89d
