[INFO] cloning repository https://github.com/oberblastmeister/nvim-meta
[INFO] running `Command { std: "git" "-c" "credential.helper=" "-c" "credential.helper=/workspace/cargo-home/bin/git-credential-null" "clone" "--bare" "https://github.com/oberblastmeister/nvim-meta" "/workspace/cache/git-repos/https%3A%2F%2Fgithub.com%2Foberblastmeister%2Fnvim-meta", kill_on_drop: false }`
[INFO] [stderr] Cloning into bare repository '/workspace/cache/git-repos/https%3A%2F%2Fgithub.com%2Foberblastmeister%2Fnvim-meta'...
[INFO] running `Command { std: "git" "rev-parse" "HEAD", kill_on_drop: false }`
[INFO] [stdout] 7b5760b6347d7caf0abdcbf3d26db27e2f52f843
[INFO] testing oberblastmeister/nvim-meta against 1.54.0 for beta-1.55-1
[INFO] running `Command { std: "git" "clone" "/workspace/cache/git-repos/https%3A%2F%2Fgithub.com%2Foberblastmeister%2Fnvim-meta" "/workspace/builds/worker-11/source", kill_on_drop: false }`
[INFO] [stderr] Cloning into '/workspace/builds/worker-11/source'...
[INFO] [stderr] done.
[INFO] validating manifest of git repo https://github.com/oberblastmeister/nvim-meta on toolchain 1.54.0
[INFO] running `Command { std: "/workspace/cargo-home/bin/cargo" "+1.54.0" "metadata" "--manifest-path" "Cargo.toml" "--no-deps", kill_on_drop: false }`
[INFO] started tweaking git repo https://github.com/oberblastmeister/nvim-meta
[INFO] finished tweaking git repo https://github.com/oberblastmeister/nvim-meta
[INFO] tweaked toml for git repo https://github.com/oberblastmeister/nvim-meta written to /workspace/builds/worker-11/source/Cargo.toml
[INFO] crate git repo https://github.com/oberblastmeister/nvim-meta already has a lockfile, it will not be regenerated
[INFO] running `Command { std: "/workspace/cargo-home/bin/cargo" "+1.54.0" "fetch" "--manifest-path" "Cargo.toml", kill_on_drop: false }`
[INFO] running `Command { std: "docker" "create" "-v" "/var/lib/crater-agent-workspace/builds/worker-11/target:/opt/rustwide/target:rw,Z" "-v" "/var/lib/crater-agent-workspace/builds/worker-11/source:/opt/rustwide/workdir:ro,Z" "-v" "/var/lib/crater-agent-workspace/cargo-home:/opt/rustwide/cargo-home:ro,Z" "-v" "/var/lib/crater-agent-workspace/rustup-home:/opt/rustwide/rustup-home:ro,Z" "-e" "SOURCE_DIR=/opt/rustwide/workdir" "-e" "CARGO_TARGET_DIR=/opt/rustwide/target" "-e" "CARGO_HOME=/opt/rustwide/cargo-home" "-e" "RUSTUP_HOME=/opt/rustwide/rustup-home" "-w" "/opt/rustwide/workdir" "-m" "1610612736" "--user" "0:0" "--network" "none" "ghcr.io/rust-lang/crates-build-env/linux@sha256:34b6a614d2c27851fe6cbf88fbd1137609cefab8b10d0615aaeb6fd47975d74e" "/opt/rustwide/cargo-home/bin/cargo" "+1.54.0" "metadata" "--no-deps" "--format-version=1", kill_on_drop: false }`
[INFO] [stdout] 7d7adf267faebe061743358879a262df0ce11c9e1aadd066bbc807330382e20c
[INFO] [stderr] WARNING: Your kernel does not support swap limit capabilities or the cgroup is not mounted. Memory limited without swap.
[INFO] running `Command { std: "docker" "start" "-a" "7d7adf267faebe061743358879a262df0ce11c9e1aadd066bbc807330382e20c", kill_on_drop: false }`
[INFO] running `Command { std: "docker" "inspect" "7d7adf267faebe061743358879a262df0ce11c9e1aadd066bbc807330382e20c", kill_on_drop: false }`
[INFO] running `Command { std: "docker" "rm" "-f" "7d7adf267faebe061743358879a262df0ce11c9e1aadd066bbc807330382e20c", kill_on_drop: false }`
[INFO] [stdout] 7d7adf267faebe061743358879a262df0ce11c9e1aadd066bbc807330382e20c
[INFO] running `Command { std: "docker" "create" "-v" "/var/lib/crater-agent-workspace/builds/worker-11/target:/opt/rustwide/target:rw,Z" "-v" "/var/lib/crater-agent-workspace/builds/worker-11/source:/opt/rustwide/workdir:ro,Z" "-v" "/var/lib/crater-agent-workspace/cargo-home:/opt/rustwide/cargo-home:ro,Z" "-v" "/var/lib/crater-agent-workspace/rustup-home:/opt/rustwide/rustup-home:ro,Z" "-e" "SOURCE_DIR=/opt/rustwide/workdir" "-e" "CARGO_TARGET_DIR=/opt/rustwide/target" "-e" "CARGO_INCREMENTAL=0" "-e" "RUST_BACKTRACE=full" "-e" "RUSTFLAGS=--cap-lints=warn" "-e" "CARGO_HOME=/opt/rustwide/cargo-home" "-e" "RUSTUP_HOME=/opt/rustwide/rustup-home" "-w" "/opt/rustwide/workdir" "-m" "1610612736" "--user" "0:0" "--network" "none" "ghcr.io/rust-lang/crates-build-env/linux@sha256:34b6a614d2c27851fe6cbf88fbd1137609cefab8b10d0615aaeb6fd47975d74e" "/opt/rustwide/cargo-home/bin/cargo" "+1.54.0" "build" "--frozen" "--message-format=json", kill_on_drop: false }`
[INFO] [stdout] 42662ef1e89d1ae87968db27d09bd95d3c2c89f5c16e307b1bf23249699550c6
[INFO] [stderr] WARNING: Your kernel does not support swap limit capabilities or the cgroup is not mounted. Memory limited without swap.
[INFO] running `Command { std: "docker" "start" "-a" "42662ef1e89d1ae87968db27d09bd95d3c2c89f5c16e307b1bf23249699550c6", kill_on_drop: false }`
[INFO] [stderr]    Compiling libc v0.2.85
[INFO] [stderr]    Compiling futures v0.1.30
[INFO] [stderr]    Compiling futures-core v0.3.12
[INFO] [stderr]    Compiling futures-io v0.3.12
[INFO] [stderr]    Compiling futures-task v0.3.12
[INFO] [stderr]    Compiling syn v1.0.60
[INFO] [stderr]    Compiling rmp v0.8.10
[INFO] [stderr]    Compiling futures-channel v0.3.12
[INFO] [stderr]    Compiling rmpv v0.4.7
[INFO] [stderr]    Compiling iovec v0.1.4
[INFO] [stderr]    Compiling bytes v0.4.12
[INFO] [stderr]    Compiling tokio-io v0.1.13
[INFO] [stderr]    Compiling futures-macro v0.3.12
[INFO] [stderr]    Compiling async-trait v0.1.42
[INFO] [stderr]    Compiling futures-util v0.3.12
[INFO] [stderr]    Compiling futures-executor v0.3.12
[INFO] [stderr]    Compiling futures v0.3.12
[INFO] [stderr]    Compiling nvim-rs v0.2.0
[INFO] [stderr]    Compiling nvim-meta v0.1.0 (/opt/rustwide/workdir)
[INFO] [stderr]     Finished dev [unoptimized + debuginfo] target(s) in 35.18s
[INFO] running `Command { std: "docker" "inspect" "42662ef1e89d1ae87968db27d09bd95d3c2c89f5c16e307b1bf23249699550c6", kill_on_drop: false }`
[INFO] running `Command { std: "docker" "rm" "-f" "42662ef1e89d1ae87968db27d09bd95d3c2c89f5c16e307b1bf23249699550c6", kill_on_drop: false }`
[INFO] [stdout] 42662ef1e89d1ae87968db27d09bd95d3c2c89f5c16e307b1bf23249699550c6
[INFO] running `Command { std: "docker" "create" "-v" "/var/lib/crater-agent-workspace/builds/worker-11/target:/opt/rustwide/target:rw,Z" "-v" "/var/lib/crater-agent-workspace/builds/worker-11/source:/opt/rustwide/workdir:ro,Z" "-v" "/var/lib/crater-agent-workspace/cargo-home:/opt/rustwide/cargo-home:ro,Z" "-v" "/var/lib/crater-agent-workspace/rustup-home:/opt/rustwide/rustup-home:ro,Z" "-e" "SOURCE_DIR=/opt/rustwide/workdir" "-e" "CARGO_TARGET_DIR=/opt/rustwide/target" "-e" "CARGO_INCREMENTAL=0" "-e" "RUST_BACKTRACE=full" "-e" "RUSTFLAGS=--cap-lints=warn" "-e" "CARGO_HOME=/opt/rustwide/cargo-home" "-e" "RUSTUP_HOME=/opt/rustwide/rustup-home" "-w" "/opt/rustwide/workdir" "-m" "1610612736" "--user" "0:0" "--network" "none" "ghcr.io/rust-lang/crates-build-env/linux@sha256:34b6a614d2c27851fe6cbf88fbd1137609cefab8b10d0615aaeb6fd47975d74e" "/opt/rustwide/cargo-home/bin/cargo" "+1.54.0" "test" "--frozen" "--no-run" "--message-format=json", kill_on_drop: false }`
[INFO] [stdout] 8d166f8dfd88ac55a30f05e8e16ee430dd45094efcb8bfacfd8ecc495f375bbd
[INFO] [stderr] WARNING: Your kernel does not support swap limit capabilities or the cgroup is not mounted. Memory limited without swap.
[INFO] running `Command { std: "docker" "start" "-a" "8d166f8dfd88ac55a30f05e8e16ee430dd45094efcb8bfacfd8ecc495f375bbd", kill_on_drop: false }`
[INFO] [stderr]    Compiling nvim-meta v0.1.0 (/opt/rustwide/workdir)
[INFO] [stderr]     Finished test [unoptimized + debuginfo] target(s) in 1.00s
[INFO] running `Command { std: "docker" "inspect" "8d166f8dfd88ac55a30f05e8e16ee430dd45094efcb8bfacfd8ecc495f375bbd", kill_on_drop: false }`
[INFO] running `Command { std: "docker" "rm" "-f" "8d166f8dfd88ac55a30f05e8e16ee430dd45094efcb8bfacfd8ecc495f375bbd", kill_on_drop: false }`
[INFO] [stdout] 8d166f8dfd88ac55a30f05e8e16ee430dd45094efcb8bfacfd8ecc495f375bbd
[INFO] running `Command { std: "docker" "create" "-v" "/var/lib/crater-agent-workspace/builds/worker-11/target:/opt/rustwide/target:rw,Z" "-v" "/var/lib/crater-agent-workspace/builds/worker-11/source:/opt/rustwide/workdir:ro,Z" "-v" "/var/lib/crater-agent-workspace/cargo-home:/opt/rustwide/cargo-home:ro,Z" "-v" "/var/lib/crater-agent-workspace/rustup-home:/opt/rustwide/rustup-home:ro,Z" "-e" "SOURCE_DIR=/opt/rustwide/workdir" "-e" "CARGO_TARGET_DIR=/opt/rustwide/target" "-e" "CARGO_INCREMENTAL=0" "-e" "RUST_BACKTRACE=full" "-e" "RUSTFLAGS=--cap-lints=warn" "-e" "CARGO_HOME=/opt/rustwide/cargo-home" "-e" "RUSTUP_HOME=/opt/rustwide/rustup-home" "-w" "/opt/rustwide/workdir" "-m" "1610612736" "--user" "0:0" "--network" "none" "ghcr.io/rust-lang/crates-build-env/linux@sha256:34b6a614d2c27851fe6cbf88fbd1137609cefab8b10d0615aaeb6fd47975d74e" "/opt/rustwide/cargo-home/bin/cargo" "+1.54.0" "test" "--frozen", kill_on_drop: false }`
[INFO] [stderr] WARNING: Your kernel does not support swap limit capabilities or the cgroup is not mounted. Memory limited without swap.
[INFO] [stdout] 774e68c5b837656522f7a6fa789af242158aae9415a4224d54188723ae0acc6e
[INFO] running `Command { std: "docker" "start" "-a" "774e68c5b837656522f7a6fa789af242158aae9415a4224d54188723ae0acc6e", kill_on_drop: false }`
[INFO] [stderr]     Finished test [unoptimized + debuginfo] target(s) in 0.04s
[INFO] [stderr]      Running unittests (/opt/rustwide/target/debug/deps/nvim_meta-accce7d49026fb23)
[INFO] [stdout] 
[INFO] [stdout] running 0 tests
[INFO] [stdout] 
[INFO] [stdout] test result: ok. 0 passed; 0 failed; 0 ignored; 0 measured; 0 filtered out; finished in 0.00s
[INFO] [stdout] 
[INFO] [stderr]    Doc-tests nvim-meta
[INFO] [stdout] 
[INFO] [stdout] running 4 tests
[INFO] [stdout] test crates/regular/value.rs - value (line 10) ... FAILED
[INFO] [stdout] test crates/regular/value.rs - value (line 24) ... FAILED
[INFO] [stdout] test crates/regular/value.rs - value (line 16) ... FAILED
[INFO] [stderr] error: test failed, to rerun pass '--doc'
[INFO] [stdout] test crates/regular/value.rs - value (line 4) ... FAILED
[INFO] [stdout] 
[INFO] [stdout] failures:
[INFO] [stdout] 
[INFO] [stdout] ---- crates/regular/value.rs - value (line 10) stdout ----
[INFO] [stdout] error: expected one of `.`, `;`, `?`, `}`, or an operator, found `value`
[INFO] [stdout]  --> crates/regular/value.rs:12:1
[INFO] [stdout]   |
[INFO] [stdout] 3 | value!(true)
[INFO] [stdout]   |             - expected one of `.`, `;`, `?`, `}`, or an operator
[INFO] [stdout] 4 | value!(3)
[INFO] [stdout]   | ^^^^^ unexpected token
[INFO] [stdout] 
[INFO] [stdout] error: aborting due to previous error
[INFO] [stdout] 
[INFO] [stdout] Couldn't compile the test.
[INFO] [stdout] ---- crates/regular/value.rs - value (line 24) stdout ----
[INFO] [stdout] error: expected one of `.`, `;`, `?`, `}`, or an operator, found `value`
[INFO] [stdout]  --> crates/regular/value.rs:26:1
[INFO] [stdout]   |
[INFO] [stdout] 3 | value!([=>]) // empty map
[INFO] [stdout]   |             - expected one of `.`, `;`, `?`, `}`, or an operator
[INFO] [stdout] 4 | value!(["Cat" => false, "Dog" => true, "Fish" => false]);
[INFO] [stdout]   | ^^^^^ unexpected token
[INFO] [stdout] 
[INFO] [stdout] error: aborting due to previous error
[INFO] [stdout] 
[INFO] [stdout] Couldn't compile the test.
[INFO] [stdout] ---- crates/regular/value.rs - value (line 16) stdout ----
[INFO] [stdout] error: expected one of `.`, `;`, `?`, `}`, or an operator, found `value`
[INFO] [stdout]  --> crates/regular/value.rs:18:1
[INFO] [stdout]   |
[INFO] [stdout] 3 | value!([]) // empty array
[INFO] [stdout]   |           - expected one of `.`, `;`, `?`, `}`, or an operator
[INFO] [stdout] 4 | value!([3, 4, 2, 234, 213]);
[INFO] [stdout]   | ^^^^^ unexpected token
[INFO] [stdout] 
[INFO] [stdout] error: aborting due to previous error
[INFO] [stdout] 
[INFO] [stdout] Couldn't compile the test.
[INFO] [stdout] ---- crates/regular/value.rs - value (line 4) stdout ----
[INFO] [stdout] error: cannot find macro `value` in this scope
[INFO] [stdout]  --> crates/regular/value.rs:5:1
[INFO] [stdout]   |
[INFO] [stdout] 3 | value!()
[INFO] [stdout]   | ^^^^^
[INFO] [stdout]   |
[INFO] [stdout]   = note: consider importing this macro:
[INFO] [stdout]           nvim_meta::value
[INFO] [stdout] 
[INFO] [stdout] error: aborting due to previous error
[INFO] [stdout] 
[INFO] [stdout] Couldn't compile the test.
[INFO] [stdout] 
[INFO] [stdout] failures:
[INFO] [stdout]     crates/regular/value.rs - value (line 10)
[INFO] [stdout]     crates/regular/value.rs - value (line 16)
[INFO] [stdout]     crates/regular/value.rs - value (line 24)
[INFO] [stdout]     crates/regular/value.rs - value (line 4)
[INFO] [stdout] 
[INFO] [stdout] test result: FAILED. 0 passed; 4 failed; 0 ignored; 0 measured; 0 filtered out; finished in 0.52s
[INFO] [stdout] 
[INFO] running `Command { std: "docker" "inspect" "774e68c5b837656522f7a6fa789af242158aae9415a4224d54188723ae0acc6e", kill_on_drop: false }`
[INFO] running `Command { std: "docker" "rm" "-f" "774e68c5b837656522f7a6fa789af242158aae9415a4224d54188723ae0acc6e", kill_on_drop: false }`
[INFO] [stdout] 774e68c5b837656522f7a6fa789af242158aae9415a4224d54188723ae0acc6e
