[INFO] cloning repository https://github.com/o0Ignition0o/cargo-scout
[INFO] running `Command { std: "git" "-c" "credential.helper=" "-c" "credential.helper=/workspace/cargo-home/bin/git-credential-null" "clone" "--bare" "https://github.com/o0Ignition0o/cargo-scout" "/workspace/cache/git-repos/https%3A%2F%2Fgithub.com%2Fo0Ignition0o%2Fcargo-scout", kill_on_drop: false }`
[INFO] [stderr] Cloning into bare repository '/workspace/cache/git-repos/https%3A%2F%2Fgithub.com%2Fo0Ignition0o%2Fcargo-scout'...
[INFO] running `Command { std: "git" "rev-parse" "HEAD", kill_on_drop: false }`
[INFO] [stdout] 9dfd8b0a86c1a865677d9777f75c102fd670b3ea
[INFO] testing o0Ignition0o/cargo-scout against 1.54.0 for beta-1.55-1
[INFO] running `Command { std: "git" "clone" "/workspace/cache/git-repos/https%3A%2F%2Fgithub.com%2Fo0Ignition0o%2Fcargo-scout" "/workspace/builds/worker-11/source", kill_on_drop: false }`
[INFO] [stderr] Cloning into '/workspace/builds/worker-11/source'...
[INFO] [stderr] done.
[INFO] validating manifest of git repo https://github.com/o0Ignition0o/cargo-scout on toolchain 1.54.0
[INFO] running `Command { std: "/workspace/cargo-home/bin/cargo" "+1.54.0" "metadata" "--manifest-path" "Cargo.toml" "--no-deps", kill_on_drop: false }`
[INFO] started tweaking git repo https://github.com/o0Ignition0o/cargo-scout
[INFO] finished tweaking git repo https://github.com/o0Ignition0o/cargo-scout
[INFO] tweaked toml for git repo https://github.com/o0Ignition0o/cargo-scout written to /workspace/builds/worker-11/source/Cargo.toml
[INFO] crate git repo https://github.com/o0Ignition0o/cargo-scout already has a lockfile, it will not be regenerated
[INFO] running `Command { std: "/workspace/cargo-home/bin/cargo" "+1.54.0" "fetch" "--manifest-path" "Cargo.toml", kill_on_drop: false }`
[INFO] [stderr]     Blocking waiting for file lock on package cache
[INFO] running `Command { std: "docker" "create" "-v" "/var/lib/crater-agent-workspace/builds/worker-11/target:/opt/rustwide/target:rw,Z" "-v" "/var/lib/crater-agent-workspace/builds/worker-11/source:/opt/rustwide/workdir:ro,Z" "-v" "/var/lib/crater-agent-workspace/cargo-home:/opt/rustwide/cargo-home:ro,Z" "-v" "/var/lib/crater-agent-workspace/rustup-home:/opt/rustwide/rustup-home:ro,Z" "-e" "SOURCE_DIR=/opt/rustwide/workdir" "-e" "CARGO_TARGET_DIR=/opt/rustwide/target" "-e" "CARGO_HOME=/opt/rustwide/cargo-home" "-e" "RUSTUP_HOME=/opt/rustwide/rustup-home" "-w" "/opt/rustwide/workdir" "-m" "1610612736" "--user" "0:0" "--network" "none" "ghcr.io/rust-lang/crates-build-env/linux@sha256:34b6a614d2c27851fe6cbf88fbd1137609cefab8b10d0615aaeb6fd47975d74e" "/opt/rustwide/cargo-home/bin/cargo" "+1.54.0" "metadata" "--no-deps" "--format-version=1", kill_on_drop: false }`
[INFO] [stdout] 2c705a5074b1eeec9300e12ef3b0ed9cd85146e51f0b20bdf230c65415d6eef2
[INFO] [stderr] WARNING: Your kernel does not support swap limit capabilities or the cgroup is not mounted. Memory limited without swap.
[INFO] running `Command { std: "docker" "start" "-a" "2c705a5074b1eeec9300e12ef3b0ed9cd85146e51f0b20bdf230c65415d6eef2", kill_on_drop: false }`
[INFO] running `Command { std: "docker" "inspect" "2c705a5074b1eeec9300e12ef3b0ed9cd85146e51f0b20bdf230c65415d6eef2", kill_on_drop: false }`
[INFO] running `Command { std: "docker" "rm" "-f" "2c705a5074b1eeec9300e12ef3b0ed9cd85146e51f0b20bdf230c65415d6eef2", kill_on_drop: false }`
[INFO] [stdout] 2c705a5074b1eeec9300e12ef3b0ed9cd85146e51f0b20bdf230c65415d6eef2
[INFO] running `Command { std: "docker" "create" "-v" "/var/lib/crater-agent-workspace/builds/worker-11/target:/opt/rustwide/target:rw,Z" "-v" "/var/lib/crater-agent-workspace/builds/worker-11/source:/opt/rustwide/workdir:ro,Z" "-v" "/var/lib/crater-agent-workspace/cargo-home:/opt/rustwide/cargo-home:ro,Z" "-v" "/var/lib/crater-agent-workspace/rustup-home:/opt/rustwide/rustup-home:ro,Z" "-e" "SOURCE_DIR=/opt/rustwide/workdir" "-e" "CARGO_TARGET_DIR=/opt/rustwide/target" "-e" "CARGO_INCREMENTAL=0" "-e" "RUST_BACKTRACE=full" "-e" "RUSTFLAGS=--cap-lints=warn" "-e" "CARGO_HOME=/opt/rustwide/cargo-home" "-e" "RUSTUP_HOME=/opt/rustwide/rustup-home" "-w" "/opt/rustwide/workdir" "-m" "1610612736" "--user" "0:0" "--network" "none" "ghcr.io/rust-lang/crates-build-env/linux@sha256:34b6a614d2c27851fe6cbf88fbd1137609cefab8b10d0615aaeb6fd47975d74e" "/opt/rustwide/cargo-home/bin/cargo" "+1.54.0" "build" "--frozen" "--message-format=json", kill_on_drop: false }`
[INFO] [stdout] 521f1c5558c40211cc4de1f438ec8818cc07d3b196ac30cfaaa0044c49e94ba2
[INFO] [stderr] WARNING: Your kernel does not support swap limit capabilities or the cgroup is not mounted. Memory limited without swap.
[INFO] running `Command { std: "docker" "start" "-a" "521f1c5558c40211cc4de1f438ec8818cc07d3b196ac30cfaaa0044c49e94ba2", kill_on_drop: false }`
[INFO] [stderr]    Compiling proc-macro2 v1.0.7
[INFO] [stderr]    Compiling syn v1.0.13
[INFO] [stderr]    Compiling smallvec v1.1.0
[INFO] [stderr]    Compiling ryu v1.0.2
[INFO] [stderr]    Compiling cargo-scout-macros v0.1.0 (/opt/rustwide/workdir/cargo-scout-macros)
[INFO] [stderr]    Compiling jobserver v0.1.18
[INFO] [stderr]    Compiling atty v0.2.14
[INFO] [stderr]    Compiling clap v2.33.0
[INFO] [stderr]    Compiling colored v2.0.0
[INFO] [stderr]    Compiling cc v1.0.50
[INFO] [stderr]    Compiling unicode-normalization v0.1.11
[INFO] [stderr]    Compiling quote v1.0.2
[INFO] [stderr]    Compiling libz-sys v1.0.25
[INFO] [stderr]    Compiling libgit2-sys v0.10.0
[INFO] [stderr]    Compiling idna v0.2.0
[INFO] [stderr]    Compiling url v2.1.1
[INFO] [stderr]    Compiling git2 v0.11.0
[INFO] [stderr]    Compiling syn-mid v0.4.0
[INFO] [stderr]    Compiling rustversion v1.0.1
[INFO] [stderr]    Compiling serde_derive v1.0.104
[INFO] [stderr]    Compiling thiserror-impl v1.0.9
[INFO] [stderr]    Compiling proc-macro-error v0.4.4
[INFO] [stderr]    Compiling proc-macro-error-attr v0.4.3
[INFO] [stderr]    Compiling thiserror v1.0.9
[INFO] [stderr]    Compiling structopt-derive v0.4.0
[INFO] [stderr]    Compiling serde v1.0.104
[INFO] [stderr]    Compiling structopt v0.3.7
[INFO] [stderr]    Compiling toml v0.5.5
[INFO] [stderr]    Compiling serde_json v1.0.44
[INFO] [stderr]    Compiling cargo_toml v0.8.0
[INFO] [stderr]    Compiling cargo-scout-lib v0.6.0 (/opt/rustwide/workdir/cargo-scout-lib)
[INFO] [stderr]    Compiling cargo-scout v0.6.0 (/opt/rustwide/workdir/cargo-scout)
[INFO] [stderr]     Finished dev [unoptimized + debuginfo] target(s) in 1m 28s
[INFO] running `Command { std: "docker" "inspect" "521f1c5558c40211cc4de1f438ec8818cc07d3b196ac30cfaaa0044c49e94ba2", kill_on_drop: false }`
[INFO] running `Command { std: "docker" "rm" "-f" "521f1c5558c40211cc4de1f438ec8818cc07d3b196ac30cfaaa0044c49e94ba2", kill_on_drop: false }`
[INFO] [stdout] 521f1c5558c40211cc4de1f438ec8818cc07d3b196ac30cfaaa0044c49e94ba2
[INFO] running `Command { std: "docker" "create" "-v" "/var/lib/crater-agent-workspace/builds/worker-11/target:/opt/rustwide/target:rw,Z" "-v" "/var/lib/crater-agent-workspace/builds/worker-11/source:/opt/rustwide/workdir:ro,Z" "-v" "/var/lib/crater-agent-workspace/cargo-home:/opt/rustwide/cargo-home:ro,Z" "-v" "/var/lib/crater-agent-workspace/rustup-home:/opt/rustwide/rustup-home:ro,Z" "-e" "SOURCE_DIR=/opt/rustwide/workdir" "-e" "CARGO_TARGET_DIR=/opt/rustwide/target" "-e" "CARGO_INCREMENTAL=0" "-e" "RUST_BACKTRACE=full" "-e" "RUSTFLAGS=--cap-lints=warn" "-e" "CARGO_HOME=/opt/rustwide/cargo-home" "-e" "RUSTUP_HOME=/opt/rustwide/rustup-home" "-w" "/opt/rustwide/workdir" "-m" "1610612736" "--user" "0:0" "--network" "none" "ghcr.io/rust-lang/crates-build-env/linux@sha256:34b6a614d2c27851fe6cbf88fbd1137609cefab8b10d0615aaeb6fd47975d74e" "/opt/rustwide/cargo-home/bin/cargo" "+1.54.0" "test" "--frozen" "--no-run" "--message-format=json", kill_on_drop: false }`
[INFO] [stdout] 3fe65360cf214e267ac18e283773d8f4cf3fe762112cef55cd94249bab6de518
[INFO] [stderr] WARNING: Your kernel does not support swap limit capabilities or the cgroup is not mounted. Memory limited without swap.
[INFO] running `Command { std: "docker" "start" "-a" "3fe65360cf214e267ac18e283773d8f4cf3fe762112cef55cd94249bab6de518", kill_on_drop: false }`
[INFO] [stderr]    Compiling cargo-scout-macros v0.1.0 (/opt/rustwide/workdir/cargo-scout-macros)
[INFO] [stderr]    Compiling getrandom v0.1.14
[INFO] [stderr]    Compiling cargo-scout v0.6.0 (/opt/rustwide/workdir/cargo-scout)
[INFO] [stderr]    Compiling rand_core v0.5.1
[INFO] [stderr]    Compiling rand_chacha v0.2.1
[INFO] [stderr]    Compiling rand v0.7.3
[INFO] [stderr]    Compiling tempfile v3.1.0
[INFO] [stderr]    Compiling cargo-scout-lib v0.6.0 (/opt/rustwide/workdir/cargo-scout-lib)
[INFO] [stdout] warning: panic message is not a string literal
[INFO] [stdout]    --> cargo-scout-lib/src/scout/mod.rs:363:17
[INFO] [stdout]     |
[INFO] [stdout] 363 | /                 print!(
[INFO] [stdout] 364 | |                     "Expected files match for {} and {}",
[INFO] [stdout] 365 | |                     lint_section.0, git_section.0
[INFO] [stdout] 366 | |                 )
[INFO] [stdout]     | |_________________^
[INFO] [stdout]     |
[INFO] [stdout]     = note: `#[warn(non_fmt_panic)]` on by default
[INFO] [stdout]     = note: this is no longer accepted in Rust 2021
[INFO] [stdout] help: add a "{}" format string to Display the message
[INFO] [stdout]     |
[INFO] [stdout] 363 |                 "{}", print!(
[INFO] [stdout]     |                 ^^^^^
[INFO] [stdout] 
[INFO] [stdout] 
[INFO] [stdout] warning: panic message is not a string literal
[INFO] [stdout]    --> cargo-scout-lib/src/scout/mod.rs:390:17
[INFO] [stdout]     |
[INFO] [stdout] 390 | /                 print!(
[INFO] [stdout] 391 | |                     "Expected files not to match for {} and {}",
[INFO] [stdout] 392 | |                     lint_section.0, git_section.0
[INFO] [stdout] 393 | |                 )
[INFO] [stdout]     | |_________________^
[INFO] [stdout]     |
[INFO] [stdout]     = note: this is no longer accepted in Rust 2021
[INFO] [stdout] help: add a "{}" format string to Display the message
[INFO] [stdout]     |
[INFO] [stdout] 390 |                 "{}", print!(
[INFO] [stdout]     |                 ^^^^^
[INFO] [stdout] 
[INFO] [stdout] 
[INFO] [stdout] warning: panic message is not a string literal
[INFO] [stdout]    --> cargo-scout-lib/src/scout/mod.rs:404:17
[INFO] [stdout]     |
[INFO] [stdout] 404 | /                 print!(
[INFO] [stdout] 405 | |                     "Expected in range, found not in range for \n {:#?} and {:#?}",
[INFO] [stdout] 406 | |                     lint, section
[INFO] [stdout] 407 | |                 )
[INFO] [stdout]     | |_________________^
[INFO] [stdout]     |
[INFO] [stdout]     = note: this is no longer accepted in Rust 2021
[INFO] [stdout] help: add a "{}" format string to Display the message
[INFO] [stdout]     |
[INFO] [stdout] 404 |                 "{}", print!(
[INFO] [stdout]     |                 ^^^^^
[INFO] [stdout] 
[INFO] [stdout] 
[INFO] [stdout] warning: panic message is not a string literal
[INFO] [stdout]    --> cargo-scout-lib/src/scout/mod.rs:418:17
[INFO] [stdout]     |
[INFO] [stdout] 418 | /                 print!(
[INFO] [stdout] 419 | |                     "Expected not in range, found in range for \n {:#?} and {:#?}",
[INFO] [stdout] 420 | |                     lint, section
[INFO] [stdout] 421 | |                 )
[INFO] [stdout]     | |_________________^
[INFO] [stdout]     |
[INFO] [stdout]     = note: this is no longer accepted in Rust 2021
[INFO] [stdout] help: add a "{}" format string to Display the message
[INFO] [stdout]     |
[INFO] [stdout] 418 |                 "{}", print!(
[INFO] [stdout]     |                 ^^^^^
[INFO] [stdout] 
[INFO] [stdout] 
[INFO] [stdout] warning: 4 warnings emitted
[INFO] [stdout] 
[INFO] [stdout] 
[INFO] [stderr]     Finished test [unoptimized + debuginfo] target(s) in 11.72s
[INFO] running `Command { std: "docker" "inspect" "3fe65360cf214e267ac18e283773d8f4cf3fe762112cef55cd94249bab6de518", kill_on_drop: false }`
[INFO] running `Command { std: "docker" "rm" "-f" "3fe65360cf214e267ac18e283773d8f4cf3fe762112cef55cd94249bab6de518", kill_on_drop: false }`
[INFO] [stdout] 3fe65360cf214e267ac18e283773d8f4cf3fe762112cef55cd94249bab6de518
[INFO] running `Command { std: "docker" "create" "-v" "/var/lib/crater-agent-workspace/builds/worker-11/target:/opt/rustwide/target:rw,Z" "-v" "/var/lib/crater-agent-workspace/builds/worker-11/source:/opt/rustwide/workdir:ro,Z" "-v" "/var/lib/crater-agent-workspace/cargo-home:/opt/rustwide/cargo-home:ro,Z" "-v" "/var/lib/crater-agent-workspace/rustup-home:/opt/rustwide/rustup-home:ro,Z" "-e" "SOURCE_DIR=/opt/rustwide/workdir" "-e" "CARGO_TARGET_DIR=/opt/rustwide/target" "-e" "CARGO_INCREMENTAL=0" "-e" "RUST_BACKTRACE=full" "-e" "RUSTFLAGS=--cap-lints=warn" "-e" "CARGO_HOME=/opt/rustwide/cargo-home" "-e" "RUSTUP_HOME=/opt/rustwide/rustup-home" "-w" "/opt/rustwide/workdir" "-m" "1610612736" "--user" "0:0" "--network" "none" "ghcr.io/rust-lang/crates-build-env/linux@sha256:34b6a614d2c27851fe6cbf88fbd1137609cefab8b10d0615aaeb6fd47975d74e" "/opt/rustwide/cargo-home/bin/cargo" "+1.54.0" "test" "--frozen", kill_on_drop: false }`
[INFO] [stdout] df999d37fa90f65b4b46f4aca5302ddae3c0f831fecf576bf551f77b39766a22
[INFO] [stderr] WARNING: Your kernel does not support swap limit capabilities or the cgroup is not mounted. Memory limited without swap.
[INFO] running `Command { std: "docker" "start" "-a" "df999d37fa90f65b4b46f4aca5302ddae3c0f831fecf576bf551f77b39766a22", kill_on_drop: false }`
[INFO] [stderr] warning: panic message is not a string literal
[INFO] [stderr]    --> cargo-scout-lib/src/scout/mod.rs:363:17
[INFO] [stderr]     |
[INFO] [stderr] 363 | /                 print!(
[INFO] [stderr] 364 | |                     "Expected files match for {} and {}",
[INFO] [stderr] 365 | |                     lint_section.0, git_section.0
[INFO] [stderr] 366 | |                 )
[INFO] [stderr]     | |_________________^
[INFO] [stderr]     |
[INFO] [stderr]     = note: `#[warn(non_fmt_panic)]` on by default
[INFO] [stderr]     = note: this is no longer accepted in Rust 2021
[INFO] [stderr] help: add a "{}" format string to Display the message
[INFO] [stderr]     |
[INFO] [stderr] 363 |                 "{}", print!(
[INFO] [stderr]     |                 ^^^^^
[INFO] [stderr] 
[INFO] [stderr] warning: panic message is not a string literal
[INFO] [stderr]    --> cargo-scout-lib/src/scout/mod.rs:390:17
[INFO] [stderr]     |
[INFO] [stderr] 390 | /                 print!(
[INFO] [stderr] 391 | |                     "Expected files not to match for {} and {}",
[INFO] [stderr] 392 | |                     lint_section.0, git_section.0
[INFO] [stderr] 393 | |                 )
[INFO] [stderr]     | |_________________^
[INFO] [stderr]     |
[INFO] [stderr]     = note: this is no longer accepted in Rust 2021
[INFO] [stderr] help: add a "{}" format string to Display the message
[INFO] [stderr]     |
[INFO] [stderr] 390 |                 "{}", print!(
[INFO] [stderr]     |                 ^^^^^
[INFO] [stderr] 
[INFO] [stderr] warning: panic message is not a string literal
[INFO] [stderr]    --> cargo-scout-lib/src/scout/mod.rs:404:17
[INFO] [stderr]     |
[INFO] [stderr] 404 | /                 print!(
[INFO] [stderr] 405 | |                     "Expected in range, found not in range for \n {:#?} and {:#?}",
[INFO] [stderr] 406 | |                     lint, section
[INFO] [stderr] 407 | |                 )
[INFO] [stderr]     | |_________________^
[INFO] [stderr]     |
[INFO] [stderr]     = note: this is no longer accepted in Rust 2021
[INFO] [stderr] help: add a "{}" format string to Display the message
[INFO] [stderr]     |
[INFO] [stderr] 404 |                 "{}", print!(
[INFO] [stderr]     |                 ^^^^^
[INFO] [stderr] 
[INFO] [stderr] warning: panic message is not a string literal
[INFO] [stderr]    --> cargo-scout-lib/src/scout/mod.rs:418:17
[INFO] [stderr]     |
[INFO] [stderr] 418 | /                 print!(
[INFO] [stderr] 419 | |                     "Expected not in range, found in range for \n {:#?} and {:#?}",
[INFO] [stderr] 420 | |                     lint, section
[INFO] [stderr] 421 | |                 )
[INFO] [stderr]     | |_________________^
[INFO] [stderr]     |
[INFO] [stderr]     = note: this is no longer accepted in Rust 2021
[INFO] [stderr] help: add a "{}" format string to Display the message
[INFO] [stderr]     |
[INFO] [stderr] 418 |                 "{}", print!(
[INFO] [stderr]     |                 ^^^^^
[INFO] [stderr] 
[INFO] [stderr] warning: 4 warnings emitted
[INFO] [stderr] 
[INFO] [stderr]     Finished test [unoptimized + debuginfo] target(s) in 0.07s
[INFO] [stderr]      Running unittests (/opt/rustwide/target/debug/deps/cargo_scout-6be8b6490bc9298b)
[INFO] [stdout] 
[INFO] [stdout] running 2 tests
[INFO] [stderr]      Running unittests (/opt/rustwide/target/debug/deps/cargo_scout_lib-d05e42b2b077c8c3)
[INFO] [stdout] test tests::test_return_status_without_existing_lints ... ok
[INFO] [stdout] test tests::test_return_status_with_lints ... ok
[INFO] [stdout] 
[INFO] [stdout] test result: ok. 2 passed; 0 failed; 0 ignored; 0 measured; 0 filtered out; finished in 0.00s
[INFO] [stdout] 
[INFO] [stdout] 
[INFO] [stdout] running 26 tests
[INFO] [stdout] test linter::clippy::tests::test_lints ... ok
[INFO] [stdout] test linter::clippy::tests::test_set_verbose ... ok
[INFO] [stdout] test linter::rustfmt::tests::test_command_parameters ... ok
[INFO] [stdout] test config::rust::tests::test_neqo_members_manifest ... ok
[INFO] [stdout] test linter::clippy::tests::test_get_envs ... ok
[INFO] [stdout] test linter::clippy::tests::test_get_command_parameters_nightly ... ok
[INFO] [stdout] test config::rust::tests::test_not_workspace_manifest ... ok
[INFO] [stdout] test config::rust::tests::test_not_workspace_path ... ok
[INFO] [stdout] test linter::clippy::tests::test_get_command_parameters ... ok
[INFO] [stdout] test linter::rustfmt::tests::test_display_mismatch_one_line ... ok
[INFO] [stdout] test linter::rustfmt::tests::test_display_mismatch_several_lines ... ok
[INFO] [stdout] test scout::scout_tests::test_scout_no_workspace_no_diff ... ok
[INFO] [stdout] test scout::intersections_tests::test_lines_in_range_simple ... ok
[INFO] [stdout] test scout::intersections_tests::test_files_match ... ok
[INFO] [stdout] test scout::scout_tests::test_scout_in_workspace ... ok
[INFO] [stdout] test scout::intersections_tests::test_files_dont_match ... ok
[INFO] [stdout] test scout::intersections_tests::test_lines_not_in_range_simple ... ok
[INFO] [stdout] test linter::rustfmt::tests::test_lints ... ok
[INFO] [stdout] test scout::scout_tests::test_scout_no_workspace_one_diff_not_relevant_member ... ok
[INFO] [stdout] test scout::scout_tests::test_scout_no_workspace_one_diff ... ok
[INFO] [stdout] test vcs::git::tests::added_files ... ok
[INFO] [stdout] test vcs::git::tests::no_changes ... ok
[INFO] [stdout] test vcs::git::tests::other_branch ... ok
[INFO] [stdout] test vcs::git::tests::mixed_extensions ... ok
[INFO] [stderr]      Running unittests (/opt/rustwide/target/debug/deps/cargo_scout_macros-b3fa1489e87f65e3)
[INFO] [stdout] test vcs::git::tests::untracked_files ... ok
[INFO] [stdout] test vcs::git::tests::modified_files ... ok
[INFO] [stdout] 
[INFO] [stdout] test result: ok. 26 passed; 0 failed; 0 ignored; 0 measured; 0 filtered out; finished in 0.08s
[INFO] [stdout] 
[INFO] [stderr]    Doc-tests cargo-scout-lib
[INFO] [stdout] 
[INFO] [stdout] running 0 tests
[INFO] [stdout] 
[INFO] [stdout] test result: ok. 0 passed; 0 failed; 0 ignored; 0 measured; 0 filtered out; finished in 0.00s
[INFO] [stdout] 
[INFO] [stdout] 
[INFO] [stdout] running 5 tests
[INFO] [stdout] test src/config/mod.rs - config::Config::members (line 59) ... ok
[INFO] [stdout] test src/config/mod.rs - config::Config::members (line 19) ... ok
[INFO] [stdout] test src/config/mod.rs - config::Config::members (line 39) ... ok
[INFO] [stdout] test src/config/rust.rs - config::rust::CargoConfig::from_manifest_path (line 35) ... FAILED
[INFO] [stdout] test src/config/rust.rs - config::rust::CargoConfig::from_manifest_path (line 25) ... ok
[INFO] [stdout] 
[INFO] [stdout] failures:
[INFO] [stdout] 
[INFO] [stdout] ---- src/config/rust.rs - config::rust::CargoConfig::from_manifest_path (line 35) stdout ----
[INFO] [stdout] Test executable failed (exit code 101).
[INFO] [stdout] 
[INFO] [stdout] stderr:
[INFO] [stdout] thread 'main' panicked at 'assertion failed: `(left == right)`
[INFO] [stdout]   left: `["cargo-scout", "cargo-scout-lib"]`,
[INFO] [stdout]  right: `["cargo-scout", "cargo-scout-lib", "cargo-scout-macros"]`', src/config/rust.rs:8:1
[INFO] [stdout] stack backtrace:
[INFO] [stdout]    0:     0x55d496327090 - std::backtrace_rs::backtrace::libunwind::trace::h34055254b57d8e79
[INFO] [stdout]                                at /rustc/a178d0322ce20e33eac124758e837cbd80a6f633/library/std/src/../../backtrace/src/backtrace/libunwind.rs:90:5
[INFO] [stdout]    1:     0x55d496327090 - std::backtrace_rs::backtrace::trace_unsynchronized::h8f1e3fbd9afff6ec
[INFO] [stdout]                                at /rustc/a178d0322ce20e33eac124758e837cbd80a6f633/library/std/src/../../backtrace/src/backtrace/mod.rs:66:5
[INFO] [stdout]    2:     0x55d496327090 - std::sys_common::backtrace::_print_fmt::h3a99a796b770c360
[INFO] [stdout]                                at /rustc/a178d0322ce20e33eac124758e837cbd80a6f633/library/std/src/sys_common/backtrace.rs:67:5
[INFO] [stdout]    3:     0x55d496327090 - <std::sys_common::backtrace::_print::DisplayBacktrace as core::fmt::Display>::fmt::h32d1f94a80615d18
[INFO] [stdout]                                at /rustc/a178d0322ce20e33eac124758e837cbd80a6f633/library/std/src/sys_common/backtrace.rs:46:22
[INFO] [stdout]    4:     0x55d496346c4c - core::fmt::write::h306731c068f7162c
[INFO] [stdout]                                at /rustc/a178d0322ce20e33eac124758e837cbd80a6f633/library/core/src/fmt/mod.rs:1110:17
[INFO] [stdout]    5:     0x55d4963254b5 - std::io::Write::write_fmt::hd2fa90334eee2a21
[INFO] [stdout]                                at /rustc/a178d0322ce20e33eac124758e837cbd80a6f633/library/std/src/io/mod.rs:1588:15
[INFO] [stdout]    6:     0x55d496328ccb - std::sys_common::backtrace::_print::h5abaa2601a852287
[INFO] [stdout]                                at /rustc/a178d0322ce20e33eac124758e837cbd80a6f633/library/std/src/sys_common/backtrace.rs:49:5
[INFO] [stdout]    7:     0x55d496328ccb - std::sys_common::backtrace::print::h8d81445442bb638f
[INFO] [stdout]                                at /rustc/a178d0322ce20e33eac124758e837cbd80a6f633/library/std/src/sys_common/backtrace.rs:36:9
[INFO] [stdout]    8:     0x55d496328ccb - std::panicking::default_hook::{{closure}}::hcfe804496a9fa747
[INFO] [stdout]                                at /rustc/a178d0322ce20e33eac124758e837cbd80a6f633/library/std/src/panicking.rs:208:50
[INFO] [stdout]    9:     0x55d4963287a1 - std::panicking::default_hook::hbea8e3ccf2ba8901
[INFO] [stdout]                                at /rustc/a178d0322ce20e33eac124758e837cbd80a6f633/library/std/src/panicking.rs:225:9
[INFO] [stdout]   10:     0x55d496329394 - std::panicking::rust_panic_with_hook::h7ee9e1a2d0f8975a
[INFO] [stdout]                                at /rustc/a178d0322ce20e33eac124758e837cbd80a6f633/library/std/src/panicking.rs:622:17
[INFO] [stdout]   11:     0x55d496328e77 - std::panicking::begin_panic_handler::{{closure}}::h8ab3b4491718b2c7
[INFO] [stdout]                                at /rustc/a178d0322ce20e33eac124758e837cbd80a6f633/library/std/src/panicking.rs:519:13
[INFO] [stdout]   12:     0x55d49632758c - std::sys_common::backtrace::__rust_end_short_backtrace::hd489062ffa586a9f
[INFO] [stdout]                                at /rustc/a178d0322ce20e33eac124758e837cbd80a6f633/library/std/src/sys_common/backtrace.rs:141:18
[INFO] [stdout]   13:     0x55d496328dd9 - rust_begin_unwind
[INFO] [stdout]                                at /rustc/a178d0322ce20e33eac124758e837cbd80a6f633/library/std/src/panicking.rs:515:5
[INFO] [stdout]   14:     0x55d4960d3fa1 - core::panicking::panic_fmt::hca6330e3e14086b4
[INFO] [stdout]                                at /rustc/a178d0322ce20e33eac124758e837cbd80a6f633/library/core/src/panicking.rs:92:14
[INFO] [stdout]   15:     0x55d496345628 - core::panicking::assert_failed_inner::h33b45280069a80ed
[INFO] [stdout]   16:     0x55d4960d8096 - core::panicking::assert_failed::h5732edd868f85917
[INFO] [stdout]   17:     0x55d4960da711 - rust_out::main::_doctest_main_src_config_rust_rs_35_0::h8dc1a4c281febdcc
[INFO] [stdout]   18:     0x55d4960da40e - rust_out::main::h2a38bb51b9580a7d
[INFO] [stdout]   19:     0x55d4960d7443 - core::ops::function::FnOnce::call_once::hb73b95e6982fd3f0
[INFO] [stdout]   20:     0x55d4960d7019 - std::sys_common::backtrace::__rust_begin_short_backtrace::h8371d112165838d3
[INFO] [stdout]   21:     0x55d4960d7129 - std::rt::lang_start::{{closure}}::h783adf50233ec5ec
[INFO] [stdout]   22:     0x55d496329899 - core::ops::function::impls::<impl core::ops::function::FnOnce<A> for &F>::call_once::h2aabc384aab89b7b
[INFO] [stdout]                                at /rustc/a178d0322ce20e33eac124758e837cbd80a6f633/library/core/src/ops/function.rs:259:13
[INFO] [stdout]   23:     0x55d496329899 - std::panicking::try::do_call::hc5fcacb7a85fc7b1
[INFO] [stdout]                                at /rustc/a178d0322ce20e33eac124758e837cbd80a6f633/library/std/src/panicking.rs:401:40
[INFO] [stdout]   24:     0x55d496329899 - std::panicking::try::hb5d9603af3abbe3a
[INFO] [stdout]                                at /rustc/a178d0322ce20e33eac124758e837cbd80a6f633/library/std/src/panicking.rs:365:19
[INFO] [stdout]   25:     0x55d496329899 - std::panic::catch_unwind::h98fe6ac3925e64b4
[INFO] [stdout]                                at /rustc/a178d0322ce20e33eac124758e837cbd80a6f633/library/std/src/panic.rs:434:14
[INFO] [stdout]   26:     0x55d496329899 - std::rt::lang_start_internal::h22ac7383c516f93e
[INFO] [stdout]                                at /rustc/a178d0322ce20e33eac124758e837cbd80a6f633/library/std/src/rt.rs:34:21
[INFO] [stdout]   27:     0x55d4960d7111 - std::rt::lang_start::h11b9716471e37ff8
[INFO] [stdout]   28:     0x55d4960da773 - main
[INFO] [stdout]   29:     0x7f1c1113f0b3 - __libc_start_main
[INFO] [stdout]   30:     0x55d4960d475e - _start
[INFO] [stdout]   31:                0x0 - <unknown>
[INFO] [stdout] 
[INFO] [stdout] 
[INFO] [stdout] 
[INFO] [stdout] failures:
[INFO] [stdout]     src/config/rust.rs - config::rust::CargoConfig::from_manifest_path (line 35)
[INFO] [stdout] 
[INFO] [stdout] test result: FAILED. 4 passed; 1 failed; 0 ignored; 0 measured; 0 filtered out; finished in 5.68s
[INFO] [stdout] 
[INFO] [stderr] error: test failed, to rerun pass '--doc'
[INFO] running `Command { std: "docker" "inspect" "df999d37fa90f65b4b46f4aca5302ddae3c0f831fecf576bf551f77b39766a22", kill_on_drop: false }`
[INFO] running `Command { std: "docker" "rm" "-f" "df999d37fa90f65b4b46f4aca5302ddae3c0f831fecf576bf551f77b39766a22", kill_on_drop: false }`
[INFO] [stdout] df999d37fa90f65b4b46f4aca5302ddae3c0f831fecf576bf551f77b39766a22
