[INFO] cloning repository https://github.com/nrayamajhee/artha
[INFO] running `Command { std: "git" "-c" "credential.helper=" "-c" "credential.helper=/workspace/cargo-home/bin/git-credential-null" "clone" "--bare" "https://github.com/nrayamajhee/artha" "/workspace/cache/git-repos/https%3A%2F%2Fgithub.com%2Fnrayamajhee%2Fartha", kill_on_drop: false }`
[INFO] [stderr] Cloning into bare repository '/workspace/cache/git-repos/https%3A%2F%2Fgithub.com%2Fnrayamajhee%2Fartha'...
[INFO] running `Command { std: "git" "rev-parse" "HEAD", kill_on_drop: false }`
[INFO] [stdout] 20da22fcc850a678af6aff4ae4b84cc6b3c94ff7
[INFO] testing nrayamajhee/artha against 1.54.0 for beta-1.55-1
[INFO] running `Command { std: "git" "clone" "/workspace/cache/git-repos/https%3A%2F%2Fgithub.com%2Fnrayamajhee%2Fartha" "/workspace/builds/worker-7/source", kill_on_drop: false }`
[INFO] [stderr] Cloning into '/workspace/builds/worker-7/source'...
[INFO] [stderr] done.
[INFO] validating manifest of git repo https://github.com/nrayamajhee/artha on toolchain 1.54.0
[INFO] running `Command { std: "/workspace/cargo-home/bin/cargo" "+1.54.0" "metadata" "--manifest-path" "Cargo.toml" "--no-deps", kill_on_drop: false }`
[INFO] started tweaking git repo https://github.com/nrayamajhee/artha
[INFO] finished tweaking git repo https://github.com/nrayamajhee/artha
[INFO] tweaked toml for git repo https://github.com/nrayamajhee/artha written to /workspace/builds/worker-7/source/Cargo.toml
[INFO] crate git repo https://github.com/nrayamajhee/artha already has a lockfile, it will not be regenerated
[INFO] running `Command { std: "/workspace/cargo-home/bin/cargo" "+1.54.0" "fetch" "--manifest-path" "Cargo.toml", kill_on_drop: false }`
[INFO] running `Command { std: "docker" "create" "-v" "/var/lib/crater-agent-workspace/builds/worker-7/target:/opt/rustwide/target:rw,Z" "-v" "/var/lib/crater-agent-workspace/builds/worker-7/source:/opt/rustwide/workdir:ro,Z" "-v" "/var/lib/crater-agent-workspace/cargo-home:/opt/rustwide/cargo-home:ro,Z" "-v" "/var/lib/crater-agent-workspace/rustup-home:/opt/rustwide/rustup-home:ro,Z" "-e" "SOURCE_DIR=/opt/rustwide/workdir" "-e" "CARGO_TARGET_DIR=/opt/rustwide/target" "-e" "CARGO_HOME=/opt/rustwide/cargo-home" "-e" "RUSTUP_HOME=/opt/rustwide/rustup-home" "-w" "/opt/rustwide/workdir" "-m" "1610612736" "--user" "0:0" "--network" "none" "ghcr.io/rust-lang/crates-build-env/linux@sha256:34b6a614d2c27851fe6cbf88fbd1137609cefab8b10d0615aaeb6fd47975d74e" "/opt/rustwide/cargo-home/bin/cargo" "+1.54.0" "metadata" "--no-deps" "--format-version=1", kill_on_drop: false }`
[INFO] [stdout] e1b1e15dc1a7ed035c7b22ecdc94e0271b93a89e0accc335f72f3e43a5685884
[INFO] [stderr] WARNING: Your kernel does not support swap limit capabilities or the cgroup is not mounted. Memory limited without swap.
[INFO] running `Command { std: "docker" "start" "-a" "e1b1e15dc1a7ed035c7b22ecdc94e0271b93a89e0accc335f72f3e43a5685884", kill_on_drop: false }`
[INFO] running `Command { std: "docker" "inspect" "e1b1e15dc1a7ed035c7b22ecdc94e0271b93a89e0accc335f72f3e43a5685884", kill_on_drop: false }`
[INFO] running `Command { std: "docker" "rm" "-f" "e1b1e15dc1a7ed035c7b22ecdc94e0271b93a89e0accc335f72f3e43a5685884", kill_on_drop: false }`
[INFO] [stdout] e1b1e15dc1a7ed035c7b22ecdc94e0271b93a89e0accc335f72f3e43a5685884
[INFO] running `Command { std: "docker" "create" "-v" "/var/lib/crater-agent-workspace/builds/worker-7/target:/opt/rustwide/target:rw,Z" "-v" "/var/lib/crater-agent-workspace/builds/worker-7/source:/opt/rustwide/workdir:ro,Z" "-v" "/var/lib/crater-agent-workspace/cargo-home:/opt/rustwide/cargo-home:ro,Z" "-v" "/var/lib/crater-agent-workspace/rustup-home:/opt/rustwide/rustup-home:ro,Z" "-e" "SOURCE_DIR=/opt/rustwide/workdir" "-e" "CARGO_TARGET_DIR=/opt/rustwide/target" "-e" "CARGO_INCREMENTAL=0" "-e" "RUST_BACKTRACE=full" "-e" "RUSTFLAGS=--cap-lints=warn" "-e" "CARGO_HOME=/opt/rustwide/cargo-home" "-e" "RUSTUP_HOME=/opt/rustwide/rustup-home" "-w" "/opt/rustwide/workdir" "-m" "1610612736" "--user" "0:0" "--network" "none" "ghcr.io/rust-lang/crates-build-env/linux@sha256:34b6a614d2c27851fe6cbf88fbd1137609cefab8b10d0615aaeb6fd47975d74e" "/opt/rustwide/cargo-home/bin/cargo" "+1.54.0" "build" "--frozen" "--message-format=json", kill_on_drop: false }`
[INFO] [stdout] 4ffa1a7bb2fea8df54348401b939403450b2a250eb292785171917b460a9f445
[INFO] [stderr] WARNING: Your kernel does not support swap limit capabilities or the cgroup is not mounted. Memory limited without swap.
[INFO] running `Command { std: "docker" "start" "-a" "4ffa1a7bb2fea8df54348401b939403450b2a250eb292785171917b460a9f445", kill_on_drop: false }`
[INFO] [stderr]    Compiling matrixmultiply v0.1.15
[INFO] [stderr]    Compiling ndarray v0.12.1
[INFO] [stderr]    Compiling num-complex v0.2.3
[INFO] [stderr]    Compiling itertools v0.7.11
[INFO] [stderr]    Compiling rand_os v0.1.3
[INFO] [stderr]    Compiling time v0.1.42
[INFO] [stderr]    Compiling rand v0.6.5
[INFO] [stderr]    Compiling pbr v1.0.1
[INFO] [stderr]    Compiling ndarray-rand v0.9.0
[INFO] [stderr]    Compiling artha v0.2.1 (/opt/rustwide/workdir)
[INFO] [stderr]     Finished dev [unoptimized + debuginfo] target(s) in 13.41s
[INFO] running `Command { std: "docker" "inspect" "4ffa1a7bb2fea8df54348401b939403450b2a250eb292785171917b460a9f445", kill_on_drop: false }`
[INFO] running `Command { std: "docker" "rm" "-f" "4ffa1a7bb2fea8df54348401b939403450b2a250eb292785171917b460a9f445", kill_on_drop: false }`
[INFO] [stdout] 4ffa1a7bb2fea8df54348401b939403450b2a250eb292785171917b460a9f445
[INFO] running `Command { std: "docker" "create" "-v" "/var/lib/crater-agent-workspace/builds/worker-7/target:/opt/rustwide/target:rw,Z" "-v" "/var/lib/crater-agent-workspace/builds/worker-7/source:/opt/rustwide/workdir:ro,Z" "-v" "/var/lib/crater-agent-workspace/cargo-home:/opt/rustwide/cargo-home:ro,Z" "-v" "/var/lib/crater-agent-workspace/rustup-home:/opt/rustwide/rustup-home:ro,Z" "-e" "SOURCE_DIR=/opt/rustwide/workdir" "-e" "CARGO_TARGET_DIR=/opt/rustwide/target" "-e" "CARGO_INCREMENTAL=0" "-e" "RUST_BACKTRACE=full" "-e" "RUSTFLAGS=--cap-lints=warn" "-e" "CARGO_HOME=/opt/rustwide/cargo-home" "-e" "RUSTUP_HOME=/opt/rustwide/rustup-home" "-w" "/opt/rustwide/workdir" "-m" "1610612736" "--user" "0:0" "--network" "none" "ghcr.io/rust-lang/crates-build-env/linux@sha256:34b6a614d2c27851fe6cbf88fbd1137609cefab8b10d0615aaeb6fd47975d74e" "/opt/rustwide/cargo-home/bin/cargo" "+1.54.0" "test" "--frozen" "--no-run" "--message-format=json", kill_on_drop: false }`
[INFO] [stdout] 2b1f4d2807e0d23d7ba27a5b18b34b6596822ab1d8e69553b499bfe6d2a2a116
[INFO] [stderr] WARNING: Your kernel does not support swap limit capabilities or the cgroup is not mounted. Memory limited without swap.
[INFO] running `Command { std: "docker" "start" "-a" "2b1f4d2807e0d23d7ba27a5b18b34b6596822ab1d8e69553b499bfe6d2a2a116", kill_on_drop: false }`
[INFO] [stderr]    Compiling artha v0.2.1 (/opt/rustwide/workdir)
[INFO] [stderr]     Finished test [unoptimized + debuginfo] target(s) in 1.05s
[INFO] running `Command { std: "docker" "inspect" "2b1f4d2807e0d23d7ba27a5b18b34b6596822ab1d8e69553b499bfe6d2a2a116", kill_on_drop: false }`
[INFO] running `Command { std: "docker" "rm" "-f" "2b1f4d2807e0d23d7ba27a5b18b34b6596822ab1d8e69553b499bfe6d2a2a116", kill_on_drop: false }`
[INFO] [stdout] 2b1f4d2807e0d23d7ba27a5b18b34b6596822ab1d8e69553b499bfe6d2a2a116
[INFO] running `Command { std: "docker" "create" "-v" "/var/lib/crater-agent-workspace/builds/worker-7/target:/opt/rustwide/target:rw,Z" "-v" "/var/lib/crater-agent-workspace/builds/worker-7/source:/opt/rustwide/workdir:ro,Z" "-v" "/var/lib/crater-agent-workspace/cargo-home:/opt/rustwide/cargo-home:ro,Z" "-v" "/var/lib/crater-agent-workspace/rustup-home:/opt/rustwide/rustup-home:ro,Z" "-e" "SOURCE_DIR=/opt/rustwide/workdir" "-e" "CARGO_TARGET_DIR=/opt/rustwide/target" "-e" "CARGO_INCREMENTAL=0" "-e" "RUST_BACKTRACE=full" "-e" "RUSTFLAGS=--cap-lints=warn" "-e" "CARGO_HOME=/opt/rustwide/cargo-home" "-e" "RUSTUP_HOME=/opt/rustwide/rustup-home" "-w" "/opt/rustwide/workdir" "-m" "1610612736" "--user" "0:0" "--network" "none" "ghcr.io/rust-lang/crates-build-env/linux@sha256:34b6a614d2c27851fe6cbf88fbd1137609cefab8b10d0615aaeb6fd47975d74e" "/opt/rustwide/cargo-home/bin/cargo" "+1.54.0" "test" "--frozen", kill_on_drop: false }`
[INFO] [stdout] 04e0be16a757954aa9422dbddbe12e98accebe63d6d50714d81fcfa121988504
[INFO] [stderr] WARNING: Your kernel does not support swap limit capabilities or the cgroup is not mounted. Memory limited without swap.
[INFO] running `Command { std: "docker" "start" "-a" "04e0be16a757954aa9422dbddbe12e98accebe63d6d50714d81fcfa121988504", kill_on_drop: false }`
[INFO] [stderr]     Finished test [unoptimized + debuginfo] target(s) in 0.05s
[INFO] [stderr]      Running unittests (/opt/rustwide/target/debug/deps/artha-4f76a3a35e0557ab)
[INFO] [stdout] 
[INFO] [stderr]      Running unittests (/opt/rustwide/target/debug/deps/artha-d6eb5f60fb93c7c2)
[INFO] [stdout] running 0 tests
[INFO] [stdout] 
[INFO] [stdout] test result: ok. 0 passed; 0 failed; 0 ignored; 0 measured; 0 filtered out; finished in 0.00s
[INFO] [stdout] 
[INFO] [stderr]    Doc-tests artha
[INFO] [stdout] 
[INFO] [stdout] running 0 tests
[INFO] [stdout] 
[INFO] [stdout] test result: ok. 0 passed; 0 failed; 0 ignored; 0 measured; 0 filtered out; finished in 0.00s
[INFO] [stdout] 
[INFO] [stdout] 
[INFO] [stdout] running 1 test
[INFO] [stdout] test src/lib.rs - (line 4) ... FAILED
[INFO] [stdout] 
[INFO] [stdout] failures:
[INFO] [stdout] 
[INFO] [stdout] ---- src/lib.rs - (line 4) stdout ----
[INFO] [stdout] error[E0432]: unresolved import `artha::neural_net::normaize_val`
[INFO] [stdout]  --> src/lib.rs:8:9
[INFO] [stdout]   |
[INFO] [stdout] 6 |         normaize_val,
[INFO] [stdout]   |         ^^^^^^^^^^^^
[INFO] [stdout]   |         |
[INFO] [stdout]   |         no `normaize_val` in `neural_net`
[INFO] [stdout]   |         help: a similar name exists in the module: `normalize_val`
[INFO] [stdout] 
[INFO] [stdout] error[E0308]: mismatched types
[INFO] [stdout]   --> src/lib.rs:21:32
[INFO] [stdout]    |
[INFO] [stdout] 19 |     let loss =  mean_loss(&ys, &predicted);
[INFO] [stdout]    |                                ^^^^^^^^^^ expected struct `ArrayBase`, found `()`
[INFO] [stdout]    |
[INFO] [stdout]    = note: expected reference `&ArrayBase<OwnedRepr<f64>, Dim<[usize; 2]>>`
[INFO] [stdout]               found reference `&()`
[INFO] [stdout] 
[INFO] [stdout] error[E0277]: `()` doesn't implement `std::fmt::Display`
[INFO] [stdout]   --> src/lib.rs:26:34
[INFO] [stdout]    |
[INFO] [stdout] 24 |     logln!("Predicted Output: ", predicted);
[INFO] [stdout]    |                                  ^^^^^^^^^ `()` cannot be formatted with the default formatter
[INFO] [stdout]    |
[INFO] [stdout]    = help: the trait `std::fmt::Display` is not implemented for `()`
[INFO] [stdout]    = note: in format strings you may be able to use `{:?}` (or {:#?} for pretty-print) instead
[INFO] [stdout]    = note: required by `std::fmt::Display::fmt`
[INFO] [stdout]    = note: this error originates in the macro `$crate::format_args_nl` (in Nightly builds, run with -Z macro-backtrace for more info)
[INFO] [stdout] 
[INFO] [stdout] error: aborting due to 3 previous errors
[INFO] [stdout] 
[INFO] [stdout] Some errors have detailed explanations: E0277, E0308, E0432.
[INFO] [stdout] For more information about an error, try `rustc --explain E0277`.
[INFO] [stdout] Couldn't compile the test.
[INFO] [stdout] 
[INFO] [stdout] failures:
[INFO] [stdout]     src/lib.rs - (line 4)
[INFO] [stdout] 
[INFO] [stdout] test result: FAILED. 0 passed; 1 failed; 0 ignored; 0 measured; 0 filtered out; finished in 0.46s
[INFO] [stdout] 
[INFO] [stderr] error: test failed, to rerun pass '--doc'
[INFO] running `Command { std: "docker" "inspect" "04e0be16a757954aa9422dbddbe12e98accebe63d6d50714d81fcfa121988504", kill_on_drop: false }`
[INFO] running `Command { std: "docker" "rm" "-f" "04e0be16a757954aa9422dbddbe12e98accebe63d6d50714d81fcfa121988504", kill_on_drop: false }`
[INFO] [stdout] 04e0be16a757954aa9422dbddbe12e98accebe63d6d50714d81fcfa121988504
