[INFO] cloning repository https://github.com/nouvadam/spherical-blue-noise
[INFO] running `Command { std: "git" "-c" "credential.helper=" "-c" "credential.helper=/workspace/cargo-home/bin/git-credential-null" "clone" "--bare" "https://github.com/nouvadam/spherical-blue-noise" "/workspace/cache/git-repos/https%3A%2F%2Fgithub.com%2Fnouvadam%2Fspherical-blue-noise", kill_on_drop: false }`
[INFO] [stderr] Cloning into bare repository '/workspace/cache/git-repos/https%3A%2F%2Fgithub.com%2Fnouvadam%2Fspherical-blue-noise'...
[INFO] running `Command { std: "git" "rev-parse" "HEAD", kill_on_drop: false }`
[INFO] [stdout] 618d497afa2ca4af3dccb257e2a4ccb3dfa3b085
[INFO] testing nouvadam/spherical-blue-noise against beta-2021-08-01 for beta-1.55-1
[INFO] running `Command { std: "git" "clone" "/workspace/cache/git-repos/https%3A%2F%2Fgithub.com%2Fnouvadam%2Fspherical-blue-noise" "/workspace/builds/worker-13/source", kill_on_drop: false }`
[INFO] [stderr] Cloning into '/workspace/builds/worker-13/source'...
[INFO] [stderr] done.
[INFO] validating manifest of git repo https://github.com/nouvadam/spherical-blue-noise on toolchain beta-2021-08-01
[INFO] running `Command { std: "/workspace/cargo-home/bin/cargo" "+beta-2021-08-01" "metadata" "--manifest-path" "Cargo.toml" "--no-deps", kill_on_drop: false }`
[INFO] started tweaking git repo https://github.com/nouvadam/spherical-blue-noise
[INFO] finished tweaking git repo https://github.com/nouvadam/spherical-blue-noise
[INFO] tweaked toml for git repo https://github.com/nouvadam/spherical-blue-noise written to /workspace/builds/worker-13/source/Cargo.toml
[INFO] crate git repo https://github.com/nouvadam/spherical-blue-noise already has a lockfile, it will not be regenerated
[INFO] running `Command { std: "/workspace/cargo-home/bin/cargo" "+beta-2021-08-01" "fetch" "--manifest-path" "Cargo.toml", kill_on_drop: false }`
[INFO] [stderr] warning: unused manifest key: package.category
[INFO] running `Command { std: "docker" "create" "-v" "/var/lib/crater-agent-workspace/builds/worker-13/target:/opt/rustwide/target:rw,Z" "-v" "/var/lib/crater-agent-workspace/builds/worker-13/source:/opt/rustwide/workdir:ro,Z" "-v" "/var/lib/crater-agent-workspace/cargo-home:/opt/rustwide/cargo-home:ro,Z" "-v" "/var/lib/crater-agent-workspace/rustup-home:/opt/rustwide/rustup-home:ro,Z" "-e" "SOURCE_DIR=/opt/rustwide/workdir" "-e" "CARGO_TARGET_DIR=/opt/rustwide/target" "-e" "CARGO_HOME=/opt/rustwide/cargo-home" "-e" "RUSTUP_HOME=/opt/rustwide/rustup-home" "-w" "/opt/rustwide/workdir" "-m" "1610612736" "--user" "0:0" "--network" "none" "ghcr.io/rust-lang/crates-build-env/linux@sha256:34b6a614d2c27851fe6cbf88fbd1137609cefab8b10d0615aaeb6fd47975d74e" "/opt/rustwide/cargo-home/bin/cargo" "+beta-2021-08-01" "metadata" "--no-deps" "--format-version=1", kill_on_drop: false }`
[INFO] [stderr] WARNING: Your kernel does not support swap limit capabilities or the cgroup is not mounted. Memory limited without swap.
[INFO] [stdout] b98d3d127401b17145744dbb5389c0ee6234555f53f6b2b7672860d056838c97
[INFO] running `Command { std: "docker" "start" "-a" "b98d3d127401b17145744dbb5389c0ee6234555f53f6b2b7672860d056838c97", kill_on_drop: false }`
[INFO] running `Command { std: "docker" "inspect" "b98d3d127401b17145744dbb5389c0ee6234555f53f6b2b7672860d056838c97", kill_on_drop: false }`
[INFO] running `Command { std: "docker" "rm" "-f" "b98d3d127401b17145744dbb5389c0ee6234555f53f6b2b7672860d056838c97", kill_on_drop: false }`
[INFO] [stdout] b98d3d127401b17145744dbb5389c0ee6234555f53f6b2b7672860d056838c97
[INFO] running `Command { std: "docker" "create" "-v" "/var/lib/crater-agent-workspace/builds/worker-13/target:/opt/rustwide/target:rw,Z" "-v" "/var/lib/crater-agent-workspace/builds/worker-13/source:/opt/rustwide/workdir:ro,Z" "-v" "/var/lib/crater-agent-workspace/cargo-home:/opt/rustwide/cargo-home:ro,Z" "-v" "/var/lib/crater-agent-workspace/rustup-home:/opt/rustwide/rustup-home:ro,Z" "-e" "SOURCE_DIR=/opt/rustwide/workdir" "-e" "CARGO_TARGET_DIR=/opt/rustwide/target" "-e" "CARGO_INCREMENTAL=0" "-e" "RUST_BACKTRACE=full" "-e" "RUSTFLAGS=--cap-lints=warn" "-e" "CARGO_HOME=/opt/rustwide/cargo-home" "-e" "RUSTUP_HOME=/opt/rustwide/rustup-home" "-w" "/opt/rustwide/workdir" "-m" "1610612736" "--user" "0:0" "--network" "none" "ghcr.io/rust-lang/crates-build-env/linux@sha256:34b6a614d2c27851fe6cbf88fbd1137609cefab8b10d0615aaeb6fd47975d74e" "/opt/rustwide/cargo-home/bin/cargo" "+beta-2021-08-01" "build" "--frozen" "--message-format=json", kill_on_drop: false }`
[INFO] [stdout] 3be71733bd4054bd4918a1fcf9e2984cbfab4d347a3fbddd92cc397944f850ec
[INFO] [stderr] WARNING: Your kernel does not support swap limit capabilities or the cgroup is not mounted. Memory limited without swap.
[INFO] running `Command { std: "docker" "start" "-a" "3be71733bd4054bd4918a1fcf9e2984cbfab4d347a3fbddd92cc397944f850ec", kill_on_drop: false }`
[INFO] [stderr] warning: unused manifest key: package.category
[INFO] [stderr]    Compiling libc v0.2.82
[INFO] [stderr]    Compiling num-traits v0.2.14
[INFO] [stderr]    Compiling glam v0.11.3
[INFO] [stderr]    Compiling getrandom v0.2.1
[INFO] [stderr]    Compiling num_cpus v1.13.0
[INFO] [stderr]    Compiling rayon-core v1.9.0
[INFO] [stderr]    Compiling rand_core v0.6.1
[INFO] [stderr]    Compiling rand_chacha v0.3.0
[INFO] [stderr]    Compiling rand v0.8.2
[INFO] [stderr]    Compiling rayon v1.5.0
[INFO] [stderr]    Compiling rand_distr v0.4.0
[INFO] [stderr]    Compiling spherical_blue_noise v0.1.1 (/opt/rustwide/workdir)
[INFO] [stderr]     Finished dev [unoptimized + debuginfo] target(s) in 20.61s
[INFO] running `Command { std: "docker" "inspect" "3be71733bd4054bd4918a1fcf9e2984cbfab4d347a3fbddd92cc397944f850ec", kill_on_drop: false }`
[INFO] running `Command { std: "docker" "rm" "-f" "3be71733bd4054bd4918a1fcf9e2984cbfab4d347a3fbddd92cc397944f850ec", kill_on_drop: false }`
[INFO] [stdout] 3be71733bd4054bd4918a1fcf9e2984cbfab4d347a3fbddd92cc397944f850ec
[INFO] running `Command { std: "docker" "create" "-v" "/var/lib/crater-agent-workspace/builds/worker-13/target:/opt/rustwide/target:rw,Z" "-v" "/var/lib/crater-agent-workspace/builds/worker-13/source:/opt/rustwide/workdir:ro,Z" "-v" "/var/lib/crater-agent-workspace/cargo-home:/opt/rustwide/cargo-home:ro,Z" "-v" "/var/lib/crater-agent-workspace/rustup-home:/opt/rustwide/rustup-home:ro,Z" "-e" "SOURCE_DIR=/opt/rustwide/workdir" "-e" "CARGO_TARGET_DIR=/opt/rustwide/target" "-e" "CARGO_INCREMENTAL=0" "-e" "RUST_BACKTRACE=full" "-e" "RUSTFLAGS=--cap-lints=warn" "-e" "CARGO_HOME=/opt/rustwide/cargo-home" "-e" "RUSTUP_HOME=/opt/rustwide/rustup-home" "-w" "/opt/rustwide/workdir" "-m" "1610612736" "--user" "0:0" "--network" "none" "ghcr.io/rust-lang/crates-build-env/linux@sha256:34b6a614d2c27851fe6cbf88fbd1137609cefab8b10d0615aaeb6fd47975d74e" "/opt/rustwide/cargo-home/bin/cargo" "+beta-2021-08-01" "test" "--frozen" "--no-run" "--message-format=json", kill_on_drop: false }`
[INFO] [stdout] 2cdc8d770dcbac4c83ab4bbdf307c5e2d457c31fddcae5152da6567b6d48d77c
[INFO] [stderr] WARNING: Your kernel does not support swap limit capabilities or the cgroup is not mounted. Memory limited without swap.
[INFO] running `Command { std: "docker" "start" "-a" "2cdc8d770dcbac4c83ab4bbdf307c5e2d457c31fddcae5152da6567b6d48d77c", kill_on_drop: false }`
[INFO] [stderr] warning: unused manifest key: package.category
[INFO] [stderr]    Compiling plotters-backend v0.3.0
[INFO] [stderr]    Compiling bytemuck v1.4.1
[INFO] [stderr]    Compiling num-integer v0.1.44
[INFO] [stderr]    Compiling num-rational v0.2.4
[INFO] [stderr]    Compiling cmake v0.1.45
[INFO] [stderr]    Compiling servo-fontconfig-sys v4.0.9
[INFO] [stderr]    Compiling deflate v0.7.20
[INFO] [stderr]    Compiling inflate v0.4.5
[INFO] [stderr]    Compiling jpeg-decoder v0.1.20
[INFO] [stderr]    Compiling deflate v0.8.6
[INFO] [stderr]    Compiling stb_truetype v0.3.1
[INFO] [stderr]    Compiling gif v0.10.3
[INFO] [stderr]    Compiling dirs-sys v0.3.5
[INFO] [stderr]    Compiling time v0.1.43
[INFO] [stderr]    Compiling pathfinder_simd v0.5.0
[INFO] [stderr]    Compiling ordered-float v1.1.1
[INFO] [stderr]    Compiling approx v0.3.2
[INFO] [stderr]    Compiling dirs v2.0.2
[INFO] [stderr]    Compiling plotters-svg v0.3.0
[INFO] [stderr]    Compiling rusttype v0.8.3
[INFO] [stderr]    Compiling png v0.16.8
[INFO] [stderr]    Compiling servo-freetype-sys v4.0.5
[INFO] [stderr]    Compiling expat-sys v2.1.6
[INFO] [stderr]    Compiling png v0.15.3
[INFO] [stderr]    Compiling num-iter v0.1.42
[INFO] [stderr]    Compiling num-rational v0.3.2
[INFO] [stderr]    Compiling chrono v0.4.19
[INFO] [stderr]    Compiling pathfinder_geometry v0.5.1
[INFO] [stderr]    Compiling freetype v0.4.1
[INFO] [stderr]    Compiling image v0.22.5
[INFO] [stderr]    Compiling image v0.23.12
[INFO] [stderr]    Compiling servo-fontconfig v0.4.0
[INFO] [stderr]    Compiling font-kit v0.7.1
[INFO] [stderr]    Compiling plotters-bitmap v0.3.0
[INFO] [stderr]    Compiling plotters v0.3.0
[INFO] [stderr]    Compiling spherical_blue_noise v0.1.1 (/opt/rustwide/workdir)
[INFO] [stderr]     Finished test [unoptimized + debuginfo] target(s) in 41.41s
[INFO] running `Command { std: "docker" "inspect" "2cdc8d770dcbac4c83ab4bbdf307c5e2d457c31fddcae5152da6567b6d48d77c", kill_on_drop: false }`
[INFO] running `Command { std: "docker" "rm" "-f" "2cdc8d770dcbac4c83ab4bbdf307c5e2d457c31fddcae5152da6567b6d48d77c", kill_on_drop: false }`
[INFO] [stdout] 2cdc8d770dcbac4c83ab4bbdf307c5e2d457c31fddcae5152da6567b6d48d77c
[INFO] running `Command { std: "docker" "create" "-v" "/var/lib/crater-agent-workspace/builds/worker-13/target:/opt/rustwide/target:rw,Z" "-v" "/var/lib/crater-agent-workspace/builds/worker-13/source:/opt/rustwide/workdir:ro,Z" "-v" "/var/lib/crater-agent-workspace/cargo-home:/opt/rustwide/cargo-home:ro,Z" "-v" "/var/lib/crater-agent-workspace/rustup-home:/opt/rustwide/rustup-home:ro,Z" "-e" "SOURCE_DIR=/opt/rustwide/workdir" "-e" "CARGO_TARGET_DIR=/opt/rustwide/target" "-e" "CARGO_INCREMENTAL=0" "-e" "RUST_BACKTRACE=full" "-e" "RUSTFLAGS=--cap-lints=warn" "-e" "CARGO_HOME=/opt/rustwide/cargo-home" "-e" "RUSTUP_HOME=/opt/rustwide/rustup-home" "-w" "/opt/rustwide/workdir" "-m" "1610612736" "--user" "0:0" "--network" "none" "ghcr.io/rust-lang/crates-build-env/linux@sha256:34b6a614d2c27851fe6cbf88fbd1137609cefab8b10d0615aaeb6fd47975d74e" "/opt/rustwide/cargo-home/bin/cargo" "+beta-2021-08-01" "test" "--frozen", kill_on_drop: false }`
[INFO] [stderr] WARNING: Your kernel does not support swap limit capabilities or the cgroup is not mounted. Memory limited without swap.
[INFO] [stdout] fb52f1f9d84026dbbece60b783ce194ac19e35dc45693610509030abb5df2f2c
[INFO] running `Command { std: "docker" "start" "-a" "fb52f1f9d84026dbbece60b783ce194ac19e35dc45693610509030abb5df2f2c", kill_on_drop: false }`
[INFO] [stderr] warning: unused manifest key: package.category
[INFO] [stderr]     Finished test [unoptimized + debuginfo] target(s) in 0.13s
[INFO] [stdout] 
[INFO] [stderr]      Running unittests (/opt/rustwide/target/debug/deps/spherical_blue_noise-d910cddec477ac74)
[INFO] [stdout] running 0 tests
[INFO] [stderr]    Doc-tests spherical_blue_noise
[INFO] [stdout] 
[INFO] [stdout] test result: ok. 0 passed; 0 failed; 0 ignored; 0 measured; 0 filtered out; finished in 0.00s
[INFO] [stdout] 
[INFO] [stdout] 
[INFO] [stdout] running 2 tests
[INFO] [stdout] test src/lib.rs - BlueNoiseSphere (line 38) ... FAILED
[INFO] [stderr] error: test failed, to rerun pass '--doc'
[INFO] [stdout] test src/lib.rs - (line 15) ... ok
[INFO] [stdout] 
[INFO] [stdout] failures:
[INFO] [stdout] 
[INFO] [stdout] ---- src/lib.rs - BlueNoiseSphere (line 38) stdout ----
[INFO] [stdout] error[E0433]: failed to resolve: use of undeclared type `BlueNoiseSphere`
[INFO] [stdout]  --> src/lib.rs:39:1
[INFO] [stdout]   |
[INFO] [stdout] 3 | BlueNoiseSphere::new(16, &mut rand::thread_rng()).into_iter()
[INFO] [stdout]   | ^^^^^^^^^^^^^^^ not found in this scope
[INFO] [stdout]   |
[INFO] [stdout] help: consider importing this struct
[INFO] [stdout]   |
[INFO] [stdout] 2 | use spherical_blue_noise::BlueNoiseSphere;
[INFO] [stdout]   |
[INFO] [stdout] 
[INFO] [stdout] error: aborting due to previous error
[INFO] [stdout] 
[INFO] [stdout] For more information about this error, try `rustc --explain E0433`.
[INFO] [stdout] Couldn't compile the test.
[INFO] [stdout] 
[INFO] [stdout] failures:
[INFO] [stdout]     src/lib.rs - BlueNoiseSphere (line 38)
[INFO] [stdout] 
[INFO] [stdout] test result: FAILED. 1 passed; 1 failed; 0 ignored; 0 measured; 0 filtered out; finished in 1.38s
[INFO] [stdout] 
[INFO] running `Command { std: "docker" "inspect" "fb52f1f9d84026dbbece60b783ce194ac19e35dc45693610509030abb5df2f2c", kill_on_drop: false }`
[INFO] running `Command { std: "docker" "rm" "-f" "fb52f1f9d84026dbbece60b783ce194ac19e35dc45693610509030abb5df2f2c", kill_on_drop: false }`
[INFO] [stdout] fb52f1f9d84026dbbece60b783ce194ac19e35dc45693610509030abb5df2f2c
