[INFO] cloning repository https://github.com/nonnominandus/rust-pdb
[INFO] running `Command { std: "git" "-c" "credential.helper=" "-c" "credential.helper=/workspace/cargo-home/bin/git-credential-null" "clone" "--bare" "https://github.com/nonnominandus/rust-pdb" "/workspace/cache/git-repos/https%3A%2F%2Fgithub.com%2Fnonnominandus%2Frust-pdb", kill_on_drop: false }`
[INFO] [stderr] Cloning into bare repository '/workspace/cache/git-repos/https%3A%2F%2Fgithub.com%2Fnonnominandus%2Frust-pdb'...
[INFO] running `Command { std: "git" "rev-parse" "HEAD", kill_on_drop: false }`
[INFO] [stdout] e6207c7c5aae26218479e202c47953a8fa21759b
[INFO] testing nonnominandus/rust-pdb against 1.54.0 for beta-1.55-1
[INFO] running `Command { std: "git" "clone" "/workspace/cache/git-repos/https%3A%2F%2Fgithub.com%2Fnonnominandus%2Frust-pdb" "/workspace/builds/worker-64/source", kill_on_drop: false }`
[INFO] [stderr] Cloning into '/workspace/builds/worker-64/source'...
[INFO] [stderr] done.
[INFO] validating manifest of git repo https://github.com/nonnominandus/rust-pdb on toolchain 1.54.0
[INFO] running `Command { std: "/workspace/cargo-home/bin/cargo" "+1.54.0" "metadata" "--manifest-path" "Cargo.toml" "--no-deps", kill_on_drop: false }`
[INFO] started tweaking git repo https://github.com/nonnominandus/rust-pdb
[INFO] finished tweaking git repo https://github.com/nonnominandus/rust-pdb
[INFO] tweaked toml for git repo https://github.com/nonnominandus/rust-pdb written to /workspace/builds/worker-64/source/Cargo.toml
[INFO] crate git repo https://github.com/nonnominandus/rust-pdb already has a lockfile, it will not be regenerated
[INFO] running `Command { std: "/workspace/cargo-home/bin/cargo" "+1.54.0" "fetch" "--manifest-path" "Cargo.toml", kill_on_drop: false }`
[INFO] [stderr]     Blocking waiting for file lock on package cache
[INFO] [stderr]     Blocking waiting for file lock on package cache
[INFO] [stderr]  Downloading crates ...
[INFO] [stderr]   Downloaded rstar v0.8.3
[INFO] [stderr]   Downloaded doc-cfg v0.1.0
[INFO] running `Command { std: "docker" "create" "-v" "/var/lib/crater-agent-workspace/builds/worker-64/target:/opt/rustwide/target:rw,Z" "-v" "/var/lib/crater-agent-workspace/builds/worker-64/source:/opt/rustwide/workdir:ro,Z" "-v" "/var/lib/crater-agent-workspace/cargo-home:/opt/rustwide/cargo-home:ro,Z" "-v" "/var/lib/crater-agent-workspace/rustup-home:/opt/rustwide/rustup-home:ro,Z" "-e" "SOURCE_DIR=/opt/rustwide/workdir" "-e" "CARGO_TARGET_DIR=/opt/rustwide/target" "-e" "CARGO_HOME=/opt/rustwide/cargo-home" "-e" "RUSTUP_HOME=/opt/rustwide/rustup-home" "-w" "/opt/rustwide/workdir" "-m" "1610612736" "--user" "0:0" "--network" "none" "ghcr.io/rust-lang/crates-build-env/linux@sha256:34b6a614d2c27851fe6cbf88fbd1137609cefab8b10d0615aaeb6fd47975d74e" "/opt/rustwide/cargo-home/bin/cargo" "+1.54.0" "metadata" "--no-deps" "--format-version=1", kill_on_drop: false }`
[INFO] [stdout] 8cce28c79c16adcb18eede4b9301a35e487cfddc0594c5ee761cb08208b6661d
[INFO] running `Command { std: "docker" "start" "-a" "8cce28c79c16adcb18eede4b9301a35e487cfddc0594c5ee761cb08208b6661d", kill_on_drop: false }`
[INFO] running `Command { std: "docker" "inspect" "8cce28c79c16adcb18eede4b9301a35e487cfddc0594c5ee761cb08208b6661d", kill_on_drop: false }`
[INFO] running `Command { std: "docker" "rm" "-f" "8cce28c79c16adcb18eede4b9301a35e487cfddc0594c5ee761cb08208b6661d", kill_on_drop: false }`
[INFO] [stdout] 8cce28c79c16adcb18eede4b9301a35e487cfddc0594c5ee761cb08208b6661d
[INFO] running `Command { std: "docker" "create" "-v" "/var/lib/crater-agent-workspace/builds/worker-64/target:/opt/rustwide/target:rw,Z" "-v" "/var/lib/crater-agent-workspace/builds/worker-64/source:/opt/rustwide/workdir:ro,Z" "-v" "/var/lib/crater-agent-workspace/cargo-home:/opt/rustwide/cargo-home:ro,Z" "-v" "/var/lib/crater-agent-workspace/rustup-home:/opt/rustwide/rustup-home:ro,Z" "-e" "SOURCE_DIR=/opt/rustwide/workdir" "-e" "CARGO_TARGET_DIR=/opt/rustwide/target" "-e" "CARGO_INCREMENTAL=0" "-e" "RUST_BACKTRACE=full" "-e" "RUSTFLAGS=--cap-lints=warn" "-e" "CARGO_HOME=/opt/rustwide/cargo-home" "-e" "RUSTUP_HOME=/opt/rustwide/rustup-home" "-w" "/opt/rustwide/workdir" "-m" "1610612736" "--user" "0:0" "--network" "none" "ghcr.io/rust-lang/crates-build-env/linux@sha256:34b6a614d2c27851fe6cbf88fbd1137609cefab8b10d0615aaeb6fd47975d74e" "/opt/rustwide/cargo-home/bin/cargo" "+1.54.0" "build" "--frozen" "--message-format=json", kill_on_drop: false }`
[INFO] [stdout] 120e79dcc899e2084c972cb4e1a2789a2becc65f512da4c91e6e82951e161273
[INFO] running `Command { std: "docker" "start" "-a" "120e79dcc899e2084c972cb4e1a2789a2becc65f512da4c91e6e82951e161273", kill_on_drop: false }`
[INFO] [stderr]    Compiling autocfg v1.0.1
[INFO] [stderr]    Compiling cfg-if v1.0.0
[INFO] [stderr]    Compiling lazy_static v1.4.0
[INFO] [stderr]    Compiling libc v0.2.94
[INFO] [stderr]    Compiling rayon-core v1.9.0
[INFO] [stderr]    Compiling proc-macro2 v0.4.30
[INFO] [stderr]    Compiling scopeguard v1.1.0
[INFO] [stderr]    Compiling unicode-xid v0.1.0
[INFO] [stderr]    Compiling either v1.6.1
[INFO] [stderr]    Compiling crossbeam-utils v0.8.4
[INFO] [stderr]    Compiling memoffset v0.6.3
[INFO] [stderr]    Compiling rayon v1.5.0
[INFO] [stderr]    Compiling quote v0.6.13
[INFO] [stderr]    Compiling num_cpus v1.13.0
[INFO] [stderr]    Compiling doc-cfg v0.1.0
[INFO] [stderr]    Compiling crossbeam-epoch v0.9.4
[INFO] [stderr]    Compiling crossbeam-channel v0.5.1
[INFO] [stderr]    Compiling crossbeam-deque v0.8.0
[INFO] [stderr]    Compiling pdbtbx v0.7.0 (/opt/rustwide/workdir)
[INFO] [stderr]     Finished dev [optimized + debuginfo] target(s) in 1m 02s
[INFO] running `Command { std: "docker" "inspect" "120e79dcc899e2084c972cb4e1a2789a2becc65f512da4c91e6e82951e161273", kill_on_drop: false }`
[INFO] running `Command { std: "docker" "rm" "-f" "120e79dcc899e2084c972cb4e1a2789a2becc65f512da4c91e6e82951e161273", kill_on_drop: false }`
[INFO] [stdout] 120e79dcc899e2084c972cb4e1a2789a2becc65f512da4c91e6e82951e161273
[INFO] running `Command { std: "docker" "create" "-v" "/var/lib/crater-agent-workspace/builds/worker-64/target:/opt/rustwide/target:rw,Z" "-v" "/var/lib/crater-agent-workspace/builds/worker-64/source:/opt/rustwide/workdir:ro,Z" "-v" "/var/lib/crater-agent-workspace/cargo-home:/opt/rustwide/cargo-home:ro,Z" "-v" "/var/lib/crater-agent-workspace/rustup-home:/opt/rustwide/rustup-home:ro,Z" "-e" "SOURCE_DIR=/opt/rustwide/workdir" "-e" "CARGO_TARGET_DIR=/opt/rustwide/target" "-e" "CARGO_INCREMENTAL=0" "-e" "RUST_BACKTRACE=full" "-e" "RUSTFLAGS=--cap-lints=warn" "-e" "CARGO_HOME=/opt/rustwide/cargo-home" "-e" "RUSTUP_HOME=/opt/rustwide/rustup-home" "-w" "/opt/rustwide/workdir" "-m" "1610612736" "--user" "0:0" "--network" "none" "ghcr.io/rust-lang/crates-build-env/linux@sha256:34b6a614d2c27851fe6cbf88fbd1137609cefab8b10d0615aaeb6fd47975d74e" "/opt/rustwide/cargo-home/bin/cargo" "+1.54.0" "test" "--frozen" "--no-run" "--message-format=json", kill_on_drop: false }`
[INFO] [stdout] 0ff76a32a4252f9d07e51a506af4171008a6ff0574842cd4e9d21ed96c0f7b89
[INFO] running `Command { std: "docker" "start" "-a" "0ff76a32a4252f9d07e51a506af4171008a6ff0574842cd4e9d21ed96c0f7b89", kill_on_drop: false }`
[INFO] [stderr]    Compiling ryu v1.0.5
[INFO] [stderr]    Compiling serde v1.0.125
[INFO] [stderr]    Compiling serde_json v1.0.64
[INFO] [stderr]    Compiling itoa v0.4.7
[INFO] [stderr]    Compiling pdbtbx v0.7.0 (/opt/rustwide/workdir)
[INFO] [stderr]     Finished test [optimized + debuginfo] target(s) in 17.06s
[INFO] running `Command { std: "docker" "inspect" "0ff76a32a4252f9d07e51a506af4171008a6ff0574842cd4e9d21ed96c0f7b89", kill_on_drop: false }`
[INFO] running `Command { std: "docker" "rm" "-f" "0ff76a32a4252f9d07e51a506af4171008a6ff0574842cd4e9d21ed96c0f7b89", kill_on_drop: false }`
[INFO] [stdout] 0ff76a32a4252f9d07e51a506af4171008a6ff0574842cd4e9d21ed96c0f7b89
[INFO] running `Command { std: "docker" "create" "-v" "/var/lib/crater-agent-workspace/builds/worker-64/target:/opt/rustwide/target:rw,Z" "-v" "/var/lib/crater-agent-workspace/builds/worker-64/source:/opt/rustwide/workdir:ro,Z" "-v" "/var/lib/crater-agent-workspace/cargo-home:/opt/rustwide/cargo-home:ro,Z" "-v" "/var/lib/crater-agent-workspace/rustup-home:/opt/rustwide/rustup-home:ro,Z" "-e" "SOURCE_DIR=/opt/rustwide/workdir" "-e" "CARGO_TARGET_DIR=/opt/rustwide/target" "-e" "CARGO_INCREMENTAL=0" "-e" "RUST_BACKTRACE=full" "-e" "RUSTFLAGS=--cap-lints=warn" "-e" "CARGO_HOME=/opt/rustwide/cargo-home" "-e" "RUSTUP_HOME=/opt/rustwide/rustup-home" "-w" "/opt/rustwide/workdir" "-m" "1610612736" "--user" "0:0" "--network" "none" "ghcr.io/rust-lang/crates-build-env/linux@sha256:34b6a614d2c27851fe6cbf88fbd1137609cefab8b10d0615aaeb6fd47975d74e" "/opt/rustwide/cargo-home/bin/cargo" "+1.54.0" "test" "--frozen", kill_on_drop: false }`
[INFO] [stdout] 1c7a53e0eb0c63820248b64c18b0185073ace68a3fbcda7a8dd0d3c777d4a5b6
[INFO] running `Command { std: "docker" "start" "-a" "1c7a53e0eb0c63820248b64c18b0185073ace68a3fbcda7a8dd0d3c777d4a5b6", kill_on_drop: false }`
[INFO] [stderr]     Finished test [optimized + debuginfo] target(s) in 0.07s
[INFO] [stderr]      Running unittests (/opt/rustwide/target/debug/deps/pdbtbx-e9834ac48642c24c)
[INFO] [stdout] 
[INFO] [stdout] running 113 tests
[INFO] [stdout] test error::pdberror::tests::create_empty_error ... ok
[INFO] [stdout] test error::pdberror::tests::create_full_line_error ... ok
[INFO] [stdout] test error::pdberror::tests::create_range_error ... ok
[INFO] [stdout] test error::pdberror::tests::ordering_and_equality ... ok
[INFO] [stdout] test read::general::tests::open_invalid ... ok
[INFO] [stdout] test read::general::tests::open_not_existing ... ok
[INFO] [stdout] test read::mmcif::lexer::tests::classify_char_test ... ok
[INFO] [stdout] test read::mmcif::lexer::tests::parse_char_string_double_missing_quote ... ok
[INFO] [stdout] test read::mmcif::lexer::tests::parse_char_string_double_quoted ... ok
[INFO] [stdout] test read::mmcif::lexer::tests::parse_char_string_simple ... ok
[INFO] [stdout] test read::mmcif::lexer::tests::parse_char_string_single_quoted ... ok
[INFO] [stdout] test read::mmcif::lexer::tests::parse_data_block_test ... ok
[INFO] [stdout] test read::mmcif::lexer::tests::parse_data_item_or_save_frame_data_item ... ok
[INFO] [stdout] test read::mmcif::lexer::tests::parse_data_item_or_save_frame_save_frame ... ok
[INFO] [stdout] test read::mmcif::lexer::tests::parse_char_string_single_missing_quote ... ok
[INFO] [stdout] test read::mmcif::lexer::tests::parse_data_single_item_multiline_string ... ok
[INFO] [stdout] test read::mmcif::lexer::tests::parse_char_string_invalid_quoted ... ok
[INFO] [stdout] test read::mmcif::lexer::tests::parse_data_item_loop ... ok
[INFO] [stdout] test read::mmcif::lexer::tests::parse_data_single_item_numeric ... ok
[INFO] [stdout] test read::mmcif::lexer::tests::parse_data_single_item_numeric_no_leading_zero ... ok
[INFO] [stdout] test read::mmcif::lexer::tests::parse_data_single_item_string ... ok
[INFO] [stdout] test read::mmcif::lexer::tests::parse_data_single_missing_value ... ok
[INFO] [stdout] test read::mmcif::lexer::tests::parse_enclosed_test ... ok
[INFO] [stdout] test read::mmcif::lexer::tests::parse_identifier_test0 ... ok
[INFO] [stdout] test read::mmcif::lexer::tests::parse_identifier_test1 ... ok
[INFO] [stdout] test read::mmcif::lexer::tests::parse_invalid_data_block_test ... ok
[INFO] [stdout] test read::mmcif::lexer::tests::parse_invalid_data_item_loop ... ok
[INFO] [stdout] test read::mmcif::lexer::tests::parse_numeric_float_huge_uncertainty ... ok
[INFO] [stdout] test read::mmcif::lexer::tests::parse_numeric_float_exp ... ok
[INFO] [stdout] test read::mmcif::lexer::tests::parse_numeric_float_no_decimal ... ok
[INFO] [stdout] test read::mmcif::lexer::tests::parse_numeric_float_no_decimal_exp ... ok
[INFO] [stdout] test read::mmcif::lexer::tests::parse_invalid_save_frame ... ok
[INFO] [stdout] test read::mmcif::lexer::tests::parse_numeric_float_no_integer ... ok
[INFO] [stdout] test read::mmcif::lexer::tests::parse_numeric_float_no_integer_exp ... ok
[INFO] [stdout] test read::mmcif::lexer::tests::parse_numeric_float_no_integer_negative_exp ... ok
[INFO] [stdout] test read::mmcif::lexer::tests::parse_numeric_float_no_integer_positive_exp ... ok
[INFO] [stdout] test read::mmcif::lexer::tests::parse_numeric_float_uncertainty ... ok
[INFO] [stdout] test read::mmcif::lexer::tests::parse_numeric_float_uncertainty_missing_bracket ... ok
[INFO] [stdout] test read::mmcif::lexer::tests::parse_numeric_integer ... ok
[INFO] [stdout] test read::mmcif::lexer::tests::parse_numeric_missing_numbers0 ... ok
[INFO] [stdout] test read::mmcif::lexer::tests::parse_numeric_missing_numbers1 ... ok
[INFO] [stdout] test read::mmcif::lexer::tests::parse_numeric_missing_numbers2 ... ok
[INFO] [stdout] test read::mmcif::lexer::tests::parse_value_inapplicable ... ok
[INFO] [stdout] test read::mmcif::lexer::tests::parse_value_multiline_text ... ok
[INFO] [stdout] test read::mmcif::lexer::tests::parse_value_multiline_text_missing_end ... ok
[INFO] [stdout] test read::mmcif::lexer::tests::parse_value_multiline_text_with_newlines ... ok
[INFO] [stdout] test read::mmcif::lexer::tests::parse_value_multiline_text_with_semicolon ... ok
[INFO] [stdout] test read::mmcif::lexer::tests::skip_to_eol_test_end ... ok
[INFO] [stdout] test read::mmcif::lexer::tests::skip_to_eol_test_r ... ok
[INFO] [stdout] test read::mmcif::lexer::tests::skip_to_eol_test_nr ... ok
[INFO] [stdout] test read::mmcif::lexer::tests::skip_to_eol_test_n ... ok
[INFO] [stdout] test read::mmcif::lexer::tests::parse_value_unknown ... ok
[INFO] [stdout] test read::mmcif::lexer::tests::parse_value_numeric ... ok
[INFO] [stdout] test read::mmcif::lexer::tests::skip_to_eol_test_rn ... ok
[INFO] [stdout] test read::mmcif::lexer::tests::start_with_false ... ok
[INFO] [stdout] test read::mmcif::lexer::tests::trim_comments_and_whitespace_test ... ok
[INFO] [stdout] test read::mmcif::lexer::tests::start_with_true ... ok
[INFO] [stdout] test read::mmcif::lexer::tests::trim_whitespace_only_spaces ... ok
[INFO] [stdout] test read::mmcif::lexer::tests::trim_whitespace_tabs_and_spaces ... ok
[INFO] [stdout] test save::mmcif::tests::test_print_float ... ok
[INFO] [stdout] test structs::atom::tests::check_display ... ok
[INFO] [stdout] test structs::atom::tests::check_equality ... ok
[INFO] [stdout] test structs::atom::tests::check_radii ... ok
[INFO] [stdout] test structs::atom::tests::check_setters ... ok
[INFO] [stdout] test structs::atom::tests::distance ... ok
[INFO] [stdout] test structs::atom::tests::distance_all_axes ... ok
[INFO] [stdout] test structs::atom::tests::invalid_new_values ... ok
[INFO] [stdout] test structs::atom::tests::set_element ... ok
[INFO] [stdout] test structs::atom::tests::set_name ... ok
[INFO] [stdout] test structs::chain::tests::check_display ... ok
[INFO] [stdout] test structs::chain::tests::ordering_and_equality ... ok
[INFO] [stdout] test structs::chain::tests::test_empty_chain ... ok
[INFO] [stdout] test structs::chain::tests::test_id_validation ... ok
[INFO] [stdout] test structs::conformer::tests::test_atom ... ok
[INFO] [stdout] test structs::conformer::tests::test_empty ... ok
[INFO] [stdout] test structs::conformer::tests::test_text_validation ... ok
[INFO] [stdout] test structs::database_reference::tests::check_database_reference ... ok
[INFO] [stdout] test structs::database_reference::tests::check_sequence_position ... ok
[INFO] [stdout] test structs::helper::tests::correct_examples ... ok
[INFO] [stdout] test structs::helper::tests::incorrect_examples ... ok
[INFO] [stdout] test structs::model::tests::test_equality ... ok
[INFO] [stdout] test structs::chain::tests::test_residue ... ok
[INFO] [stdout] test structs::conformer::tests::ordering_and_equality ... ok
[INFO] [stdout] test structs::model::tests::test_display ... ok
[INFO] [stdout] test structs::model::tests::test_remove ... ok
[INFO] [stdout] test structs::mtrix::tests::test_accessors ... ok
[INFO] [stdout] test structs::helper::tests::number_to_base26_test ... ok
[INFO] [stdout] test structs::conformer::tests::check_display ... ok
[INFO] [stdout] test structs::model::tests::test_children ... ok
[INFO] [stdout] test structs::mtrix::tests::test_equality ... ok
[INFO] [stdout] test read::mmcif::lexer::tests::trim_whitespace_newlines ... ok
[INFO] [stdout] test structs::mtrix::tests::test_debug ... ok
[INFO] [stdout] test structs::pdb::tests::binary_lookup ... ok
[INFO] [stdout] test structs::residue::tests::check_display ... ok
[INFO] [stdout] test structs::residue::tests::ordering_and_equality ... ok
[INFO] [stdout] test structs::pdb::tests::sort_atoms ... ok
[INFO] [stderr]      Running tests/low_b.rs (/opt/rustwide/target/debug/deps/low_b-906ff6849aea2f93)
[INFO] [stdout] test structs::database_reference::tests::check_sequence_difference ... ok
[INFO] [stdout] test structs::residue::tests::test_empty ... ok
[INFO] [stdout] test structs::residue::tests::test_text_validation ... ok
[INFO] [stdout] test structs::residue::tests::test_conformer ... ok
[INFO] [stdout] test transformation::tests::combination ... ok
[INFO] [stdout] test transformation::tests::matrix ... ok
[INFO] [stdout] test transformation::tests::multiply_translation ... ok
[INFO] [stdout] test transformation::tests::rot_x ... ok
[INFO] [stdout] test transformation::tests::rot_y ... ok
[INFO] [stdout] test structs::symmetry::tests::both_creations ... ok
[INFO] [stdout] test structs::unit_cell::tests::equality ... ok
[INFO] [stdout] test transformation::tests::rot_z ... ok
[INFO] [stdout] test transformation::tests::magnification ... ok
[INFO] [stdout] test transformation::tests::identity ... ok
[INFO] [stdout] test structs::residue::tests::test_join ... ok
[INFO] [stdout] test structs::symmetry::tests::symbol_invariant ... ok
[INFO] [stdout] test transformation::tests::translation ... ok
[INFO] [stdout] 
[INFO] [stdout] test result: ok. 113 passed; 0 failed; 0 ignored; 0 measured; 0 filtered out; finished in 0.13s
[INFO] [stdout] 
[INFO] [stdout] 
[INFO] [stdout] running 1 test
[INFO] [stderr]      Running tests/read_write_pdbs.rs (/opt/rustwide/target/debug/deps/read_write_pdbs-a24f8f98563d7e75)
[INFO] [stdout] test low_b_factor_messages ... ok
[INFO] [stdout] 
[INFO] [stdout] test result: ok. 1 passed; 0 failed; 0 ignored; 0 measured; 0 filtered out; finished in 0.00s
[INFO] [stdout] 
[INFO] [stdout] 
[INFO] [stdout] running 1 test
[INFO] [stdout] test run_pdbs ... FAILED
[INFO] [stdout] 
[INFO] [stdout] failures:
[INFO] [stdout] 
[INFO] [stdout] ---- run_pdbs stdout ----
[INFO] [stdout] "/opt/rustwide/workdir/example-pdbs"
[INFO] [stdout] thread 'run_pdbs' panicked at 'assertion failed: res.is_ok()', tests/read_write_pdbs.rs:168:5
[INFO] [stdout] stack backtrace:
[INFO] [stdout]    0:     0x55f5b0ae6f90 - std::backtrace_rs::backtrace::libunwind::trace::h34055254b57d8e79
[INFO] [stdout]                                at /rustc/a178d0322ce20e33eac124758e837cbd80a6f633/library/std/src/../../backtrace/src/backtrace/libunwind.rs:90:5
[INFO] [stdout]    1:     0x55f5b0ae6f90 - std::backtrace_rs::backtrace::trace_unsynchronized::h8f1e3fbd9afff6ec
[INFO] [stdout]                                at /rustc/a178d0322ce20e33eac124758e837cbd80a6f633/library/std/src/../../backtrace/src/backtrace/mod.rs:66:5
[INFO] [stdout]    2:     0x55f5b0ae6f90 - std::sys_common::backtrace::_print_fmt::h3a99a796b770c360
[INFO] [stdout]                                at /rustc/a178d0322ce20e33eac124758e837cbd80a6f633/library/std/src/sys_common/backtrace.rs:67:5
[INFO] [stdout]    3:     0x55f5b0ae6f90 - <std::sys_common::backtrace::_print::DisplayBacktrace as core::fmt::Display>::fmt::h32d1f94a80615d18
[INFO] [stdout]                                at /rustc/a178d0322ce20e33eac124758e837cbd80a6f633/library/std/src/sys_common/backtrace.rs:46:22
[INFO] [stdout]    4:     0x55f5b0b0b5dc - core::fmt::write::h306731c068f7162c
[INFO] [stdout]                                at /rustc/a178d0322ce20e33eac124758e837cbd80a6f633/library/core/src/fmt/mod.rs:1110:17
[INFO] [stdout]    5:     0x55f5b0ae3b95 - std::io::Write::write_fmt::h87f19b0a2cd190bc
[INFO] [stdout]                                at /rustc/a178d0322ce20e33eac124758e837cbd80a6f633/library/std/src/io/mod.rs:1588:15
[INFO] [stdout]    6:     0x55f5b0ae921b - std::sys_common::backtrace::_print::h5abaa2601a852287
[INFO] [stdout]                                at /rustc/a178d0322ce20e33eac124758e837cbd80a6f633/library/std/src/sys_common/backtrace.rs:49:5
[INFO] [stdout]    7:     0x55f5b0ae921b - std::sys_common::backtrace::print::h8d81445442bb638f
[INFO] [stdout]                                at /rustc/a178d0322ce20e33eac124758e837cbd80a6f633/library/std/src/sys_common/backtrace.rs:36:9
[INFO] [stdout]    8:     0x55f5b0ae921b - std::panicking::default_hook::{{closure}}::hcfe804496a9fa747
[INFO] [stdout]                                at /rustc/a178d0322ce20e33eac124758e837cbd80a6f633/library/std/src/panicking.rs:208:50
[INFO] [stdout]    9:     0x55f5b0ae8d2c - std::panicking::default_hook::hbea8e3ccf2ba8901
[INFO] [stdout]                                at /rustc/a178d0322ce20e33eac124758e837cbd80a6f633/library/std/src/panicking.rs:222:9
[INFO] [stdout]   10:     0x55f5b0ae98e4 - std::panicking::rust_panic_with_hook::h7ee9e1a2d0f8975a
[INFO] [stdout]                                at /rustc/a178d0322ce20e33eac124758e837cbd80a6f633/library/std/src/panicking.rs:622:17
[INFO] [stdout]   11:     0x55f5b0ae9397 - std::panicking::begin_panic_handler::{{closure}}::h8ab3b4491718b2c7
[INFO] [stdout]                                at /rustc/a178d0322ce20e33eac124758e837cbd80a6f633/library/std/src/panicking.rs:517:13
[INFO] [stdout]   12:     0x55f5b0ae748c - std::sys_common::backtrace::__rust_end_short_backtrace::hd489062ffa586a9f
[INFO] [stdout]                                at /rustc/a178d0322ce20e33eac124758e837cbd80a6f633/library/std/src/sys_common/backtrace.rs:141:18
[INFO] [stdout]   13:     0x55f5b0ae9329 - rust_begin_unwind
[INFO] [stdout]                                at /rustc/a178d0322ce20e33eac124758e837cbd80a6f633/library/std/src/panicking.rs:515:5
[INFO] [stdout]   14:     0x55f5b0a30c21 - core::panicking::panic_fmt::hca6330e3e14086b4
[INFO] [stdout]                                at /rustc/a178d0322ce20e33eac124758e837cbd80a6f633/library/core/src/panicking.rs:92:14
[INFO] [stdout]   15:     0x55f5b0a30b6d - core::panicking::panic::h1a48d878ff3dcd40
[INFO] [stdout]                                at /rustc/a178d0322ce20e33eac124758e837cbd80a6f633/library/core/src/panicking.rs:50:5
[INFO] [stdout]   16:     0x55f5b0a44c0d - read_write_pdbs::save_pdb_strict::h865c1cadd2fa5293
[INFO] [stdout]                                at /opt/rustwide/workdir/tests/read_write_pdbs.rs:168:5
[INFO] [stdout]   17:     0x55f5b0a45b8d - read_write_pdbs::run_pdbs::hd52e64150dc3e7c2
[INFO] [stdout]                                at /opt/rustwide/workdir/tests/read_write_pdbs.rs:21:5
[INFO] [stdout]   18:     0x55f5b0a4570a - read_write_pdbs::run_pdbs::{{closure}}::h876397ffe368b91b
[INFO] [stdout]                                at /opt/rustwide/workdir/tests/read_write_pdbs.rs:7:1
[INFO] [stdout]   19:     0x55f5b0a47ade - core::ops::function::FnOnce::call_once::h2893737f7df9f2c3
[INFO] [stdout]                                at /rustc/a178d0322ce20e33eac124758e837cbd80a6f633/library/core/src/ops/function.rs:227:5
[INFO] [stdout]   20:     0x55f5b0a79063 - core::ops::function::FnOnce::call_once::h152e7e439ff59e19
[INFO] [stdout]                                at /rustc/a178d0322ce20e33eac124758e837cbd80a6f633/library/core/src/ops/function.rs:227:5
[INFO] [stdout]   21:     0x55f5b0a79063 - test::__rust_begin_short_backtrace::h0908f3b1fdbb72ab
[INFO] [stdout]                                at /rustc/a178d0322ce20e33eac124758e837cbd80a6f633/library/test/src/lib.rs:577:5
[INFO] [stdout]   22:     0x55f5b0a77b20 - <alloc::boxed::Box<F,A> as core::ops::function::FnOnce<Args>>::call_once::hf6d2a51e5587546c
[INFO] [stdout]                                at /rustc/a178d0322ce20e33eac124758e837cbd80a6f633/library/alloc/src/boxed.rs:1575:9
[INFO] [stdout]   23:     0x55f5b0a77b20 - <std::panic::AssertUnwindSafe<F> as core::ops::function::FnOnce<()>>::call_once::h8af660f3a89ef593
[INFO] [stdout]                                at /rustc/a178d0322ce20e33eac124758e837cbd80a6f633/library/std/src/panic.rs:347:9
[INFO] [stdout]   24:     0x55f5b0a77b20 - std::panicking::try::do_call::hd36aef60f84b6d36
[INFO] [stdout]                                at /rustc/a178d0322ce20e33eac124758e837cbd80a6f633/library/std/src/panicking.rs:401:40
[INFO] [stdout]   25:     0x55f5b0a77b20 - std::panicking::try::h9932b4480e69817c
[INFO] [stdout]                                at /rustc/a178d0322ce20e33eac124758e837cbd80a6f633/library/std/src/panicking.rs:365:19
[INFO] [stdout]   26:     0x55f5b0a77b20 - std::panic::catch_unwind::h6aa177099cfff5f8
[INFO] [stdout]                                at /rustc/a178d0322ce20e33eac124758e837cbd80a6f633/library/std/src/panic.rs:434:14
[INFO] [stdout]   27:     0x55f5b0a77b20 - test::run_test_in_process::h5884d6f2d99e20c3
[INFO] [stdout]                                at /rustc/a178d0322ce20e33eac124758e837cbd80a6f633/library/test/src/lib.rs:600:18
[INFO] [stdout]   28:     0x55f5b0a77b20 - test::run_test::run_test_inner::{{closure}}::h6fdc58c6d5f5b6e3
[INFO] [stdout]                                at /rustc/a178d0322ce20e33eac124758e837cbd80a6f633/library/test/src/lib.rs:492:39
[INFO] [stdout]   29:     0x55f5b0a511d2 - test::run_test::run_test_inner::{{closure}}::h408365d67a78ade8
[INFO] [stdout]                                at /rustc/a178d0322ce20e33eac124758e837cbd80a6f633/library/test/src/lib.rs:519:37
[INFO] [stdout]   30:     0x55f5b0a511d2 - std::sys_common::backtrace::__rust_begin_short_backtrace::hb560b77c4f701523
[INFO] [stdout]                                at /rustc/a178d0322ce20e33eac124758e837cbd80a6f633/library/std/src/sys_common/backtrace.rs:125:18
[INFO] [stdout]   31:     0x55f5b0a54d88 - std::thread::Builder::spawn_unchecked::{{closure}}::{{closure}}::hf2e7831dad93c597
[INFO] [stdout]                                at /rustc/a178d0322ce20e33eac124758e837cbd80a6f633/library/std/src/thread/mod.rs:481:17
[INFO] [stdout]   32:     0x55f5b0a54d88 - <std::panic::AssertUnwindSafe<F> as core::ops::function::FnOnce<()>>::call_once::hd2e08783d8be4d02
[INFO] [stdout]                                at /rustc/a178d0322ce20e33eac124758e837cbd80a6f633/library/std/src/panic.rs:347:9
[INFO] [stdout]   33:     0x55f5b0a54d88 - std::panicking::try::do_call::h062597b7acfd6b82
[INFO] [stdout]                                at /rustc/a178d0322ce20e33eac124758e837cbd80a6f633/library/std/src/panicking.rs:401:40
[INFO] [stdout]   34:     0x55f5b0a54d88 - std::panicking::try::h0d7b79db04c14552
[INFO] [stdout]                                at /rustc/a178d0322ce20e33eac124758e837cbd80a6f633/library/std/src/panicking.rs:365:19
[INFO] [stdout]   35:     0x55f5b0a54d88 - std::panic::catch_unwind::hb01a0b5e7c8cd43b
[INFO] [stdout]                                at /rustc/a178d0322ce20e33eac124758e837cbd80a6f633/library/std/src/panic.rs:434:14
[INFO] [stdout]   36:     0x55f5b0a54d88 - std::thread::Builder::spawn_unchecked::{{closure}}::h5bde48cc887e0d1e
[INFO] [stdout]                                at /rustc/a178d0322ce20e33eac124758e837cbd80a6f633/library/std/src/thread/mod.rs:480:30
[INFO] [stdout]   37:     0x55f5b0a54d88 - core::ops::function::FnOnce::call_once{{vtable.shim}}::h745ea30807a29e55
[INFO] [stdout]                                at /rustc/a178d0322ce20e33eac124758e837cbd80a6f633/library/core/src/ops/function.rs:227:5
[INFO] [stdout]   38:     0x55f5b0aee9b7 - <alloc::boxed::Box<F,A> as core::ops::function::FnOnce<Args>>::call_once::h7ece6cfefaff1005
[INFO] [stdout]                                at /rustc/a178d0322ce20e33eac124758e837cbd80a6f633/library/alloc/src/boxed.rs:1575:9
[INFO] [stdout]   39:     0x55f5b0aee9b7 - <alloc::boxed::Box<F,A> as core::ops::function::FnOnce<Args>>::call_once::hb8b48e55c21f193e
[INFO] [stdout]                                at /rustc/a178d0322ce20e33eac124758e837cbd80a6f633/library/alloc/src/boxed.rs:1575:9
[INFO] [stdout]   40:     0x55f5b0aee9b7 - std::sys::unix::thread::Thread::new::thread_start::h8c7c4450dba62914
[INFO] [stdout]                                at /rustc/a178d0322ce20e33eac124758e837cbd80a6f633/library/std/src/sys/unix/thread.rs:71:17
[INFO] [stdout]   41:     0x7f989096f609 - start_thread
[INFO] [stdout]   42:     0x7f9890741293 - clone
[INFO] [stdout]   43:                0x0 - <unknown>
[INFO] [stdout] 
[INFO] [stdout] 
[INFO] [stdout] failures:
[INFO] [stdout]     run_pdbs
[INFO] [stdout] 
[INFO] [stdout] test result: FAILED. 0 passed; 1 failed; 0 ignored; 0 measured; 0 filtered out; finished in 0.05s
[INFO] [stdout] 
[INFO] [stderr] error: test failed, to rerun pass '--test read_write_pdbs'
[INFO] running `Command { std: "docker" "inspect" "1c7a53e0eb0c63820248b64c18b0185073ace68a3fbcda7a8dd0d3c777d4a5b6", kill_on_drop: false }`
[INFO] running `Command { std: "docker" "rm" "-f" "1c7a53e0eb0c63820248b64c18b0185073ace68a3fbcda7a8dd0d3c777d4a5b6", kill_on_drop: false }`
[INFO] [stdout] 1c7a53e0eb0c63820248b64c18b0185073ace68a3fbcda7a8dd0d3c777d4a5b6
