[INFO] cloning repository https://github.com/no111u3/avra-rs
[INFO] running `Command { std: "git" "-c" "credential.helper=" "-c" "credential.helper=/workspace/cargo-home/bin/git-credential-null" "clone" "--bare" "https://github.com/no111u3/avra-rs" "/workspace/cache/git-repos/https%3A%2F%2Fgithub.com%2Fno111u3%2Favra-rs", kill_on_drop: false }`
[INFO] [stderr] Cloning into bare repository '/workspace/cache/git-repos/https%3A%2F%2Fgithub.com%2Fno111u3%2Favra-rs'...
[INFO] running `Command { std: "git" "rev-parse" "HEAD", kill_on_drop: false }`
[INFO] [stdout] 45f09edace6263636d7fd3d80d339fa92891f776
[INFO] testing no111u3/avra-rs against beta-2021-08-01 for beta-1.55-1
[INFO] running `Command { std: "git" "clone" "/workspace/cache/git-repos/https%3A%2F%2Fgithub.com%2Fno111u3%2Favra-rs" "/workspace/builds/worker-90/source", kill_on_drop: false }`
[INFO] [stderr] Cloning into '/workspace/builds/worker-90/source'...
[INFO] [stderr] done.
[INFO] validating manifest of git repo https://github.com/no111u3/avra-rs on toolchain beta-2021-08-01
[INFO] running `Command { std: "/workspace/cargo-home/bin/cargo" "+beta-2021-08-01" "metadata" "--manifest-path" "Cargo.toml" "--no-deps", kill_on_drop: false }`
[INFO] started tweaking git repo https://github.com/no111u3/avra-rs
[INFO] finished tweaking git repo https://github.com/no111u3/avra-rs
[INFO] tweaked toml for git repo https://github.com/no111u3/avra-rs written to /workspace/builds/worker-90/source/Cargo.toml
[INFO] crate git repo https://github.com/no111u3/avra-rs already has a lockfile, it will not be regenerated
[INFO] running `Command { std: "/workspace/cargo-home/bin/cargo" "+beta-2021-08-01" "fetch" "--manifest-path" "Cargo.toml", kill_on_drop: false }`
[INFO] [stderr]     Blocking waiting for file lock on package cache
[INFO] [stderr]     Blocking waiting for file lock on package cache
[INFO] [stderr]  Downloading crates ...
[INFO] [stderr]   Downloaded crc8 v0.1.1
[INFO] [stderr]   Downloaded peg v0.6.2
[INFO] [stderr]   Downloaded ihex v1.1.2
[INFO] [stderr]   Downloaded crc32c v0.4.0
[INFO] [stderr]   Downloaded crc16 v0.3.4
[INFO] [stderr]   Downloaded blake v1.1.1
[INFO] [stderr]   Downloaded strum v0.17.1
[INFO] [stderr]   Downloaded shaman v0.1.0
[INFO] [stderr]   Downloaded md6 v1.1.1
[INFO] [stderr]   Downloaded peg-macros v0.6.2
[INFO] [stderr]   Downloaded peg-runtime v0.6.2
[INFO] [stderr]   Downloaded checksums v0.6.0
[INFO] [stderr]   Downloaded strum_macros v0.17.1
[INFO] [stderr]   Downloaded pbr v1.0.2
[INFO] running `Command { std: "docker" "create" "-v" "/var/lib/crater-agent-workspace/builds/worker-90/target:/opt/rustwide/target:rw,Z" "-v" "/var/lib/crater-agent-workspace/builds/worker-90/source:/opt/rustwide/workdir:ro,Z" "-v" "/var/lib/crater-agent-workspace/cargo-home:/opt/rustwide/cargo-home:ro,Z" "-v" "/var/lib/crater-agent-workspace/rustup-home:/opt/rustwide/rustup-home:ro,Z" "-e" "SOURCE_DIR=/opt/rustwide/workdir" "-e" "CARGO_TARGET_DIR=/opt/rustwide/target" "-e" "CARGO_HOME=/opt/rustwide/cargo-home" "-e" "RUSTUP_HOME=/opt/rustwide/rustup-home" "-w" "/opt/rustwide/workdir" "-m" "1610612736" "--user" "0:0" "--network" "none" "ghcr.io/rust-lang/crates-build-env/linux@sha256:34b6a614d2c27851fe6cbf88fbd1137609cefab8b10d0615aaeb6fd47975d74e" "/opt/rustwide/cargo-home/bin/cargo" "+beta-2021-08-01" "metadata" "--no-deps" "--format-version=1", kill_on_drop: false }`
[INFO] [stdout] f5cc2eabfd10240d9d748877077e9c7a5336681e899390acc266006487dd6911
[INFO] running `Command { std: "docker" "start" "-a" "f5cc2eabfd10240d9d748877077e9c7a5336681e899390acc266006487dd6911", kill_on_drop: false }`
[INFO] running `Command { std: "docker" "inspect" "f5cc2eabfd10240d9d748877077e9c7a5336681e899390acc266006487dd6911", kill_on_drop: false }`
[INFO] running `Command { std: "docker" "rm" "-f" "f5cc2eabfd10240d9d748877077e9c7a5336681e899390acc266006487dd6911", kill_on_drop: false }`
[INFO] [stdout] f5cc2eabfd10240d9d748877077e9c7a5336681e899390acc266006487dd6911
[INFO] running `Command { std: "docker" "create" "-v" "/var/lib/crater-agent-workspace/builds/worker-90/target:/opt/rustwide/target:rw,Z" "-v" "/var/lib/crater-agent-workspace/builds/worker-90/source:/opt/rustwide/workdir:ro,Z" "-v" "/var/lib/crater-agent-workspace/cargo-home:/opt/rustwide/cargo-home:ro,Z" "-v" "/var/lib/crater-agent-workspace/rustup-home:/opt/rustwide/rustup-home:ro,Z" "-e" "SOURCE_DIR=/opt/rustwide/workdir" "-e" "CARGO_TARGET_DIR=/opt/rustwide/target" "-e" "CARGO_INCREMENTAL=0" "-e" "RUST_BACKTRACE=full" "-e" "RUSTFLAGS=--cap-lints=warn" "-e" "CARGO_HOME=/opt/rustwide/cargo-home" "-e" "RUSTUP_HOME=/opt/rustwide/rustup-home" "-w" "/opt/rustwide/workdir" "-m" "1610612736" "--user" "0:0" "--network" "none" "ghcr.io/rust-lang/crates-build-env/linux@sha256:34b6a614d2c27851fe6cbf88fbd1137609cefab8b10d0615aaeb6fd47975d74e" "/opt/rustwide/cargo-home/bin/cargo" "+beta-2021-08-01" "build" "--frozen" "--message-format=json", kill_on_drop: false }`
[INFO] [stdout] 3293ca4d78ed15ee9e031943580409f380b85e3a60744e9ea79bc724269a5ed3
[INFO] running `Command { std: "docker" "start" "-a" "3293ca4d78ed15ee9e031943580409f380b85e3a60744e9ea79bc724269a5ed3", kill_on_drop: false }`
[INFO] [stderr]    Compiling libc v0.2.67
[INFO] [stderr]    Compiling proc-macro2 v1.0.9
[INFO] [stderr]    Compiling unicode-xid v0.2.0
[INFO] [stderr]    Compiling cfg-if v0.1.10
[INFO] [stderr]    Compiling syn v1.0.16
[INFO] [stderr]    Compiling getrandom v0.1.14
[INFO] [stderr]    Compiling gcc v0.3.55
[INFO] [stderr]    Compiling version_check v0.9.1
[INFO] [stderr]    Compiling unicode-width v0.1.7
[INFO] [stderr]    Compiling bitflags v1.2.1
[INFO] [stderr]    Compiling memchr v2.3.3
[INFO] [stderr]    Compiling lazy_static v1.4.0
[INFO] [stderr]    Compiling arrayvec v0.4.12
[INFO] [stderr]    Compiling ppv-lite86 v0.2.6
[INFO] [stderr]    Compiling build_const v0.2.1
[INFO] [stderr]    Compiling crunchy v0.2.2
[INFO] [stderr]    Compiling vec_map v0.8.1
[INFO] [stderr]    Compiling ansi_term v0.11.0
[INFO] [stderr]    Compiling cc v1.0.50
[INFO] [stderr]    Compiling crc16 v0.3.4
[INFO] [stderr]    Compiling crc32c v0.4.0
[INFO] [stderr]    Compiling strsim v0.8.0
[INFO] [stderr]    Compiling ucd-util v0.1.8
[INFO] [stderr]    Compiling regex v0.2.11
[INFO] [stderr]    Compiling nodrop v0.1.14
[INFO] [stderr]    Compiling unicode-segmentation v1.6.0
[INFO] [stderr]    Compiling same-file v0.1.3
[INFO] [stderr]    Compiling rustc-serialize v0.3.24
[INFO] [stderr]    Compiling utf8-ranges v1.0.4
[INFO] [stderr]    Compiling futures v0.1.29
[INFO] [stderr]    Compiling constant_time_eq v0.1.5
[INFO] [stderr]    Compiling crc8 v0.1.1
[INFO] [stderr]    Compiling same-file v1.0.6
[INFO] [stderr]    Compiling failure_derive v0.1.7
[INFO] [stderr]    Compiling md5 v0.3.8
[INFO] [stderr]    Compiling peg-runtime v0.6.2
[INFO] [stderr]    Compiling rustc-demangle v0.1.16
[INFO] [stderr]    Compiling byteorder v1.3.4
[INFO] [stderr]    Compiling ihex v1.1.2
[INFO] [stderr]    Compiling maplit v1.0.2
[INFO] [stderr]    Compiling strum v0.17.1
[INFO] [stderr]    Compiling walkdir v2.3.1
[INFO] [stderr]    Compiling thread_local v0.3.6
[INFO] [stderr]    Compiling crc v1.8.1
[INFO] [stderr]    Compiling proc-macro-error-attr v0.4.11
[INFO] [stderr]    Compiling proc-macro-error v0.4.11
[INFO] [stderr]    Compiling walkdir v1.0.7
[INFO] [stderr]    Compiling md6 v1.1.1
[INFO] [stderr]    Compiling blake v1.1.1
[INFO] [stderr]    Compiling textwrap v0.11.0
[INFO] [stderr]    Compiling regex-syntax v0.5.6
[INFO] [stderr]    Compiling heck v0.3.1
[INFO] [stderr]    Compiling tabwriter v1.2.1
[INFO] [stderr]    Compiling backtrace-sys v0.1.34
[INFO] [stderr]    Compiling aho-corasick v0.6.10
[INFO] [stderr]    Compiling tiny-keccak v1.5.0
[INFO] [stderr]    Compiling blake2-rfc v0.2.18
[INFO] [stderr]    Compiling quote v1.0.3
[INFO] [stderr]    Compiling peg-macros v0.6.2
[INFO] [stderr]    Compiling atty v0.2.14
[INFO] [stderr]    Compiling num_cpus v1.12.0
[INFO] [stderr]    Compiling time v0.1.42
[INFO] [stderr]    Compiling dirs-sys v0.3.4
[INFO] [stderr]    Compiling clap v2.33.0
[INFO] [stderr]    Compiling dirs v2.0.2
[INFO] [stderr]    Compiling rand_core v0.5.1
[INFO] [stderr]    Compiling backtrace v0.3.45
[INFO] [stderr]    Compiling futures-cpupool v0.1.8
[INFO] [stderr]    Compiling pbr v1.0.2
[INFO] [stderr]    Compiling rand_chacha v0.2.2
[INFO] [stderr]    Compiling rand v0.7.3
[INFO] [stderr]    Compiling shaman v0.1.0
[INFO] [stderr]    Compiling peg v0.6.2
[INFO] [stderr]    Compiling checksums v0.6.0
[INFO] [stderr]    Compiling syn-mid v0.5.0
[INFO] [stderr]    Compiling synstructure v0.12.3
[INFO] [stderr]    Compiling avra-rs v0.3.0 (/opt/rustwide/workdir)
[INFO] [stderr]    Compiling strum_macros v0.17.1
[INFO] [stderr]    Compiling failure v0.1.7
[INFO] [stderr]    Compiling structopt-derive v0.4.4
[INFO] [stderr]    Compiling structopt v0.3.11
[INFO] [stderr]     Finished dev [unoptimized + debuginfo] target(s) in 41.95s
[INFO] running `Command { std: "docker" "inspect" "3293ca4d78ed15ee9e031943580409f380b85e3a60744e9ea79bc724269a5ed3", kill_on_drop: false }`
[INFO] running `Command { std: "docker" "rm" "-f" "3293ca4d78ed15ee9e031943580409f380b85e3a60744e9ea79bc724269a5ed3", kill_on_drop: false }`
[INFO] [stdout] 3293ca4d78ed15ee9e031943580409f380b85e3a60744e9ea79bc724269a5ed3
[INFO] running `Command { std: "docker" "create" "-v" "/var/lib/crater-agent-workspace/builds/worker-90/target:/opt/rustwide/target:rw,Z" "-v" "/var/lib/crater-agent-workspace/builds/worker-90/source:/opt/rustwide/workdir:ro,Z" "-v" "/var/lib/crater-agent-workspace/cargo-home:/opt/rustwide/cargo-home:ro,Z" "-v" "/var/lib/crater-agent-workspace/rustup-home:/opt/rustwide/rustup-home:ro,Z" "-e" "SOURCE_DIR=/opt/rustwide/workdir" "-e" "CARGO_TARGET_DIR=/opt/rustwide/target" "-e" "CARGO_INCREMENTAL=0" "-e" "RUST_BACKTRACE=full" "-e" "RUSTFLAGS=--cap-lints=warn" "-e" "CARGO_HOME=/opt/rustwide/cargo-home" "-e" "RUSTUP_HOME=/opt/rustwide/rustup-home" "-w" "/opt/rustwide/workdir" "-m" "1610612736" "--user" "0:0" "--network" "none" "ghcr.io/rust-lang/crates-build-env/linux@sha256:34b6a614d2c27851fe6cbf88fbd1137609cefab8b10d0615aaeb6fd47975d74e" "/opt/rustwide/cargo-home/bin/cargo" "+beta-2021-08-01" "test" "--frozen" "--no-run" "--message-format=json", kill_on_drop: false }`
[INFO] [stdout] 0b48a690f224a0c557e3052e2a7b40863216abdf1b6c5d89868f6a164722e27d
[INFO] running `Command { std: "docker" "start" "-a" "0b48a690f224a0c557e3052e2a7b40863216abdf1b6c5d89868f6a164722e27d", kill_on_drop: false }`
[INFO] [stderr]    Compiling avra-rs v0.3.0 (/opt/rustwide/workdir)
[INFO] [stderr]     Finished test [unoptimized + debuginfo] target(s) in 5.20s
[INFO] running `Command { std: "docker" "inspect" "0b48a690f224a0c557e3052e2a7b40863216abdf1b6c5d89868f6a164722e27d", kill_on_drop: false }`
[INFO] running `Command { std: "docker" "rm" "-f" "0b48a690f224a0c557e3052e2a7b40863216abdf1b6c5d89868f6a164722e27d", kill_on_drop: false }`
[INFO] [stdout] 0b48a690f224a0c557e3052e2a7b40863216abdf1b6c5d89868f6a164722e27d
[INFO] running `Command { std: "docker" "create" "-v" "/var/lib/crater-agent-workspace/builds/worker-90/target:/opt/rustwide/target:rw,Z" "-v" "/var/lib/crater-agent-workspace/builds/worker-90/source:/opt/rustwide/workdir:ro,Z" "-v" "/var/lib/crater-agent-workspace/cargo-home:/opt/rustwide/cargo-home:ro,Z" "-v" "/var/lib/crater-agent-workspace/rustup-home:/opt/rustwide/rustup-home:ro,Z" "-e" "SOURCE_DIR=/opt/rustwide/workdir" "-e" "CARGO_TARGET_DIR=/opt/rustwide/target" "-e" "CARGO_INCREMENTAL=0" "-e" "RUST_BACKTRACE=full" "-e" "RUSTFLAGS=--cap-lints=warn" "-e" "CARGO_HOME=/opt/rustwide/cargo-home" "-e" "RUSTUP_HOME=/opt/rustwide/rustup-home" "-w" "/opt/rustwide/workdir" "-m" "1610612736" "--user" "0:0" "--network" "none" "ghcr.io/rust-lang/crates-build-env/linux@sha256:34b6a614d2c27851fe6cbf88fbd1137609cefab8b10d0615aaeb6fd47975d74e" "/opt/rustwide/cargo-home/bin/cargo" "+beta-2021-08-01" "test" "--frozen", kill_on_drop: false }`
[INFO] [stdout] 7a15079d0e654062a2987b9adbd4ea0939227bb59b4007fcb20de8d7c8c7191a
[INFO] running `Command { std: "docker" "start" "-a" "7a15079d0e654062a2987b9adbd4ea0939227bb59b4007fcb20de8d7c8c7191a", kill_on_drop: false }`
[INFO] [stderr]     Finished test [unoptimized + debuginfo] target(s) in 0.18s
[INFO] [stderr]      Running unittests (/opt/rustwide/target/debug/deps/avra_lib-3198000dc2a63f57)
[INFO] [stdout] 
[INFO] [stdout] running 67 tests
[INFO] [stdout] test builder::pass1::builder_tests::check_empty ... ok
[INFO] [stdout] test builder::pass1::builder_tests::check_labels ... ok
[INFO] [stdout] test builder::builder_tests::check_empty ... ok
[INFO] [stdout] test builder::pass2::builder_tests::check_cseg_org ... ok
[INFO] [stdout] test builder::pass0::builder_tests::check_for_conditional_macro ... ok
[INFO] [stdout] test builder::pass1::builder_tests::check_segments ... ok
[INFO] [stdout] test builder::pass2::builder_tests::check_dseg ... ok
[INFO] [stdout] test builder::pass2::builder_tests::check_empty ... ok
[INFO] [stdout] test builder::pass0::builder_tests::check_for_argument_macro ... ok
[INFO] [stdout] test builder::pass2::builder_tests::check_db_dw_dd_dq ... ok
[INFO] [stdout] test builder::pass2::builder_tests::avr8l_lds_sts ... ok
[INFO] [stdout] test builder::pass0::builder_tests::check_non_argument_macro ... ok
[INFO] [stdout] test builder::pass0::builder_tests::check_for_nested_macro ... ok
[INFO] [stdout] test builder::pass2::builder_tests::check_eseg ... ok
[INFO] [stdout] test builder::pass1::builder_tests::check_data_placement ... ok
[INFO] [stdout] test builder::pass2::builder_tests::check_no_args ... ok
[INFO] [stdout] test directive::parser_tests::check_directive_byte ... ok
[INFO] [stdout] test builder::pass2::builder_tests::check_two_args ... ok
[INFO] [stdout] test builder::pass2::builder_tests::relatives_branch ... ok
[INFO] [stdout] test builder::pass2::builder_tests::check_one_arg ... ok
[INFO] [stdout] test directive::parser_tests::check_db_dw_dd_dq ... ok
[INFO] [stdout] test directive::parser_tests::check_directive_cseg_size ... ok
[INFO] [stdout] test directive::parser_tests::check_directive_equ ... ok
[INFO] [stdout] test directive::parser_tests::check_directive_exit ... ok
[INFO] [stdout] test directive::parser_tests::check_directive_macro ... ok
[INFO] [stdout] test directive::parser_tests::check_directive_include ... ok
[INFO] [stdout] test directive::parser_tests::check_org ... ok
[INFO] [stdout] test directive::parser_tests::check_directive_device ... ok
[INFO] [stdout] test directive::parser_tests::check_directive_message_warning_error ... ok
[INFO] [stdout] test directive::parser_tests::check_directive_pragma ... ok
[INFO] [stdout] test directive::parser_tests::check_directive_if_ifdef_ifndef_elif_else_define ... ok
[INFO] [stdout] test directive::parser_tests::check_directive_include_path ... ok
[INFO] [stdout] test directive::parser_tests::directive_op_test ... ok
[INFO] [stdout] test directive::parser_tests::directive_line_test ... ok
[INFO] [stdout] test document::parser_tests::ch_test ... ok
[INFO] [stdout] test document::parser_tests::comment_test ... ok
[INFO] [stdout] test directive::parser_tests::directive_test ... ok
[INFO] [stdout] test directive::parser_tests::check_directive_set ... ok
[INFO] [stdout] test directive::parser_tests::check_segments ... ok
[INFO] [stdout] test directive::parser_tests::directive_ops_test ... ok
[INFO] [stdout] test document::parser_tests::ident_test ... ok
[INFO] [stdout] test document::parser_tests::label_test ... ok
[INFO] [stdout] test document::parser_tests::string_test ... ok
[INFO] [stdout] test expr::parser_tests::e_const_test ... ok
[INFO] [stdout] test document::parser_tests::line_test ... ok
[INFO] [stdout] test expr::parser_tests::e_ident_test ... ok
[INFO] [stdout] test instruction::parser_tests::index_ops_rev_convert_test ... ok
[INFO] [stdout] test instruction::parser_tests::index_ops_test ... ok
[INFO] [stdout] test instruction::parser_tests::instruction_ops_test ... ok
[INFO] [stdout] test instruction::parser_tests::op_list_test ... ok
[INFO] [stdout] test expr::parser_tests::expr_test ... ok
[INFO] [stdout] test instruction::parser_tests::reg16_rev_convert_test ... ok
[INFO] [stdout] test instruction::parser_tests::operation_test ... ok
[INFO] [stdout] test instruction::parser_tests::reg16_test ... ok
[INFO] [stdout] test instruction::parser_tests::reg8_rev_convert_test ... ok
[INFO] [stdout] test instruction::parser_tests::reg8_test ... ok
[INFO] [stdout] test parser::parser_tests::check_comment ... ok
[INFO] [stdout] test instruction::parser_tests::instruction_line_test ... ok
[INFO] [stdout] test parser::parser_tests::check_empty ... ok
[INFO] [stdout] test parser::parser_tests::check_one_argument_commands ... ok
[INFO] [stdout] test parser::parser_tests::check_non_argument_commands ... ok
[INFO] [stdout] test writer::writer_tests::check_code ... ok
[INFO] [stdout] test writer::writer_tests::check_empty ... ok
[INFO] [stdout] test parser::parser_tests::check_two_argument_commands ... ok
[INFO] [stdout] test parser::parser_tests::check_wrong ... ok
[INFO] [stdout] test parser::parser_tests::check_label ... ok
[INFO] [stdout] test builder::builder_tests::check_main_options ... FAILED
[INFO] [stdout] 
[INFO] [stdout] failures:
[INFO] [stdout] 
[INFO] [stdout] ---- builder::builder_tests::check_main_options stdout ----
[INFO] [stdout] thread 'builder::builder_tests::check_main_options' panicked at 'called `Result::unwrap()` on an `Err` value: ErrorMessage { msg: "Cannot read file m48def.inc because: No such file or directory (os error 2)" }
[INFO] [stdout] 
[INFO] [stdout]    0: failure::backtrace::internal::InternalBacktrace::new
[INFO] [stdout]              at /opt/rustwide/cargo-home/registry/src/github.com-1ecc6299db9ec823/failure-0.1.7/src/backtrace/internal.rs:46
[INFO] [stdout]    1: failure::backtrace::Backtrace::new
[INFO] [stdout]              at /opt/rustwide/cargo-home/registry/src/github.com-1ecc6299db9ec823/failure-0.1.7/src/backtrace/mod.rs:121
[INFO] [stdout]    2: <failure::error::error_impl::ErrorImpl as core::convert::From<F>>::from
[INFO] [stdout]              at /opt/rustwide/cargo-home/registry/src/github.com-1ecc6299db9ec823/failure-0.1.7/src/error/error_impl.rs:19
[INFO] [stdout]    3: <failure::error::Error as core::convert::From<F>>::from
[INFO] [stdout]              at /opt/rustwide/cargo-home/registry/src/github.com-1ecc6299db9ec823/failure-0.1.7/src/error/mod.rs:36
[INFO] [stdout]    4: failure::error_message::err_msg
[INFO] [stdout]              at /opt/rustwide/cargo-home/registry/src/github.com-1ecc6299db9ec823/failure-0.1.7/src/error_message.rs:12
[INFO] [stdout]    5: avra_lib::parser::parse_file_internal
[INFO] [stdout]              at src/parser.rs:251
[INFO] [stdout]    6: avra_lib::directive::Directive::parse
[INFO] [stdout]              at src/directive.rs:253
[INFO] [stdout]    7: avra_lib::parser::parse_iter
[INFO] [stdout]              at src/parser.rs:402
[INFO] [stdout]    8: avra_lib::parser::parse
[INFO] [stdout]              at src/parser.rs:360
[INFO] [stdout]    9: avra_lib::parser::parse_file_internal
[INFO] [stdout]              at src/parser.rs:279
[INFO] [stdout]   10: avra_lib::parser::parse_file
[INFO] [stdout]              at src/parser.rs:213
[INFO] [stdout]   11: avra_lib::builder::build_file
[INFO] [stdout]              at src/builder/mod.rs:84
[INFO] [stdout]   12: avra_lib::builder::builder_tests::check_main_options
[INFO] [stdout]              at src/builder/mod.rs:180
[INFO] [stdout]   13: avra_lib::builder::builder_tests::check_main_options::{{closure}}
[INFO] [stdout]              at src/builder/mod.rs:115
[INFO] [stdout]   14: core::ops::function::FnOnce::call_once
[INFO] [stdout]              at /rustc/53fd98ca776cb875bc9e5514f56b52eb74f9e7a9/library/core/src/ops/function.rs:227
[INFO] [stdout]   15: core::ops::function::FnOnce::call_once
[INFO] [stdout]              at /rustc/53fd98ca776cb875bc9e5514f56b52eb74f9e7a9/library/core/src/ops/function.rs:227
[INFO] [stdout]       test::__rust_begin_short_backtrace
[INFO] [stdout]              at library/test/src/lib.rs:578
[INFO] [stdout]   16: <alloc::boxed::Box<F,A> as core::ops::function::FnOnce<Args>>::call_once
[INFO] [stdout]              at /rustc/53fd98ca776cb875bc9e5514f56b52eb74f9e7a9/library/alloc/src/boxed.rs:1572
[INFO] [stdout]       <std::panic::AssertUnwindSafe<F> as core::ops::function::FnOnce<()>>::call_once
[INFO] [stdout]              at /rustc/53fd98ca776cb875bc9e5514f56b52eb74f9e7a9/library/std/src/panic.rs:347
[INFO] [stdout]       std::panicking::try::do_call
[INFO] [stdout]              at /rustc/53fd98ca776cb875bc9e5514f56b52eb74f9e7a9/library/std/src/panicking.rs:401
[INFO] [stdout]       std::panicking::try
[INFO] [stdout]              at /rustc/53fd98ca776cb875bc9e5514f56b52eb74f9e7a9/library/std/src/panicking.rs:365
[INFO] [stdout]       std::panic::catch_unwind
[INFO] [stdout]              at /rustc/53fd98ca776cb875bc9e5514f56b52eb74f9e7a9/library/std/src/panic.rs:434
[INFO] [stdout]       test::run_test_in_process
[INFO] [stdout]              at library/test/src/lib.rs:601
[INFO] [stdout]       test::run_test::run_test_inner::{{closure}}
[INFO] [stdout]              at library/test/src/lib.rs:493
[INFO] [stdout]   17: test::run_test::run_test_inner::{{closure}}
[INFO] [stdout]              at library/test/src/lib.rs:520
[INFO] [stdout]       std::sys_common::backtrace::__rust_begin_short_backtrace
[INFO] [stdout]              at /rustc/53fd98ca776cb875bc9e5514f56b52eb74f9e7a9/library/std/src/sys_common/backtrace.rs:125
[INFO] [stdout]   18: std::thread::Builder::spawn_unchecked::{{closure}}::{{closure}}
[INFO] [stdout]              at /rustc/53fd98ca776cb875bc9e5514f56b52eb74f9e7a9/library/std/src/thread/mod.rs:476
[INFO] [stdout]       <std::panic::AssertUnwindSafe<F> as core::ops::function::FnOnce<()>>::call_once
[INFO] [stdout]              at /rustc/53fd98ca776cb875bc9e5514f56b52eb74f9e7a9/library/std/src/panic.rs:347
[INFO] [stdout]       std::panicking::try::do_call
[INFO] [stdout]              at /rustc/53fd98ca776cb875bc9e5514f56b52eb74f9e7a9/library/std/src/panicking.rs:401
[INFO] [stdout]       std::panicking::try
[INFO] [stdout]              at /rustc/53fd98ca776cb875bc9e5514f56b52eb74f9e7a9/library/std/src/panicking.rs:365
[INFO] [stdout]       std::panic::catch_unwind
[INFO] [stdout]              at /rustc/53fd98ca776cb875bc9e5514f56b52eb74f9e7a9/library/std/src/panic.rs:434
[INFO] [stdout]       std::thread::Builder::spawn_unchecked::{{closure}}
[INFO] [stdout]              at /rustc/53fd98ca776cb875bc9e5514f56b52eb74f9e7a9/library/std/src/thread/mod.rs:475
[INFO] [stdout]       core::ops::function::FnOnce::call_once{{vtable.shim}}
[INFO] [stdout]              at /rustc/53fd98ca776cb875bc9e5514f56b52eb74f9e7a9/library/core/src/ops/function.rs:227
[INFO] [stdout]   19: <alloc::boxed::Box<F,A> as core::ops::function::FnOnce<Args>>::call_once
[INFO] [stdout]              at /rustc/53fd98ca776cb875bc9e5514f56b52eb74f9e7a9/library/alloc/src/boxed.rs:1572
[INFO] [stdout]       <alloc::boxed::Box<F,A> as core::ops::function::FnOnce<Args>>::call_once
[INFO] [stdout]              at /rustc/53fd98ca776cb875bc9e5514f56b52eb74f9e7a9/library/alloc/src/boxed.rs:1572
[INFO] [stdout]       std::sys::unix::thread::Thread::new::thread_start
[INFO] [stdout]              at library/std/src/sys/unix/thread.rs:74
[INFO] [stdout]   20: start_thread
[INFO] [stdout]   21: __clone
[INFO] [stdout] ', src/builder/mod.rs:184:10
[INFO] [stdout] stack backtrace:
[INFO] [stdout]    0:     0x55950768c140 - std::backtrace_rs::backtrace::libunwind::trace::hff4d1766e93f64f1
[INFO] [stdout]                                at /rustc/53fd98ca776cb875bc9e5514f56b52eb74f9e7a9/library/std/src/../../backtrace/src/backtrace/libunwind.rs:90:5
[INFO] [stdout]    1:     0x55950768c140 - std::backtrace_rs::backtrace::trace_unsynchronized::h56bbc8eb78770bcb
[INFO] [stdout]                                at /rustc/53fd98ca776cb875bc9e5514f56b52eb74f9e7a9/library/std/src/../../backtrace/src/backtrace/mod.rs:66:5
[INFO] [stdout]    2:     0x55950768c140 - std::sys_common::backtrace::_print_fmt::h5c8e75464faca780
[INFO] [stdout]                                at /rustc/53fd98ca776cb875bc9e5514f56b52eb74f9e7a9/library/std/src/sys_common/backtrace.rs:67:5
[INFO] [stdout]    3:     0x55950768c140 - <std::sys_common::backtrace::_print::DisplayBacktrace as core::fmt::Display>::fmt::h48b88277def8b362
[INFO] [stdout]                                at /rustc/53fd98ca776cb875bc9e5514f56b52eb74f9e7a9/library/std/src/sys_common/backtrace.rs:46:22
[INFO] [stdout]    4:     0x5595076af38c - core::fmt::write::h3381b3176fe2b3d3
[INFO] [stdout]                                at /rustc/53fd98ca776cb875bc9e5514f56b52eb74f9e7a9/library/core/src/fmt/mod.rs:1115:17
[INFO] [stdout]    5:     0x559507688dd5 - std::io::Write::write_fmt::h5f34a676f60246b5
[INFO] [stdout]                                at /rustc/53fd98ca776cb875bc9e5514f56b52eb74f9e7a9/library/std/src/io/mod.rs:1665:15
[INFO] [stdout]    6:     0x55950768e2eb - std::sys_common::backtrace::_print::ha537687d6c17dd0d
[INFO] [stdout]                                at /rustc/53fd98ca776cb875bc9e5514f56b52eb74f9e7a9/library/std/src/sys_common/backtrace.rs:49:5
[INFO] [stdout]    7:     0x55950768e2eb - std::sys_common::backtrace::print::h61376ae57d131d72
[INFO] [stdout]                                at /rustc/53fd98ca776cb875bc9e5514f56b52eb74f9e7a9/library/std/src/sys_common/backtrace.rs:36:9
[INFO] [stdout]    8:     0x55950768e2eb - std::panicking::default_hook::{{closure}}::h0f7208c0b9644a54
[INFO] [stdout]                                at /rustc/53fd98ca776cb875bc9e5514f56b52eb74f9e7a9/library/std/src/panicking.rs:208:50
[INFO] [stdout]    9:     0x55950768ddfc - std::panicking::default_hook::hdac7fc06578c14ce
[INFO] [stdout]                                at /rustc/53fd98ca776cb875bc9e5514f56b52eb74f9e7a9/library/std/src/panicking.rs:222:9
[INFO] [stdout]   10:     0x55950768e9b4 - std::panicking::rust_panic_with_hook::h72b21c283da3d1ef
[INFO] [stdout]                                at /rustc/53fd98ca776cb875bc9e5514f56b52eb74f9e7a9/library/std/src/panicking.rs:622:17
[INFO] [stdout]   11:     0x55950768e497 - std::panicking::begin_panic_handler::{{closure}}::he5778f1729cff84a
[INFO] [stdout]                                at /rustc/53fd98ca776cb875bc9e5514f56b52eb74f9e7a9/library/std/src/panicking.rs:519:13
[INFO] [stdout]   12:     0x55950768c61c - std::sys_common::backtrace::__rust_end_short_backtrace::h2d11ca8b453b4b1d
[INFO] [stdout]                                at /rustc/53fd98ca776cb875bc9e5514f56b52eb74f9e7a9/library/std/src/sys_common/backtrace.rs:141:18
[INFO] [stdout]   13:     0x55950768e3f9 - rust_begin_unwind
[INFO] [stdout]                                at /rustc/53fd98ca776cb875bc9e5514f56b52eb74f9e7a9/library/std/src/panicking.rs:515:5
[INFO] [stdout]   14:     0x5595074e7491 - core::panicking::panic_fmt::hf9de31d4acbce4db
[INFO] [stdout]                                at /rustc/53fd98ca776cb875bc9e5514f56b52eb74f9e7a9/library/core/src/panicking.rs:92:14
[INFO] [stdout]   15:     0x5595074e7583 - core::result::unwrap_failed::ha0c84e81219e5878
[INFO] [stdout]                                at /rustc/53fd98ca776cb875bc9e5514f56b52eb74f9e7a9/library/core/src/result.rs:1599:5
[INFO] [stdout]   16:     0x5595075655d6 - core::result::Result<T,E>::unwrap::h949c7353d5fd1e1e
[INFO] [stdout]                                at /rustc/53fd98ca776cb875bc9e5514f56b52eb74f9e7a9/library/core/src/result.rs:1281:23
[INFO] [stdout]   17:     0x5595075d76d5 - avra_lib::builder::builder_tests::check_main_options::h50b58bf42248ccf4
[INFO] [stdout]                                at /opt/rustwide/workdir/src/builder/mod.rs:180:21
[INFO] [stdout]   18:     0x5595075d6e8a - avra_lib::builder::builder_tests::check_main_options::{{closure}}::hadf39a7d5a7e67a1
[INFO] [stdout]                                at /opt/rustwide/workdir/src/builder/mod.rs:115:5
[INFO] [stdout]   19:     0x559507553cbe - core::ops::function::FnOnce::call_once::h0bfeeaee9913a836
[INFO] [stdout]                                at /rustc/53fd98ca776cb875bc9e5514f56b52eb74f9e7a9/library/core/src/ops/function.rs:227:5
[INFO] [stdout]   20:     0x559507618ff3 - core::ops::function::FnOnce::call_once::hbb52c4519d3137b0
[INFO] [stdout]                                at /rustc/53fd98ca776cb875bc9e5514f56b52eb74f9e7a9/library/core/src/ops/function.rs:227:5
[INFO] [stdout]   21:     0x559507618ff3 - test::__rust_begin_short_backtrace::h86fe3a2a5a5121af
[INFO] [stdout]                                at /rustc/53fd98ca776cb875bc9e5514f56b52eb74f9e7a9/library/test/src/lib.rs:578:5
[INFO] [stdout]   22:     0x559507617aa8 - <alloc::boxed::Box<F,A> as core::ops::function::FnOnce<Args>>::call_once::hfd956bc3d57399be
[INFO] [stdout]                                at /rustc/53fd98ca776cb875bc9e5514f56b52eb74f9e7a9/library/alloc/src/boxed.rs:1572:9
[INFO] [stdout]   23:     0x559507617aa8 - <std::panic::AssertUnwindSafe<F> as core::ops::function::FnOnce<()>>::call_once::h40dc93e0ddb5938a
[INFO] [stdout]                                at /rustc/53fd98ca776cb875bc9e5514f56b52eb74f9e7a9/library/std/src/panic.rs:347:9
[INFO] [stdout]   24:     0x559507617aa8 - std::panicking::try::do_call::h90d07750cb47c562
[INFO] [stdout]                                at /rustc/53fd98ca776cb875bc9e5514f56b52eb74f9e7a9/library/std/src/panicking.rs:401:40
[INFO] [stdout]   25:     0x559507617aa8 - std::panicking::try::h063c84733ad2a629
[INFO] [stdout]                                at /rustc/53fd98ca776cb875bc9e5514f56b52eb74f9e7a9/library/std/src/panicking.rs:365:19
[INFO] [stdout]   26:     0x559507617aa8 - std::panic::catch_unwind::h0c464836a84e7c08
[INFO] [stdout]                                at /rustc/53fd98ca776cb875bc9e5514f56b52eb74f9e7a9/library/std/src/panic.rs:434:14
[INFO] [stdout]   27:     0x559507617aa8 - test::run_test_in_process::h5cb06ef620b157fc
[INFO] [stdout]                                at /rustc/53fd98ca776cb875bc9e5514f56b52eb74f9e7a9/library/test/src/lib.rs:601:18
[INFO] [stdout]   28:     0x559507617aa8 - test::run_test::run_test_inner::{{closure}}::h76f677f4b93f9828
[INFO] [stdout]                                at /rustc/53fd98ca776cb875bc9e5514f56b52eb74f9e7a9/library/test/src/lib.rs:493:39
[INFO] [stdout]   29:     0x5595075e623d - test::run_test::run_test_inner::{{closure}}::h366d01fe04f4d67a
[INFO] [stdout]                                at /rustc/53fd98ca776cb875bc9e5514f56b52eb74f9e7a9/library/test/src/lib.rs:520:37
[INFO] [stdout]   30:     0x5595075e623d - std::sys_common::backtrace::__rust_begin_short_backtrace::h7dfa0de4eb395af2
[INFO] [stdout]                                at /rustc/53fd98ca776cb875bc9e5514f56b52eb74f9e7a9/library/std/src/sys_common/backtrace.rs:125:18
[INFO] [stdout]   31:     0x5595075eaa08 - std::thread::Builder::spawn_unchecked::{{closure}}::{{closure}}::hf0a74bb58798037f
[INFO] [stdout]                                at /rustc/53fd98ca776cb875bc9e5514f56b52eb74f9e7a9/library/std/src/thread/mod.rs:476:17
[INFO] [stdout]   32:     0x5595075eaa08 - <std::panic::AssertUnwindSafe<F> as core::ops::function::FnOnce<()>>::call_once::hb024e854818586ac
[INFO] [stdout]                                at /rustc/53fd98ca776cb875bc9e5514f56b52eb74f9e7a9/library/std/src/panic.rs:347:9
[INFO] [stdout]   33:     0x5595075eaa08 - std::panicking::try::do_call::hb2dd9f1d0d48e41d
[INFO] [stdout]                                at /rustc/53fd98ca776cb875bc9e5514f56b52eb74f9e7a9/library/std/src/panicking.rs:401:40
[INFO] [stdout]   34:     0x5595075eaa08 - std::panicking::try::h4717ae7bac8b2bf3
[INFO] [stdout]                                at /rustc/53fd98ca776cb875bc9e5514f56b52eb74f9e7a9/library/std/src/panicking.rs:365:19
[INFO] [stdout]   35:     0x5595075eaa08 - std::panic::catch_unwind::h0dc8a061326ce8d8
[INFO] [stdout]                                at /rustc/53fd98ca776cb875bc9e5514f56b52eb74f9e7a9/library/std/src/panic.rs:434:14
[INFO] [stdout]   36:     0x5595075eaa08 - std::thread::Builder::spawn_unchecked::{{closure}}::haa369e2d6fd00aa1
[INFO] [stdout]                                at /rustc/53fd98ca776cb875bc9e5514f56b52eb74f9e7a9/library/std/src/thread/mod.rs:475:30
[INFO] [stdout]   37:     0x5595075eaa08 - core::ops::function::FnOnce::call_once{{vtable.shim}}::h36dcf3de8b056f17
[INFO] [stdout]                                at /rustc/53fd98ca776cb875bc9e5514f56b52eb74f9e7a9/library/core/src/ops/function.rs:227:5
[INFO] [stdout]   38:     0x559507693527 - <alloc::boxed::Box<F,A> as core::ops::function::FnOnce<Args>>::call_once::h65c29e4642be2358
[INFO] [stdout]                                at /rustc/53fd98ca776cb875bc9e5514f56b52eb74f9e7a9/library/alloc/src/boxed.rs:1572:9
[INFO] [stdout]   39:     0x559507693527 - <alloc::boxed::Box<F,A> as core::ops::function::FnOnce<Args>>::call_once::hd0f8f7fbbd9fffbf
[INFO] [stdout]                                at /rustc/53fd98ca776cb875bc9e5514f56b52eb74f9e7a9/library/alloc/src/boxed.rs:1572:9
[INFO] [stdout]   40:     0x559507693527 - std::sys::unix::thread::Thread::new::thread_start::h2fd22fee3ca77b65
[INFO] [stdout]                                at /rustc/53fd98ca776cb875bc9e5514f56b52eb74f9e7a9/library/std/src/sys/unix/thread.rs:74:17
[INFO] [stdout]   41:     0x7f2323a11609 - start_thread
[INFO] [stdout]   42:     0x7f23237e9293 - clone
[INFO] [stdout]   43:                0x0 - <unknown>
[INFO] [stdout] 
[INFO] [stdout] 
[INFO] [stdout] failures:
[INFO] [stdout]     builder::builder_tests::check_main_options
[INFO] [stdout] 
[INFO] [stdout] test result: FAILED. 66 passed; 1 failed; 0 ignored; 0 measured; 0 filtered out; finished in 0.35s
[INFO] [stdout] 
[INFO] [stderr] error: test failed, to rerun pass '--lib'
[INFO] running `Command { std: "docker" "inspect" "7a15079d0e654062a2987b9adbd4ea0939227bb59b4007fcb20de8d7c8c7191a", kill_on_drop: false }`
[INFO] running `Command { std: "docker" "rm" "-f" "7a15079d0e654062a2987b9adbd4ea0939227bb59b4007fcb20de8d7c8c7191a", kill_on_drop: false }`
[INFO] [stdout] 7a15079d0e654062a2987b9adbd4ea0939227bb59b4007fcb20de8d7c8c7191a
