[INFO] cloning repository https://github.com/nix-community/nix-user-chroot
[INFO] running `Command { std: "git" "-c" "credential.helper=" "-c" "credential.helper=/workspace/cargo-home/bin/git-credential-null" "clone" "--bare" "https://github.com/nix-community/nix-user-chroot" "/workspace/cache/git-repos/https%3A%2F%2Fgithub.com%2Fnix-community%2Fnix-user-chroot", kill_on_drop: false }`
[INFO] [stderr] Cloning into bare repository '/workspace/cache/git-repos/https%3A%2F%2Fgithub.com%2Fnix-community%2Fnix-user-chroot'...
[INFO] running `Command { std: "git" "rev-parse" "HEAD", kill_on_drop: false }`
[INFO] [stdout] 2375fb7e314e8b9b4e946bc31a12f74cb177a104
[INFO] testing nix-community/nix-user-chroot against 1.54.0 for beta-1.55-1
[INFO] running `Command { std: "git" "clone" "/workspace/cache/git-repos/https%3A%2F%2Fgithub.com%2Fnix-community%2Fnix-user-chroot" "/workspace/builds/worker-114/source", kill_on_drop: false }`
[INFO] [stderr] Cloning into '/workspace/builds/worker-114/source'...
[INFO] [stderr] done.
[INFO] validating manifest of git repo https://github.com/nix-community/nix-user-chroot on toolchain 1.54.0
[INFO] running `Command { std: "/workspace/cargo-home/bin/cargo" "+1.54.0" "metadata" "--manifest-path" "Cargo.toml" "--no-deps", kill_on_drop: false }`
[INFO] started tweaking git repo https://github.com/nix-community/nix-user-chroot
[INFO] finished tweaking git repo https://github.com/nix-community/nix-user-chroot
[INFO] tweaked toml for git repo https://github.com/nix-community/nix-user-chroot written to /workspace/builds/worker-114/source/Cargo.toml
[INFO] crate git repo https://github.com/nix-community/nix-user-chroot already has a lockfile, it will not be regenerated
[INFO] running `Command { std: "/workspace/cargo-home/bin/cargo" "+1.54.0" "fetch" "--manifest-path" "Cargo.toml", kill_on_drop: false }`
[INFO] [stderr]     Blocking waiting for file lock on package cache
[INFO] [stderr]  Downloading crates ...
[INFO] [stderr]   Downloaded nix v0.22.0
[INFO] running `Command { std: "docker" "create" "-v" "/var/lib/crater-agent-workspace/builds/worker-114/target:/opt/rustwide/target:rw,Z" "-v" "/var/lib/crater-agent-workspace/builds/worker-114/source:/opt/rustwide/workdir:ro,Z" "-v" "/var/lib/crater-agent-workspace/cargo-home:/opt/rustwide/cargo-home:ro,Z" "-v" "/var/lib/crater-agent-workspace/rustup-home:/opt/rustwide/rustup-home:ro,Z" "-e" "SOURCE_DIR=/opt/rustwide/workdir" "-e" "CARGO_TARGET_DIR=/opt/rustwide/target" "-e" "CARGO_HOME=/opt/rustwide/cargo-home" "-e" "RUSTUP_HOME=/opt/rustwide/rustup-home" "-w" "/opt/rustwide/workdir" "-m" "1610612736" "--user" "0:0" "--network" "none" "ghcr.io/rust-lang/crates-build-env/linux@sha256:34b6a614d2c27851fe6cbf88fbd1137609cefab8b10d0615aaeb6fd47975d74e" "/opt/rustwide/cargo-home/bin/cargo" "+1.54.0" "metadata" "--no-deps" "--format-version=1", kill_on_drop: false }`
[INFO] [stdout] df865aa262aeb340adb583454d6cb84a9690ec22e9b69e8c924457593a3e4ffc
[INFO] running `Command { std: "docker" "start" "-a" "df865aa262aeb340adb583454d6cb84a9690ec22e9b69e8c924457593a3e4ffc", kill_on_drop: false }`
[INFO] running `Command { std: "docker" "inspect" "df865aa262aeb340adb583454d6cb84a9690ec22e9b69e8c924457593a3e4ffc", kill_on_drop: false }`
[INFO] running `Command { std: "docker" "rm" "-f" "df865aa262aeb340adb583454d6cb84a9690ec22e9b69e8c924457593a3e4ffc", kill_on_drop: false }`
[INFO] [stdout] df865aa262aeb340adb583454d6cb84a9690ec22e9b69e8c924457593a3e4ffc
[INFO] running `Command { std: "docker" "create" "-v" "/var/lib/crater-agent-workspace/builds/worker-114/target:/opt/rustwide/target:rw,Z" "-v" "/var/lib/crater-agent-workspace/builds/worker-114/source:/opt/rustwide/workdir:ro,Z" "-v" "/var/lib/crater-agent-workspace/cargo-home:/opt/rustwide/cargo-home:ro,Z" "-v" "/var/lib/crater-agent-workspace/rustup-home:/opt/rustwide/rustup-home:ro,Z" "-e" "SOURCE_DIR=/opt/rustwide/workdir" "-e" "CARGO_TARGET_DIR=/opt/rustwide/target" "-e" "CARGO_INCREMENTAL=0" "-e" "RUST_BACKTRACE=full" "-e" "RUSTFLAGS=--cap-lints=warn" "-e" "CARGO_HOME=/opt/rustwide/cargo-home" "-e" "RUSTUP_HOME=/opt/rustwide/rustup-home" "-w" "/opt/rustwide/workdir" "-m" "1610612736" "--user" "0:0" "--network" "none" "ghcr.io/rust-lang/crates-build-env/linux@sha256:34b6a614d2c27851fe6cbf88fbd1137609cefab8b10d0615aaeb6fd47975d74e" "/opt/rustwide/cargo-home/bin/cargo" "+1.54.0" "build" "--frozen" "--message-format=json", kill_on_drop: false }`
[INFO] [stdout] e320ec8a5f2af30a7c6a746d74b18fcd36e1a25ec7820c2ba07e228ff59eb009
[INFO] running `Command { std: "docker" "start" "-a" "e320ec8a5f2af30a7c6a746d74b18fcd36e1a25ec7820c2ba07e228ff59eb009", kill_on_drop: false }`
[INFO] [stderr]    Compiling autocfg v1.0.1
[INFO] [stderr]    Compiling libc v0.2.98
[INFO] [stderr]    Compiling nix-user-chroot v1.2.2 (/opt/rustwide/workdir)
[INFO] [stderr]    Compiling cfg-if v1.0.0
[INFO] [stderr]    Compiling memoffset v0.6.4
[INFO] [stderr]    Compiling nix v0.22.0
[INFO] [stdout] warning: use of deprecated associated function `nix::errno::<impl nix::errno::Errno>::Sys`: Use Errno::... instead
[INFO] [stdout]   --> src/mkdtemp.rs:21:25
[INFO] [stdout]    |
[INFO] [stdout] 21 |         Err(nix::Error::Sys(Errno::last()))
[INFO] [stdout]    |                         ^^^
[INFO] [stdout]    |
[INFO] [stdout]    = note: `#[warn(deprecated)]` on by default
[INFO] [stdout] 
[INFO] [stdout] 
[INFO] [stdout] warning: 1 warning emitted
[INFO] [stdout] 
[INFO] [stdout] 
[INFO] [stdout] warning: use of deprecated associated function `nix::errno::<impl nix::errno::Errno>::Sys`: Use Errno::... instead
[INFO] [stdout]   --> src/mkdtemp.rs:21:25
[INFO] [stdout]    |
[INFO] [stdout] 21 |         Err(nix::Error::Sys(Errno::last()))
[INFO] [stdout]    |                         ^^^
[INFO] [stdout]    |
[INFO] [stdout]    = note: `#[warn(deprecated)]` on by default
[INFO] [stdout] 
[INFO] [stdout] 
[INFO] [stdout] warning: 1 warning emitted
[INFO] [stdout] 
[INFO] [stdout] 
[INFO] [stderr]     Finished dev [unoptimized + debuginfo] target(s) in 18.09s
[INFO] running `Command { std: "docker" "inspect" "e320ec8a5f2af30a7c6a746d74b18fcd36e1a25ec7820c2ba07e228ff59eb009", kill_on_drop: false }`
[INFO] running `Command { std: "docker" "rm" "-f" "e320ec8a5f2af30a7c6a746d74b18fcd36e1a25ec7820c2ba07e228ff59eb009", kill_on_drop: false }`
[INFO] [stdout] e320ec8a5f2af30a7c6a746d74b18fcd36e1a25ec7820c2ba07e228ff59eb009
[INFO] running `Command { std: "docker" "create" "-v" "/var/lib/crater-agent-workspace/builds/worker-114/target:/opt/rustwide/target:rw,Z" "-v" "/var/lib/crater-agent-workspace/builds/worker-114/source:/opt/rustwide/workdir:ro,Z" "-v" "/var/lib/crater-agent-workspace/cargo-home:/opt/rustwide/cargo-home:ro,Z" "-v" "/var/lib/crater-agent-workspace/rustup-home:/opt/rustwide/rustup-home:ro,Z" "-e" "SOURCE_DIR=/opt/rustwide/workdir" "-e" "CARGO_TARGET_DIR=/opt/rustwide/target" "-e" "CARGO_INCREMENTAL=0" "-e" "RUST_BACKTRACE=full" "-e" "RUSTFLAGS=--cap-lints=warn" "-e" "CARGO_HOME=/opt/rustwide/cargo-home" "-e" "RUSTUP_HOME=/opt/rustwide/rustup-home" "-w" "/opt/rustwide/workdir" "-m" "1610612736" "--user" "0:0" "--network" "none" "ghcr.io/rust-lang/crates-build-env/linux@sha256:34b6a614d2c27851fe6cbf88fbd1137609cefab8b10d0615aaeb6fd47975d74e" "/opt/rustwide/cargo-home/bin/cargo" "+1.54.0" "test" "--frozen" "--no-run" "--message-format=json", kill_on_drop: false }`
[INFO] [stdout] 7f2cebd507da6da0b482d7a16853b2d34c8c040d54fd0f56931f9c1c7f767589
[INFO] running `Command { std: "docker" "start" "-a" "7f2cebd507da6da0b482d7a16853b2d34c8c040d54fd0f56931f9c1c7f767589", kill_on_drop: false }`
[INFO] [stderr]    Compiling nix-user-chroot v1.2.2 (/opt/rustwide/workdir)
[INFO] [stdout] warning: use of deprecated associated function `nix::errno::<impl nix::errno::Errno>::Sys`: Use Errno::... instead
[INFO] [stdout]   --> src/mkdtemp.rs:21:25
[INFO] [stdout]    |
[INFO] [stdout] 21 |         Err(nix::Error::Sys(Errno::last()))
[INFO] [stdout]    |                         ^^^
[INFO] [stdout]    |
[INFO] [stdout]    = note: `#[warn(deprecated)]` on by default
[INFO] [stdout] 
[INFO] [stdout] 
[INFO] [stdout] warning: 1 warning emitted
[INFO] [stdout] 
[INFO] [stdout] 
[INFO] [stdout] warning: use of deprecated associated function `nix::errno::<impl nix::errno::Errno>::Sys`: Use Errno::... instead
[INFO] [stdout]   --> src/mkdtemp.rs:21:25
[INFO] [stdout]    |
[INFO] [stdout] 21 |         Err(nix::Error::Sys(Errno::last()))
[INFO] [stdout]    |                         ^^^
[INFO] [stdout]    |
[INFO] [stdout]    = note: `#[warn(deprecated)]` on by default
[INFO] [stdout] 
[INFO] [stdout] 
[INFO] [stdout] warning: 1 warning emitted
[INFO] [stdout] 
[INFO] [stdout] 
[INFO] [stdout] warning: use of deprecated associated function `nix::errno::<impl nix::errno::Errno>::Sys`: Use Errno::... instead
[INFO] [stdout]   --> src/mkdtemp.rs:21:25
[INFO] [stdout]    |
[INFO] [stdout] 21 |         Err(nix::Error::Sys(Errno::last()))
[INFO] [stdout]    |                         ^^^
[INFO] [stdout]    |
[INFO] [stdout]    = note: `#[warn(deprecated)]` on by default
[INFO] [stdout] 
[INFO] [stdout] 
[INFO] [stdout] warning: use of deprecated associated function `nix::errno::<impl nix::errno::Errno>::Sys`: Use Errno::... instead
[INFO] [stdout]   --> src/mkdtemp.rs:21:25
[INFO] [stdout]    |
[INFO] [stdout] 21 |         Err(nix::Error::Sys(Errno::last()))
[INFO] [stdout]    |                         ^^^
[INFO] [stdout]    |
[INFO] [stdout]    = note: `#[warn(deprecated)]` on by default
[INFO] [stdout] 
[INFO] [stdout] 
[INFO] [stdout] warning: 1 warning emitted
[INFO] [stdout] 
[INFO] [stdout] 
[INFO] [stdout] warning: 1 warning emitted
[INFO] [stdout] 
[INFO] [stdout] 
[INFO] [stderr]     Finished test [unoptimized + debuginfo] target(s) in 1.22s
[INFO] running `Command { std: "docker" "inspect" "7f2cebd507da6da0b482d7a16853b2d34c8c040d54fd0f56931f9c1c7f767589", kill_on_drop: false }`
[INFO] running `Command { std: "docker" "rm" "-f" "7f2cebd507da6da0b482d7a16853b2d34c8c040d54fd0f56931f9c1c7f767589", kill_on_drop: false }`
[INFO] [stdout] 7f2cebd507da6da0b482d7a16853b2d34c8c040d54fd0f56931f9c1c7f767589
[INFO] running `Command { std: "docker" "create" "-v" "/var/lib/crater-agent-workspace/builds/worker-114/target:/opt/rustwide/target:rw,Z" "-v" "/var/lib/crater-agent-workspace/builds/worker-114/source:/opt/rustwide/workdir:ro,Z" "-v" "/var/lib/crater-agent-workspace/cargo-home:/opt/rustwide/cargo-home:ro,Z" "-v" "/var/lib/crater-agent-workspace/rustup-home:/opt/rustwide/rustup-home:ro,Z" "-e" "SOURCE_DIR=/opt/rustwide/workdir" "-e" "CARGO_TARGET_DIR=/opt/rustwide/target" "-e" "CARGO_INCREMENTAL=0" "-e" "RUST_BACKTRACE=full" "-e" "RUSTFLAGS=--cap-lints=warn" "-e" "CARGO_HOME=/opt/rustwide/cargo-home" "-e" "RUSTUP_HOME=/opt/rustwide/rustup-home" "-w" "/opt/rustwide/workdir" "-m" "1610612736" "--user" "0:0" "--network" "none" "ghcr.io/rust-lang/crates-build-env/linux@sha256:34b6a614d2c27851fe6cbf88fbd1137609cefab8b10d0615aaeb6fd47975d74e" "/opt/rustwide/cargo-home/bin/cargo" "+1.54.0" "test" "--frozen", kill_on_drop: false }`
[INFO] [stdout] a880acceddcf572bd9729aff16480c18a5530d043fe0ef3fe7e0bd80b85756b8
[INFO] running `Command { std: "docker" "start" "-a" "a880acceddcf572bd9729aff16480c18a5530d043fe0ef3fe7e0bd80b85756b8", kill_on_drop: false }`
[INFO] [stderr] warning: use of deprecated associated function `nix::errno::<impl nix::errno::Errno>::Sys`: Use Errno::... instead
[INFO] [stderr]   --> src/mkdtemp.rs:21:25
[INFO] [stderr]    |
[INFO] [stderr] 21 |         Err(nix::Error::Sys(Errno::last()))
[INFO] [stderr]    |                         ^^^
[INFO] [stderr]    |
[INFO] [stderr]    = note: `#[warn(deprecated)]` on by default
[INFO] [stderr] 
[INFO] [stderr] warning: 1 warning emitted
[INFO] [stderr] 
[INFO] [stderr] warning: use of deprecated associated function `nix::errno::<impl nix::errno::Errno>::Sys`: Use Errno::... instead
[INFO] [stderr]   --> src/mkdtemp.rs:21:25
[INFO] [stderr]    |
[INFO] [stderr] 21 |         Err(nix::Error::Sys(Errno::last()))
[INFO] [stderr]    |                         ^^^
[INFO] [stderr]    |
[INFO] [stderr]    = note: `#[warn(deprecated)]` on by default
[INFO] [stderr] 
[INFO] [stderr] warning: 1 warning emitted
[INFO] [stderr] 
[INFO] [stderr] warning: use of deprecated associated function `nix::errno::<impl nix::errno::Errno>::Sys`: Use Errno::... instead
[INFO] [stderr]   --> src/mkdtemp.rs:21:25
[INFO] [stderr]    |
[INFO] [stderr] 21 |         Err(nix::Error::Sys(Errno::last()))
[INFO] [stderr]    |                         ^^^
[INFO] [stderr]    |
[INFO] [stderr]    = note: `#[warn(deprecated)]` on by default
[INFO] [stderr] 
[INFO] [stderr] warning: 1 warning emitted
[INFO] [stderr] 
[INFO] [stderr] warning: use of deprecated associated function `nix::errno::<impl nix::errno::Errno>::Sys`: Use Errno::... instead
[INFO] [stderr]   --> src/mkdtemp.rs:21:25
[INFO] [stderr]    |
[INFO] [stderr] 21 |         Err(nix::Error::Sys(Errno::last()))
[INFO] [stderr]    |                         ^^^
[INFO] [stderr]    |
[INFO] [stderr]    = note: `#[warn(deprecated)]` on by default
[INFO] [stderr] 
[INFO] [stderr] warning: 1 warning emitted
[INFO] [stderr] 
[INFO] [stderr]     Finished test [unoptimized + debuginfo] target(s) in 0.05s
[INFO] [stderr]      Running unittests (/opt/rustwide/target/debug/deps/nix_user_chroot-bf9cd0499a0c0899)
[INFO] [stdout] 
[INFO] [stdout] running 0 tests
[INFO] [stdout] 
[INFO] [stdout] test result: ok. 0 passed; 0 failed; 0 ignored; 0 measured; 0 filtered out; finished in 0.00s
[INFO] [stdout] 
[INFO] [stderr]      Running unittests (/opt/rustwide/target/debug/deps/nix_user_chroot-aa66c8e6fe3f8a0d)
[INFO] [stdout] 
[INFO] [stdout] running 0 tests
[INFO] [stdout] 
[INFO] [stdout] test result: ok. 0 passed; 0 failed; 0 ignored; 0 measured; 0 filtered out; finished in 0.00s
[INFO] [stdout] 
[INFO] [stderr]      Running tests/integration.rs (/opt/rustwide/target/debug/deps/integration-aa89c14cc9153e28)
[INFO] [stdout] 
[INFO] [stdout] running 1 test
[INFO] [stderr]    Compiling autocfg v1.0.1
[INFO] [stderr]    Compiling libc v0.2.98
[INFO] [stderr]    Compiling bitflags v1.2.1
[INFO] [stderr]    Compiling nix-user-chroot v1.2.2 (/opt/rustwide/workdir)
[INFO] [stderr]    Compiling cfg-if v1.0.0
[INFO] [stderr]    Compiling memoffset v0.6.4
[INFO] [stderr]    Compiling nix v0.22.0
[INFO] [stderr] warning: use of deprecated associated function `nix::errno::<impl nix::errno::Errno>::Sys`: Use Errno::... instead
[INFO] [stderr]   --> src/mkdtemp.rs:21:25
[INFO] [stderr]    |
[INFO] [stderr] 21 |         Err(nix::Error::Sys(Errno::last()))
[INFO] [stderr]    |                         ^^^
[INFO] [stderr]    |
[INFO] [stderr]    = note: `#[warn(deprecated)]` on by default
[INFO] [stderr] 
[INFO] [stderr] warning: 1 warning emitted
[INFO] [stderr] 
[INFO] [stderr] warning: use of deprecated associated function `nix::errno::<impl nix::errno::Errno>::Sys`: Use Errno::... instead
[INFO] [stderr]   --> src/mkdtemp.rs:21:25
[INFO] [stderr]    |
[INFO] [stderr] 21 |         Err(nix::Error::Sys(Errno::last()))
[INFO] [stderr]    |                         ^^^
[INFO] [stderr]    |
[INFO] [stderr]    = note: `#[warn(deprecated)]` on by default
[INFO] [stderr] 
[INFO] [stderr] warning: 1 warning emitted
[INFO] [stderr] 
[INFO] [stderr]     Finished dev [unoptimized + debuginfo] target(s) in 10.31s
[INFO] [stderr]      Running `/opt/rustwide/target/x86_64-unknown-linux-gnu/debug/nix-user-chroot /tmp/nix.ULg6a1 bash -c 'curl https://nixos.org/nix/install | bash'`
[INFO] [stderr] thread 'main' panicked at 'unshare failed: EPERM', src/main.rs:124:70
[INFO] [stderr] stack backtrace:
[INFO] [stderr]    0:     0x55ecd75218a0 - std::backtrace_rs::backtrace::libunwind::trace::h34055254b57d8e79
[INFO] [stderr]                                at /rustc/a178d0322ce20e33eac124758e837cbd80a6f633/library/std/src/../../backtrace/src/backtrace/libunwind.rs:90:5
[INFO] [stderr]    1:     0x55ecd75218a0 - std::backtrace_rs::backtrace::trace_unsynchronized::h8f1e3fbd9afff6ec
[INFO] [stderr]                                at /rustc/a178d0322ce20e33eac124758e837cbd80a6f633/library/std/src/../../backtrace/src/backtrace/mod.rs:66:5
[INFO] [stderr]    2:     0x55ecd75218a0 - std::sys_common::backtrace::_print_fmt::h3a99a796b770c360
[INFO] [stderr]                                at /rustc/a178d0322ce20e33eac124758e837cbd80a6f633/library/std/src/sys_common/backtrace.rs:67:5
[INFO] [stderr]    3:     0x55ecd75218a0 - <std::sys_common::backtrace::_print::DisplayBacktrace as core::fmt::Display>::fmt::h32d1f94a80615d18
[INFO] [stderr]                                at /rustc/a178d0322ce20e33eac124758e837cbd80a6f633/library/std/src/sys_common/backtrace.rs:46:22
[INFO] [stderr]    4:     0x55ecd753f32c - core::fmt::write::h306731c068f7162c
[INFO] [stderr]                                at /rustc/a178d0322ce20e33eac124758e837cbd80a6f633/library/core/src/fmt/mod.rs:1110:17
[INFO] [stderr]    5:     0x55ecd751f615 - std::io::Write::write_fmt::hd2fa90334eee2a21
[INFO] [stderr]                                at /rustc/a178d0322ce20e33eac124758e837cbd80a6f633/library/std/src/io/mod.rs:1588:15
[INFO] [stderr]    6:     0x55ecd7523b3b - std::sys_common::backtrace::_print::h5abaa2601a852287
[INFO] [stderr]                                at /rustc/a178d0322ce20e33eac124758e837cbd80a6f633/library/std/src/sys_common/backtrace.rs:49:5
[INFO] [stderr]    7:     0x55ecd7523b3b - std::sys_common::backtrace::print::h8d81445442bb638f
[INFO] [stderr]                                at /rustc/a178d0322ce20e33eac124758e837cbd80a6f633/library/std/src/sys_common/backtrace.rs:36:9
[INFO] [stderr]    8:     0x55ecd7523b3b - std::panicking::default_hook::{{closure}}::hcfe804496a9fa747
[INFO] [stderr]                                at /rustc/a178d0322ce20e33eac124758e837cbd80a6f633/library/std/src/panicking.rs:208:50
[INFO] [stderr]    9:     0x55ecd7523611 - std::panicking::default_hook::hbea8e3ccf2ba8901
[INFO] [stderr]                                at /rustc/a178d0322ce20e33eac124758e837cbd80a6f633/library/std/src/panicking.rs:225:9
[INFO] [stderr]   10:     0x55ecd7524204 - std::panicking::rust_panic_with_hook::h7ee9e1a2d0f8975a
[INFO] [stderr]                                at /rustc/a178d0322ce20e33eac124758e837cbd80a6f633/library/std/src/panicking.rs:622:17
[INFO] [stderr]   11:     0x55ecd7523ce7 - std::panicking::begin_panic_handler::{{closure}}::h8ab3b4491718b2c7
[INFO] [stderr]                                at /rustc/a178d0322ce20e33eac124758e837cbd80a6f633/library/std/src/panicking.rs:519:13
[INFO] [stderr]   12:     0x55ecd7521d9c - std::sys_common::backtrace::__rust_end_short_backtrace::hd489062ffa586a9f
[INFO] [stderr]                                at /rustc/a178d0322ce20e33eac124758e837cbd80a6f633/library/std/src/sys_common/backtrace.rs:141:18
[INFO] [stderr]   13:     0x55ecd7523c49 - rust_begin_unwind
[INFO] [stderr]                                at /rustc/a178d0322ce20e33eac124758e837cbd80a6f633/library/std/src/panicking.rs:515:5
[INFO] [stderr]   14:     0x55ecd74ecf31 - core::panicking::panic_fmt::hca6330e3e14086b4
[INFO] [stderr]                                at /rustc/a178d0322ce20e33eac124758e837cbd80a6f633/library/core/src/panicking.rs:92:14
[INFO] [stderr]   15:     0x55ecd74ecfc3 - core::result::unwrap_failed::h6160d2b4bfbb0e87
[INFO] [stderr]                                at /rustc/a178d0322ce20e33eac124758e837cbd80a6f633/library/core/src/result.rs:1355:5
[INFO] [stderr]   16:     0x55ecd74fcb68 - core::result::Result<T,E>::expect::hdecd0c47e6140134
[INFO] [stderr]                                at /rustc/a178d0322ce20e33eac124758e837cbd80a6f633/library/core/src/result.rs:997:23
[INFO] [stderr]   17:     0x55ecd74f09c6 - nix_user_chroot::RunChroot::run_chroot::h6224e3825d2805a6
[INFO] [stderr]                                at /opt/rustwide/workdir/src/main.rs:124:9
[INFO] [stderr]   18:     0x55ecd74f2dbe - nix_user_chroot::main::ha9fc50e17e65278c
[INFO] [stderr]                                at /opt/rustwide/workdir/src/main.rs:248:34
[INFO] [stderr]   19:     0x55ecd74f328b - core::ops::function::FnOnce::call_once::hb01c580361294c34
[INFO] [stderr]                                at /rustc/a178d0322ce20e33eac124758e837cbd80a6f633/library/core/src/ops/function.rs:227:5
[INFO] [stderr]   20:     0x55ecd74f7fde - std::sys_common::backtrace::__rust_begin_short_backtrace::hf17e0c7ee0c2c3c6
[INFO] [stderr]                                at /rustc/a178d0322ce20e33eac124758e837cbd80a6f633/library/std/src/sys_common/backtrace.rs:125:18
[INFO] [stderr]   21:     0x55ecd7500e11 - std::rt::lang_start::{{closure}}::h58aa4ff88108757c
[INFO] [stderr]                                at /rustc/a178d0322ce20e33eac124758e837cbd80a6f633/library/std/src/rt.rs:49:18
[INFO] [stderr]   22:     0x55ecd7524709 - core::ops::function::impls::<impl core::ops::function::FnOnce<A> for &F>::call_once::h2aabc384aab89b7b
[INFO] [stderr]                                at /rustc/a178d0322ce20e33eac124758e837cbd80a6f633/library/core/src/ops/function.rs:259:13
[INFO] [stderr]   23:     0x55ecd7524709 - std::panicking::try::do_call::hc5fcacb7a85fc7b1
[INFO] [stderr]                                at /rustc/a178d0322ce20e33eac124758e837cbd80a6f633/library/std/src/panicking.rs:401:40
[INFO] [stderr]   24:     0x55ecd7524709 - std::panicking::try::hb5d9603af3abbe3a
[INFO] [stderr]                                at /rustc/a178d0322ce20e33eac124758e837cbd80a6f633/library/std/src/panicking.rs:365:19
[INFO] [stderr]   25:     0x55ecd7524709 - std::panic::catch_unwind::h98fe6ac3925e64b4
[INFO] [stderr]                                at /rustc/a178d0322ce20e33eac124758e837cbd80a6f633/library/std/src/panic.rs:434:14
[INFO] [stderr]   26:     0x55ecd7524709 - std::rt::lang_start_internal::h22ac7383c516f93e
[INFO] [stderr]                                at /rustc/a178d0322ce20e33eac124758e837cbd80a6f633/library/std/src/rt.rs:34:21
[INFO] [stderr]   27:     0x55ecd7500df0 - std::rt::lang_start::h978cb81038c581e8
[INFO] [stderr]                                at /rustc/a178d0322ce20e33eac124758e837cbd80a6f633/library/std/src/rt.rs:48:5
[INFO] [stderr]   28:     0x55ecd74f305c - main
[INFO] [stderr]   29:     0x7efc8ecf80b3 - __libc_start_main
[INFO] [stderr]   30:     0x55ecd74ed68e - _start
[INFO] [stderr]   31:                0x0 - <unknown>
[INFO] [stdout] test run_nix_install ... FAILED
[INFO] [stderr] error: test failed, to rerun pass '--test integration'
[INFO] [stdout] 
[INFO] [stdout] failures:
[INFO] [stdout] 
[INFO] [stdout] ---- run_nix_install stdout ----
[INFO] [stdout] thread 'run_nix_install' panicked at 'assertion failed: result.unwrap().success()', tests/integration.rs:24:5
[INFO] [stdout] stack backtrace:
[INFO] [stdout]    0:     0x5590e470da40 - std::backtrace_rs::backtrace::libunwind::trace::h34055254b57d8e79
[INFO] [stdout]                                at /rustc/a178d0322ce20e33eac124758e837cbd80a6f633/library/std/src/../../backtrace/src/backtrace/libunwind.rs:90:5
[INFO] [stdout]    1:     0x5590e470da40 - std::backtrace_rs::backtrace::trace_unsynchronized::h8f1e3fbd9afff6ec
[INFO] [stdout]                                at /rustc/a178d0322ce20e33eac124758e837cbd80a6f633/library/std/src/../../backtrace/src/backtrace/mod.rs:66:5
[INFO] [stdout]    2:     0x5590e470da40 - std::sys_common::backtrace::_print_fmt::h3a99a796b770c360
[INFO] [stdout]                                at /rustc/a178d0322ce20e33eac124758e837cbd80a6f633/library/std/src/sys_common/backtrace.rs:67:5
[INFO] [stdout]    3:     0x5590e470da40 - <std::sys_common::backtrace::_print::DisplayBacktrace as core::fmt::Display>::fmt::h32d1f94a80615d18
[INFO] [stdout]                                at /rustc/a178d0322ce20e33eac124758e837cbd80a6f633/library/std/src/sys_common/backtrace.rs:46:22
[INFO] [stdout]    4:     0x5590e473117c - core::fmt::write::h306731c068f7162c
[INFO] [stdout]                                at /rustc/a178d0322ce20e33eac124758e837cbd80a6f633/library/core/src/fmt/mod.rs:1110:17
[INFO] [stdout]    5:     0x5590e470a6b5 - std::io::Write::write_fmt::h87f19b0a2cd190bc
[INFO] [stdout]                                at /rustc/a178d0322ce20e33eac124758e837cbd80a6f633/library/std/src/io/mod.rs:1588:15
[INFO] [stdout]    6:     0x5590e471001b - std::sys_common::backtrace::_print::h5abaa2601a852287
[INFO] [stdout]                                at /rustc/a178d0322ce20e33eac124758e837cbd80a6f633/library/std/src/sys_common/backtrace.rs:49:5
[INFO] [stdout]    7:     0x5590e471001b - std::sys_common::backtrace::print::h8d81445442bb638f
[INFO] [stdout]                                at /rustc/a178d0322ce20e33eac124758e837cbd80a6f633/library/std/src/sys_common/backtrace.rs:36:9
[INFO] [stdout]    8:     0x5590e471001b - std::panicking::default_hook::{{closure}}::hcfe804496a9fa747
[INFO] [stdout]                                at /rustc/a178d0322ce20e33eac124758e837cbd80a6f633/library/std/src/panicking.rs:208:50
[INFO] [stdout]    9:     0x5590e470fb2c - std::panicking::default_hook::hbea8e3ccf2ba8901
[INFO] [stdout]                                at /rustc/a178d0322ce20e33eac124758e837cbd80a6f633/library/std/src/panicking.rs:222:9
[INFO] [stdout]   10:     0x5590e47106e4 - std::panicking::rust_panic_with_hook::h7ee9e1a2d0f8975a
[INFO] [stdout]                                at /rustc/a178d0322ce20e33eac124758e837cbd80a6f633/library/std/src/panicking.rs:622:17
[INFO] [stdout]   11:     0x5590e4710197 - std::panicking::begin_panic_handler::{{closure}}::h8ab3b4491718b2c7
[INFO] [stdout]                                at /rustc/a178d0322ce20e33eac124758e837cbd80a6f633/library/std/src/panicking.rs:517:13
[INFO] [stdout]   12:     0x5590e470df3c - std::sys_common::backtrace::__rust_end_short_backtrace::hd489062ffa586a9f
[INFO] [stdout]                                at /rustc/a178d0322ce20e33eac124758e837cbd80a6f633/library/std/src/sys_common/backtrace.rs:141:18
[INFO] [stdout]   13:     0x5590e4710129 - rust_begin_unwind
[INFO] [stdout]                                at /rustc/a178d0322ce20e33eac124758e837cbd80a6f633/library/std/src/panicking.rs:515:5
[INFO] [stdout]   14:     0x5590e46b0661 - core::panicking::panic_fmt::hca6330e3e14086b4
[INFO] [stdout]                                at /rustc/a178d0322ce20e33eac124758e837cbd80a6f633/library/core/src/panicking.rs:92:14
[INFO] [stdout]   15:     0x5590e46b05ad - core::panicking::panic::h1a48d878ff3dcd40
[INFO] [stdout]                                at /rustc/a178d0322ce20e33eac124758e837cbd80a6f633/library/core/src/panicking.rs:50:5
[INFO] [stdout]   16:     0x5590e46b3aec - integration::run_nix_install::hac8595e732671cfd
[INFO] [stdout]                                at /opt/rustwide/workdir/tests/integration.rs:24:5
[INFO] [stdout]   17:     0x5590e46b375a - integration::run_nix_install::{{closure}}::h2f4820f55a14ca61
[INFO] [stdout]                                at /opt/rustwide/workdir/tests/integration.rs:9:1
[INFO] [stdout]   18:     0x5590e46b400e - core::ops::function::FnOnce::call_once::h5fc79d55dde39749
[INFO] [stdout]                                at /rustc/a178d0322ce20e33eac124758e837cbd80a6f633/library/core/src/ops/function.rs:227:5
[INFO] [stdout]   19:     0x5590e46ddb23 - core::ops::function::FnOnce::call_once::h152e7e439ff59e19
[INFO] [stdout]                                at /rustc/a178d0322ce20e33eac124758e837cbd80a6f633/library/core/src/ops/function.rs:227:5
[INFO] [stdout]   20:     0x5590e46ddb23 - test::__rust_begin_short_backtrace::h0908f3b1fdbb72ab
[INFO] [stdout]                                at /rustc/a178d0322ce20e33eac124758e837cbd80a6f633/library/test/src/lib.rs:577:5
[INFO] [stdout]   21:     0x5590e46dc5e0 - <alloc::boxed::Box<F,A> as core::ops::function::FnOnce<Args>>::call_once::hf6d2a51e5587546c
[INFO] [stdout]                                at /rustc/a178d0322ce20e33eac124758e837cbd80a6f633/library/alloc/src/boxed.rs:1575:9
[INFO] [stdout]   22:     0x5590e46dc5e0 - <std::panic::AssertUnwindSafe<F> as core::ops::function::FnOnce<()>>::call_once::h8af660f3a89ef593
[INFO] [stdout]                                at /rustc/a178d0322ce20e33eac124758e837cbd80a6f633/library/std/src/panic.rs:347:9
[INFO] [stdout]   23:     0x5590e46dc5e0 - std::panicking::try::do_call::hd36aef60f84b6d36
[INFO] [stdout]                                at /rustc/a178d0322ce20e33eac124758e837cbd80a6f633/library/std/src/panicking.rs:401:40
[INFO] [stdout]   24:     0x5590e46dc5e0 - std::panicking::try::h9932b4480e69817c
[INFO] [stdout]                                at /rustc/a178d0322ce20e33eac124758e837cbd80a6f633/library/std/src/panicking.rs:365:19
[INFO] [stdout]   25:     0x5590e46dc5e0 - std::panic::catch_unwind::h6aa177099cfff5f8
[INFO] [stdout]                                at /rustc/a178d0322ce20e33eac124758e837cbd80a6f633/library/std/src/panic.rs:434:14
[INFO] [stdout]   26:     0x5590e46dc5e0 - test::run_test_in_process::h5884d6f2d99e20c3
[INFO] [stdout]                                at /rustc/a178d0322ce20e33eac124758e837cbd80a6f633/library/test/src/lib.rs:600:18
[INFO] [stdout]   27:     0x5590e46dc5e0 - test::run_test::run_test_inner::{{closure}}::h6fdc58c6d5f5b6e3
[INFO] [stdout]                                at /rustc/a178d0322ce20e33eac124758e837cbd80a6f633/library/test/src/lib.rs:492:39
[INFO] [stdout]   28:     0x5590e46b5c92 - test::run_test::run_test_inner::{{closure}}::h408365d67a78ade8
[INFO] [stdout]                                at /rustc/a178d0322ce20e33eac124758e837cbd80a6f633/library/test/src/lib.rs:519:37
[INFO] [stdout]   29:     0x5590e46b5c92 - std::sys_common::backtrace::__rust_begin_short_backtrace::hb560b77c4f701523
[INFO] [stdout]                                at /rustc/a178d0322ce20e33eac124758e837cbd80a6f633/library/std/src/sys_common/backtrace.rs:125:18
[INFO] [stdout]   30:     0x5590e46b9848 - std::thread::Builder::spawn_unchecked::{{closure}}::{{closure}}::hf2e7831dad93c597
[INFO] [stdout]                                at /rustc/a178d0322ce20e33eac124758e837cbd80a6f633/library/std/src/thread/mod.rs:481:17
[INFO] [stdout]   31:     0x5590e46b9848 - <std::panic::AssertUnwindSafe<F> as core::ops::function::FnOnce<()>>::call_once::hd2e08783d8be4d02
[INFO] [stdout]                                at /rustc/a178d0322ce20e33eac124758e837cbd80a6f633/library/std/src/panic.rs:347:9
[INFO] [stdout]   32:     0x5590e46b9848 - std::panicking::try::do_call::h062597b7acfd6b82
[INFO] [stdout]                                at /rustc/a178d0322ce20e33eac124758e837cbd80a6f633/library/std/src/panicking.rs:401:40
[INFO] [stdout]   33:     0x5590e46b9848 - std::panicking::try::h0d7b79db04c14552
[INFO] [stdout]                                at /rustc/a178d0322ce20e33eac124758e837cbd80a6f633/library/std/src/panicking.rs:365:19
[INFO] [stdout]   34:     0x5590e46b9848 - std::panic::catch_unwind::hb01a0b5e7c8cd43b
[INFO] [stdout]                                at /rustc/a178d0322ce20e33eac124758e837cbd80a6f633/library/std/src/panic.rs:434:14
[INFO] [stdout]   35:     0x5590e46b9848 - std::thread::Builder::spawn_unchecked::{{closure}}::h5bde48cc887e0d1e
[INFO] [stdout]                                at /rustc/a178d0322ce20e33eac124758e837cbd80a6f633/library/std/src/thread/mod.rs:480:30
[INFO] [stdout]   36:     0x5590e46b9848 - core::ops::function::FnOnce::call_once{{vtable.shim}}::h745ea30807a29e55
[INFO] [stdout]                                at /rustc/a178d0322ce20e33eac124758e837cbd80a6f633/library/core/src/ops/function.rs:227:5
[INFO] [stdout]   37:     0x5590e4715c67 - <alloc::boxed::Box<F,A> as core::ops::function::FnOnce<Args>>::call_once::h7ece6cfefaff1005
[INFO] [stdout]                                at /rustc/a178d0322ce20e33eac124758e837cbd80a6f633/library/alloc/src/boxed.rs:1575:9
[INFO] [stdout]   38:     0x5590e4715c67 - <alloc::boxed::Box<F,A> as core::ops::function::FnOnce<Args>>::call_once::hb8b48e55c21f193e
[INFO] [stdout]                                at /rustc/a178d0322ce20e33eac124758e837cbd80a6f633/library/alloc/src/boxed.rs:1575:9
[INFO] [stdout]   39:     0x5590e4715c67 - std::sys::unix::thread::Thread::new::thread_start::h8c7c4450dba62914
[INFO] [stdout]                                at /rustc/a178d0322ce20e33eac124758e837cbd80a6f633/library/std/src/sys/unix/thread.rs:71:17
[INFO] [stdout]   40:     0x7ff269e0c609 - start_thread
[INFO] [stdout]   41:     0x7ff269bde293 - clone
[INFO] [stdout]   42:                0x0 - <unknown>
[INFO] [stdout] 
[INFO] [stdout] 
[INFO] [stdout] failures:
[INFO] [stdout]     run_nix_install
[INFO] [stdout] 
[INFO] [stdout] test result: FAILED. 0 passed; 1 failed; 0 ignored; 0 measured; 0 filtered out; finished in 10.91s
[INFO] [stdout] 
[INFO] running `Command { std: "docker" "inspect" "a880acceddcf572bd9729aff16480c18a5530d043fe0ef3fe7e0bd80b85756b8", kill_on_drop: false }`
[INFO] running `Command { std: "docker" "rm" "-f" "a880acceddcf572bd9729aff16480c18a5530d043fe0ef3fe7e0bd80b85756b8", kill_on_drop: false }`
[INFO] [stdout] a880acceddcf572bd9729aff16480c18a5530d043fe0ef3fe7e0bd80b85756b8
