[INFO] cloning repository https://github.com/nintha/images-to-h264
[INFO] running `Command { std: "git" "-c" "credential.helper=" "-c" "credential.helper=/workspace/cargo-home/bin/git-credential-null" "clone" "--bare" "https://github.com/nintha/images-to-h264" "/workspace/cache/git-repos/https%3A%2F%2Fgithub.com%2Fnintha%2Fimages-to-h264", kill_on_drop: false }`
[INFO] [stderr] Cloning into bare repository '/workspace/cache/git-repos/https%3A%2F%2Fgithub.com%2Fnintha%2Fimages-to-h264'...
[INFO] running `Command { std: "git" "rev-parse" "HEAD", kill_on_drop: false }`
[INFO] [stdout] 23ae5f7185bccae3b8ddea26b22bc6af193da666
[INFO] testing nintha/images-to-h264 against beta-2021-08-01 for beta-1.55-1
[INFO] running `Command { std: "git" "clone" "/workspace/cache/git-repos/https%3A%2F%2Fgithub.com%2Fnintha%2Fimages-to-h264" "/workspace/builds/worker-62/source", kill_on_drop: false }`
[INFO] [stderr] Cloning into '/workspace/builds/worker-62/source'...
[INFO] [stderr] done.
[INFO] validating manifest of git repo https://github.com/nintha/images-to-h264 on toolchain beta-2021-08-01
[INFO] running `Command { std: "/workspace/cargo-home/bin/cargo" "+beta-2021-08-01" "metadata" "--manifest-path" "Cargo.toml" "--no-deps", kill_on_drop: false }`
[INFO] started tweaking git repo https://github.com/nintha/images-to-h264
[INFO] finished tweaking git repo https://github.com/nintha/images-to-h264
[INFO] tweaked toml for git repo https://github.com/nintha/images-to-h264 written to /workspace/builds/worker-62/source/Cargo.toml
[INFO] crate git repo https://github.com/nintha/images-to-h264 already has a lockfile, it will not be regenerated
[INFO] running `Command { std: "/workspace/cargo-home/bin/cargo" "+beta-2021-08-01" "fetch" "--manifest-path" "Cargo.toml", kill_on_drop: false }`
[INFO] [stderr]     Blocking waiting for file lock on package cache
[INFO] [stderr]  Downloading crates ...
[INFO] [stderr]   Downloaded x264-sys v0.2.0
[INFO] running `Command { std: "docker" "create" "-v" "/var/lib/crater-agent-workspace/builds/worker-62/target:/opt/rustwide/target:rw,Z" "-v" "/var/lib/crater-agent-workspace/builds/worker-62/source:/opt/rustwide/workdir:ro,Z" "-v" "/var/lib/crater-agent-workspace/cargo-home:/opt/rustwide/cargo-home:ro,Z" "-v" "/var/lib/crater-agent-workspace/rustup-home:/opt/rustwide/rustup-home:ro,Z" "-e" "SOURCE_DIR=/opt/rustwide/workdir" "-e" "CARGO_TARGET_DIR=/opt/rustwide/target" "-e" "CARGO_HOME=/opt/rustwide/cargo-home" "-e" "RUSTUP_HOME=/opt/rustwide/rustup-home" "-w" "/opt/rustwide/workdir" "-m" "1610612736" "--user" "0:0" "--network" "none" "ghcr.io/rust-lang/crates-build-env/linux@sha256:34b6a614d2c27851fe6cbf88fbd1137609cefab8b10d0615aaeb6fd47975d74e" "/opt/rustwide/cargo-home/bin/cargo" "+beta-2021-08-01" "metadata" "--no-deps" "--format-version=1", kill_on_drop: false }`
[INFO] [stdout] 90d3981789f7bf521d9e9bbf2545adca46f602202b7a3e751125ec7debd8c74d
[INFO] running `Command { std: "docker" "start" "-a" "90d3981789f7bf521d9e9bbf2545adca46f602202b7a3e751125ec7debd8c74d", kill_on_drop: false }`
[INFO] running `Command { std: "docker" "inspect" "90d3981789f7bf521d9e9bbf2545adca46f602202b7a3e751125ec7debd8c74d", kill_on_drop: false }`
[INFO] running `Command { std: "docker" "rm" "-f" "90d3981789f7bf521d9e9bbf2545adca46f602202b7a3e751125ec7debd8c74d", kill_on_drop: false }`
[INFO] [stdout] 90d3981789f7bf521d9e9bbf2545adca46f602202b7a3e751125ec7debd8c74d
[INFO] running `Command { std: "docker" "create" "-v" "/var/lib/crater-agent-workspace/builds/worker-62/target:/opt/rustwide/target:rw,Z" "-v" "/var/lib/crater-agent-workspace/builds/worker-62/source:/opt/rustwide/workdir:ro,Z" "-v" "/var/lib/crater-agent-workspace/cargo-home:/opt/rustwide/cargo-home:ro,Z" "-v" "/var/lib/crater-agent-workspace/rustup-home:/opt/rustwide/rustup-home:ro,Z" "-e" "SOURCE_DIR=/opt/rustwide/workdir" "-e" "CARGO_TARGET_DIR=/opt/rustwide/target" "-e" "CARGO_INCREMENTAL=0" "-e" "RUST_BACKTRACE=full" "-e" "RUSTFLAGS=--cap-lints=warn" "-e" "CARGO_HOME=/opt/rustwide/cargo-home" "-e" "RUSTUP_HOME=/opt/rustwide/rustup-home" "-w" "/opt/rustwide/workdir" "-m" "1610612736" "--user" "0:0" "--network" "none" "ghcr.io/rust-lang/crates-build-env/linux@sha256:34b6a614d2c27851fe6cbf88fbd1137609cefab8b10d0615aaeb6fd47975d74e" "/opt/rustwide/cargo-home/bin/cargo" "+beta-2021-08-01" "build" "--frozen" "--message-format=json", kill_on_drop: false }`
[INFO] [stdout] 4dcbc778af0b4a9b0a13229816664b59acf6cc21afc1dc66ead30ba918089daa
[INFO] running `Command { std: "docker" "start" "-a" "4dcbc778af0b4a9b0a13229816664b59acf6cc21afc1dc66ead30ba918089daa", kill_on_drop: false }`
[INFO] [stderr]     Blocking waiting for file lock on package cache
[INFO] [stderr]    Compiling libc v0.2.80
[INFO] [stderr]    Compiling proc-macro2 v1.0.24
[INFO] [stderr]    Compiling memchr v2.3.4
[INFO] [stderr]    Compiling unicode-xid v0.2.1
[INFO] [stderr]    Compiling version_check v0.1.5
[INFO] [stderr]    Compiling cc v1.0.65
[INFO] [stderr]    Compiling const_fn v0.4.3
[INFO] [stderr]    Compiling glob v0.3.0
[INFO] [stderr]    Compiling log v0.4.11
[INFO] [stderr]    Compiling version_check v0.9.2
[INFO] [stderr]    Compiling pkg-config v0.3.19
[INFO] [stderr]    Compiling byteorder v1.3.4
[INFO] [stderr]    Compiling rayon-core v1.9.0
[INFO] [stderr]    Compiling regex-syntax v0.6.21
[INFO] [stderr]    Compiling termcolor v1.1.2
[INFO] [stderr]    Compiling bindgen v0.51.1
[INFO] [stderr]    Compiling peeking_take_while v0.1.2
[INFO] [stderr]    Compiling toml v0.2.1
[INFO] [stderr]    Compiling syn v1.0.52
[INFO] [stderr]    Compiling shlex v0.1.1
[INFO] [stderr]    Compiling rustc-hash v1.1.0
[INFO] [stderr]    Compiling error-chain v0.10.0
[INFO] [stderr]    Compiling either v1.6.1
[INFO] [stderr]    Compiling adler32 v1.2.0
[INFO] [stderr]    Compiling adler v0.2.3
[INFO] [stderr]    Compiling weezl v0.1.3
[INFO] [stderr]    Compiling unicode-segmentation v1.7.1
[INFO] [stderr]    Compiling hashbrown v0.9.1
[INFO] [stderr]    Compiling color_quant v1.1.0
[INFO] [stderr]    Compiling anyhow v1.0.34
[INFO] [stderr]    Compiling strsim v0.10.0
[INFO] [stderr]    Compiling bytemuck v1.4.1
[INFO] [stderr]    Compiling scoped_threadpool v0.1.9
[INFO] [stderr]    Compiling os_str_bytes v2.4.0
[INFO] [stderr]    Compiling crossbeam-utils v0.8.1
[INFO] [stderr]    Compiling memoffset v0.6.1
[INFO] [stderr]    Compiling num-traits v0.2.14
[INFO] [stderr]    Compiling rayon v1.5.0
[INFO] [stderr]    Compiling num-integer v0.1.44
[INFO] [stderr]    Compiling miniz_oxide v0.4.3
[INFO] [stderr]    Compiling num-iter v0.1.42
[INFO] [stderr]    Compiling num-rational v0.3.2
[INFO] [stderr]    Compiling indexmap v1.6.0
[INFO] [stderr]    Compiling thread_local v1.0.1
[INFO] [stderr]    Compiling humantime v1.3.0
[INFO] [stderr]    Compiling crc32fast v1.2.1
[INFO] [stderr]    Compiling textwrap v0.12.1
[INFO] [stderr]    Compiling miniz_oxide v0.3.7
[INFO] [stderr]    Compiling nom v4.2.3
[INFO] [stderr]    Compiling metadeps v1.1.2
[INFO] [stderr]    Compiling gif v0.11.1
[INFO] [stderr]    Compiling heck v0.3.1
[INFO] [stderr]    Compiling clang-sys v0.28.1
[INFO] [stderr]    Compiling proc-macro-error-attr v1.0.4
[INFO] [stderr]    Compiling proc-macro-error v1.0.4
[INFO] [stderr]    Compiling x264 v0.3.0 (/opt/rustwide/workdir/crate_x264)
[INFO] [stderr]    Compiling aho-corasick v0.7.15
[INFO] [stderr]    Compiling deflate v0.8.6
[INFO] [stderr]    Compiling libloading v0.5.2
[INFO] [stderr]    Compiling quote v1.0.7
[INFO] [stderr]    Compiling atty v0.2.14
[INFO] [stderr]    Compiling which v3.1.1
[INFO] [stderr]    Compiling num_cpus v1.13.0
[INFO] [stderr]    Compiling png v0.16.7
[INFO] [stderr]    Compiling clap v2.33.3
[INFO] [stderr]    Compiling cexpr v0.3.6
[INFO] [stderr]    Compiling crossbeam-epoch v0.9.1
[INFO] [stderr]    Compiling crossbeam-channel v0.5.0
[INFO] [stderr]    Compiling crossbeam-deque v0.8.0
[INFO] [stderr]    Compiling regex v1.4.2
[INFO] [stderr]    Compiling env_logger v0.6.2
[INFO] [stderr]    Compiling jpeg-decoder v0.1.20
[INFO] [stderr]    Compiling clap_derive v3.0.0-beta.2
[INFO] [stderr]    Compiling tiff v0.6.0
[INFO] [stderr]    Compiling image v0.23.12
[INFO] [stderr]    Compiling clap v3.0.0-beta.2
[INFO] [stderr]    Compiling x264-sys v0.2.0
[INFO] [stderr]    Compiling images-to-h264 v0.1.0 (/opt/rustwide/workdir)
[INFO] [stderr]     Finished dev [unoptimized + debuginfo] target(s) in 36.48s
[INFO] running `Command { std: "docker" "inspect" "4dcbc778af0b4a9b0a13229816664b59acf6cc21afc1dc66ead30ba918089daa", kill_on_drop: false }`
[INFO] running `Command { std: "docker" "rm" "-f" "4dcbc778af0b4a9b0a13229816664b59acf6cc21afc1dc66ead30ba918089daa", kill_on_drop: false }`
[INFO] [stdout] 4dcbc778af0b4a9b0a13229816664b59acf6cc21afc1dc66ead30ba918089daa
[INFO] running `Command { std: "docker" "create" "-v" "/var/lib/crater-agent-workspace/builds/worker-62/target:/opt/rustwide/target:rw,Z" "-v" "/var/lib/crater-agent-workspace/builds/worker-62/source:/opt/rustwide/workdir:ro,Z" "-v" "/var/lib/crater-agent-workspace/cargo-home:/opt/rustwide/cargo-home:ro,Z" "-v" "/var/lib/crater-agent-workspace/rustup-home:/opt/rustwide/rustup-home:ro,Z" "-e" "SOURCE_DIR=/opt/rustwide/workdir" "-e" "CARGO_TARGET_DIR=/opt/rustwide/target" "-e" "CARGO_INCREMENTAL=0" "-e" "RUST_BACKTRACE=full" "-e" "RUSTFLAGS=--cap-lints=warn" "-e" "CARGO_HOME=/opt/rustwide/cargo-home" "-e" "RUSTUP_HOME=/opt/rustwide/rustup-home" "-w" "/opt/rustwide/workdir" "-m" "1610612736" "--user" "0:0" "--network" "none" "ghcr.io/rust-lang/crates-build-env/linux@sha256:34b6a614d2c27851fe6cbf88fbd1137609cefab8b10d0615aaeb6fd47975d74e" "/opt/rustwide/cargo-home/bin/cargo" "+beta-2021-08-01" "test" "--frozen" "--no-run" "--message-format=json", kill_on_drop: false }`
[INFO] [stdout] e0875b1d7d3c96e57e6e023508a0af1077c30c0e800380040581ee2a7ba45f7f
[INFO] running `Command { std: "docker" "start" "-a" "e0875b1d7d3c96e57e6e023508a0af1077c30c0e800380040581ee2a7ba45f7f", kill_on_drop: false }`
[INFO] [stderr]    Compiling images-to-h264 v0.1.0 (/opt/rustwide/workdir)
[INFO] [stderr]     Finished test [unoptimized + debuginfo] target(s) in 3.18s
[INFO] running `Command { std: "docker" "inspect" "e0875b1d7d3c96e57e6e023508a0af1077c30c0e800380040581ee2a7ba45f7f", kill_on_drop: false }`
[INFO] running `Command { std: "docker" "rm" "-f" "e0875b1d7d3c96e57e6e023508a0af1077c30c0e800380040581ee2a7ba45f7f", kill_on_drop: false }`
[INFO] [stdout] e0875b1d7d3c96e57e6e023508a0af1077c30c0e800380040581ee2a7ba45f7f
[INFO] running `Command { std: "docker" "create" "-v" "/var/lib/crater-agent-workspace/builds/worker-62/target:/opt/rustwide/target:rw,Z" "-v" "/var/lib/crater-agent-workspace/builds/worker-62/source:/opt/rustwide/workdir:ro,Z" "-v" "/var/lib/crater-agent-workspace/cargo-home:/opt/rustwide/cargo-home:ro,Z" "-v" "/var/lib/crater-agent-workspace/rustup-home:/opt/rustwide/rustup-home:ro,Z" "-e" "SOURCE_DIR=/opt/rustwide/workdir" "-e" "CARGO_TARGET_DIR=/opt/rustwide/target" "-e" "CARGO_INCREMENTAL=0" "-e" "RUST_BACKTRACE=full" "-e" "RUSTFLAGS=--cap-lints=warn" "-e" "CARGO_HOME=/opt/rustwide/cargo-home" "-e" "RUSTUP_HOME=/opt/rustwide/rustup-home" "-w" "/opt/rustwide/workdir" "-m" "1610612736" "--user" "0:0" "--network" "none" "ghcr.io/rust-lang/crates-build-env/linux@sha256:34b6a614d2c27851fe6cbf88fbd1137609cefab8b10d0615aaeb6fd47975d74e" "/opt/rustwide/cargo-home/bin/cargo" "+beta-2021-08-01" "test" "--frozen", kill_on_drop: false }`
[INFO] [stdout] 0df5fbc5477df91349463a3e8aaf9e7f376b8267e27d52dba29874468d97e1fa
[INFO] running `Command { std: "docker" "start" "-a" "0df5fbc5477df91349463a3e8aaf9e7f376b8267e27d52dba29874468d97e1fa", kill_on_drop: false }`
[INFO] [stderr]     Finished test [unoptimized + debuginfo] target(s) in 0.14s
[INFO] [stderr]      Running unittests (/opt/rustwide/target/debug/deps/images_to_h264-8a83d8ce23ebf983)
[INFO] [stdout] 
[INFO] [stdout] running 0 tests
[INFO] [stdout] 
[INFO] [stdout] test result: ok. 0 passed; 0 failed; 0 ignored; 0 measured; 0 filtered out; finished in 0.00s
[INFO] [stdout] 
[INFO] [stderr]      Running unittests (/opt/rustwide/target/debug/deps/images_to_h264-4b4942d17c14a75e)
[INFO] [stdout] 
[INFO] [stdout] running 0 tests
[INFO] [stdout] 
[INFO] [stdout] test result: ok. 0 passed; 0 failed; 0 ignored; 0 measured; 0 filtered out; finished in 0.00s
[INFO] [stdout] 
[INFO] [stderr]    Doc-tests images-to-h264
[INFO] [stdout] 
[INFO] [stdout] running 2 tests
[INFO] [stdout] test src/yuv_util.rs - yuv_util::convert_rgb_to_yuv420sp_nv12 (line 47) ... FAILED
[INFO] [stdout] test src/yuv_util.rs - yuv_util::convert_rgb_to_yuv420p (line 17) ... FAILED
[INFO] [stdout] 
[INFO] [stdout] failures:
[INFO] [stdout] 
[INFO] [stdout] ---- src/yuv_util.rs - yuv_util::convert_rgb_to_yuv420sp_nv12 (line 47) stdout ----
[INFO] [stdout] error[E0433]: failed to resolve: use of undeclared crate or module `rgb2yuv420`
[INFO] [stdout]  --> src/yuv_util.rs:49:11
[INFO] [stdout]   |
[INFO] [stdout] 4 | let yuv = rgb2yuv420::convert_rgb_to_yuv420sp_nv12(&rgb, 2, 2, 3);
[INFO] [stdout]   |           ^^^^^^^^^^ use of undeclared crate or module `rgb2yuv420`
[INFO] [stdout] 
[INFO] [stdout] error: aborting due to previous error
[INFO] [stdout] 
[INFO] [stdout] For more information about this error, try `rustc --explain E0433`.
[INFO] [stdout] Couldn't compile the test.
[INFO] [stdout] ---- src/yuv_util.rs - yuv_util::convert_rgb_to_yuv420p (line 17) stdout ----
[INFO] [stdout] error[E0433]: failed to resolve: use of undeclared crate or module `rgb2yuv420`
[INFO] [stdout]  --> src/yuv_util.rs:19:11
[INFO] [stdout]   |
[INFO] [stdout] 4 | let yuv = rgb2yuv420::convert_rgb_to_yuv420p(&rgb, 2, 2, 3);
[INFO] [stdout]   |           ^^^^^^^^^^ use of undeclared crate or module `rgb2yuv420`
[INFO] [stdout] 
[INFO] [stdout] error: aborting due to previous error
[INFO] [stdout] 
[INFO] [stdout] For more information about this error, try `rustc --explain E0433`.
[INFO] [stdout] Couldn't compile the test.
[INFO] [stdout] 
[INFO] [stdout] failures:
[INFO] [stdout]     src/yuv_util.rs - yuv_util::convert_rgb_to_yuv420p (line 17)
[INFO] [stdout]     src/yuv_util.rs - yuv_util::convert_rgb_to_yuv420sp_nv12 (line 47)
[INFO] [stdout] 
[INFO] [stdout] test result: FAILED. 0 passed; 2 failed; 0 ignored; 0 measured; 0 filtered out; finished in 0.10s
[INFO] [stdout] 
[INFO] [stderr] error: test failed, to rerun pass '--doc'
[INFO] running `Command { std: "docker" "inspect" "0df5fbc5477df91349463a3e8aaf9e7f376b8267e27d52dba29874468d97e1fa", kill_on_drop: false }`
[INFO] running `Command { std: "docker" "rm" "-f" "0df5fbc5477df91349463a3e8aaf9e7f376b8267e27d52dba29874468d97e1fa", kill_on_drop: false }`
[INFO] [stdout] 0df5fbc5477df91349463a3e8aaf9e7f376b8267e27d52dba29874468d97e1fa
