[INFO] cloning repository https://github.com/nielsutrecht/adventofrust
[INFO] running `Command { std: "git" "-c" "credential.helper=" "-c" "credential.helper=/workspace/cargo-home/bin/git-credential-null" "clone" "--bare" "https://github.com/nielsutrecht/adventofrust" "/workspace/cache/git-repos/https%3A%2F%2Fgithub.com%2Fnielsutrecht%2Fadventofrust", kill_on_drop: false }`
[INFO] [stderr] Cloning into bare repository '/workspace/cache/git-repos/https%3A%2F%2Fgithub.com%2Fnielsutrecht%2Fadventofrust'...
[INFO] running `Command { std: "git" "rev-parse" "HEAD", kill_on_drop: false }`
[INFO] [stdout] bd42a28d86550e5c4dc4fd9c5cc5cf4cbe1fd5d7
[INFO] testing nielsutrecht/adventofrust against 1.54.0 for beta-1.55-1
[INFO] running `Command { std: "git" "clone" "/workspace/cache/git-repos/https%3A%2F%2Fgithub.com%2Fnielsutrecht%2Fadventofrust" "/workspace/builds/worker-102/source", kill_on_drop: false }`
[INFO] [stderr] Cloning into '/workspace/builds/worker-102/source'...
[INFO] [stderr] done.
[INFO] validating manifest of git repo https://github.com/nielsutrecht/adventofrust on toolchain 1.54.0
[INFO] running `Command { std: "/workspace/cargo-home/bin/cargo" "+1.54.0" "metadata" "--manifest-path" "Cargo.toml" "--no-deps", kill_on_drop: false }`
[INFO] started tweaking git repo https://github.com/nielsutrecht/adventofrust
[INFO] finished tweaking git repo https://github.com/nielsutrecht/adventofrust
[INFO] tweaked toml for git repo https://github.com/nielsutrecht/adventofrust written to /workspace/builds/worker-102/source/Cargo.toml
[INFO] crate git repo https://github.com/nielsutrecht/adventofrust already has a lockfile, it will not be regenerated
[INFO] running `Command { std: "/workspace/cargo-home/bin/cargo" "+1.54.0" "fetch" "--manifest-path" "Cargo.toml", kill_on_drop: false }`
[INFO] [stderr]     Blocking waiting for file lock on package cache
[INFO] [stderr]     Blocking waiting for file lock on package cache
[INFO] running `Command { std: "docker" "create" "-v" "/var/lib/crater-agent-workspace/builds/worker-102/target:/opt/rustwide/target:rw,Z" "-v" "/var/lib/crater-agent-workspace/builds/worker-102/source:/opt/rustwide/workdir:ro,Z" "-v" "/var/lib/crater-agent-workspace/cargo-home:/opt/rustwide/cargo-home:ro,Z" "-v" "/var/lib/crater-agent-workspace/rustup-home:/opt/rustwide/rustup-home:ro,Z" "-e" "SOURCE_DIR=/opt/rustwide/workdir" "-e" "CARGO_TARGET_DIR=/opt/rustwide/target" "-e" "CARGO_HOME=/opt/rustwide/cargo-home" "-e" "RUSTUP_HOME=/opt/rustwide/rustup-home" "-w" "/opt/rustwide/workdir" "-m" "1610612736" "--user" "0:0" "--network" "none" "ghcr.io/rust-lang/crates-build-env/linux@sha256:34b6a614d2c27851fe6cbf88fbd1137609cefab8b10d0615aaeb6fd47975d74e" "/opt/rustwide/cargo-home/bin/cargo" "+1.54.0" "metadata" "--no-deps" "--format-version=1", kill_on_drop: false }`
[INFO] [stdout] a481a14bb09201db606f1485408d49f61eb95b20d541142276f62bea6754cf1b
[INFO] running `Command { std: "docker" "start" "-a" "a481a14bb09201db606f1485408d49f61eb95b20d541142276f62bea6754cf1b", kill_on_drop: false }`
[INFO] running `Command { std: "docker" "inspect" "a481a14bb09201db606f1485408d49f61eb95b20d541142276f62bea6754cf1b", kill_on_drop: false }`
[INFO] running `Command { std: "docker" "rm" "-f" "a481a14bb09201db606f1485408d49f61eb95b20d541142276f62bea6754cf1b", kill_on_drop: false }`
[INFO] [stdout] a481a14bb09201db606f1485408d49f61eb95b20d541142276f62bea6754cf1b
[INFO] running `Command { std: "docker" "create" "-v" "/var/lib/crater-agent-workspace/builds/worker-102/target:/opt/rustwide/target:rw,Z" "-v" "/var/lib/crater-agent-workspace/builds/worker-102/source:/opt/rustwide/workdir:ro,Z" "-v" "/var/lib/crater-agent-workspace/cargo-home:/opt/rustwide/cargo-home:ro,Z" "-v" "/var/lib/crater-agent-workspace/rustup-home:/opt/rustwide/rustup-home:ro,Z" "-e" "SOURCE_DIR=/opt/rustwide/workdir" "-e" "CARGO_TARGET_DIR=/opt/rustwide/target" "-e" "CARGO_INCREMENTAL=0" "-e" "RUST_BACKTRACE=full" "-e" "RUSTFLAGS=--cap-lints=warn" "-e" "CARGO_HOME=/opt/rustwide/cargo-home" "-e" "RUSTUP_HOME=/opt/rustwide/rustup-home" "-w" "/opt/rustwide/workdir" "-m" "1610612736" "--user" "0:0" "--network" "none" "ghcr.io/rust-lang/crates-build-env/linux@sha256:34b6a614d2c27851fe6cbf88fbd1137609cefab8b10d0615aaeb6fd47975d74e" "/opt/rustwide/cargo-home/bin/cargo" "+1.54.0" "build" "--frozen" "--message-format=json", kill_on_drop: false }`
[INFO] [stdout] a26a1616640aaad7edbb524a186252c35cec0332b2d43dd85221c77f26fab3f2
[INFO] running `Command { std: "docker" "start" "-a" "a26a1616640aaad7edbb524a186252c35cec0332b2d43dd85221c77f26fab3f2", kill_on_drop: false }`
[INFO] [stderr]     Blocking waiting for file lock on package cache
[INFO] [stderr]    Compiling advent_of_code v0.1.0 (/opt/rustwide/workdir)
[INFO] [stdout] warning: associated function is never used: `origin`
[INFO] [stdout]   --> src/calc/point.rs:18:8
[INFO] [stdout]    |
[INFO] [stdout] 18 |     fn origin() -> Point {
[INFO] [stdout]    |        ^^^^^^
[INFO] [stdout]    |
[INFO] [stdout]    = note: `#[warn(dead_code)]` on by default
[INFO] [stdout] 
[INFO] [stdout] 
[INFO] [stdout] warning: associated function is never used: `add`
[INFO] [stdout]   --> src/calc/point.rs:26:8
[INFO] [stdout]    |
[INFO] [stdout] 26 |     fn add(&self, x: i32, y: i32) -> Point {
[INFO] [stdout]    |        ^^^
[INFO] [stdout] 
[INFO] [stdout] 
[INFO] [stdout] warning: associated function is never used: `within_points`
[INFO] [stdout]   --> src/calc/point.rs:30:8
[INFO] [stdout]    |
[INFO] [stdout] 30 |     fn within_points(&self, a: Point, b: Point) -> bool {
[INFO] [stdout]    |        ^^^^^^^^^^^^^
[INFO] [stdout] 
[INFO] [stdout] 
[INFO] [stdout] warning: associated function is never used: `manhattan`
[INFO] [stdout]   --> src/calc/point.rs:39:8
[INFO] [stdout]    |
[INFO] [stdout] 39 |     fn manhattan(&self, other: Point) -> i32 {
[INFO] [stdout]    |        ^^^^^^^^^
[INFO] [stdout] 
[INFO] [stdout] 
[INFO] [stdout] warning: associated function is never used: `add_direction`
[INFO] [stdout]   --> src/calc/point.rs:43:8
[INFO] [stdout]    |
[INFO] [stdout] 43 |     fn add_direction(&self, direction: DirectionCompass) -> Point {
[INFO] [stdout]    |        ^^^^^^^^^^^^^
[INFO] [stdout] 
[INFO] [stdout] 
[INFO] [stdout] warning: associated function is never used: `rotate90`
[INFO] [stdout]   --> src/calc/point.rs:52:8
[INFO] [stdout]    |
[INFO] [stdout] 52 |     fn rotate90(&self) -> Point {
[INFO] [stdout]    |        ^^^^^^^^
[INFO] [stdout] 
[INFO] [stdout] 
[INFO] [stdout] warning: 6 warnings emitted
[INFO] [stdout] 
[INFO] [stdout] 
[INFO] [stderr]     Finished dev [unoptimized + debuginfo] target(s) in 14.99s
[INFO] running `Command { std: "docker" "inspect" "a26a1616640aaad7edbb524a186252c35cec0332b2d43dd85221c77f26fab3f2", kill_on_drop: false }`
[INFO] running `Command { std: "docker" "rm" "-f" "a26a1616640aaad7edbb524a186252c35cec0332b2d43dd85221c77f26fab3f2", kill_on_drop: false }`
[INFO] [stdout] a26a1616640aaad7edbb524a186252c35cec0332b2d43dd85221c77f26fab3f2
[INFO] running `Command { std: "docker" "create" "-v" "/var/lib/crater-agent-workspace/builds/worker-102/target:/opt/rustwide/target:rw,Z" "-v" "/var/lib/crater-agent-workspace/builds/worker-102/source:/opt/rustwide/workdir:ro,Z" "-v" "/var/lib/crater-agent-workspace/cargo-home:/opt/rustwide/cargo-home:ro,Z" "-v" "/var/lib/crater-agent-workspace/rustup-home:/opt/rustwide/rustup-home:ro,Z" "-e" "SOURCE_DIR=/opt/rustwide/workdir" "-e" "CARGO_TARGET_DIR=/opt/rustwide/target" "-e" "CARGO_INCREMENTAL=0" "-e" "RUST_BACKTRACE=full" "-e" "RUSTFLAGS=--cap-lints=warn" "-e" "CARGO_HOME=/opt/rustwide/cargo-home" "-e" "RUSTUP_HOME=/opt/rustwide/rustup-home" "-w" "/opt/rustwide/workdir" "-m" "1610612736" "--user" "0:0" "--network" "none" "ghcr.io/rust-lang/crates-build-env/linux@sha256:34b6a614d2c27851fe6cbf88fbd1137609cefab8b10d0615aaeb6fd47975d74e" "/opt/rustwide/cargo-home/bin/cargo" "+1.54.0" "test" "--frozen" "--no-run" "--message-format=json", kill_on_drop: false }`
[INFO] [stdout] 360977c995993a0437aa2bf7895d841df68071d365f227d37de880982795502e
[INFO] running `Command { std: "docker" "start" "-a" "360977c995993a0437aa2bf7895d841df68071d365f227d37de880982795502e", kill_on_drop: false }`
[INFO] [stdout] warning: associated function is never used: `origin`
[INFO] [stdout]   --> src/calc/point.rs:18:8
[INFO] [stdout]    |
[INFO] [stdout] 18 |     fn origin() -> Point {
[INFO] [stdout]    |        ^^^^^^
[INFO] [stdout]    |
[INFO] [stdout]    = note: `#[warn(dead_code)]` on by default
[INFO] [stdout] 
[INFO] [stdout] 
[INFO] [stderr]    Compiling advent_of_code v0.1.0 (/opt/rustwide/workdir)
[INFO] [stdout] warning: associated function is never used: `add`
[INFO] [stdout]   --> src/calc/point.rs:26:8
[INFO] [stdout]    |
[INFO] [stdout] 26 |     fn add(&self, x: i32, y: i32) -> Point {
[INFO] [stdout]    |        ^^^
[INFO] [stdout] 
[INFO] [stdout] 
[INFO] [stdout] warning: associated function is never used: `within_points`
[INFO] [stdout]   --> src/calc/point.rs:30:8
[INFO] [stdout]    |
[INFO] [stdout] 30 |     fn within_points(&self, a: Point, b: Point) -> bool {
[INFO] [stdout]    |        ^^^^^^^^^^^^^
[INFO] [stdout] 
[INFO] [stdout] 
[INFO] [stdout] warning: associated function is never used: `manhattan`
[INFO] [stdout]   --> src/calc/point.rs:39:8
[INFO] [stdout]    |
[INFO] [stdout] 39 |     fn manhattan(&self, other: Point) -> i32 {
[INFO] [stdout]    |        ^^^^^^^^^
[INFO] [stdout] 
[INFO] [stdout] 
[INFO] [stdout] warning: associated function is never used: `add_direction`
[INFO] [stdout]   --> src/calc/point.rs:43:8
[INFO] [stdout]    |
[INFO] [stdout] 43 |     fn add_direction(&self, direction: DirectionCompass) -> Point {
[INFO] [stdout]    |        ^^^^^^^^^^^^^
[INFO] [stdout] 
[INFO] [stdout] 
[INFO] [stdout] warning: associated function is never used: `rotate90`
[INFO] [stdout]   --> src/calc/point.rs:52:8
[INFO] [stdout]    |
[INFO] [stdout] 52 |     fn rotate90(&self) -> Point {
[INFO] [stdout]    |        ^^^^^^^^
[INFO] [stdout] 
[INFO] [stdout] 
[INFO] [stdout] warning: 6 warnings emitted
[INFO] [stdout] 
[INFO] [stdout] 
[INFO] [stderr]     Finished test [unoptimized + debuginfo] target(s) in 0.71s
[INFO] running `Command { std: "docker" "inspect" "360977c995993a0437aa2bf7895d841df68071d365f227d37de880982795502e", kill_on_drop: false }`
[INFO] running `Command { std: "docker" "rm" "-f" "360977c995993a0437aa2bf7895d841df68071d365f227d37de880982795502e", kill_on_drop: false }`
[INFO] [stdout] 360977c995993a0437aa2bf7895d841df68071d365f227d37de880982795502e
[INFO] running `Command { std: "docker" "create" "-v" "/var/lib/crater-agent-workspace/builds/worker-102/target:/opt/rustwide/target:rw,Z" "-v" "/var/lib/crater-agent-workspace/builds/worker-102/source:/opt/rustwide/workdir:ro,Z" "-v" "/var/lib/crater-agent-workspace/cargo-home:/opt/rustwide/cargo-home:ro,Z" "-v" "/var/lib/crater-agent-workspace/rustup-home:/opt/rustwide/rustup-home:ro,Z" "-e" "SOURCE_DIR=/opt/rustwide/workdir" "-e" "CARGO_TARGET_DIR=/opt/rustwide/target" "-e" "CARGO_INCREMENTAL=0" "-e" "RUST_BACKTRACE=full" "-e" "RUSTFLAGS=--cap-lints=warn" "-e" "CARGO_HOME=/opt/rustwide/cargo-home" "-e" "RUSTUP_HOME=/opt/rustwide/rustup-home" "-w" "/opt/rustwide/workdir" "-m" "1610612736" "--user" "0:0" "--network" "none" "ghcr.io/rust-lang/crates-build-env/linux@sha256:34b6a614d2c27851fe6cbf88fbd1137609cefab8b10d0615aaeb6fd47975d74e" "/opt/rustwide/cargo-home/bin/cargo" "+1.54.0" "test" "--frozen", kill_on_drop: false }`
[INFO] [stdout] 452a717d221f6727ac26f3bfa293d6444a1d0b95743196047f5c750d8e661c04
[INFO] running `Command { std: "docker" "start" "-a" "452a717d221f6727ac26f3bfa293d6444a1d0b95743196047f5c750d8e661c04", kill_on_drop: false }`
[INFO] [stderr] warning: associated function is never used: `origin`
[INFO] [stderr]   --> src/calc/point.rs:18:8
[INFO] [stderr]    |
[INFO] [stderr] 18 |     fn origin() -> Point {
[INFO] [stderr]    |        ^^^^^^
[INFO] [stderr]    |
[INFO] [stderr]    = note: `#[warn(dead_code)]` on by default
[INFO] [stderr] 
[INFO] [stderr] warning: associated function is never used: `add`
[INFO] [stderr]   --> src/calc/point.rs:26:8
[INFO] [stderr]    |
[INFO] [stderr] 26 |     fn add(&self, x: i32, y: i32) -> Point {
[INFO] [stderr]    |        ^^^
[INFO] [stderr] 
[INFO] [stderr] warning: associated function is never used: `within_points`
[INFO] [stderr]   --> src/calc/point.rs:30:8
[INFO] [stderr]    |
[INFO] [stderr] 30 |     fn within_points(&self, a: Point, b: Point) -> bool {
[INFO] [stderr]    |        ^^^^^^^^^^^^^
[INFO] [stderr] 
[INFO] [stderr] warning: associated function is never used: `manhattan`
[INFO] [stderr]   --> src/calc/point.rs:39:8
[INFO] [stderr]    |
[INFO] [stderr] 39 |     fn manhattan(&self, other: Point) -> i32 {
[INFO] [stderr]    |        ^^^^^^^^^
[INFO] [stderr] 
[INFO] [stderr] warning: associated function is never used: `add_direction`
[INFO] [stderr]   --> src/calc/point.rs:43:8
[INFO] [stderr]    |
[INFO] [stderr] 43 |     fn add_direction(&self, direction: DirectionCompass) -> Point {
[INFO] [stderr]    |        ^^^^^^^^^^^^^
[INFO] [stderr] 
[INFO] [stderr] warning: associated function is never used: `rotate90`
[INFO] [stderr]   --> src/calc/point.rs:52:8
[INFO] [stderr]    |
[INFO] [stderr] 52 |     fn rotate90(&self) -> Point {
[INFO] [stderr]    |        ^^^^^^^^
[INFO] [stderr] 
[INFO] [stderr] warning: 6 warnings emitted
[INFO] [stderr] 
[INFO] [stderr]     Finished test [unoptimized + debuginfo] target(s) in 0.04s
[INFO] [stderr]      Running unittests (/opt/rustwide/target/debug/deps/aoc-4d19684bca6cd8de)
[INFO] [stdout] 
[INFO] [stdout] running 11 tests
[INFO] [stdout] test calc::point::tests::point_add_dir ... ok
[INFO] [stdout] test calc::point::tests::point_add_sub ... ok
[INFO] [stdout] test calc::point::tests::point_rotate ... ok
[INFO] [stdout] test calc::point::tests::point_within ... ok
[INFO] [stdout] test calc::point::tests::point_manhattan ... ok
[INFO] [stdout] test convert::tests::string_to_digits ... ok
[INFO] [stdout] test convert::tests::string_vec_to_ints ... ok
[INFO] [stdout] test convert::tests::vec_to_string ... ok
[INFO] [stdout] test io::tests::read_file ... ok
[INFO] [stdout] test io::tests::read_lines ... ok
[INFO] [stdout] test io::tests::file_name ... FAILED
[INFO] [stdout] 
[INFO] [stdout] failures:
[INFO] [stdout] 
[INFO] [stdout] ---- io::tests::file_name stdout ----
[INFO] [stdout] thread 'io::tests::file_name' panicked at 'assertion failed: `(left == right)`
[INFO] [stdout]   left: `"input/2018/day01.txt"`,
[INFO] [stdout]  right: `"input/2017/day01.txt"`', src/io/mod.rs:28:9
[INFO] [stdout] stack backtrace:
[INFO] [stdout]    0:     0x5633bb4da080 - std::backtrace_rs::backtrace::libunwind::trace::h34055254b57d8e79
[INFO] [stdout]                                at /rustc/a178d0322ce20e33eac124758e837cbd80a6f633/library/std/src/../../backtrace/src/backtrace/libunwind.rs:90:5
[INFO] [stdout]    1:     0x5633bb4da080 - std::backtrace_rs::backtrace::trace_unsynchronized::h8f1e3fbd9afff6ec
[INFO] [stdout]                                at /rustc/a178d0322ce20e33eac124758e837cbd80a6f633/library/std/src/../../backtrace/src/backtrace/mod.rs:66:5
[INFO] [stdout]    2:     0x5633bb4da080 - std::sys_common::backtrace::_print_fmt::h3a99a796b770c360
[INFO] [stdout]                                at /rustc/a178d0322ce20e33eac124758e837cbd80a6f633/library/std/src/sys_common/backtrace.rs:67:5
[INFO] [stdout]    3:     0x5633bb4da080 - <std::sys_common::backtrace::_print::DisplayBacktrace as core::fmt::Display>::fmt::h32d1f94a80615d18
[INFO] [stdout]                                at /rustc/a178d0322ce20e33eac124758e837cbd80a6f633/library/std/src/sys_common/backtrace.rs:46:22
[INFO] [stdout]    4:     0x5633bb4fc8ac - core::fmt::write::h306731c068f7162c
[INFO] [stdout]                                at /rustc/a178d0322ce20e33eac124758e837cbd80a6f633/library/core/src/fmt/mod.rs:1110:17
[INFO] [stdout]    5:     0x5633bb4d6fa5 - std::io::Write::write_fmt::h87f19b0a2cd190bc
[INFO] [stdout]                                at /rustc/a178d0322ce20e33eac124758e837cbd80a6f633/library/std/src/io/mod.rs:1588:15
[INFO] [stdout]    6:     0x5633bb4dc1eb - std::sys_common::backtrace::_print::h5abaa2601a852287
[INFO] [stdout]                                at /rustc/a178d0322ce20e33eac124758e837cbd80a6f633/library/std/src/sys_common/backtrace.rs:49:5
[INFO] [stdout]    7:     0x5633bb4dc1eb - std::sys_common::backtrace::print::h8d81445442bb638f
[INFO] [stdout]                                at /rustc/a178d0322ce20e33eac124758e837cbd80a6f633/library/std/src/sys_common/backtrace.rs:36:9
[INFO] [stdout]    8:     0x5633bb4dc1eb - std::panicking::default_hook::{{closure}}::hcfe804496a9fa747
[INFO] [stdout]                                at /rustc/a178d0322ce20e33eac124758e837cbd80a6f633/library/std/src/panicking.rs:208:50
[INFO] [stdout]    9:     0x5633bb4dbcfc - std::panicking::default_hook::hbea8e3ccf2ba8901
[INFO] [stdout]                                at /rustc/a178d0322ce20e33eac124758e837cbd80a6f633/library/std/src/panicking.rs:222:9
[INFO] [stdout]   10:     0x5633bb4dc8b4 - std::panicking::rust_panic_with_hook::h7ee9e1a2d0f8975a
[INFO] [stdout]                                at /rustc/a178d0322ce20e33eac124758e837cbd80a6f633/library/std/src/panicking.rs:622:17
[INFO] [stdout]   11:     0x5633bb4dc397 - std::panicking::begin_panic_handler::{{closure}}::h8ab3b4491718b2c7
[INFO] [stdout]                                at /rustc/a178d0322ce20e33eac124758e837cbd80a6f633/library/std/src/panicking.rs:519:13
[INFO] [stdout]   12:     0x5633bb4da57c - std::sys_common::backtrace::__rust_end_short_backtrace::hd489062ffa586a9f
[INFO] [stdout]                                at /rustc/a178d0322ce20e33eac124758e837cbd80a6f633/library/std/src/sys_common/backtrace.rs:141:18
[INFO] [stdout]   13:     0x5633bb4dc2f9 - rust_begin_unwind
[INFO] [stdout]                                at /rustc/a178d0322ce20e33eac124758e837cbd80a6f633/library/std/src/panicking.rs:515:5
[INFO] [stdout]   14:     0x5633bb470651 - core::panicking::panic_fmt::hca6330e3e14086b4
[INFO] [stdout]                                at /rustc/a178d0322ce20e33eac124758e837cbd80a6f633/library/core/src/panicking.rs:92:14
[INFO] [stdout]   15:     0x5633bb4fb1c8 - core::panicking::assert_failed_inner::h33b45280069a80ed
[INFO] [stdout]   16:     0x5633bb47b8ee - core::panicking::assert_failed::hccbfeebda7d79eb2
[INFO] [stdout]                                at /rustc/a178d0322ce20e33eac124758e837cbd80a6f633/library/core/src/panicking.rs:117:5
[INFO] [stdout]   17:     0x5633bb477ee2 - aoc::io::tests::file_name::h3bcb36ab2d83f43b
[INFO] [stdout]                                at /opt/rustwide/workdir/src/io/mod.rs:28:9
[INFO] [stdout]   18:     0x5633bb477e0a - aoc::io::tests::file_name::{{closure}}::h08c2a0db769f5de8
[INFO] [stdout]                                at /opt/rustwide/workdir/src/io/mod.rs:27:5
[INFO] [stdout]   19:     0x5633bb47860e - core::ops::function::FnOnce::call_once::hf715c19d9633bd33
[INFO] [stdout]                                at /rustc/a178d0322ce20e33eac124758e837cbd80a6f633/library/core/src/ops/function.rs:227:5
[INFO] [stdout]   20:     0x5633bb4b10a3 - core::ops::function::FnOnce::call_once::h152e7e439ff59e19
[INFO] [stdout]                                at /rustc/a178d0322ce20e33eac124758e837cbd80a6f633/library/core/src/ops/function.rs:227:5
[INFO] [stdout]   21:     0x5633bb4b10a3 - test::__rust_begin_short_backtrace::h0908f3b1fdbb72ab
[INFO] [stdout]                                at /rustc/a178d0322ce20e33eac124758e837cbd80a6f633/library/test/src/lib.rs:577:5
[INFO] [stdout]   22:     0x5633bb4afb60 - <alloc::boxed::Box<F,A> as core::ops::function::FnOnce<Args>>::call_once::hf6d2a51e5587546c
[INFO] [stdout]                                at /rustc/a178d0322ce20e33eac124758e837cbd80a6f633/library/alloc/src/boxed.rs:1575:9
[INFO] [stdout]   23:     0x5633bb4afb60 - <std::panic::AssertUnwindSafe<F> as core::ops::function::FnOnce<()>>::call_once::h8af660f3a89ef593
[INFO] [stdout]                                at /rustc/a178d0322ce20e33eac124758e837cbd80a6f633/library/std/src/panic.rs:347:9
[INFO] [stdout]   24:     0x5633bb4afb60 - std::panicking::try::do_call::hd36aef60f84b6d36
[INFO] [stdout]                                at /rustc/a178d0322ce20e33eac124758e837cbd80a6f633/library/std/src/panicking.rs:401:40
[INFO] [stdout]   25:     0x5633bb4afb60 - std::panicking::try::h9932b4480e69817c
[INFO] [stdout]                                at /rustc/a178d0322ce20e33eac124758e837cbd80a6f633/library/std/src/panicking.rs:365:19
[INFO] [stdout]   26:     0x5633bb4afb60 - std::panic::catch_unwind::h6aa177099cfff5f8
[INFO] [stdout]                                at /rustc/a178d0322ce20e33eac124758e837cbd80a6f633/library/std/src/panic.rs:434:14
[INFO] [stdout]   27:     0x5633bb4afb60 - test::run_test_in_process::h5884d6f2d99e20c3
[INFO] [stdout]                                at /rustc/a178d0322ce20e33eac124758e837cbd80a6f633/library/test/src/lib.rs:600:18
[INFO] [stdout]   28:     0x5633bb4afb60 - test::run_test::run_test_inner::{{closure}}::h6fdc58c6d5f5b6e3
[INFO] [stdout]                                at /rustc/a178d0322ce20e33eac124758e837cbd80a6f633/library/test/src/lib.rs:492:39
[INFO] [stdout]   29:     0x5633bb489212 - test::run_test::run_test_inner::{{closure}}::h408365d67a78ade8
[INFO] [stdout]                                at /rustc/a178d0322ce20e33eac124758e837cbd80a6f633/library/test/src/lib.rs:519:37
[INFO] [stdout]   30:     0x5633bb489212 - std::sys_common::backtrace::__rust_begin_short_backtrace::hb560b77c4f701523
[INFO] [stdout]                                at /rustc/a178d0322ce20e33eac124758e837cbd80a6f633/library/std/src/sys_common/backtrace.rs:125:18
[INFO] [stdout]   31:     0x5633bb48cdc8 - std::thread::Builder::spawn_unchecked::{{closure}}::{{closure}}::hf2e7831dad93c597
[INFO] [stdout]                                at /rustc/a178d0322ce20e33eac124758e837cbd80a6f633/library/std/src/thread/mod.rs:481:17
[INFO] [stdout]   32:     0x5633bb48cdc8 - <std::panic::AssertUnwindSafe<F> as core::ops::function::FnOnce<()>>::call_once::hd2e08783d8be4d02
[INFO] [stdout]                                at /rustc/a178d0322ce20e33eac124758e837cbd80a6f633/library/std/src/panic.rs:347:9
[INFO] [stdout]   33:     0x5633bb48cdc8 - std::panicking::try::do_call::h062597b7acfd6b82
[INFO] [stdout]                                at /rustc/a178d0322ce20e33eac124758e837cbd80a6f633/library/std/src/panicking.rs:401:40
[INFO] [stdout]   34:     0x5633bb48cdc8 - std::panicking::try::h0d7b79db04c14552
[INFO] [stdout]                                at /rustc/a178d0322ce20e33eac124758e837cbd80a6f633/library/std/src/panicking.rs:365:19
[INFO] [stdout]   35:     0x5633bb48cdc8 - std::panic::catch_unwind::hb01a0b5e7c8cd43b
[INFO] [stdout]                                at /rustc/a178d0322ce20e33eac124758e837cbd80a6f633/library/std/src/panic.rs:434:14
[INFO] [stdout]   36:     0x5633bb48cdc8 - std::thread::Builder::spawn_unchecked::{{closure}}::h5bde48cc887e0d1e
[INFO] [stdout]                                at /rustc/a178d0322ce20e33eac124758e837cbd80a6f633/library/std/src/thread/mod.rs:480:30
[INFO] [stdout]   37:     0x5633bb48cdc8 - core::ops::function::FnOnce::call_once{{vtable.shim}}::h745ea30807a29e55
[INFO] [stdout]                                at /rustc/a178d0322ce20e33eac124758e837cbd80a6f633/library/core/src/ops/function.rs:227:5
[INFO] [stdout]   38:     0x5633bb4e13a7 - <alloc::boxed::Box<F,A> as core::ops::function::FnOnce<Args>>::call_once::h7ece6cfefaff1005
[INFO] [stdout]                                at /rustc/a178d0322ce20e33eac124758e837cbd80a6f633/library/alloc/src/boxed.rs:1575:9
[INFO] [stdout]   39:     0x5633bb4e13a7 - <alloc::boxed::Box<F,A> as core::ops::function::FnOnce<Args>>::call_once::hb8b48e55c21f193e
[INFO] [stdout]                                at /rustc/a178d0322ce20e33eac124758e837cbd80a6f633/library/alloc/src/boxed.rs:1575:9
[INFO] [stdout]   40:     0x5633bb4e13a7 - std::sys::unix::thread::Thread::new::thread_start::h8c7c4450dba62914
[INFO] [stdout]                                at /rustc/a178d0322ce20e33eac124758e837cbd80a6f633/library/std/src/sys/unix/thread.rs:71:17
[INFO] [stdout]   41:     0x7ffb55284609 - start_thread
[INFO] [stdout]   42:     0x7ffb55056293 - clone
[INFO] [stdout]   43:                0x0 - <unknown>
[INFO] [stdout] 
[INFO] [stdout] 
[INFO] [stdout] failures:
[INFO] [stdout]     io::tests::file_name
[INFO] [stdout] 
[INFO] [stdout] test result: FAILED. 10 passed; 1 failed; 0 ignored; 0 measured; 0 filtered out; finished in 0.07s
[INFO] [stdout] 
[INFO] [stderr] error: test failed, to rerun pass '--lib'
[INFO] running `Command { std: "docker" "inspect" "452a717d221f6727ac26f3bfa293d6444a1d0b95743196047f5c750d8e661c04", kill_on_drop: false }`
[INFO] running `Command { std: "docker" "rm" "-f" "452a717d221f6727ac26f3bfa293d6444a1d0b95743196047f5c750d8e661c04", kill_on_drop: false }`
[INFO] [stdout] 452a717d221f6727ac26f3bfa293d6444a1d0b95743196047f5c750d8e661c04
