[INFO] cloning repository https://github.com/nico2sh/notto
[INFO] running `Command { std: "git" "-c" "credential.helper=" "-c" "credential.helper=/workspace/cargo-home/bin/git-credential-null" "clone" "--bare" "https://github.com/nico2sh/notto" "/workspace/cache/git-repos/https%3A%2F%2Fgithub.com%2Fnico2sh%2Fnotto", kill_on_drop: false }`
[INFO] [stderr] Cloning into bare repository '/workspace/cache/git-repos/https%3A%2F%2Fgithub.com%2Fnico2sh%2Fnotto'...
[INFO] running `Command { std: "git" "rev-parse" "HEAD", kill_on_drop: false }`
[INFO] [stdout] f8c24cbc993cc5f7da4730fba970ab086cf059c2
[INFO] testing nico2sh/notto against beta-2021-08-01 for beta-1.55-1
[INFO] running `Command { std: "git" "clone" "/workspace/cache/git-repos/https%3A%2F%2Fgithub.com%2Fnico2sh%2Fnotto" "/workspace/builds/worker-106/source", kill_on_drop: false }`
[INFO] [stderr] Cloning into '/workspace/builds/worker-106/source'...
[INFO] [stderr] done.
[INFO] validating manifest of git repo https://github.com/nico2sh/notto on toolchain beta-2021-08-01
[INFO] running `Command { std: "/workspace/cargo-home/bin/cargo" "+beta-2021-08-01" "metadata" "--manifest-path" "Cargo.toml" "--no-deps", kill_on_drop: false }`
[INFO] started tweaking git repo https://github.com/nico2sh/notto
[INFO] finished tweaking git repo https://github.com/nico2sh/notto
[INFO] tweaked toml for git repo https://github.com/nico2sh/notto written to /workspace/builds/worker-106/source/Cargo.toml
[INFO] crate git repo https://github.com/nico2sh/notto already has a lockfile, it will not be regenerated
[INFO] running `Command { std: "/workspace/cargo-home/bin/cargo" "+beta-2021-08-01" "fetch" "--manifest-path" "Cargo.toml", kill_on_drop: false }`
[INFO] [stderr]     Blocking waiting for file lock on package cache
[INFO] running `Command { std: "docker" "create" "-v" "/var/lib/crater-agent-workspace/builds/worker-106/target:/opt/rustwide/target:rw,Z" "-v" "/var/lib/crater-agent-workspace/builds/worker-106/source:/opt/rustwide/workdir:ro,Z" "-v" "/var/lib/crater-agent-workspace/cargo-home:/opt/rustwide/cargo-home:ro,Z" "-v" "/var/lib/crater-agent-workspace/rustup-home:/opt/rustwide/rustup-home:ro,Z" "-e" "SOURCE_DIR=/opt/rustwide/workdir" "-e" "CARGO_TARGET_DIR=/opt/rustwide/target" "-e" "CARGO_HOME=/opt/rustwide/cargo-home" "-e" "RUSTUP_HOME=/opt/rustwide/rustup-home" "-w" "/opt/rustwide/workdir" "-m" "1610612736" "--user" "0:0" "--network" "none" "ghcr.io/rust-lang/crates-build-env/linux@sha256:34b6a614d2c27851fe6cbf88fbd1137609cefab8b10d0615aaeb6fd47975d74e" "/opt/rustwide/cargo-home/bin/cargo" "+beta-2021-08-01" "metadata" "--no-deps" "--format-version=1", kill_on_drop: false }`
[INFO] [stdout] d6ee4ab072ce78fe8eff0f8af8635edb22355f3e031320e61b6ebc11fc599997
[INFO] running `Command { std: "docker" "start" "-a" "d6ee4ab072ce78fe8eff0f8af8635edb22355f3e031320e61b6ebc11fc599997", kill_on_drop: false }`
[INFO] running `Command { std: "docker" "inspect" "d6ee4ab072ce78fe8eff0f8af8635edb22355f3e031320e61b6ebc11fc599997", kill_on_drop: false }`
[INFO] running `Command { std: "docker" "rm" "-f" "d6ee4ab072ce78fe8eff0f8af8635edb22355f3e031320e61b6ebc11fc599997", kill_on_drop: false }`
[INFO] [stdout] d6ee4ab072ce78fe8eff0f8af8635edb22355f3e031320e61b6ebc11fc599997
[INFO] running `Command { std: "docker" "create" "-v" "/var/lib/crater-agent-workspace/builds/worker-106/target:/opt/rustwide/target:rw,Z" "-v" "/var/lib/crater-agent-workspace/builds/worker-106/source:/opt/rustwide/workdir:ro,Z" "-v" "/var/lib/crater-agent-workspace/cargo-home:/opt/rustwide/cargo-home:ro,Z" "-v" "/var/lib/crater-agent-workspace/rustup-home:/opt/rustwide/rustup-home:ro,Z" "-e" "SOURCE_DIR=/opt/rustwide/workdir" "-e" "CARGO_TARGET_DIR=/opt/rustwide/target" "-e" "CARGO_INCREMENTAL=0" "-e" "RUST_BACKTRACE=full" "-e" "RUSTFLAGS=--cap-lints=warn" "-e" "CARGO_HOME=/opt/rustwide/cargo-home" "-e" "RUSTUP_HOME=/opt/rustwide/rustup-home" "-w" "/opt/rustwide/workdir" "-m" "1610612736" "--user" "0:0" "--network" "none" "ghcr.io/rust-lang/crates-build-env/linux@sha256:34b6a614d2c27851fe6cbf88fbd1137609cefab8b10d0615aaeb6fd47975d74e" "/opt/rustwide/cargo-home/bin/cargo" "+beta-2021-08-01" "build" "--frozen" "--message-format=json", kill_on_drop: false }`
[INFO] [stdout] 73c862a84d4991b93f64b7e86dfbc5c099a7c8f06be1e6d6bf5b7a83ef8f81e6
[INFO] running `Command { std: "docker" "start" "-a" "73c862a84d4991b93f64b7e86dfbc5c099a7c8f06be1e6d6bf5b7a83ef8f81e6", kill_on_drop: false }`
[INFO] [stderr]    Compiling syn v1.0.64
[INFO] [stderr]    Compiling getrandom v0.2.2
[INFO] [stderr]    Compiling log v0.4.14
[INFO] [stderr]    Compiling ident_case v1.0.1
[INFO] [stderr]    Compiling strsim v0.9.3
[INFO] [stderr]    Compiling fnv v1.0.7
[INFO] [stderr]    Compiling regex-syntax v0.6.23
[INFO] [stderr]    Compiling smallvec v1.6.1
[INFO] [stderr]    Compiling serde v1.0.125
[INFO] [stderr]    Compiling ppv-lite86 v0.2.10
[INFO] [stderr]    Compiling once_cell v1.7.2
[INFO] [stderr]    Compiling stable_deref_trait v1.2.0
[INFO] [stderr]    Compiling signal-hook v0.3.8
[INFO] [stderr]    Compiling array-macro v1.0.5
[INFO] [stderr]    Compiling pulldown-cmark v0.8.0
[INFO] [stderr]    Compiling xi-unicode v0.3.0
[INFO] [stderr]    Compiling remove_dir_all v0.5.3
[INFO] [stderr]    Compiling linked-hash-map v0.5.4
[INFO] [stderr]    Compiling zeroize v1.2.0
[INFO] [stderr]    Compiling dtoa v0.4.7
[INFO] [stderr]    Compiling humantime v2.1.0
[INFO] [stderr]    Compiling num-traits v0.2.14
[INFO] [stderr]    Compiling num-integer v0.1.44
[INFO] [stderr]    Compiling num-iter v0.1.42
[INFO] [stderr]    Compiling num-rational v0.3.2
[INFO] [stderr]    Compiling crossbeam-utils v0.8.3
[INFO] [stderr]    Compiling ahash v0.6.3
[INFO] [stderr]    Compiling instant v0.1.9
[INFO] [stderr]    Compiling unicase v2.6.0
[INFO] [stderr]    Compiling lock_api v0.4.3
[INFO] [stderr]    Compiling getopts v0.2.21
[INFO] [stderr]    Compiling signal-hook-registry v1.3.0
[INFO] [stderr]    Compiling time v0.1.44
[INFO] [stderr]    Compiling terminal_size v0.1.16
[INFO] [stderr]    Compiling dirs-sys v0.3.5
[INFO] [stderr]    Compiling owning_ref v0.4.1
[INFO] [stderr]    Compiling dirs v3.0.1
[INFO] [stderr]    Compiling parking_lot_core v0.8.3
[INFO] [stderr]    Compiling yaml-rust v0.4.5
[INFO] [stderr]    Compiling parking_lot v0.11.1
[INFO] [stderr]    Compiling regex v1.4.5
[INFO] [stderr]    Compiling rand_core v0.6.2
[INFO] [stderr]    Compiling rand_chacha v0.3.0
[INFO] [stderr]    Compiling rand v0.8.3
[INFO] [stderr]    Compiling mio v0.7.11
[INFO] [stderr]    Compiling num-complex v0.3.1
[INFO] [stderr]    Compiling console v0.14.1
[INFO] [stderr]    Compiling env_logger v0.8.3
[INFO] [stderr]    Compiling tempfile v3.2.0
[INFO] [stderr]    Compiling signal-hook v0.1.17
[INFO] [stderr]    Compiling chrono v0.4.19
[INFO] [stderr]    Compiling crossterm v0.19.0
[INFO] [stderr]    Compiling dialoguer v0.8.0
[INFO] [stderr]    Compiling crossbeam-channel v0.5.0
[INFO] [stderr]    Compiling num v0.3.1
[INFO] [stderr]    Compiling darling_core v0.10.2
[INFO] [stderr]    Compiling proc-macro-error v1.0.4
[INFO] [stderr]    Compiling serde_derive v1.0.125
[INFO] [stderr]    Compiling enum-map-derive v0.4.6
[INFO] [stderr]    Compiling clap_derive v3.0.0-beta.2
[INFO] [stderr]    Compiling thiserror-impl v1.0.24
[INFO] [stderr]    Compiling darling_macro v0.10.2
[INFO] [stderr]    Compiling enum-map v0.6.4
[INFO] [stderr]    Compiling darling v0.10.2
[INFO] [stderr]    Compiling wasmer_enumset_derive v0.5.0
[INFO] [stderr]    Compiling thiserror v1.0.24
[INFO] [stderr]    Compiling clap v3.0.0-beta.2
[INFO] [stderr]    Compiling wasmer_enumset v1.0.1
[INFO] [stderr]    Compiling cursive_core v0.2.2
[INFO] [stderr]    Compiling cursive v0.16.3
[INFO] [stderr]    Compiling uuid v0.8.2
[INFO] [stderr]    Compiling serde_yaml v0.8.17
[INFO] [stderr]    Compiling notto v0.1.0 (/opt/rustwide/workdir)
[INFO] [stdout] warning: unused variable: `tag`
[INFO] [stdout]   --> src/finder/mod.rs:53:40
[INFO] [stdout]    |
[INFO] [stdout] 53 |                     FindCondition::Tag(tag) => { false }
[INFO] [stdout]    |                                        ^^^ help: if this is intentional, prefix it with an underscore: `_tag`
[INFO] [stdout]    |
[INFO] [stdout]    = note: `#[warn(unused_variables)]` on by default
[INFO] [stdout] 
[INFO] [stdout] 
[INFO] [stdout] warning: unused variable: `when`
[INFO] [stdout]   --> src/finder/mod.rs:54:41
[INFO] [stdout]    |
[INFO] [stdout] 54 |                     FindCondition::Date(when, date) => { false }
[INFO] [stdout]    |                                         ^^^^ help: if this is intentional, prefix it with an underscore: `_when`
[INFO] [stdout] 
[INFO] [stdout] 
[INFO] [stdout] warning: unused variable: `date`
[INFO] [stdout]   --> src/finder/mod.rs:54:47
[INFO] [stdout]    |
[INFO] [stdout] 54 |                     FindCondition::Date(when, date) => { false }
[INFO] [stdout]    |                                               ^^^^ help: if this is intentional, prefix it with an underscore: `_date`
[INFO] [stdout] 
[INFO] [stdout] 
[INFO] [stdout] warning: unused variable: `when`
[INFO] [stdout]   --> src/finder/mod.rs:55:41
[INFO] [stdout]    |
[INFO] [stdout] 55 |                     FindCondition::Time(when, time) => { false }
[INFO] [stdout]    |                                         ^^^^ help: if this is intentional, prefix it with an underscore: `_when`
[INFO] [stdout] 
[INFO] [stdout] 
[INFO] [stdout] warning: unused variable: `time`
[INFO] [stdout]   --> src/finder/mod.rs:55:47
[INFO] [stdout]    |
[INFO] [stdout] 55 |                     FindCondition::Time(when, time) => { false }
[INFO] [stdout]    |                                               ^^^^ help: if this is intentional, prefix it with an underscore: `_time`
[INFO] [stdout] 
[INFO] [stdout] 
[INFO] [stdout] warning: associated function is never used: `process`
[INFO] [stdout]   --> src/models/bucket.rs:26:12
[INFO] [stdout]    |
[INFO] [stdout] 26 |     pub fn process(&self, config: Config, temp_dir: PathBuf) {
[INFO] [stdout]    |            ^^^^^^^
[INFO] [stdout]    |
[INFO] [stdout]    = note: `#[warn(dead_code)]` on by default
[INFO] [stdout] 
[INFO] [stdout] 
[INFO] [stdout] warning: associated function is never used: `is_dir`
[INFO] [stdout]    --> src/io/mod.rs:152:8
[INFO] [stdout]     |
[INFO] [stdout] 152 |     fn is_dir<P>(&self, path: P) -> bool where P: AsRef<Path> {
[INFO] [stdout]     |        ^^^^^^
[INFO] [stdout] 
[INFO] [stdout] 
[INFO] [stdout] warning: 7 warnings emitted
[INFO] [stdout] 
[INFO] [stdout] 
[INFO] [stdout] warning: unused import: `super::NottoScreen`
[INFO] [stdout]  --> src/bin/ui/note_browser.rs:3:5
[INFO] [stdout]   |
[INFO] [stdout] 3 | use super::NottoScreen;
[INFO] [stdout]   |     ^^^^^^^^^^^^^^^^^^
[INFO] [stdout]   |
[INFO] [stdout]   = note: `#[warn(unused_imports)]` on by default
[INFO] [stdout] 
[INFO] [stdout] 
[INFO] [stdout] warning: unused imports: `PathBuf`, `Path`, `fs`
[INFO] [stdout]  --> src/bin/notto.rs:3:11
[INFO] [stdout]   |
[INFO] [stdout] 3 | use std::{fs, path::{Path, PathBuf}};
[INFO] [stdout]   |           ^^         ^^^^  ^^^^^^^
[INFO] [stdout] 
[INFO] [stdout] 
[INFO] [stdout] warning: unused imports: `Arc`, `Mutex`
[INFO] [stdout]  --> src/bin/notto.rs:4:17
[INFO] [stdout]   |
[INFO] [stdout] 4 | use std::sync::{Arc, Mutex};
[INFO] [stdout]   |                 ^^^  ^^^^^
[INFO] [stdout] 
[INFO] [stdout] 
[INFO] [stdout] warning: unused import: `notto::models::note::Note`
[INFO] [stdout]   --> src/bin/notto.rs:12:5
[INFO] [stdout]    |
[INFO] [stdout] 12 | use notto::models::note::Note;
[INFO] [stdout]    |     ^^^^^^^^^^^^^^^^^^^^^^^^^
[INFO] [stdout] 
[INFO] [stdout] 
[INFO] [stdout] warning: unused variable: `matches`
[INFO] [stdout]   --> src/bin/notto.rs:69:9
[INFO] [stdout]    |
[INFO] [stdout] 69 | fn open(matches: &ArgMatches) -> Result<(), NottoError> {
[INFO] [stdout]    |         ^^^^^^^ help: if this is intentional, prefix it with an underscore: `_matches`
[INFO] [stdout]    |
[INFO] [stdout]    = note: `#[warn(unused_variables)]` on by default
[INFO] [stdout] 
[INFO] [stdout] 
[INFO] [stdout] warning: unused variable: `note_result`
[INFO] [stdout]   --> src/bin/notto.rs:94:48
[INFO] [stdout]    |
[INFO] [stdout] 94 |                 if let NoteFindMessage::Result(note_result) = msg {
[INFO] [stdout]    |                                                ^^^^^^^^^^^ help: if this is intentional, prefix it with an underscore: `_note_result`
[INFO] [stdout] 
[INFO] [stdout] 
[INFO] [stdout] warning: unused variable: `e`
[INFO] [stdout]    --> src/bin/notto.rs:101:17
[INFO] [stdout]     |
[INFO] [stdout] 101 |             Err(e) => {}
[INFO] [stdout]     |                 ^ help: if this is intentional, prefix it with an underscore: `_e`
[INFO] [stdout] 
[INFO] [stdout] 
[INFO] [stdout] warning: unused variable: `event`
[INFO] [stdout]   --> src/bin/ui/mod.rs:49:28
[INFO] [stdout]    |
[INFO] [stdout] 49 |     fn on_event(&mut self, event: Event) -> EventResult {
[INFO] [stdout]    |                            ^^^^^ help: if this is intentional, prefix it with an underscore: `_event`
[INFO] [stdout] 
[INFO] [stdout] 
[INFO] [stdout] warning: variable does not need to be mutable
[INFO] [stdout]   --> src/bin/notto.rs:90:13
[INFO] [stdout]    |
[INFO] [stdout] 90 |         let mut selection = Select::with_theme(&theme);
[INFO] [stdout]    |             ----^^^^^^^^^
[INFO] [stdout]    |             |
[INFO] [stdout]    |             help: remove this `mut`
[INFO] [stdout]    |
[INFO] [stdout]    = note: `#[warn(unused_mut)]` on by default
[INFO] [stdout] 
[INFO] [stdout] 
[INFO] [stdout] warning: struct is never constructed: `NoteBrowser`
[INFO] [stdout]  --> src/bin/ui/note_browser.rs:5:12
[INFO] [stdout]   |
[INFO] [stdout] 5 | pub struct NoteBrowser {
[INFO] [stdout]   |            ^^^^^^^^^^^
[INFO] [stdout]   |
[INFO] [stdout]   = note: `#[warn(dead_code)]` on by default
[INFO] [stdout] 
[INFO] [stdout] 
[INFO] [stdout] warning: variant is never constructed: `LoadViewError`
[INFO] [stdout]  --> src/bin/ui/error.rs:7:5
[INFO] [stdout]   |
[INFO] [stdout] 7 |     LoadViewError { message: String },
[INFO] [stdout]   |     ^^^^^^^^^^^^^^^^^^^^^^^^^^^^^^^^^
[INFO] [stdout] 
[INFO] [stdout] 
[INFO] [stdout] warning: field is never read: `siv`
[INFO] [stdout]   --> src/bin/ui/mod.rs:18:5
[INFO] [stdout]    |
[INFO] [stdout] 18 |     siv: Cursive,
[INFO] [stdout]    |     ^^^^^^^^^^^^
[INFO] [stdout] 
[INFO] [stdout] 
[INFO] [stdout] warning: field is never read: `rx`
[INFO] [stdout]   --> src/bin/ui/mod.rs:19:5
[INFO] [stdout]    |
[INFO] [stdout] 19 |     rx: Receiver<UIMessage>,
[INFO] [stdout]    |     ^^^^^^^^^^^^^^^^^^^^^^^
[INFO] [stdout] 
[INFO] [stdout] 
[INFO] [stdout] warning: field is never read: `tx`
[INFO] [stdout]   --> src/bin/ui/mod.rs:20:5
[INFO] [stdout]    |
[INFO] [stdout] 20 |     tx: Sender<UIMessage>
[INFO] [stdout]    |     ^^^^^^^^^^^^^^^^^^^^^
[INFO] [stdout] 
[INFO] [stdout] 
[INFO] [stdout] warning: associated function is never used: `new`
[INFO] [stdout]   --> src/bin/ui/mod.rs:24:12
[INFO] [stdout]    |
[INFO] [stdout] 24 |     pub fn new() -> Self {
[INFO] [stdout]    |            ^^^
[INFO] [stdout] 
[INFO] [stdout] 
[INFO] [stdout] warning: associated function is never used: `run`
[INFO] [stdout]   --> src/bin/ui/mod.rs:30:8
[INFO] [stdout]    |
[INFO] [stdout] 30 |     fn run(&mut self) {
[INFO] [stdout]    |        ^^^
[INFO] [stdout] 
[INFO] [stdout] 
[INFO] [stdout] warning: associated function is never used: `build_view`
[INFO] [stdout]   --> src/bin/ui/mod.rs:35:8
[INFO] [stdout]    |
[INFO] [stdout] 35 |     fn build_view(&mut self) {
[INFO] [stdout]    |        ^^^^^^^^^^
[INFO] [stdout] 
[INFO] [stdout] 
[INFO] [stdout] warning: unused `std::result::Result` that must be used
[INFO] [stdout]   --> src/bin/notto.rs:44:38
[INFO] [stdout]    |
[INFO] [stdout] 44 |         Some(("open", matches)) => { open(matches); },
[INFO] [stdout]    |                                      ^^^^^^^^^^^^^^
[INFO] [stdout]    |
[INFO] [stdout]    = note: `#[warn(unused_must_use)]` on by default
[INFO] [stdout]    = note: this `Result` may be an `Err` variant, which should be handled
[INFO] [stdout] 
[INFO] [stdout] 
[INFO] [stdout] warning: unused `std::result::Result` that must be used
[INFO] [stdout]   --> src/bin/notto.rs:45:38
[INFO] [stdout]    |
[INFO] [stdout] 45 |         Some(("find", matches)) => { find(matches); },
[INFO] [stdout]    |                                      ^^^^^^^^^^^^^^
[INFO] [stdout]    |
[INFO] [stdout]    = note: this `Result` may be an `Err` variant, which should be handled
[INFO] [stdout] 
[INFO] [stdout] 
[INFO] [stdout] warning: 19 warnings emitted
[INFO] [stdout] 
[INFO] [stdout] 
[INFO] [stderr]     Finished dev [unoptimized + debuginfo] target(s) in 40.48s
[INFO] running `Command { std: "docker" "inspect" "73c862a84d4991b93f64b7e86dfbc5c099a7c8f06be1e6d6bf5b7a83ef8f81e6", kill_on_drop: false }`
[INFO] running `Command { std: "docker" "rm" "-f" "73c862a84d4991b93f64b7e86dfbc5c099a7c8f06be1e6d6bf5b7a83ef8f81e6", kill_on_drop: false }`
[INFO] [stdout] 73c862a84d4991b93f64b7e86dfbc5c099a7c8f06be1e6d6bf5b7a83ef8f81e6
[INFO] running `Command { std: "docker" "create" "-v" "/var/lib/crater-agent-workspace/builds/worker-106/target:/opt/rustwide/target:rw,Z" "-v" "/var/lib/crater-agent-workspace/builds/worker-106/source:/opt/rustwide/workdir:ro,Z" "-v" "/var/lib/crater-agent-workspace/cargo-home:/opt/rustwide/cargo-home:ro,Z" "-v" "/var/lib/crater-agent-workspace/rustup-home:/opt/rustwide/rustup-home:ro,Z" "-e" "SOURCE_DIR=/opt/rustwide/workdir" "-e" "CARGO_TARGET_DIR=/opt/rustwide/target" "-e" "CARGO_INCREMENTAL=0" "-e" "RUST_BACKTRACE=full" "-e" "RUSTFLAGS=--cap-lints=warn" "-e" "CARGO_HOME=/opt/rustwide/cargo-home" "-e" "RUSTUP_HOME=/opt/rustwide/rustup-home" "-w" "/opt/rustwide/workdir" "-m" "1610612736" "--user" "0:0" "--network" "none" "ghcr.io/rust-lang/crates-build-env/linux@sha256:34b6a614d2c27851fe6cbf88fbd1137609cefab8b10d0615aaeb6fd47975d74e" "/opt/rustwide/cargo-home/bin/cargo" "+beta-2021-08-01" "test" "--frozen" "--no-run" "--message-format=json", kill_on_drop: false }`
[INFO] [stdout] b4fe3f5b020dd5d8c94fb8e9d9ce76de80afd36cdd9402073e4fe653579f3f74
[INFO] running `Command { std: "docker" "start" "-a" "b4fe3f5b020dd5d8c94fb8e9d9ce76de80afd36cdd9402073e4fe653579f3f74", kill_on_drop: false }`
[INFO] [stdout] warning: unused variable: `tag`
[INFO] [stdout]   --> src/finder/mod.rs:53:40
[INFO] [stdout]    |
[INFO] [stdout] 53 |                     FindCondition::Tag(tag) => { false }
[INFO] [stdout]    |                                        ^^^ help: if this is intentional, prefix it with an underscore: `_tag`
[INFO] [stdout]    |
[INFO] [stdout]    = note: `#[warn(unused_variables)]` on by default
[INFO] [stdout] 
[INFO] [stdout] 
[INFO] [stdout] warning: unused variable: `when`
[INFO] [stdout]   --> src/finder/mod.rs:54:41
[INFO] [stdout]    |
[INFO] [stdout] 54 |                     FindCondition::Date(when, date) => { false }
[INFO] [stdout]    |                                         ^^^^ help: if this is intentional, prefix it with an underscore: `_when`
[INFO] [stdout] 
[INFO] [stdout] 
[INFO] [stdout] warning: unused variable: `date`
[INFO] [stdout]   --> src/finder/mod.rs:54:47
[INFO] [stdout]    |
[INFO] [stdout] 54 |                     FindCondition::Date(when, date) => { false }
[INFO] [stdout]    |                                               ^^^^ help: if this is intentional, prefix it with an underscore: `_date`
[INFO] [stdout] 
[INFO] [stdout] 
[INFO] [stdout] warning: unused variable: `when`
[INFO] [stdout]   --> src/finder/mod.rs:55:41
[INFO] [stdout]    |
[INFO] [stdout] 55 |                     FindCondition::Time(when, time) => { false }
[INFO] [stdout]    |                                         ^^^^ help: if this is intentional, prefix it with an underscore: `_when`
[INFO] [stdout] 
[INFO] [stdout] 
[INFO] [stdout] warning: unused variable: `time`
[INFO] [stdout]   --> src/finder/mod.rs:55:47
[INFO] [stdout]    |
[INFO] [stdout] 55 |                     FindCondition::Time(when, time) => { false }
[INFO] [stdout]    |                                               ^^^^ help: if this is intentional, prefix it with an underscore: `_time`
[INFO] [stdout] 
[INFO] [stdout] 
[INFO] [stdout] warning: associated function is never used: `process`
[INFO] [stdout]   --> src/models/bucket.rs:26:12
[INFO] [stdout]    |
[INFO] [stdout] 26 |     pub fn process(&self, config: Config, temp_dir: PathBuf) {
[INFO] [stdout]    |            ^^^^^^^
[INFO] [stdout]    |
[INFO] [stdout]    = note: `#[warn(dead_code)]` on by default
[INFO] [stdout] 
[INFO] [stdout] 
[INFO] [stdout] warning: associated function is never used: `is_dir`
[INFO] [stdout]    --> src/io/mod.rs:152:8
[INFO] [stdout]     |
[INFO] [stdout] 152 |     fn is_dir<P>(&self, path: P) -> bool where P: AsRef<Path> {
[INFO] [stdout]     |        ^^^^^^
[INFO] [stdout] 
[INFO] [stdout] 
[INFO] [stdout] warning: 7 warnings emitted
[INFO] [stdout] 
[INFO] [stdout] 
[INFO] [stderr]    Compiling notto v0.1.0 (/opt/rustwide/workdir)
[INFO] [stdout] warning: unused import: `super::NottoScreen`
[INFO] [stdout]  --> src/bin/ui/note_browser.rs:3:5
[INFO] [stdout]   |
[INFO] [stdout] 3 | use super::NottoScreen;
[INFO] [stdout]   |     ^^^^^^^^^^^^^^^^^^
[INFO] [stdout]   |
[INFO] [stdout]   = note: `#[warn(unused_imports)]` on by default
[INFO] [stdout] 
[INFO] [stdout] 
[INFO] [stdout] warning: unused imports: `PathBuf`, `Path`, `fs`
[INFO] [stdout]  --> src/bin/notto.rs:3:11
[INFO] [stdout]   |
[INFO] [stdout] 3 | use std::{fs, path::{Path, PathBuf}};
[INFO] [stdout]   |           ^^         ^^^^  ^^^^^^^
[INFO] [stdout] 
[INFO] [stdout] 
[INFO] [stdout] warning: unused imports: `Arc`, `Mutex`
[INFO] [stdout]  --> src/bin/notto.rs:4:17
[INFO] [stdout]   |
[INFO] [stdout] 4 | use std::sync::{Arc, Mutex};
[INFO] [stdout]   |                 ^^^  ^^^^^
[INFO] [stdout] 
[INFO] [stdout] 
[INFO] [stdout] warning: unused import: `notto::models::note::Note`
[INFO] [stdout]   --> src/bin/notto.rs:12:5
[INFO] [stdout]    |
[INFO] [stdout] 12 | use notto::models::note::Note;
[INFO] [stdout]    |     ^^^^^^^^^^^^^^^^^^^^^^^^^
[INFO] [stdout] 
[INFO] [stdout] 
[INFO] [stdout] warning: unused variable: `matches`
[INFO] [stdout]   --> src/bin/notto.rs:69:9
[INFO] [stdout]    |
[INFO] [stdout] 69 | fn open(matches: &ArgMatches) -> Result<(), NottoError> {
[INFO] [stdout]    |         ^^^^^^^ help: if this is intentional, prefix it with an underscore: `_matches`
[INFO] [stdout]    |
[INFO] [stdout]    = note: `#[warn(unused_variables)]` on by default
[INFO] [stdout] 
[INFO] [stdout] 
[INFO] [stdout] warning: unused variable: `note_result`
[INFO] [stdout]   --> src/bin/notto.rs:94:48
[INFO] [stdout]    |
[INFO] [stdout] 94 |                 if let NoteFindMessage::Result(note_result) = msg {
[INFO] [stdout]    |                                                ^^^^^^^^^^^ help: if this is intentional, prefix it with an underscore: `_note_result`
[INFO] [stdout] 
[INFO] [stdout] 
[INFO] [stdout] warning: unused variable: `e`
[INFO] [stdout]    --> src/bin/notto.rs:101:17
[INFO] [stdout]     |
[INFO] [stdout] 101 |             Err(e) => {}
[INFO] [stdout]     |                 ^ help: if this is intentional, prefix it with an underscore: `_e`
[INFO] [stdout] 
[INFO] [stdout] 
[INFO] [stdout] warning: unused variable: `event`
[INFO] [stdout]   --> src/bin/ui/mod.rs:49:28
[INFO] [stdout]    |
[INFO] [stdout] 49 |     fn on_event(&mut self, event: Event) -> EventResult {
[INFO] [stdout]    |                            ^^^^^ help: if this is intentional, prefix it with an underscore: `_event`
[INFO] [stdout] 
[INFO] [stdout] 
[INFO] [stdout] warning: variable does not need to be mutable
[INFO] [stdout]   --> src/bin/notto.rs:90:13
[INFO] [stdout]    |
[INFO] [stdout] 90 |         let mut selection = Select::with_theme(&theme);
[INFO] [stdout]    |             ----^^^^^^^^^
[INFO] [stdout]    |             |
[INFO] [stdout]    |             help: remove this `mut`
[INFO] [stdout]    |
[INFO] [stdout]    = note: `#[warn(unused_mut)]` on by default
[INFO] [stdout] 
[INFO] [stdout] 
[INFO] [stdout] warning: struct is never constructed: `NoteBrowser`
[INFO] [stdout]  --> src/bin/ui/note_browser.rs:5:12
[INFO] [stdout]   |
[INFO] [stdout] 5 | pub struct NoteBrowser {
[INFO] [stdout]   |            ^^^^^^^^^^^
[INFO] [stdout]   |
[INFO] [stdout]   = note: `#[warn(dead_code)]` on by default
[INFO] [stdout] 
[INFO] [stdout] 
[INFO] [stdout] warning: variant is never constructed: `LoadViewError`
[INFO] [stdout]  --> src/bin/ui/error.rs:7:5
[INFO] [stdout]   |
[INFO] [stdout] 7 |     LoadViewError { message: String },
[INFO] [stdout]   |     ^^^^^^^^^^^^^^^^^^^^^^^^^^^^^^^^^
[INFO] [stdout] 
[INFO] [stdout] 
[INFO] [stdout] warning: field is never read: `siv`
[INFO] [stdout]   --> src/bin/ui/mod.rs:18:5
[INFO] [stdout]    |
[INFO] [stdout] 18 |     siv: Cursive,
[INFO] [stdout]    |     ^^^^^^^^^^^^
[INFO] [stdout] 
[INFO] [stdout] 
[INFO] [stdout] warning: field is never read: `rx`
[INFO] [stdout]   --> src/bin/ui/mod.rs:19:5
[INFO] [stdout]    |
[INFO] [stdout] 19 |     rx: Receiver<UIMessage>,
[INFO] [stdout]    |     ^^^^^^^^^^^^^^^^^^^^^^^
[INFO] [stdout] 
[INFO] [stdout] 
[INFO] [stdout] warning: field is never read: `tx`
[INFO] [stdout]   --> src/bin/ui/mod.rs:20:5
[INFO] [stdout]    |
[INFO] [stdout] 20 |     tx: Sender<UIMessage>
[INFO] [stdout]    |     ^^^^^^^^^^^^^^^^^^^^^
[INFO] [stdout] 
[INFO] [stdout] 
[INFO] [stdout] warning: associated function is never used: `new`
[INFO] [stdout]   --> src/bin/ui/mod.rs:24:12
[INFO] [stdout]    |
[INFO] [stdout] 24 |     pub fn new() -> Self {
[INFO] [stdout]    |            ^^^
[INFO] [stdout] 
[INFO] [stdout] 
[INFO] [stdout] warning: associated function is never used: `run`
[INFO] [stdout]   --> src/bin/ui/mod.rs:30:8
[INFO] [stdout]    |
[INFO] [stdout] 30 |     fn run(&mut self) {
[INFO] [stdout]    |        ^^^
[INFO] [stdout] 
[INFO] [stdout] 
[INFO] [stdout] warning: associated function is never used: `build_view`
[INFO] [stdout]   --> src/bin/ui/mod.rs:35:8
[INFO] [stdout]    |
[INFO] [stdout] 35 |     fn build_view(&mut self) {
[INFO] [stdout]    |        ^^^^^^^^^^
[INFO] [stdout] 
[INFO] [stdout] 
[INFO] [stdout] warning: unused `std::result::Result` that must be used
[INFO] [stdout]   --> src/bin/notto.rs:44:38
[INFO] [stdout]    |
[INFO] [stdout] 44 |         Some(("open", matches)) => { open(matches); },
[INFO] [stdout]    |                                      ^^^^^^^^^^^^^^
[INFO] [stdout]    |
[INFO] [stdout]    = note: `#[warn(unused_must_use)]` on by default
[INFO] [stdout]    = note: this `Result` may be an `Err` variant, which should be handled
[INFO] [stdout] 
[INFO] [stdout] 
[INFO] [stdout] warning: unused `std::result::Result` that must be used
[INFO] [stdout]   --> src/bin/notto.rs:45:38
[INFO] [stdout]    |
[INFO] [stdout] 45 |         Some(("find", matches)) => { find(matches); },
[INFO] [stdout]    |                                      ^^^^^^^^^^^^^^
[INFO] [stdout]    |
[INFO] [stdout]    = note: this `Result` may be an `Err` variant, which should be handled
[INFO] [stdout] 
[INFO] [stdout] 
[INFO] [stdout] warning: unused variable: `tag`
[INFO] [stdout]   --> src/finder/mod.rs:53:40
[INFO] [stdout]    |
[INFO] [stdout] 53 |                     FindCondition::Tag(tag) => { false }
[INFO] [stdout]    |                                        ^^^ help: if this is intentional, prefix it with an underscore: `_tag`
[INFO] [stdout]    |
[INFO] [stdout]    = note: `#[warn(unused_variables)]` on by default
[INFO] [stdout] 
[INFO] [stdout] 
[INFO] [stdout] warning: unused variable: `when`
[INFO] [stdout]   --> src/finder/mod.rs:54:41
[INFO] [stdout]    |
[INFO] [stdout] 54 |                     FindCondition::Date(when, date) => { false }
[INFO] [stdout]    |                                         ^^^^ help: if this is intentional, prefix it with an underscore: `_when`
[INFO] [stdout] 
[INFO] [stdout] 
[INFO] [stdout] warning: unused variable: `date`
[INFO] [stdout]   --> src/finder/mod.rs:54:47
[INFO] [stdout]    |
[INFO] [stdout] 54 |                     FindCondition::Date(when, date) => { false }
[INFO] [stdout]    |                                               ^^^^ help: if this is intentional, prefix it with an underscore: `_date`
[INFO] [stdout] 
[INFO] [stdout] 
[INFO] [stdout] warning: unused variable: `when`
[INFO] [stdout]   --> src/finder/mod.rs:55:41
[INFO] [stdout]    |
[INFO] [stdout] 55 |                     FindCondition::Time(when, time) => { false }
[INFO] [stdout]    |                                         ^^^^ help: if this is intentional, prefix it with an underscore: `_when`
[INFO] [stdout] 
[INFO] [stdout] 
[INFO] [stdout] warning: unused variable: `time`
[INFO] [stdout]   --> src/finder/mod.rs:55:47
[INFO] [stdout]    |
[INFO] [stdout] 55 |                     FindCondition::Time(when, time) => { false }
[INFO] [stdout]    |                                               ^^^^ help: if this is intentional, prefix it with an underscore: `_time`
[INFO] [stdout] 
[INFO] [stdout] 
[INFO] [stdout] warning: associated function is never used: `process`
[INFO] [stdout]   --> src/models/bucket.rs:26:12
[INFO] [stdout]    |
[INFO] [stdout] 26 |     pub fn process(&self, config: Config, temp_dir: PathBuf) {
[INFO] [stdout]    |            ^^^^^^^
[INFO] [stdout]    |
[INFO] [stdout]    = note: `#[warn(dead_code)]` on by default
[INFO] [stdout] 
[INFO] [stdout] 
[INFO] [stdout] warning: associated function is never used: `is_dir`
[INFO] [stdout]    --> src/io/mod.rs:152:8
[INFO] [stdout]     |
[INFO] [stdout] 152 |     fn is_dir<P>(&self, path: P) -> bool where P: AsRef<Path> {
[INFO] [stdout]     |        ^^^^^^
[INFO] [stdout] 
[INFO] [stdout] 
[INFO] [stdout] warning: 19 warnings emitted
[INFO] [stdout] 
[INFO] [stdout] 
[INFO] [stdout] warning: 7 warnings emitted
[INFO] [stdout] 
[INFO] [stdout] 
[INFO] [stderr]     Finished test [unoptimized + debuginfo] target(s) in 4.23s
[INFO] running `Command { std: "docker" "inspect" "b4fe3f5b020dd5d8c94fb8e9d9ce76de80afd36cdd9402073e4fe653579f3f74", kill_on_drop: false }`
[INFO] running `Command { std: "docker" "rm" "-f" "b4fe3f5b020dd5d8c94fb8e9d9ce76de80afd36cdd9402073e4fe653579f3f74", kill_on_drop: false }`
[INFO] [stdout] b4fe3f5b020dd5d8c94fb8e9d9ce76de80afd36cdd9402073e4fe653579f3f74
[INFO] running `Command { std: "docker" "create" "-v" "/var/lib/crater-agent-workspace/builds/worker-106/target:/opt/rustwide/target:rw,Z" "-v" "/var/lib/crater-agent-workspace/builds/worker-106/source:/opt/rustwide/workdir:ro,Z" "-v" "/var/lib/crater-agent-workspace/cargo-home:/opt/rustwide/cargo-home:ro,Z" "-v" "/var/lib/crater-agent-workspace/rustup-home:/opt/rustwide/rustup-home:ro,Z" "-e" "SOURCE_DIR=/opt/rustwide/workdir" "-e" "CARGO_TARGET_DIR=/opt/rustwide/target" "-e" "CARGO_INCREMENTAL=0" "-e" "RUST_BACKTRACE=full" "-e" "RUSTFLAGS=--cap-lints=warn" "-e" "CARGO_HOME=/opt/rustwide/cargo-home" "-e" "RUSTUP_HOME=/opt/rustwide/rustup-home" "-w" "/opt/rustwide/workdir" "-m" "1610612736" "--user" "0:0" "--network" "none" "ghcr.io/rust-lang/crates-build-env/linux@sha256:34b6a614d2c27851fe6cbf88fbd1137609cefab8b10d0615aaeb6fd47975d74e" "/opt/rustwide/cargo-home/bin/cargo" "+beta-2021-08-01" "test" "--frozen", kill_on_drop: false }`
[INFO] [stdout] bab3dbc7efccb11e3b4818fffe2a2500fde7505ca4c858bbfaa27863e3e40c25
[INFO] running `Command { std: "docker" "start" "-a" "bab3dbc7efccb11e3b4818fffe2a2500fde7505ca4c858bbfaa27863e3e40c25", kill_on_drop: false }`
[INFO] [stderr] warning: unused variable: `tag`
[INFO] [stderr]   --> src/finder/mod.rs:53:40
[INFO] [stderr]    |
[INFO] [stderr] 53 |                     FindCondition::Tag(tag) => { false }
[INFO] [stderr]    |                                        ^^^ help: if this is intentional, prefix it with an underscore: `_tag`
[INFO] [stderr]    |
[INFO] [stderr]    = note: `#[warn(unused_variables)]` on by default
[INFO] [stderr] 
[INFO] [stderr] warning: unused variable: `when`
[INFO] [stderr]   --> src/finder/mod.rs:54:41
[INFO] [stderr]    |
[INFO] [stderr] 54 |                     FindCondition::Date(when, date) => { false }
[INFO] [stderr]    |                                         ^^^^ help: if this is intentional, prefix it with an underscore: `_when`
[INFO] [stderr] 
[INFO] [stderr] warning: unused variable: `date`
[INFO] [stderr]   --> src/finder/mod.rs:54:47
[INFO] [stderr]    |
[INFO] [stderr] 54 |                     FindCondition::Date(when, date) => { false }
[INFO] [stderr]    |                                               ^^^^ help: if this is intentional, prefix it with an underscore: `_date`
[INFO] [stderr] 
[INFO] [stderr] warning: unused variable: `when`
[INFO] [stderr]   --> src/finder/mod.rs:55:41
[INFO] [stderr]    |
[INFO] [stderr] 55 |                     FindCondition::Time(when, time) => { false }
[INFO] [stderr]    |                                         ^^^^ help: if this is intentional, prefix it with an underscore: `_when`
[INFO] [stderr] 
[INFO] [stderr] warning: unused variable: `time`
[INFO] [stderr]   --> src/finder/mod.rs:55:47
[INFO] [stderr]    |
[INFO] [stderr] 55 |                     FindCondition::Time(when, time) => { false }
[INFO] [stderr]    |                                               ^^^^ help: if this is intentional, prefix it with an underscore: `_time`
[INFO] [stderr] 
[INFO] [stderr] warning: associated function is never used: `process`
[INFO] [stderr]   --> src/models/bucket.rs:26:12
[INFO] [stderr]    |
[INFO] [stderr] 26 |     pub fn process(&self, config: Config, temp_dir: PathBuf) {
[INFO] [stderr]    |            ^^^^^^^
[INFO] [stderr]    |
[INFO] [stderr]    = note: `#[warn(dead_code)]` on by default
[INFO] [stderr] 
[INFO] [stderr] warning: associated function is never used: `is_dir`
[INFO] [stderr]    --> src/io/mod.rs:152:8
[INFO] [stderr]     |
[INFO] [stderr] 152 |     fn is_dir<P>(&self, path: P) -> bool where P: AsRef<Path> {
[INFO] [stderr]     |        ^^^^^^
[INFO] [stderr] 
[INFO] [stderr] warning: `notto` (lib) generated 7 warnings
[INFO] [stderr] warning: `notto` (lib test) generated 7 warnings (7 duplicates)
[INFO] [stderr] warning: unused import: `super::NottoScreen`
[INFO] [stderr]  --> src/bin/ui/note_browser.rs:3:5
[INFO] [stderr]   |
[INFO] [stderr] 3 | use super::NottoScreen;
[INFO] [stderr]   |     ^^^^^^^^^^^^^^^^^^
[INFO] [stderr]   |
[INFO] [stderr]   = note: `#[warn(unused_imports)]` on by default
[INFO] [stderr] 
[INFO] [stderr] warning: unused imports: `PathBuf`, `Path`, `fs`
[INFO] [stderr]  --> src/bin/notto.rs:3:11
[INFO] [stderr]   |
[INFO] [stderr] 3 | use std::{fs, path::{Path, PathBuf}};
[INFO] [stderr]   |           ^^         ^^^^  ^^^^^^^
[INFO] [stderr] 
[INFO] [stderr] warning: unused imports: `Arc`, `Mutex`
[INFO] [stderr]  --> src/bin/notto.rs:4:17
[INFO] [stderr]   |
[INFO] [stderr] 4 | use std::sync::{Arc, Mutex};
[INFO] [stderr]   |                 ^^^  ^^^^^
[INFO] [stderr] 
[INFO] [stderr] warning: unused import: `notto::models::note::Note`
[INFO] [stderr]   --> src/bin/notto.rs:12:5
[INFO] [stderr]    |
[INFO] [stderr] 12 | use notto::models::note::Note;
[INFO] [stderr]    |     ^^^^^^^^^^^^^^^^^^^^^^^^^
[INFO] [stderr] 
[INFO] [stderr] warning: unused variable: `matches`
[INFO] [stderr]   --> src/bin/notto.rs:69:9
[INFO] [stderr]    |
[INFO] [stderr] 69 | fn open(matches: &ArgMatches) -> Result<(), NottoError> {
[INFO] [stderr]    |         ^^^^^^^ help: if this is intentional, prefix it with an underscore: `_matches`
[INFO] [stderr]    |
[INFO] [stderr]    = note: `#[warn(unused_variables)]` on by default
[INFO] [stderr] 
[INFO] [stderr] warning: unused variable: `note_result`
[INFO] [stderr]   --> src/bin/notto.rs:94:48
[INFO] [stderr]    |
[INFO] [stderr] 94 |                 if let NoteFindMessage::Result(note_result) = msg {
[INFO] [stderr]    |                                                ^^^^^^^^^^^ help: if this is intentional, prefix it with an underscore: `_note_result`
[INFO] [stderr] 
[INFO] [stderr] warning: unused variable: `e`
[INFO] [stderr]    --> src/bin/notto.rs:101:17
[INFO] [stderr]     |
[INFO] [stderr] 101 |             Err(e) => {}
[INFO] [stderr]     |                 ^ help: if this is intentional, prefix it with an underscore: `_e`
[INFO] [stderr] 
[INFO] [stderr] warning: unused variable: `event`
[INFO] [stderr]   --> src/bin/ui/mod.rs:49:28
[INFO] [stderr]    |
[INFO] [stderr] 49 |     fn on_event(&mut self, event: Event) -> EventResult {
[INFO] [stderr]    |                            ^^^^^ help: if this is intentional, prefix it with an underscore: `_event`
[INFO] [stderr] 
[INFO] [stderr] warning: variable does not need to be mutable
[INFO] [stderr]   --> src/bin/notto.rs:90:13
[INFO] [stderr]    |
[INFO] [stderr] 90 |         let mut selection = Select::with_theme(&theme);
[INFO] [stderr]    |             ----^^^^^^^^^
[INFO] [stderr]    |             |
[INFO] [stderr]    |             help: remove this `mut`
[INFO] [stderr]    |
[INFO] [stderr]    = note: `#[warn(unused_mut)]` on by default
[INFO] [stderr] 
[INFO] [stderr] warning: struct is never constructed: `NoteBrowser`
[INFO] [stderr]  --> src/bin/ui/note_browser.rs:5:12
[INFO] [stderr]   |
[INFO] [stderr] 5 | pub struct NoteBrowser {
[INFO] [stderr]   |            ^^^^^^^^^^^
[INFO] [stderr]   |
[INFO] [stderr]   = note: `#[warn(dead_code)]` on by default
[INFO] [stderr] 
[INFO] [stderr] warning: variant is never constructed: `LoadViewError`
[INFO] [stderr]  --> src/bin/ui/error.rs:7:5
[INFO] [stderr]   |
[INFO] [stderr] 7 |     LoadViewError { message: String },
[INFO] [stderr]   |     ^^^^^^^^^^^^^^^^^^^^^^^^^^^^^^^^^
[INFO] [stderr] 
[INFO] [stderr] warning: field is never read: `siv`
[INFO] [stderr]   --> src/bin/ui/mod.rs:18:5
[INFO] [stderr]    |
[INFO] [stderr] 18 |     siv: Cursive,
[INFO] [stderr]    |     ^^^^^^^^^^^^
[INFO] [stderr] 
[INFO] [stderr] warning: field is never read: `rx`
[INFO] [stderr]   --> src/bin/ui/mod.rs:19:5
[INFO] [stderr]    |
[INFO] [stderr] 19 |     rx: Receiver<UIMessage>,
[INFO] [stderr]    |     ^^^^^^^^^^^^^^^^^^^^^^^
[INFO] [stderr] 
[INFO] [stderr] warning: field is never read: `tx`
[INFO] [stderr]   --> src/bin/ui/mod.rs:20:5
[INFO] [stderr]    |
[INFO] [stderr] 20 |     tx: Sender<UIMessage>
[INFO] [stderr]    |     ^^^^^^^^^^^^^^^^^^^^^
[INFO] [stderr] 
[INFO] [stderr] warning: associated function is never used: `new`
[INFO] [stderr]   --> src/bin/ui/mod.rs:24:12
[INFO] [stderr]    |
[INFO] [stderr] 24 |     pub fn new() -> Self {
[INFO] [stderr]    |            ^^^
[INFO] [stderr] 
[INFO] [stderr] warning: associated function is never used: `run`
[INFO] [stderr]   --> src/bin/ui/mod.rs:30:8
[INFO] [stderr]    |
[INFO] [stderr] 30 |     fn run(&mut self) {
[INFO] [stderr]    |        ^^^
[INFO] [stderr] 
[INFO] [stderr] warning: associated function is never used: `build_view`
[INFO] [stderr]   --> src/bin/ui/mod.rs:35:8
[INFO] [stderr]    |
[INFO] [stderr] 35 |     fn build_view(&mut self) {
[INFO] [stderr]    |        ^^^^^^^^^^
[INFO] [stderr] 
[INFO] [stderr] warning: unused `std::result::Result` that must be used
[INFO] [stderr]   --> src/bin/notto.rs:44:38
[INFO] [stderr]    |
[INFO] [stderr] 44 |         Some(("open", matches)) => { open(matches); },
[INFO] [stderr]    |                                      ^^^^^^^^^^^^^^
[INFO] [stderr]    |
[INFO] [stderr]    = note: `#[warn(unused_must_use)]` on by default
[INFO] [stderr]    = note: this `Result` may be an `Err` variant, which should be handled
[INFO] [stderr] 
[INFO] [stderr] warning: unused `std::result::Result` that must be used
[INFO] [stderr]   --> src/bin/notto.rs:45:38
[INFO] [stderr]    |
[INFO] [stderr] 45 |         Some(("find", matches)) => { find(matches); },
[INFO] [stderr]    |                                      ^^^^^^^^^^^^^^
[INFO] [stderr]    |
[INFO] [stderr]    = note: this `Result` may be an `Err` variant, which should be handled
[INFO] [stderr] 
[INFO] [stderr] warning: `notto` (bin "notto" test) generated 19 warnings
[INFO] [stderr]     Finished test [unoptimized + debuginfo] target(s) in 0.26s
[INFO] [stderr]      Running unittests (/opt/rustwide/target/debug/deps/notto-705cb7ccdd4e8c56)
[INFO] [stdout] 
[INFO] [stdout] running 8 tests
[INFO] [stdout] test models::front_matter::tests::deserialize_date ... ok
[INFO] [stdout] test models::front_matter::tests::serializes_date ... ok
[INFO] [stdout] test models::note::test::detects_front_matter ... ok
[INFO] [stdout] test models::note::test::detects_title_with_starting_invalid_line ... ok
[INFO] [stdout] test models::note::test::detects_title_with_two_sentences ... ok
[INFO] [stdout] test models::note::test::detects_title_with_starting_periods ... ok
[INFO] [stdout] test models::note::test::detects_title ... ok
[INFO] [stdout] test io::test::create_note ... FAILED
[INFO] [stdout] 
[INFO] [stdout] failures:
[INFO] [stdout] 
[INFO] [stdout] ---- io::test::create_note stdout ----
[INFO] [stdout] Error: ConfigDirectory { source: Os { code: 30, kind: ReadOnlyFilesystem, message: "Read-only file system" } }
[INFO] [stdout] thread 'io::test::create_note' panicked at 'assertion failed: `(left == right)`
[INFO] [stdout]   left: `1`,
[INFO] [stdout]  right: `0`: the test returned a termination value with a non-zero status code (1) which indicates a failure', /rustc/53fd98ca776cb875bc9e5514f56b52eb74f9e7a9/library/test/src/lib.rs:194:5
[INFO] [stdout] stack backtrace:
[INFO] [stdout]    0:     0x5559d4990670 - std::backtrace_rs::backtrace::libunwind::trace::hff4d1766e93f64f1
[INFO] [stdout]                                at /rustc/53fd98ca776cb875bc9e5514f56b52eb74f9e7a9/library/std/src/../../backtrace/src/backtrace/libunwind.rs:90:5
[INFO] [stdout]    1:     0x5559d4990670 - std::backtrace_rs::backtrace::trace_unsynchronized::h56bbc8eb78770bcb
[INFO] [stdout]                                at /rustc/53fd98ca776cb875bc9e5514f56b52eb74f9e7a9/library/std/src/../../backtrace/src/backtrace/mod.rs:66:5
[INFO] [stdout]    2:     0x5559d4990670 - std::sys_common::backtrace::_print_fmt::h5c8e75464faca780
[INFO] [stdout]                                at /rustc/53fd98ca776cb875bc9e5514f56b52eb74f9e7a9/library/std/src/sys_common/backtrace.rs:67:5
[INFO] [stdout]    3:     0x5559d4990670 - <std::sys_common::backtrace::_print::DisplayBacktrace as core::fmt::Display>::fmt::h48b88277def8b362
[INFO] [stdout]                                at /rustc/53fd98ca776cb875bc9e5514f56b52eb74f9e7a9/library/std/src/sys_common/backtrace.rs:46:22
[INFO] [stdout]    4:     0x5559d49b55ec - core::fmt::write::h3381b3176fe2b3d3
[INFO] [stdout]                                at /rustc/53fd98ca776cb875bc9e5514f56b52eb74f9e7a9/library/core/src/fmt/mod.rs:1115:17
[INFO] [stdout]    5:     0x5559d498cd75 - std::io::Write::write_fmt::h5f34a676f60246b5
[INFO] [stdout]                                at /rustc/53fd98ca776cb875bc9e5514f56b52eb74f9e7a9/library/std/src/io/mod.rs:1665:15
[INFO] [stdout]    6:     0x5559d4992c4b - std::sys_common::backtrace::_print::ha537687d6c17dd0d
[INFO] [stdout]                                at /rustc/53fd98ca776cb875bc9e5514f56b52eb74f9e7a9/library/std/src/sys_common/backtrace.rs:49:5
[INFO] [stdout]    7:     0x5559d4992c4b - std::sys_common::backtrace::print::h61376ae57d131d72
[INFO] [stdout]                                at /rustc/53fd98ca776cb875bc9e5514f56b52eb74f9e7a9/library/std/src/sys_common/backtrace.rs:36:9
[INFO] [stdout]    8:     0x5559d4992c4b - std::panicking::default_hook::{{closure}}::h0f7208c0b9644a54
[INFO] [stdout]                                at /rustc/53fd98ca776cb875bc9e5514f56b52eb74f9e7a9/library/std/src/panicking.rs:208:50
[INFO] [stdout]    9:     0x5559d499275c - std::panicking::default_hook::hdac7fc06578c14ce
[INFO] [stdout]                                at /rustc/53fd98ca776cb875bc9e5514f56b52eb74f9e7a9/library/std/src/panicking.rs:222:9
[INFO] [stdout]   10:     0x5559d4993314 - std::panicking::rust_panic_with_hook::h72b21c283da3d1ef
[INFO] [stdout]                                at /rustc/53fd98ca776cb875bc9e5514f56b52eb74f9e7a9/library/std/src/panicking.rs:622:17
[INFO] [stdout]   11:     0x5559d4992df7 - std::panicking::begin_panic_handler::{{closure}}::he5778f1729cff84a
[INFO] [stdout]                                at /rustc/53fd98ca776cb875bc9e5514f56b52eb74f9e7a9/library/std/src/panicking.rs:519:13
[INFO] [stdout]   12:     0x5559d4990b4c - std::sys_common::backtrace::__rust_end_short_backtrace::h2d11ca8b453b4b1d
[INFO] [stdout]                                at /rustc/53fd98ca776cb875bc9e5514f56b52eb74f9e7a9/library/std/src/sys_common/backtrace.rs:141:18
[INFO] [stdout]   13:     0x5559d4992d59 - rust_begin_unwind
[INFO] [stdout]                                at /rustc/53fd98ca776cb875bc9e5514f56b52eb74f9e7a9/library/std/src/panicking.rs:515:5
[INFO] [stdout]   14:     0x5559d48207d1 - core::panicking::panic_fmt::hf9de31d4acbce4db
[INFO] [stdout]                                at /rustc/53fd98ca776cb875bc9e5514f56b52eb74f9e7a9/library/core/src/panicking.rs:92:14
[INFO] [stdout]   15:     0x5559d49b3fee - core::panicking::assert_failed_inner::h62e8cb2847a6e7ec
[INFO] [stdout]   16:     0x5559d4947f7a - core::panicking::assert_failed::h54b7029c13865b38
[INFO] [stdout]                                at /rustc/53fd98ca776cb875bc9e5514f56b52eb74f9e7a9/library/core/src/panicking.rs:117:5
[INFO] [stdout]   17:     0x5559d4830e63 - test::assert_test_result::h7761529dfae06948
[INFO] [stdout]                                at /rustc/53fd98ca776cb875bc9e5514f56b52eb74f9e7a9/library/test/src/lib.rs:194:5
[INFO] [stdout]   18:     0x5559d4830fa3 - notto::io::test::create_note::{{closure}}::h028ee51c823cbee3
[INFO] [stdout]                                at /opt/rustwide/workdir/src/io/mod.rs:230:5
[INFO] [stdout]   19:     0x5559d483ccfe - core::ops::function::FnOnce::call_once::h884cc23136ac974e
[INFO] [stdout]                                at /rustc/53fd98ca776cb875bc9e5514f56b52eb74f9e7a9/library/core/src/ops/function.rs:227:5
[INFO] [stdout]   20:     0x5559d48da6d3 - core::ops::function::FnOnce::call_once::hbb52c4519d3137b0
[INFO] [stdout]                                at /rustc/53fd98ca776cb875bc9e5514f56b52eb74f9e7a9/library/core/src/ops/function.rs:227:5
[INFO] [stdout]   21:     0x5559d48da6d3 - test::__rust_begin_short_backtrace::h86fe3a2a5a5121af
[INFO] [stdout]                                at /rustc/53fd98ca776cb875bc9e5514f56b52eb74f9e7a9/library/test/src/lib.rs:578:5
[INFO] [stdout]   22:     0x5559d48d9188 - <alloc::boxed::Box<F,A> as core::ops::function::FnOnce<Args>>::call_once::hfd956bc3d57399be
[INFO] [stdout]                                at /rustc/53fd98ca776cb875bc9e5514f56b52eb74f9e7a9/library/alloc/src/boxed.rs:1572:9
[INFO] [stdout]   23:     0x5559d48d9188 - <std::panic::AssertUnwindSafe<F> as core::ops::function::FnOnce<()>>::call_once::h40dc93e0ddb5938a
[INFO] [stdout]                                at /rustc/53fd98ca776cb875bc9e5514f56b52eb74f9e7a9/library/std/src/panic.rs:347:9
[INFO] [stdout]   24:     0x5559d48d9188 - std::panicking::try::do_call::h90d07750cb47c562
[INFO] [stdout]                                at /rustc/53fd98ca776cb875bc9e5514f56b52eb74f9e7a9/library/std/src/panicking.rs:401:40
[INFO] [stdout]   25:     0x5559d48d9188 - std::panicking::try::h063c84733ad2a629
[INFO] [stdout]                                at /rustc/53fd98ca776cb875bc9e5514f56b52eb74f9e7a9/library/std/src/panicking.rs:365:19
[INFO] [stdout]   26:     0x5559d48d9188 - std::panic::catch_unwind::h0c464836a84e7c08
[INFO] [stdout]                                at /rustc/53fd98ca776cb875bc9e5514f56b52eb74f9e7a9/library/std/src/panic.rs:434:14
[INFO] [stdout]   27:     0x5559d48d9188 - test::run_test_in_process::h5cb06ef620b157fc
[INFO] [stdout]                                at /rustc/53fd98ca776cb875bc9e5514f56b52eb74f9e7a9/library/test/src/lib.rs:601:18
[INFO] [stdout]   28:     0x5559d48d9188 - test::run_test::run_test_inner::{{closure}}::h76f677f4b93f9828
[INFO] [stdout]                                at /rustc/53fd98ca776cb875bc9e5514f56b52eb74f9e7a9/library/test/src/lib.rs:493:39
[INFO] [stdout]   29:     0x5559d48a791d - test::run_test::run_test_inner::{{closure}}::h366d01fe04f4d67a
[INFO] [stdout]                                at /rustc/53fd98ca776cb875bc9e5514f56b52eb74f9e7a9/library/test/src/lib.rs:520:37
[INFO] [stdout]   30:     0x5559d48a791d - std::sys_common::backtrace::__rust_begin_short_backtrace::h7dfa0de4eb395af2
[INFO] [stdout]                                at /rustc/53fd98ca776cb875bc9e5514f56b52eb74f9e7a9/library/std/src/sys_common/backtrace.rs:125:18
[INFO] [stdout]   31:     0x5559d48ac0e8 - std::thread::Builder::spawn_unchecked::{{closure}}::{{closure}}::hf0a74bb58798037f
[INFO] [stdout]                                at /rustc/53fd98ca776cb875bc9e5514f56b52eb74f9e7a9/library/std/src/thread/mod.rs:476:17
[INFO] [stdout]   32:     0x5559d48ac0e8 - <std::panic::AssertUnwindSafe<F> as core::ops::function::FnOnce<()>>::call_once::hb024e854818586ac
[INFO] [stdout]                                at /rustc/53fd98ca776cb875bc9e5514f56b52eb74f9e7a9/library/std/src/panic.rs:347:9
[INFO] [stdout]   33:     0x5559d48ac0e8 - std::panicking::try::do_call::hb2dd9f1d0d48e41d
[INFO] [stdout]                                at /rustc/53fd98ca776cb875bc9e5514f56b52eb74f9e7a9/library/std/src/panicking.rs:401:40
[INFO] [stdout]   34:     0x5559d48ac0e8 - std::panicking::try::h4717ae7bac8b2bf3
[INFO] [stdout]                                at /rustc/53fd98ca776cb875bc9e5514f56b52eb74f9e7a9/library/std/src/panicking.rs:365:19
[INFO] [stdout]   35:     0x5559d48ac0e8 - std::panic::catch_unwind::h0dc8a061326ce8d8
[INFO] [stdout]                                at /rustc/53fd98ca776cb875bc9e5514f56b52eb74f9e7a9/library/std/src/panic.rs:434:14
[INFO] [stdout]   36:     0x5559d48ac0e8 - std::thread::Builder::spawn_unchecked::{{closure}}::haa369e2d6fd00aa1
[INFO] [stdout]                                at /rustc/53fd98ca776cb875bc9e5514f56b52eb74f9e7a9/library/std/src/thread/mod.rs:475:30
[INFO] [stdout]   37:     0x5559d48ac0e8 - core::ops::function::FnOnce::call_once{{vtable.shim}}::h36dcf3de8b056f17
[INFO] [stdout]                                at /rustc/53fd98ca776cb875bc9e5514f56b52eb74f9e7a9/library/core/src/ops/function.rs:227:5
[INFO] [stdout]   38:     0x5559d4998de7 - <alloc::boxed::Box<F,A> as core::ops::function::FnOnce<Args>>::call_once::h65c29e4642be2358
[INFO] [stdout]                                at /rustc/53fd98ca776cb875bc9e5514f56b52eb74f9e7a9/library/alloc/src/boxed.rs:1572:9
[INFO] [stdout]   39:     0x5559d4998de7 - <alloc::boxed::Box<F,A> as core::ops::function::FnOnce<Args>>::call_once::hd0f8f7fbbd9fffbf
[INFO] [stdout]                                at /rustc/53fd98ca776cb875bc9e5514f56b52eb74f9e7a9/library/alloc/src/boxed.rs:1572:9
[INFO] [stdout]   40:     0x5559d4998de7 - std::sys::unix::thread::Thread::new::thread_start::h2fd22fee3ca77b65
[INFO] [stdout]                                at /rustc/53fd98ca776cb875bc9e5514f56b52eb74f9e7a9/library/std/src/sys/unix/thread.rs:74:17
[INFO] [stdout]   41:     0x7f9ef9544609 - start_thread
[INFO] [stdout]   42:     0x7f9ef9316293 - clone
[INFO] [stdout]   43:                0x0 - <unknown>
[INFO] [stdout] 
[INFO] [stdout] 
[INFO] [stdout] failures:
[INFO] [stdout]     io::test::create_note
[INFO] [stdout] 
[INFO] [stdout] test result: FAILED. 7 passed; 1 failed; 0 ignored; 0 measured; 0 filtered out; finished in 0.11s
[INFO] [stdout] 
[INFO] [stderr] error: test failed, to rerun pass '--lib'
[INFO] running `Command { std: "docker" "inspect" "bab3dbc7efccb11e3b4818fffe2a2500fde7505ca4c858bbfaa27863e3e40c25", kill_on_drop: false }`
[INFO] running `Command { std: "docker" "rm" "-f" "bab3dbc7efccb11e3b4818fffe2a2500fde7505ca4c858bbfaa27863e3e40c25", kill_on_drop: false }`
[INFO] [stdout] bab3dbc7efccb11e3b4818fffe2a2500fde7505ca4c858bbfaa27863e3e40c25
