[INFO] cloning repository https://github.com/nickbabcock/pg-collectd
[INFO] running `Command { std: "git" "-c" "credential.helper=" "-c" "credential.helper=/workspace/cargo-home/bin/git-credential-null" "clone" "--bare" "https://github.com/nickbabcock/pg-collectd" "/workspace/cache/git-repos/https%3A%2F%2Fgithub.com%2Fnickbabcock%2Fpg-collectd", kill_on_drop: false }`
[INFO] [stderr] Cloning into bare repository '/workspace/cache/git-repos/https%3A%2F%2Fgithub.com%2Fnickbabcock%2Fpg-collectd'...
[INFO] running `Command { std: "git" "rev-parse" "HEAD", kill_on_drop: false }`
[INFO] [stdout] d60faf7f37b4a605e3e52252769650cd70073b36
[INFO] testing nickbabcock/pg-collectd against 1.54.0 for beta-1.55-1
[INFO] running `Command { std: "git" "clone" "/workspace/cache/git-repos/https%3A%2F%2Fgithub.com%2Fnickbabcock%2Fpg-collectd" "/workspace/builds/worker-55/source", kill_on_drop: false }`
[INFO] [stderr] Cloning into '/workspace/builds/worker-55/source'...
[INFO] [stderr] done.
[INFO] validating manifest of git repo https://github.com/nickbabcock/pg-collectd on toolchain 1.54.0
[INFO] running `Command { std: "/workspace/cargo-home/bin/cargo" "+1.54.0" "metadata" "--manifest-path" "Cargo.toml" "--no-deps", kill_on_drop: false }`
[INFO] started tweaking git repo https://github.com/nickbabcock/pg-collectd
[INFO] finished tweaking git repo https://github.com/nickbabcock/pg-collectd
[INFO] tweaked toml for git repo https://github.com/nickbabcock/pg-collectd written to /workspace/builds/worker-55/source/Cargo.toml
[INFO] crate git repo https://github.com/nickbabcock/pg-collectd already has a lockfile, it will not be regenerated
[INFO] running `Command { std: "/workspace/cargo-home/bin/cargo" "+1.54.0" "fetch" "--manifest-path" "Cargo.toml", kill_on_drop: false }`
[INFO] [stderr]     Blocking waiting for file lock on package cache
[INFO] [stderr]     Blocking waiting for file lock on package cache
[INFO] [stderr]  Downloading crates ...
[INFO] [stderr]   Downloaded collectd-plugin v0.14.0
[INFO] running `Command { std: "docker" "create" "-v" "/var/lib/crater-agent-workspace/builds/worker-55/target:/opt/rustwide/target:rw,Z" "-v" "/var/lib/crater-agent-workspace/builds/worker-55/source:/opt/rustwide/workdir:ro,Z" "-v" "/var/lib/crater-agent-workspace/cargo-home:/opt/rustwide/cargo-home:ro,Z" "-v" "/var/lib/crater-agent-workspace/rustup-home:/opt/rustwide/rustup-home:ro,Z" "-e" "SOURCE_DIR=/opt/rustwide/workdir" "-e" "CARGO_TARGET_DIR=/opt/rustwide/target" "-e" "CARGO_HOME=/opt/rustwide/cargo-home" "-e" "RUSTUP_HOME=/opt/rustwide/rustup-home" "-w" "/opt/rustwide/workdir" "-m" "1610612736" "--user" "0:0" "--network" "none" "ghcr.io/rust-lang/crates-build-env/linux@sha256:34b6a614d2c27851fe6cbf88fbd1137609cefab8b10d0615aaeb6fd47975d74e" "/opt/rustwide/cargo-home/bin/cargo" "+1.54.0" "metadata" "--no-deps" "--format-version=1", kill_on_drop: false }`
[INFO] [stdout] 027b5b5e23dd0bceb256373bf32f697ad5453297bd3b3ecde2c33f7bc0cc88f7
[INFO] running `Command { std: "docker" "start" "-a" "027b5b5e23dd0bceb256373bf32f697ad5453297bd3b3ecde2c33f7bc0cc88f7", kill_on_drop: false }`
[INFO] running `Command { std: "docker" "inspect" "027b5b5e23dd0bceb256373bf32f697ad5453297bd3b3ecde2c33f7bc0cc88f7", kill_on_drop: false }`
[INFO] running `Command { std: "docker" "rm" "-f" "027b5b5e23dd0bceb256373bf32f697ad5453297bd3b3ecde2c33f7bc0cc88f7", kill_on_drop: false }`
[INFO] [stdout] 027b5b5e23dd0bceb256373bf32f697ad5453297bd3b3ecde2c33f7bc0cc88f7
[INFO] running `Command { std: "docker" "create" "-v" "/var/lib/crater-agent-workspace/builds/worker-55/target:/opt/rustwide/target:rw,Z" "-v" "/var/lib/crater-agent-workspace/builds/worker-55/source:/opt/rustwide/workdir:ro,Z" "-v" "/var/lib/crater-agent-workspace/cargo-home:/opt/rustwide/cargo-home:ro,Z" "-v" "/var/lib/crater-agent-workspace/rustup-home:/opt/rustwide/rustup-home:ro,Z" "-e" "SOURCE_DIR=/opt/rustwide/workdir" "-e" "CARGO_TARGET_DIR=/opt/rustwide/target" "-e" "CARGO_INCREMENTAL=0" "-e" "RUST_BACKTRACE=full" "-e" "RUSTFLAGS=--cap-lints=warn" "-e" "CARGO_HOME=/opt/rustwide/cargo-home" "-e" "RUSTUP_HOME=/opt/rustwide/rustup-home" "-w" "/opt/rustwide/workdir" "-m" "1610612736" "--user" "0:0" "--network" "none" "ghcr.io/rust-lang/crates-build-env/linux@sha256:34b6a614d2c27851fe6cbf88fbd1137609cefab8b10d0615aaeb6fd47975d74e" "/opt/rustwide/cargo-home/bin/cargo" "+1.54.0" "build" "--frozen" "--message-format=json", kill_on_drop: false }`
[INFO] [stdout] a8114fac845cb7b231a9970601a0fdac82722d525757c16bd9bd4d8e4f696578
[INFO] running `Command { std: "docker" "start" "-a" "a8114fac845cb7b231a9970601a0fdac82722d525757c16bd9bd4d8e4f696578", kill_on_drop: false }`
[INFO] [stderr]     Blocking waiting for file lock on package cache
[INFO] [stderr]    Compiling proc-macro2 v1.0.27
[INFO] [stderr]    Compiling unicode-xid v0.2.2
[INFO] [stderr]    Compiling syn v1.0.73
[INFO] [stderr]    Compiling libc v0.2.97
[INFO] [stderr]    Compiling memchr v2.4.0
[INFO] [stderr]    Compiling cfg-if v1.0.0
[INFO] [stderr]    Compiling serde_derive v1.0.127
[INFO] [stderr]    Compiling serde v1.0.127
[INFO] [stderr]    Compiling typenum v1.13.0
[INFO] [stderr]    Compiling futures-core v0.3.15
[INFO] [stderr]    Compiling log v0.4.14
[INFO] [stderr]    Compiling proc-macro-hack v0.5.19
[INFO] [stderr]    Compiling proc-macro-nested v0.1.7
[INFO] [stderr]    Compiling futures-sink v0.3.15
[INFO] [stderr]    Compiling tinyvec_macros v0.1.0
[INFO] [stderr]    Compiling pin-project-lite v0.2.6
[INFO] [stderr]    Compiling futures-channel v0.3.15
[INFO] [stderr]    Compiling futures-task v0.3.15
[INFO] [stderr]    Compiling ppv-lite86 v0.2.10
[INFO] [stderr]    Compiling bytes v1.0.1
[INFO] [stderr]    Compiling matches v0.1.8
[INFO] [stderr]    Compiling subtle v2.4.0
[INFO] [stderr]    Compiling opaque-debug v0.3.0
[INFO] [stderr]    Compiling cpufeatures v0.1.4
[INFO] [stderr]    Compiling slab v0.4.3
[INFO] [stderr]    Compiling pin-utils v0.1.0
[INFO] [stderr]    Compiling futures-io v0.3.15
[INFO] [stderr]    Compiling fallible-iterator v0.2.0
[INFO] [stderr]    Compiling async-trait v0.1.50
[INFO] [stderr]    Compiling scopeguard v1.1.0
[INFO] [stderr]    Compiling regex-syntax v0.6.25
[INFO] [stderr]    Compiling byteorder v1.4.3
[INFO] [stderr]    Compiling smallvec v1.6.1
[INFO] [stderr]    Compiling base64 v0.13.0
[INFO] [stderr]    Compiling siphasher v0.3.5
[INFO] [stderr]    Compiling ryu v1.0.5
[INFO] [stderr]    Compiling regex-automata v0.1.10
[INFO] [stderr]    Compiling itoa v0.4.7
[INFO] [stderr]    Compiling generic-array v0.14.4
[INFO] [stderr]    Compiling num-traits v0.2.14
[INFO] [stderr]    Compiling num-integer v0.1.44
[INFO] [stderr]    Compiling futures-macro v0.3.15
[INFO] [stderr]    Compiling futures-util v0.3.15
[INFO] [stderr]    Compiling tokio v1.7.0
[INFO] [stderr]    Compiling instant v0.1.9
[INFO] [stderr]    Compiling unicode-bidi v0.3.5
[INFO] [stderr]    Compiling tinyvec v1.2.0
[INFO] [stderr]    Compiling phf_shared v0.8.0
[INFO] [stderr]    Compiling phf v0.8.0
[INFO] [stderr]    Compiling lock_api v0.4.4
[INFO] [stderr]    Compiling unicode-normalization v0.1.19
[INFO] [stderr]    Compiling aho-corasick v0.7.18
[INFO] [stderr]    Compiling csv-core v0.1.10
[INFO] [stderr]    Compiling getrandom v0.2.3
[INFO] [stderr]    Compiling time v0.1.43
[INFO] [stderr]    Compiling parking_lot_core v0.8.3
[INFO] [stderr]    Compiling socket2 v0.4.0
[INFO] [stderr]    Compiling stringprep v0.1.2
[INFO] [stderr]    Compiling quote v1.0.9
[INFO] [stderr]    Compiling parking_lot v0.11.1
[INFO] [stderr]    Compiling rand_core v0.6.3
[INFO] [stderr]    Compiling digest v0.9.0
[INFO] [stderr]    Compiling block-buffer v0.9.0
[INFO] [stderr]    Compiling crypto-mac v0.10.0
[INFO] [stderr]    Compiling rand_chacha v0.3.1
[INFO] [stderr]    Compiling regex v1.5.4
[INFO] [stderr]    Compiling hmac v0.10.1
[INFO] [stderr]    Compiling md-5 v0.9.1
[INFO] [stderr]    Compiling sha2 v0.9.5
[INFO] [stderr]    Compiling rand v0.8.4
[INFO] [stderr]    Compiling postgres-protocol v0.6.1
[INFO] [stderr]    Compiling collectd-plugin v0.14.0
[INFO] [stderr]    Compiling futures-executor v0.3.15
[INFO] [stderr]    Compiling futures v0.3.15
[INFO] [stderr]    Compiling chrono v0.4.19
[INFO] [stderr]    Compiling bstr v0.2.16
[INFO] [stderr]    Compiling mio v0.7.13
[INFO] [stderr]    Compiling env_logger v0.8.4
[INFO] [stderr]    Compiling csv v1.1.6
[INFO] [stderr]    Compiling postgres-types v0.2.1
[INFO] [stderr]    Compiling tokio-util v0.6.7
[INFO] [stderr]    Compiling tokio-postgres v0.7.2
[INFO] [stderr]    Compiling postgres v0.19.1
[INFO] [stderr]    Compiling pg-collectd v0.2.1-pre (/opt/rustwide/workdir)
[INFO] [stderr]     Finished dev [unoptimized + debuginfo] target(s) in 1m 09s
[INFO] running `Command { std: "docker" "inspect" "a8114fac845cb7b231a9970601a0fdac82722d525757c16bd9bd4d8e4f696578", kill_on_drop: false }`
[INFO] running `Command { std: "docker" "rm" "-f" "a8114fac845cb7b231a9970601a0fdac82722d525757c16bd9bd4d8e4f696578", kill_on_drop: false }`
[INFO] [stdout] a8114fac845cb7b231a9970601a0fdac82722d525757c16bd9bd4d8e4f696578
[INFO] running `Command { std: "docker" "create" "-v" "/var/lib/crater-agent-workspace/builds/worker-55/target:/opt/rustwide/target:rw,Z" "-v" "/var/lib/crater-agent-workspace/builds/worker-55/source:/opt/rustwide/workdir:ro,Z" "-v" "/var/lib/crater-agent-workspace/cargo-home:/opt/rustwide/cargo-home:ro,Z" "-v" "/var/lib/crater-agent-workspace/rustup-home:/opt/rustwide/rustup-home:ro,Z" "-e" "SOURCE_DIR=/opt/rustwide/workdir" "-e" "CARGO_TARGET_DIR=/opt/rustwide/target" "-e" "CARGO_INCREMENTAL=0" "-e" "RUST_BACKTRACE=full" "-e" "RUSTFLAGS=--cap-lints=warn" "-e" "CARGO_HOME=/opt/rustwide/cargo-home" "-e" "RUSTUP_HOME=/opt/rustwide/rustup-home" "-w" "/opt/rustwide/workdir" "-m" "1610612736" "--user" "0:0" "--network" "none" "ghcr.io/rust-lang/crates-build-env/linux@sha256:34b6a614d2c27851fe6cbf88fbd1137609cefab8b10d0615aaeb6fd47975d74e" "/opt/rustwide/cargo-home/bin/cargo" "+1.54.0" "test" "--frozen" "--no-run" "--message-format=json", kill_on_drop: false }`
[INFO] [stdout] b1191f283c25d799cd0011d774df9327c2e995b48afbc944d635a08dbe7f69b5
[INFO] running `Command { std: "docker" "start" "-a" "b1191f283c25d799cd0011d774df9327c2e995b48afbc944d635a08dbe7f69b5", kill_on_drop: false }`
[INFO] [stderr]     Blocking waiting for file lock on package cache
[INFO] [stderr]    Compiling pg-collectd v0.2.1-pre (/opt/rustwide/workdir)
[INFO] [stderr]     Finished test [unoptimized + debuginfo] target(s) in 6.90s
[INFO] running `Command { std: "docker" "inspect" "b1191f283c25d799cd0011d774df9327c2e995b48afbc944d635a08dbe7f69b5", kill_on_drop: false }`
[INFO] running `Command { std: "docker" "rm" "-f" "b1191f283c25d799cd0011d774df9327c2e995b48afbc944d635a08dbe7f69b5", kill_on_drop: false }`
[INFO] [stdout] b1191f283c25d799cd0011d774df9327c2e995b48afbc944d635a08dbe7f69b5
[INFO] running `Command { std: "docker" "create" "-v" "/var/lib/crater-agent-workspace/builds/worker-55/target:/opt/rustwide/target:rw,Z" "-v" "/var/lib/crater-agent-workspace/builds/worker-55/source:/opt/rustwide/workdir:ro,Z" "-v" "/var/lib/crater-agent-workspace/cargo-home:/opt/rustwide/cargo-home:ro,Z" "-v" "/var/lib/crater-agent-workspace/rustup-home:/opt/rustwide/rustup-home:ro,Z" "-e" "SOURCE_DIR=/opt/rustwide/workdir" "-e" "CARGO_TARGET_DIR=/opt/rustwide/target" "-e" "CARGO_INCREMENTAL=0" "-e" "RUST_BACKTRACE=full" "-e" "RUSTFLAGS=--cap-lints=warn" "-e" "CARGO_HOME=/opt/rustwide/cargo-home" "-e" "RUSTUP_HOME=/opt/rustwide/rustup-home" "-w" "/opt/rustwide/workdir" "-m" "1610612736" "--user" "0:0" "--network" "none" "ghcr.io/rust-lang/crates-build-env/linux@sha256:34b6a614d2c27851fe6cbf88fbd1137609cefab8b10d0615aaeb6fd47975d74e" "/opt/rustwide/cargo-home/bin/cargo" "+1.54.0" "test" "--frozen", kill_on_drop: false }`
[INFO] [stdout] ced93574edee9dc375f1791a2c154af9129d3aba0ea0d49390e0af2f0d399a75
[INFO] running `Command { std: "docker" "start" "-a" "ced93574edee9dc375f1791a2c154af9129d3aba0ea0d49390e0af2f0d399a75", kill_on_drop: false }`
[INFO] [stderr]     Blocking waiting for file lock on package cache
[INFO] [stderr]     Blocking waiting for file lock on package cache
[INFO] [stderr]     Finished test [unoptimized + debuginfo] target(s) in 0.53s
[INFO] [stderr]      Running unittests (/opt/rustwide/target/debug/deps/pg_collectd-95dd42b11bf8fbea)
[INFO] [stdout] 
[INFO] [stdout] running 1 test
[INFO] [stdout] test inserter::test::insert_values ... FAILED
[INFO] [stdout] 
[INFO] [stdout] failures:
[INFO] [stdout] 
[INFO] [stdout] ---- inserter::test::insert_values stdout ----
[INFO] [stdout] thread 'inserter::test::insert_values' panicked at 'called `Result::unwrap()` on an `Err` value: Postgres(Error { kind: Connect, cause: Some(Custom { kind: Other, error: "failed to lookup address information: Temporary failure in name resolution" }) })', src/inserter.rs:124:10
[INFO] [stdout] stack backtrace:
[INFO] [stdout]    0:     0x55b9e8c4bdc0 - std::backtrace_rs::backtrace::libunwind::trace::h34055254b57d8e79
[INFO] [stdout]                                at /rustc/a178d0322ce20e33eac124758e837cbd80a6f633/library/std/src/../../backtrace/src/backtrace/libunwind.rs:90:5
[INFO] [stdout]    1:     0x55b9e8c4bdc0 - std::backtrace_rs::backtrace::trace_unsynchronized::h8f1e3fbd9afff6ec
[INFO] [stdout]                                at /rustc/a178d0322ce20e33eac124758e837cbd80a6f633/library/std/src/../../backtrace/src/backtrace/mod.rs:66:5
[INFO] [stdout]    2:     0x55b9e8c4bdc0 - std::sys_common::backtrace::_print_fmt::h3a99a796b770c360
[INFO] [stdout]                                at /rustc/a178d0322ce20e33eac124758e837cbd80a6f633/library/std/src/sys_common/backtrace.rs:67:5
[INFO] [stdout]    3:     0x55b9e8c4bdc0 - <std::sys_common::backtrace::_print::DisplayBacktrace as core::fmt::Display>::fmt::h32d1f94a80615d18
[INFO] [stdout]                                at /rustc/a178d0322ce20e33eac124758e837cbd80a6f633/library/std/src/sys_common/backtrace.rs:46:22
[INFO] [stdout]    4:     0x55b9e8c6ee8c - core::fmt::write::h306731c068f7162c
[INFO] [stdout]                                at /rustc/a178d0322ce20e33eac124758e837cbd80a6f633/library/core/src/fmt/mod.rs:1110:17
[INFO] [stdout]    5:     0x55b9e8c470e5 - std::io::Write::write_fmt::h87f19b0a2cd190bc
[INFO] [stdout]                                at /rustc/a178d0322ce20e33eac124758e837cbd80a6f633/library/std/src/io/mod.rs:1588:15
[INFO] [stdout]    6:     0x55b9e8c4df7b - std::sys_common::backtrace::_print::h5abaa2601a852287
[INFO] [stdout]                                at /rustc/a178d0322ce20e33eac124758e837cbd80a6f633/library/std/src/sys_common/backtrace.rs:49:5
[INFO] [stdout]    7:     0x55b9e8c4df7b - std::sys_common::backtrace::print::h8d81445442bb638f
[INFO] [stdout]                                at /rustc/a178d0322ce20e33eac124758e837cbd80a6f633/library/std/src/sys_common/backtrace.rs:36:9
[INFO] [stdout]    8:     0x55b9e8c4df7b - std::panicking::default_hook::{{closure}}::hcfe804496a9fa747
[INFO] [stdout]                                at /rustc/a178d0322ce20e33eac124758e837cbd80a6f633/library/std/src/panicking.rs:208:50
[INFO] [stdout]    9:     0x55b9e8c4da8c - std::panicking::default_hook::hbea8e3ccf2ba8901
[INFO] [stdout]                                at /rustc/a178d0322ce20e33eac124758e837cbd80a6f633/library/std/src/panicking.rs:222:9
[INFO] [stdout]   10:     0x55b9e8c4e644 - std::panicking::rust_panic_with_hook::h7ee9e1a2d0f8975a
[INFO] [stdout]                                at /rustc/a178d0322ce20e33eac124758e837cbd80a6f633/library/std/src/panicking.rs:622:17
[INFO] [stdout]   11:     0x55b9e8c4e127 - std::panicking::begin_panic_handler::{{closure}}::h8ab3b4491718b2c7
[INFO] [stdout]                                at /rustc/a178d0322ce20e33eac124758e837cbd80a6f633/library/std/src/panicking.rs:519:13
[INFO] [stdout]   12:     0x55b9e8c4c2bc - std::sys_common::backtrace::__rust_end_short_backtrace::hd489062ffa586a9f
[INFO] [stdout]                                at /rustc/a178d0322ce20e33eac124758e837cbd80a6f633/library/std/src/sys_common/backtrace.rs:141:18
[INFO] [stdout]   13:     0x55b9e8c4e089 - rust_begin_unwind
[INFO] [stdout]                                at /rustc/a178d0322ce20e33eac124758e837cbd80a6f633/library/std/src/panicking.rs:515:5
[INFO] [stdout]   14:     0x55b9e89d7b91 - core::panicking::panic_fmt::hca6330e3e14086b4
[INFO] [stdout]                                at /rustc/a178d0322ce20e33eac124758e837cbd80a6f633/library/core/src/panicking.rs:92:14
[INFO] [stdout]   15:     0x55b9e89d7c83 - core::result::unwrap_failed::h6160d2b4bfbb0e87
[INFO] [stdout]                                at /rustc/a178d0322ce20e33eac124758e837cbd80a6f633/library/core/src/result.rs:1355:5
[INFO] [stdout]   16:     0x55b9e89e4453 - core::result::Result<T,E>::unwrap::hba1a68cc6a18c8a6
[INFO] [stdout]                                at /rustc/a178d0322ce20e33eac124758e837cbd80a6f633/library/core/src/result.rs:1037:23
[INFO] [stdout]   17:     0x55b9e89f1895 - pg_collectd::inserter::test::insert_values::h9770f60bbf630b5e
[INFO] [stdout]                                at /opt/rustwide/workdir/src/inserter.rs:120:9
[INFO] [stdout]   18:     0x55b9e89f17fa - pg_collectd::inserter::test::insert_values::{{closure}}::h908a4e192c3167a6
[INFO] [stdout]                                at /opt/rustwide/workdir/src/inserter.rs:116:5
[INFO] [stdout]   19:     0x55b9e8a246de - core::ops::function::FnOnce::call_once::h3f85d622cbadcbe8
[INFO] [stdout]                                at /rustc/a178d0322ce20e33eac124758e837cbd80a6f633/library/core/src/ops/function.rs:227:5
[INFO] [stdout]   20:     0x55b9e8a4fcf3 - core::ops::function::FnOnce::call_once::h152e7e439ff59e19
[INFO] [stdout]                                at /rustc/a178d0322ce20e33eac124758e837cbd80a6f633/library/core/src/ops/function.rs:227:5
[INFO] [stdout]   21:     0x55b9e8a4fcf3 - test::__rust_begin_short_backtrace::h0908f3b1fdbb72ab
[INFO] [stdout]                                at /rustc/a178d0322ce20e33eac124758e837cbd80a6f633/library/test/src/lib.rs:577:5
[INFO] [stdout]   22:     0x55b9e8a4e7b0 - <alloc::boxed::Box<F,A> as core::ops::function::FnOnce<Args>>::call_once::hf6d2a51e5587546c
[INFO] [stdout]                                at /rustc/a178d0322ce20e33eac124758e837cbd80a6f633/library/alloc/src/boxed.rs:1575:9
[INFO] [stdout]   23:     0x55b9e8a4e7b0 - <std::panic::AssertUnwindSafe<F> as core::ops::function::FnOnce<()>>::call_once::h8af660f3a89ef593
[INFO] [stdout]                                at /rustc/a178d0322ce20e33eac124758e837cbd80a6f633/library/std/src/panic.rs:347:9
[INFO] [stdout]   24:     0x55b9e8a4e7b0 - std::panicking::try::do_call::hd36aef60f84b6d36
[INFO] [stdout]                                at /rustc/a178d0322ce20e33eac124758e837cbd80a6f633/library/std/src/panicking.rs:401:40
[INFO] [stdout]   25:     0x55b9e8a4e7b0 - std::panicking::try::h9932b4480e69817c
[INFO] [stdout]                                at /rustc/a178d0322ce20e33eac124758e837cbd80a6f633/library/std/src/panicking.rs:365:19
[INFO] [stdout]   26:     0x55b9e8a4e7b0 - std::panic::catch_unwind::h6aa177099cfff5f8
[INFO] [stdout]                                at /rustc/a178d0322ce20e33eac124758e837cbd80a6f633/library/std/src/panic.rs:434:14
[INFO] [stdout]   27:     0x55b9e8a4e7b0 - test::run_test_in_process::h5884d6f2d99e20c3
[INFO] [stdout]                                at /rustc/a178d0322ce20e33eac124758e837cbd80a6f633/library/test/src/lib.rs:600:18
[INFO] [stdout]   28:     0x55b9e8a4e7b0 - test::run_test::run_test_inner::{{closure}}::h6fdc58c6d5f5b6e3
[INFO] [stdout]                                at /rustc/a178d0322ce20e33eac124758e837cbd80a6f633/library/test/src/lib.rs:492:39
[INFO] [stdout]   29:     0x55b9e8a27e62 - test::run_test::run_test_inner::{{closure}}::h408365d67a78ade8
[INFO] [stdout]                                at /rustc/a178d0322ce20e33eac124758e837cbd80a6f633/library/test/src/lib.rs:519:37
[INFO] [stdout]   30:     0x55b9e8a27e62 - std::sys_common::backtrace::__rust_begin_short_backtrace::hb560b77c4f701523
[INFO] [stdout]                                at /rustc/a178d0322ce20e33eac124758e837cbd80a6f633/library/std/src/sys_common/backtrace.rs:125:18
[INFO] [stdout]   31:     0x55b9e8a2ba18 - std::thread::Builder::spawn_unchecked::{{closure}}::{{closure}}::hf2e7831dad93c597
[INFO] [stdout]                                at /rustc/a178d0322ce20e33eac124758e837cbd80a6f633/library/std/src/thread/mod.rs:481:17
[INFO] [stdout]   32:     0x55b9e8a2ba18 - <std::panic::AssertUnwindSafe<F> as core::ops::function::FnOnce<()>>::call_once::hd2e08783d8be4d02
[INFO] [stdout]                                at /rustc/a178d0322ce20e33eac124758e837cbd80a6f633/library/std/src/panic.rs:347:9
[INFO] [stdout]   33:     0x55b9e8a2ba18 - std::panicking::try::do_call::h062597b7acfd6b82
[INFO] [stdout]                                at /rustc/a178d0322ce20e33eac124758e837cbd80a6f633/library/std/src/panicking.rs:401:40
[INFO] [stdout]   34:     0x55b9e8a2ba18 - std::panicking::try::h0d7b79db04c14552
[INFO] [stdout]                                at /rustc/a178d0322ce20e33eac124758e837cbd80a6f633/library/std/src/panicking.rs:365:19
[INFO] [stdout]   35:     0x55b9e8a2ba18 - std::panic::catch_unwind::hb01a0b5e7c8cd43b
[INFO] [stdout]                                at /rustc/a178d0322ce20e33eac124758e837cbd80a6f633/library/std/src/panic.rs:434:14
[INFO] [stdout]   36:     0x55b9e8a2ba18 - std::thread::Builder::spawn_unchecked::{{closure}}::h5bde48cc887e0d1e
[INFO] [stdout]                                at /rustc/a178d0322ce20e33eac124758e837cbd80a6f633/library/std/src/thread/mod.rs:480:30
[INFO] [stdout]   37:     0x55b9e8a2ba18 - core::ops::function::FnOnce::call_once{{vtable.shim}}::h745ea30807a29e55
[INFO] [stdout]                                at /rustc/a178d0322ce20e33eac124758e837cbd80a6f633/library/core/src/ops/function.rs:227:5
[INFO] [stdout]   38:     0x55b9e8c53717 - <alloc::boxed::Box<F,A> as core::ops::function::FnOnce<Args>>::call_once::h7ece6cfefaff1005
[INFO] [stdout]                                at /rustc/a178d0322ce20e33eac124758e837cbd80a6f633/library/alloc/src/boxed.rs:1575:9
[INFO] [stdout]   39:     0x55b9e8c53717 - <alloc::boxed::Box<F,A> as core::ops::function::FnOnce<Args>>::call_once::hb8b48e55c21f193e
[INFO] [stdout]                                at /rustc/a178d0322ce20e33eac124758e837cbd80a6f633/library/alloc/src/boxed.rs:1575:9
[INFO] [stdout]   40:     0x55b9e8c53717 - std::sys::unix::thread::Thread::new::thread_start::h8c7c4450dba62914
[INFO] [stdout]                                at /rustc/a178d0322ce20e33eac124758e837cbd80a6f633/library/std/src/sys/unix/thread.rs:71:17
[INFO] [stdout]   41:     0x7f135d11c609 - start_thread
[INFO] [stdout]   42:     0x7f135ceee293 - clone
[INFO] [stdout]   43:                0x0 - <unknown>
[INFO] [stdout] 
[INFO] [stdout] 
[INFO] [stdout] failures:
[INFO] [stdout]     inserter::test::insert_values
[INFO] [stdout] 
[INFO] [stdout] test result: FAILED. 0 passed; 1 failed; 0 ignored; 0 measured; 0 filtered out; finished in 0.21s
[INFO] [stdout] 
[INFO] [stderr] error: test failed, to rerun pass '--lib'
[INFO] running `Command { std: "docker" "inspect" "ced93574edee9dc375f1791a2c154af9129d3aba0ea0d49390e0af2f0d399a75", kill_on_drop: false }`
[INFO] running `Command { std: "docker" "rm" "-f" "ced93574edee9dc375f1791a2c154af9129d3aba0ea0d49390e0af2f0d399a75", kill_on_drop: false }`
[INFO] [stdout] ced93574edee9dc375f1791a2c154af9129d3aba0ea0d49390e0af2f0d399a75
