[INFO] cloning repository https://github.com/ndaultryball1/tunarust
[INFO] running `Command { std: "git" "-c" "credential.helper=" "-c" "credential.helper=/workspace/cargo-home/bin/git-credential-null" "clone" "--bare" "https://github.com/ndaultryball1/tunarust" "/workspace/cache/git-repos/https%3A%2F%2Fgithub.com%2Fndaultryball1%2Ftunarust", kill_on_drop: false }`
[INFO] [stderr] Cloning into bare repository '/workspace/cache/git-repos/https%3A%2F%2Fgithub.com%2Fndaultryball1%2Ftunarust'...
[INFO] running `Command { std: "git" "rev-parse" "HEAD", kill_on_drop: false }`
[INFO] [stdout] 5cb5b039b15e75462d950175099bef6d9785726c
[INFO] testing ndaultryball1/tunarust against 1.54.0 for beta-1.55-1
[INFO] running `Command { std: "git" "clone" "/workspace/cache/git-repos/https%3A%2F%2Fgithub.com%2Fndaultryball1%2Ftunarust" "/workspace/builds/worker-58/source", kill_on_drop: false }`
[INFO] [stderr] Cloning into '/workspace/builds/worker-58/source'...
[INFO] [stderr] done.
[INFO] validating manifest of git repo https://github.com/ndaultryball1/tunarust on toolchain 1.54.0
[INFO] running `Command { std: "/workspace/cargo-home/bin/cargo" "+1.54.0" "metadata" "--manifest-path" "Cargo.toml" "--no-deps", kill_on_drop: false }`
[INFO] started tweaking git repo https://github.com/ndaultryball1/tunarust
[INFO] finished tweaking git repo https://github.com/ndaultryball1/tunarust
[INFO] tweaked toml for git repo https://github.com/ndaultryball1/tunarust written to /workspace/builds/worker-58/source/Cargo.toml
[INFO] crate git repo https://github.com/ndaultryball1/tunarust already has a lockfile, it will not be regenerated
[INFO] running `Command { std: "/workspace/cargo-home/bin/cargo" "+1.54.0" "fetch" "--manifest-path" "Cargo.toml", kill_on_drop: false }`
[INFO] [stderr]     Blocking waiting for file lock on package cache
[INFO] [stderr]     Blocking waiting for file lock on package cache
[INFO] running `Command { std: "docker" "create" "-v" "/var/lib/crater-agent-workspace/builds/worker-58/target:/opt/rustwide/target:rw,Z" "-v" "/var/lib/crater-agent-workspace/builds/worker-58/source:/opt/rustwide/workdir:ro,Z" "-v" "/var/lib/crater-agent-workspace/cargo-home:/opt/rustwide/cargo-home:ro,Z" "-v" "/var/lib/crater-agent-workspace/rustup-home:/opt/rustwide/rustup-home:ro,Z" "-e" "SOURCE_DIR=/opt/rustwide/workdir" "-e" "CARGO_TARGET_DIR=/opt/rustwide/target" "-e" "CARGO_HOME=/opt/rustwide/cargo-home" "-e" "RUSTUP_HOME=/opt/rustwide/rustup-home" "-w" "/opt/rustwide/workdir" "-m" "1610612736" "--user" "0:0" "--network" "none" "ghcr.io/rust-lang/crates-build-env/linux@sha256:34b6a614d2c27851fe6cbf88fbd1137609cefab8b10d0615aaeb6fd47975d74e" "/opt/rustwide/cargo-home/bin/cargo" "+1.54.0" "metadata" "--no-deps" "--format-version=1", kill_on_drop: false }`
[INFO] [stdout] 3cca1f9a4f8000a24efcb13ea3cc2355b876c17338d0c4400a80fa17e32a044c
[INFO] running `Command { std: "docker" "start" "-a" "3cca1f9a4f8000a24efcb13ea3cc2355b876c17338d0c4400a80fa17e32a044c", kill_on_drop: false }`
[INFO] running `Command { std: "docker" "inspect" "3cca1f9a4f8000a24efcb13ea3cc2355b876c17338d0c4400a80fa17e32a044c", kill_on_drop: false }`
[INFO] running `Command { std: "docker" "rm" "-f" "3cca1f9a4f8000a24efcb13ea3cc2355b876c17338d0c4400a80fa17e32a044c", kill_on_drop: false }`
[INFO] [stdout] 3cca1f9a4f8000a24efcb13ea3cc2355b876c17338d0c4400a80fa17e32a044c
[INFO] running `Command { std: "docker" "create" "-v" "/var/lib/crater-agent-workspace/builds/worker-58/target:/opt/rustwide/target:rw,Z" "-v" "/var/lib/crater-agent-workspace/builds/worker-58/source:/opt/rustwide/workdir:ro,Z" "-v" "/var/lib/crater-agent-workspace/cargo-home:/opt/rustwide/cargo-home:ro,Z" "-v" "/var/lib/crater-agent-workspace/rustup-home:/opt/rustwide/rustup-home:ro,Z" "-e" "SOURCE_DIR=/opt/rustwide/workdir" "-e" "CARGO_TARGET_DIR=/opt/rustwide/target" "-e" "CARGO_INCREMENTAL=0" "-e" "RUST_BACKTRACE=full" "-e" "RUSTFLAGS=--cap-lints=warn" "-e" "CARGO_HOME=/opt/rustwide/cargo-home" "-e" "RUSTUP_HOME=/opt/rustwide/rustup-home" "-w" "/opt/rustwide/workdir" "-m" "1610612736" "--user" "0:0" "--network" "none" "ghcr.io/rust-lang/crates-build-env/linux@sha256:34b6a614d2c27851fe6cbf88fbd1137609cefab8b10d0615aaeb6fd47975d74e" "/opt/rustwide/cargo-home/bin/cargo" "+1.54.0" "build" "--frozen" "--message-format=json", kill_on_drop: false }`
[INFO] [stdout] 182366363adf68f2cb966f77311c3c95409aa1c3ccb64e8ec9e5e0d93639d559
[INFO] running `Command { std: "docker" "start" "-a" "182366363adf68f2cb966f77311c3c95409aa1c3ccb64e8ec9e5e0d93639d559", kill_on_drop: false }`
[INFO] [stderr]    Compiling libc v0.2.73
[INFO] [stderr]    Compiling getrandom v0.1.14
[INFO] [stderr]    Compiling ppv-lite86 v0.2.8
[INFO] [stderr]    Compiling rand_core v0.5.1
[INFO] [stderr]    Compiling rand_chacha v0.2.2
[INFO] [stderr]    Compiling rand v0.7.3
[INFO] [stderr]    Compiling statrs v0.12.0
[INFO] [stderr]    Compiling options_pricing v0.1.0 (/opt/rustwide/workdir/options_pricing)
[INFO] [stderr]    Compiling pricing_interface v0.1.0 (/opt/rustwide/workdir/pricing_interface)
[INFO] [stderr]     Finished dev [unoptimized + debuginfo] target(s) in 29.05s
[INFO] running `Command { std: "docker" "inspect" "182366363adf68f2cb966f77311c3c95409aa1c3ccb64e8ec9e5e0d93639d559", kill_on_drop: false }`
[INFO] running `Command { std: "docker" "rm" "-f" "182366363adf68f2cb966f77311c3c95409aa1c3ccb64e8ec9e5e0d93639d559", kill_on_drop: false }`
[INFO] [stdout] 182366363adf68f2cb966f77311c3c95409aa1c3ccb64e8ec9e5e0d93639d559
[INFO] running `Command { std: "docker" "create" "-v" "/var/lib/crater-agent-workspace/builds/worker-58/target:/opt/rustwide/target:rw,Z" "-v" "/var/lib/crater-agent-workspace/builds/worker-58/source:/opt/rustwide/workdir:ro,Z" "-v" "/var/lib/crater-agent-workspace/cargo-home:/opt/rustwide/cargo-home:ro,Z" "-v" "/var/lib/crater-agent-workspace/rustup-home:/opt/rustwide/rustup-home:ro,Z" "-e" "SOURCE_DIR=/opt/rustwide/workdir" "-e" "CARGO_TARGET_DIR=/opt/rustwide/target" "-e" "CARGO_INCREMENTAL=0" "-e" "RUST_BACKTRACE=full" "-e" "RUSTFLAGS=--cap-lints=warn" "-e" "CARGO_HOME=/opt/rustwide/cargo-home" "-e" "RUSTUP_HOME=/opt/rustwide/rustup-home" "-w" "/opt/rustwide/workdir" "-m" "1610612736" "--user" "0:0" "--network" "none" "ghcr.io/rust-lang/crates-build-env/linux@sha256:34b6a614d2c27851fe6cbf88fbd1137609cefab8b10d0615aaeb6fd47975d74e" "/opt/rustwide/cargo-home/bin/cargo" "+1.54.0" "test" "--frozen" "--no-run" "--message-format=json", kill_on_drop: false }`
[INFO] [stdout] d3373272311d99b4e94c4b473edfe392d455291011eee8f3040d9315c95741de
[INFO] running `Command { std: "docker" "start" "-a" "d3373272311d99b4e94c4b473edfe392d455291011eee8f3040d9315c95741de", kill_on_drop: false }`
[INFO] [stderr]    Compiling options_pricing v0.1.0 (/opt/rustwide/workdir/options_pricing)
[INFO] [stderr]    Compiling pricing_interface v0.1.0 (/opt/rustwide/workdir/pricing_interface)
[INFO] [stdout] warning: panic message is not a string literal
[INFO] [stdout]   --> options_pricing/tests/finite_difference.rs:27:5
[INFO] [stdout]    |
[INFO] [stdout] 27 |     statrs::assert_almost_eq!(result_put, exact_put, 1.);
[INFO] [stdout]    |     ^^^^^^^^^^^^^^^^^^^^^^^^^^^^^^^^^^^^^^^^^^^^^^^^^^^^^
[INFO] [stdout]    |
[INFO] [stdout]    = note: `#[warn(non_fmt_panic)]` on by default
[INFO] [stdout]    = note: this is no longer accepted in Rust 2021
[INFO] [stdout]    = note: the panic!() macro supports formatting, so there's no need for the format!() macro here
[INFO] [stdout]    = note: this warning originates in the macro `statrs::assert_almost_eq` (in Nightly builds, run with -Z macro-backtrace for more info)
[INFO] [stdout] 
[INFO] [stdout] 
[INFO] [stdout] warning: panic message is not a string literal
[INFO] [stdout]   --> options_pricing/tests/finite_difference.rs:28:5
[INFO] [stdout]    |
[INFO] [stdout] 28 |     statrs::assert_almost_eq!(result_call, exact_call, 1.);
[INFO] [stdout]    |     ^^^^^^^^^^^^^^^^^^^^^^^^^^^^^^^^^^^^^^^^^^^^^^^^^^^^^^^
[INFO] [stdout]    |
[INFO] [stdout]    = note: this is no longer accepted in Rust 2021
[INFO] [stdout]    = note: the panic!() macro supports formatting, so there's no need for the format!() macro here
[INFO] [stdout]    = note: this warning originates in the macro `statrs::assert_almost_eq` (in Nightly builds, run with -Z macro-backtrace for more info)
[INFO] [stdout] 
[INFO] [stdout] 
[INFO] [stdout] warning: panic message is not a string literal
[INFO] [stdout]   --> options_pricing/tests/finite_difference.rs:50:5
[INFO] [stdout]    |
[INFO] [stdout] 50 |     statrs::assert_almost_eq!(result_put, exact_put, 1.);
[INFO] [stdout]    |     ^^^^^^^^^^^^^^^^^^^^^^^^^^^^^^^^^^^^^^^^^^^^^^^^^^^^^
[INFO] [stdout]    |
[INFO] [stdout]    = note: this is no longer accepted in Rust 2021
[INFO] [stdout]    = note: the panic!() macro supports formatting, so there's no need for the format!() macro here
[INFO] [stdout]    = note: this warning originates in the macro `statrs::assert_almost_eq` (in Nightly builds, run with -Z macro-backtrace for more info)
[INFO] [stdout] 
[INFO] [stdout] 
[INFO] [stdout] warning: panic message is not a string literal
[INFO] [stdout]   --> options_pricing/tests/finite_difference.rs:51:5
[INFO] [stdout]    |
[INFO] [stdout] 51 |     statrs::assert_almost_eq!(result_call, exact_call, 1.);
[INFO] [stdout]    |     ^^^^^^^^^^^^^^^^^^^^^^^^^^^^^^^^^^^^^^^^^^^^^^^^^^^^^^^
[INFO] [stdout]    |
[INFO] [stdout]    = note: this is no longer accepted in Rust 2021
[INFO] [stdout]    = note: the panic!() macro supports formatting, so there's no need for the format!() macro here
[INFO] [stdout]    = note: this warning originates in the macro `statrs::assert_almost_eq` (in Nightly builds, run with -Z macro-backtrace for more info)
[INFO] [stdout] 
[INFO] [stdout] 
[INFO] [stdout] warning: panic message is not a string literal
[INFO] [stdout]    --> options_pricing/src/assets/european.rs:125:9
[INFO] [stdout]     |
[INFO] [stdout] 125 |         statrs::assert_almost_eq!(bm_plus, t0_plus, 0.001 * bm_plus);
[INFO] [stdout]     |         ^^^^^^^^^^^^^^^^^^^^^^^^^^^^^^^^^^^^^^^^^^^^^^^^^^^^^^^^^^^^^
[INFO] [stdout]     |
[INFO] [stdout]     = note: `#[warn(non_fmt_panic)]` on by default
[INFO] [stdout]     = note: this is no longer accepted in Rust 2021
[INFO] [stdout]     = note: the panic!() macro supports formatting, so there's no need for the format!() macro here
[INFO] [stdout]     = note: this warning originates in the macro `statrs::assert_almost_eq` (in Nightly builds, run with -Z macro-backtrace for more info)
[INFO] [stdout] 
[INFO] [stdout] 
[INFO] [stdout] warning: 4 warnings emitted
[INFO] [stdout] 
[INFO] [stdout] 
[INFO] [stdout] warning: 1 warning emitted
[INFO] [stdout] 
[INFO] [stdout] 
[INFO] [stderr]     Finished test [unoptimized + debuginfo] target(s) in 1.16s
[INFO] running `Command { std: "docker" "inspect" "d3373272311d99b4e94c4b473edfe392d455291011eee8f3040d9315c95741de", kill_on_drop: false }`
[INFO] running `Command { std: "docker" "rm" "-f" "d3373272311d99b4e94c4b473edfe392d455291011eee8f3040d9315c95741de", kill_on_drop: false }`
[INFO] [stdout] d3373272311d99b4e94c4b473edfe392d455291011eee8f3040d9315c95741de
[INFO] running `Command { std: "docker" "create" "-v" "/var/lib/crater-agent-workspace/builds/worker-58/target:/opt/rustwide/target:rw,Z" "-v" "/var/lib/crater-agent-workspace/builds/worker-58/source:/opt/rustwide/workdir:ro,Z" "-v" "/var/lib/crater-agent-workspace/cargo-home:/opt/rustwide/cargo-home:ro,Z" "-v" "/var/lib/crater-agent-workspace/rustup-home:/opt/rustwide/rustup-home:ro,Z" "-e" "SOURCE_DIR=/opt/rustwide/workdir" "-e" "CARGO_TARGET_DIR=/opt/rustwide/target" "-e" "CARGO_INCREMENTAL=0" "-e" "RUST_BACKTRACE=full" "-e" "RUSTFLAGS=--cap-lints=warn" "-e" "CARGO_HOME=/opt/rustwide/cargo-home" "-e" "RUSTUP_HOME=/opt/rustwide/rustup-home" "-w" "/opt/rustwide/workdir" "-m" "1610612736" "--user" "0:0" "--network" "none" "ghcr.io/rust-lang/crates-build-env/linux@sha256:34b6a614d2c27851fe6cbf88fbd1137609cefab8b10d0615aaeb6fd47975d74e" "/opt/rustwide/cargo-home/bin/cargo" "+1.54.0" "test" "--frozen", kill_on_drop: false }`
[INFO] [stdout] c74aacfc623bb81ea36ce1dc440c421fd336e7d14e3303341aa140012f598f6e
[INFO] running `Command { std: "docker" "start" "-a" "c74aacfc623bb81ea36ce1dc440c421fd336e7d14e3303341aa140012f598f6e", kill_on_drop: false }`
[INFO] [stderr] warning: panic message is not a string literal
[INFO] [stderr]    --> options_pricing/src/assets/european.rs:125:9
[INFO] [stderr]     |
[INFO] [stderr] 125 |         statrs::assert_almost_eq!(bm_plus, t0_plus, 0.001 * bm_plus);
[INFO] [stderr]     |         ^^^^^^^^^^^^^^^^^^^^^^^^^^^^^^^^^^^^^^^^^^^^^^^^^^^^^^^^^^^^^
[INFO] [stderr]     |
[INFO] [stderr]     = note: `#[warn(non_fmt_panic)]` on by default
[INFO] [stderr]     = note: this is no longer accepted in Rust 2021
[INFO] [stderr]     = note: the panic!() macro supports formatting, so there's no need for the format!() macro here
[INFO] [stderr]     = note: this warning originates in the macro `statrs::assert_almost_eq` (in Nightly builds, run with -Z macro-backtrace for more info)
[INFO] [stderr] 
[INFO] [stderr] warning: 1 warning emitted
[INFO] [stderr] 
[INFO] [stderr] warning: panic message is not a string literal
[INFO] [stderr]   --> options_pricing/tests/finite_difference.rs:27:5
[INFO] [stderr]    |
[INFO] [stderr] 27 |     statrs::assert_almost_eq!(result_put, exact_put, 1.);
[INFO] [stderr]    |     ^^^^^^^^^^^^^^^^^^^^^^^^^^^^^^^^^^^^^^^^^^^^^^^^^^^^^
[INFO] [stderr]    |
[INFO] [stderr]    = note: `#[warn(non_fmt_panic)]` on by default
[INFO] [stderr]    = note: this is no longer accepted in Rust 2021
[INFO] [stderr]    = note: the panic!() macro supports formatting, so there's no need for the format!() macro here
[INFO] [stderr]    = note: this warning originates in the macro `statrs::assert_almost_eq` (in Nightly builds, run with -Z macro-backtrace for more info)
[INFO] [stderr] 
[INFO] [stderr] warning: panic message is not a string literal
[INFO] [stderr]   --> options_pricing/tests/finite_difference.rs:28:5
[INFO] [stderr]    |
[INFO] [stderr] 28 |     statrs::assert_almost_eq!(result_call, exact_call, 1.);
[INFO] [stderr]    |     ^^^^^^^^^^^^^^^^^^^^^^^^^^^^^^^^^^^^^^^^^^^^^^^^^^^^^^^
[INFO] [stderr]    |
[INFO] [stderr]    = note: this is no longer accepted in Rust 2021
[INFO] [stderr]    = note: the panic!() macro supports formatting, so there's no need for the format!() macro here
[INFO] [stderr]    = note: this warning originates in the macro `statrs::assert_almost_eq` (in Nightly builds, run with -Z macro-backtrace for more info)
[INFO] [stderr] 
[INFO] [stderr] warning: panic message is not a string literal
[INFO] [stderr]   --> options_pricing/tests/finite_difference.rs:50:5
[INFO] [stderr]    |
[INFO] [stderr] 50 |     statrs::assert_almost_eq!(result_put, exact_put, 1.);
[INFO] [stderr]    |     ^^^^^^^^^^^^^^^^^^^^^^^^^^^^^^^^^^^^^^^^^^^^^^^^^^^^^
[INFO] [stderr]    |
[INFO] [stderr]    = note: this is no longer accepted in Rust 2021
[INFO] [stderr]    = note: the panic!() macro supports formatting, so there's no need for the format!() macro here
[INFO] [stderr]    = note: this warning originates in the macro `statrs::assert_almost_eq` (in Nightly builds, run with -Z macro-backtrace for more info)
[INFO] [stderr] 
[INFO] [stderr] warning: panic message is not a string literal
[INFO] [stderr]   --> options_pricing/tests/finite_difference.rs:51:5
[INFO] [stderr]    |
[INFO] [stderr] 51 |     statrs::assert_almost_eq!(result_call, exact_call, 1.);
[INFO] [stderr]    |     ^^^^^^^^^^^^^^^^^^^^^^^^^^^^^^^^^^^^^^^^^^^^^^^^^^^^^^^
[INFO] [stderr]    |
[INFO] [stderr]    = note: this is no longer accepted in Rust 2021
[INFO] [stderr]    = note: the panic!() macro supports formatting, so there's no need for the format!() macro here
[INFO] [stderr]    = note: this warning originates in the macro `statrs::assert_almost_eq` (in Nightly builds, run with -Z macro-backtrace for more info)
[INFO] [stderr] 
[INFO] [stderr] warning: 4 warnings emitted
[INFO] [stderr] 
[INFO] [stderr]     Finished test [unoptimized + debuginfo] target(s) in 0.01s
[INFO] [stderr]      Running unittests (/opt/rustwide/target/debug/deps/options_pricing-388c2260a1bd22ed)
[INFO] [stdout] 
[INFO] [stdout] running 4 tests
[INFO] [stdout] test assets::european::tests::boundaries_t0 ... ok
[INFO] [stdout] test assets::european::tests::exact_put_call_parity ... ok
[INFO] [stdout] test finite_difference::tests::test_reasonable_alpha ... ok
[INFO] [stdout] test finite_difference::tests::test_spot_to_array_loc ... ok
[INFO] [stdout] 
[INFO] [stdout] test result: ok. 4 passed; 0 failed; 0 ignored; 0 measured; 0 filtered out; finished in 0.00s
[INFO] [stdout] 
[INFO] [stderr]      Running tests/finite_difference.rs (/opt/rustwide/target/debug/deps/finite_difference-64baa8d74e7a7a78)
[INFO] [stdout] 
[INFO] [stdout] running 2 tests
[INFO] [stdout] test implicit_fwd_value ... FAILED
[INFO] [stdout] test explicit_fwd_value ... ok
[INFO] [stdout] 
[INFO] [stdout] failures:
[INFO] [stdout] 
[INFO] [stdout] ---- implicit_fwd_value stdout ----
[INFO] [stdout] thread 'implicit_fwd_value' panicked at 'assertion failed: `abs(left - right) < 1e0`, (left: `18.86700431173782`, right: `21.248378646435697`)', options_pricing/tests/finite_difference.rs:51:5
[INFO] [stdout] stack backtrace:
[INFO] [stdout]    0:     0x55d5d56f9b00 - std::backtrace_rs::backtrace::libunwind::trace::h34055254b57d8e79
[INFO] [stdout]                                at /rustc/a178d0322ce20e33eac124758e837cbd80a6f633/library/std/src/../../backtrace/src/backtrace/libunwind.rs:90:5
[INFO] [stdout]    1:     0x55d5d56f9b00 - std::backtrace_rs::backtrace::trace_unsynchronized::h8f1e3fbd9afff6ec
[INFO] [stdout]                                at /rustc/a178d0322ce20e33eac124758e837cbd80a6f633/library/std/src/../../backtrace/src/backtrace/mod.rs:66:5
[INFO] [stdout]    2:     0x55d5d56f9b00 - std::sys_common::backtrace::_print_fmt::h3a99a796b770c360
[INFO] [stdout]                                at /rustc/a178d0322ce20e33eac124758e837cbd80a6f633/library/std/src/sys_common/backtrace.rs:67:5
[INFO] [stdout]    3:     0x55d5d56f9b00 - <std::sys_common::backtrace::_print::DisplayBacktrace as core::fmt::Display>::fmt::h32d1f94a80615d18
[INFO] [stdout]                                at /rustc/a178d0322ce20e33eac124758e837cbd80a6f633/library/std/src/sys_common/backtrace.rs:46:22
[INFO] [stdout]    4:     0x55d5d571cb5c - core::fmt::write::h306731c068f7162c
[INFO] [stdout]                                at /rustc/a178d0322ce20e33eac124758e837cbd80a6f633/library/core/src/fmt/mod.rs:1110:17
[INFO] [stdout]    5:     0x55d5d56f6a25 - std::io::Write::write_fmt::h87f19b0a2cd190bc
[INFO] [stdout]                                at /rustc/a178d0322ce20e33eac124758e837cbd80a6f633/library/std/src/io/mod.rs:1588:15
[INFO] [stdout]    6:     0x55d5d56fbc6b - std::sys_common::backtrace::_print::h5abaa2601a852287
[INFO] [stdout]                                at /rustc/a178d0322ce20e33eac124758e837cbd80a6f633/library/std/src/sys_common/backtrace.rs:49:5
[INFO] [stdout]    7:     0x55d5d56fbc6b - std::sys_common::backtrace::print::h8d81445442bb638f
[INFO] [stdout]                                at /rustc/a178d0322ce20e33eac124758e837cbd80a6f633/library/std/src/sys_common/backtrace.rs:36:9
[INFO] [stdout]    8:     0x55d5d56fbc6b - std::panicking::default_hook::{{closure}}::hcfe804496a9fa747
[INFO] [stdout]                                at /rustc/a178d0322ce20e33eac124758e837cbd80a6f633/library/std/src/panicking.rs:208:50
[INFO] [stdout]    9:     0x55d5d56fb77c - std::panicking::default_hook::hbea8e3ccf2ba8901
[INFO] [stdout]                                at /rustc/a178d0322ce20e33eac124758e837cbd80a6f633/library/std/src/panicking.rs:222:9
[INFO] [stdout]   10:     0x55d5d56fc334 - std::panicking::rust_panic_with_hook::h7ee9e1a2d0f8975a
[INFO] [stdout]                                at /rustc/a178d0322ce20e33eac124758e837cbd80a6f633/library/std/src/panicking.rs:622:17
[INFO] [stdout]   11:     0x55d5d569c3af - std::panicking::begin_panic::{{closure}}::h33cd3db2dab0c3d5
[INFO] [stdout]                                at /rustc/a178d0322ce20e33eac124758e837cbd80a6f633/library/std/src/panicking.rs:542:9
[INFO] [stdout]   12:     0x55d5d569bd3e - std::sys_common::backtrace::__rust_end_short_backtrace::h019cb955f7244a70
[INFO] [stdout]                                at /rustc/a178d0322ce20e33eac124758e837cbd80a6f633/library/std/src/sys_common/backtrace.rs:141:18
[INFO] [stdout]   13:     0x55d5d569c2b7 - std::panicking::begin_panic::h5fcfdc637223aa54
[INFO] [stdout]                                at /rustc/a178d0322ce20e33eac124758e837cbd80a6f633/library/std/src/panicking.rs:541:12
[INFO] [stdout]   14:     0x55d5d569b90c - finite_difference::implicit_fwd_value::h999e0d84ea8e486c
[INFO] [stdout]                                at /opt/rustwide/workdir/options_pricing/tests/finite_difference.rs:51:5
[INFO] [stdout]   15:     0x55d5d569b3fa - finite_difference::implicit_fwd_value::{{closure}}::ha30912b7d922d0e7
[INFO] [stdout]                                at /opt/rustwide/workdir/options_pricing/tests/finite_difference.rs:32:1
[INFO] [stdout]   16:     0x55d5d569bf1e - core::ops::function::FnOnce::call_once::h84d4b60f2ff6675a
[INFO] [stdout]                                at /rustc/a178d0322ce20e33eac124758e837cbd80a6f633/library/core/src/ops/function.rs:227:5
[INFO] [stdout]   17:     0x55d5d56c4c03 - core::ops::function::FnOnce::call_once::h152e7e439ff59e19
[INFO] [stdout]                                at /rustc/a178d0322ce20e33eac124758e837cbd80a6f633/library/core/src/ops/function.rs:227:5
[INFO] [stdout]   18:     0x55d5d56c4c03 - test::__rust_begin_short_backtrace::h0908f3b1fdbb72ab
[INFO] [stdout]                                at /rustc/a178d0322ce20e33eac124758e837cbd80a6f633/library/test/src/lib.rs:577:5
[INFO] [stdout]   19:     0x55d5d56c36c0 - <alloc::boxed::Box<F,A> as core::ops::function::FnOnce<Args>>::call_once::hf6d2a51e5587546c
[INFO] [stdout]                                at /rustc/a178d0322ce20e33eac124758e837cbd80a6f633/library/alloc/src/boxed.rs:1575:9
[INFO] [stdout]   20:     0x55d5d56c36c0 - <std::panic::AssertUnwindSafe<F> as core::ops::function::FnOnce<()>>::call_once::h8af660f3a89ef593
[INFO] [stdout]                                at /rustc/a178d0322ce20e33eac124758e837cbd80a6f633/library/std/src/panic.rs:347:9
[INFO] [stdout]   21:     0x55d5d56c36c0 - std::panicking::try::do_call::hd36aef60f84b6d36
[INFO] [stdout]                                at /rustc/a178d0322ce20e33eac124758e837cbd80a6f633/library/std/src/panicking.rs:401:40
[INFO] [stdout]   22:     0x55d5d56c36c0 - std::panicking::try::h9932b4480e69817c
[INFO] [stdout]                                at /rustc/a178d0322ce20e33eac124758e837cbd80a6f633/library/std/src/panicking.rs:365:19
[INFO] [stdout]   23:     0x55d5d56c36c0 - std::panic::catch_unwind::h6aa177099cfff5f8
[INFO] [stdout]                                at /rustc/a178d0322ce20e33eac124758e837cbd80a6f633/library/std/src/panic.rs:434:14
[INFO] [stdout]   24:     0x55d5d56c36c0 - test::run_test_in_process::h5884d6f2d99e20c3
[INFO] [stdout]                                at /rustc/a178d0322ce20e33eac124758e837cbd80a6f633/library/test/src/lib.rs:600:18
[INFO] [stdout]   25:     0x55d5d56c36c0 - test::run_test::run_test_inner::{{closure}}::h6fdc58c6d5f5b6e3
[INFO] [stdout]                                at /rustc/a178d0322ce20e33eac124758e837cbd80a6f633/library/test/src/lib.rs:492:39
[INFO] [stdout]   26:     0x55d5d569cd72 - test::run_test::run_test_inner::{{closure}}::h408365d67a78ade8
[INFO] [stdout]                                at /rustc/a178d0322ce20e33eac124758e837cbd80a6f633/library/test/src/lib.rs:519:37
[INFO] [stdout]   27:     0x55d5d569cd72 - std::sys_common::backtrace::__rust_begin_short_backtrace::hb560b77c4f701523
[INFO] [stdout]                                at /rustc/a178d0322ce20e33eac124758e837cbd80a6f633/library/std/src/sys_common/backtrace.rs:125:18
[INFO] [stdout]   28:     0x55d5d56a0928 - std::thread::Builder::spawn_unchecked::{{closure}}::{{closure}}::hf2e7831dad93c597
[INFO] [stdout]                                at /rustc/a178d0322ce20e33eac124758e837cbd80a6f633/library/std/src/thread/mod.rs:481:17
[INFO] [stdout]   29:     0x55d5d56a0928 - <std::panic::AssertUnwindSafe<F> as core::ops::function::FnOnce<()>>::call_once::hd2e08783d8be4d02
[INFO] [stdout]                                at /rustc/a178d0322ce20e33eac124758e837cbd80a6f633/library/std/src/panic.rs:347:9
[INFO] [stdout]   30:     0x55d5d56a0928 - std::panicking::try::do_call::h062597b7acfd6b82
[INFO] [stdout]                                at /rustc/a178d0322ce20e33eac124758e837cbd80a6f633/library/std/src/panicking.rs:401:40
[INFO] [stdout]   31:     0x55d5d56a0928 - std::panicking::try::h0d7b79db04c14552
[INFO] [stdout]                                at /rustc/a178d0322ce20e33eac124758e837cbd80a6f633/library/std/src/panicking.rs:365:19
[INFO] [stdout]   32:     0x55d5d56a0928 - std::panic::catch_unwind::hb01a0b5e7c8cd43b
[INFO] [stdout]                                at /rustc/a178d0322ce20e33eac124758e837cbd80a6f633/library/std/src/panic.rs:434:14
[INFO] [stdout]   33:     0x55d5d56a0928 - std::thread::Builder::spawn_unchecked::{{closure}}::h5bde48cc887e0d1e
[INFO] [stdout]                                at /rustc/a178d0322ce20e33eac124758e837cbd80a6f633/library/std/src/thread/mod.rs:480:30
[INFO] [stdout]   34:     0x55d5d56a0928 - core::ops::function::FnOnce::call_once{{vtable.shim}}::h745ea30807a29e55
[INFO] [stdout]                                at /rustc/a178d0322ce20e33eac124758e837cbd80a6f633/library/core/src/ops/function.rs:227:5
[INFO] [stdout]   35:     0x55d5d5700df7 - <alloc::boxed::Box<F,A> as core::ops::function::FnOnce<Args>>::call_once::h7ece6cfefaff1005
[INFO] [stdout]                                at /rustc/a178d0322ce20e33eac124758e837cbd80a6f633/library/alloc/src/boxed.rs:1575:9
[INFO] [stdout]   36:     0x55d5d5700df7 - <alloc::boxed::Box<F,A> as core::ops::function::FnOnce<Args>>::call_once::hb8b48e55c21f193e
[INFO] [stdout]                                at /rustc/a178d0322ce20e33eac124758e837cbd80a6f633/library/alloc/src/boxed.rs:1575:9
[INFO] [stdout]   37:     0x55d5d5700df7 - std::sys::unix::thread::Thread::new::thread_start::h8c7c4450dba62914
[INFO] [stdout]                                at /rustc/a178d0322ce20e33eac124758e837cbd80a6f633/library/std/src/sys/unix/thread.rs:71:17
[INFO] [stdout]   38:     0x7f3b1eca7609 - start_thread
[INFO] [stdout]   39:     0x7f3b1ef32293 - clone
[INFO] [stdout]   40:                0x0 - <unknown>
[INFO] [stdout] 
[INFO] [stdout] 
[INFO] [stdout] failures:
[INFO] [stdout]     implicit_fwd_value
[INFO] [stdout] 
[INFO] [stdout] test result: FAILED. 1 passed; 1 failed; 0 ignored; 0 measured; 0 filtered out; finished in 0.33s
[INFO] [stdout] 
[INFO] [stderr] error: test failed, to rerun pass '-p options_pricing --test finite_difference'
[INFO] running `Command { std: "docker" "inspect" "c74aacfc623bb81ea36ce1dc440c421fd336e7d14e3303341aa140012f598f6e", kill_on_drop: false }`
[INFO] running `Command { std: "docker" "rm" "-f" "c74aacfc623bb81ea36ce1dc440c421fd336e7d14e3303341aa140012f598f6e", kill_on_drop: false }`
[INFO] [stdout] c74aacfc623bb81ea36ce1dc440c421fd336e7d14e3303341aa140012f598f6e
