[INFO] cloning repository https://github.com/navierr/coloriz
[INFO] running `Command { std: "git" "-c" "credential.helper=" "-c" "credential.helper=/workspace/cargo-home/bin/git-credential-null" "clone" "--bare" "https://github.com/navierr/coloriz" "/workspace/cache/git-repos/https%3A%2F%2Fgithub.com%2Fnavierr%2Fcoloriz", kill_on_drop: false }`
[INFO] [stderr] Cloning into bare repository '/workspace/cache/git-repos/https%3A%2F%2Fgithub.com%2Fnavierr%2Fcoloriz'...
[INFO] running `Command { std: "git" "rev-parse" "HEAD", kill_on_drop: false }`
[INFO] [stdout] df4bc3596bc26370c4850f8130d57de62add90bb
[INFO] testing navierr/coloriz against 1.54.0 for beta-1.55-1
[INFO] running `Command { std: "git" "clone" "/workspace/cache/git-repos/https%3A%2F%2Fgithub.com%2Fnavierr%2Fcoloriz" "/workspace/builds/worker-17/source", kill_on_drop: false }`
[INFO] [stderr] Cloning into '/workspace/builds/worker-17/source'...
[INFO] [stderr] done.
[INFO] validating manifest of git repo https://github.com/navierr/coloriz on toolchain 1.54.0
[INFO] running `Command { std: "/workspace/cargo-home/bin/cargo" "+1.54.0" "metadata" "--manifest-path" "Cargo.toml" "--no-deps", kill_on_drop: false }`
[INFO] started tweaking git repo https://github.com/navierr/coloriz
[INFO] finished tweaking git repo https://github.com/navierr/coloriz
[INFO] tweaked toml for git repo https://github.com/navierr/coloriz written to /workspace/builds/worker-17/source/Cargo.toml
[INFO] crate git repo https://github.com/navierr/coloriz already has a lockfile, it will not be regenerated
[INFO] running `Command { std: "/workspace/cargo-home/bin/cargo" "+1.54.0" "fetch" "--manifest-path" "Cargo.toml", kill_on_drop: false }`
[INFO] running `Command { std: "docker" "create" "-v" "/var/lib/crater-agent-workspace/builds/worker-17/target:/opt/rustwide/target:rw,Z" "-v" "/var/lib/crater-agent-workspace/builds/worker-17/source:/opt/rustwide/workdir:ro,Z" "-v" "/var/lib/crater-agent-workspace/cargo-home:/opt/rustwide/cargo-home:ro,Z" "-v" "/var/lib/crater-agent-workspace/rustup-home:/opt/rustwide/rustup-home:ro,Z" "-e" "SOURCE_DIR=/opt/rustwide/workdir" "-e" "CARGO_TARGET_DIR=/opt/rustwide/target" "-e" "CARGO_HOME=/opt/rustwide/cargo-home" "-e" "RUSTUP_HOME=/opt/rustwide/rustup-home" "-w" "/opt/rustwide/workdir" "-m" "1610612736" "--user" "0:0" "--network" "none" "ghcr.io/rust-lang/crates-build-env/linux@sha256:34b6a614d2c27851fe6cbf88fbd1137609cefab8b10d0615aaeb6fd47975d74e" "/opt/rustwide/cargo-home/bin/cargo" "+1.54.0" "metadata" "--no-deps" "--format-version=1", kill_on_drop: false }`
[INFO] [stdout] e8b8217a7446ee9d3c905ba13f8e91db84c36833068a5dbb743dea0118ebcb39
[INFO] running `Command { std: "docker" "start" "-a" "e8b8217a7446ee9d3c905ba13f8e91db84c36833068a5dbb743dea0118ebcb39", kill_on_drop: false }`
[INFO] running `Command { std: "docker" "inspect" "e8b8217a7446ee9d3c905ba13f8e91db84c36833068a5dbb743dea0118ebcb39", kill_on_drop: false }`
[INFO] running `Command { std: "docker" "rm" "-f" "e8b8217a7446ee9d3c905ba13f8e91db84c36833068a5dbb743dea0118ebcb39", kill_on_drop: false }`
[INFO] [stdout] e8b8217a7446ee9d3c905ba13f8e91db84c36833068a5dbb743dea0118ebcb39
[INFO] running `Command { std: "docker" "create" "-v" "/var/lib/crater-agent-workspace/builds/worker-17/target:/opt/rustwide/target:rw,Z" "-v" "/var/lib/crater-agent-workspace/builds/worker-17/source:/opt/rustwide/workdir:ro,Z" "-v" "/var/lib/crater-agent-workspace/cargo-home:/opt/rustwide/cargo-home:ro,Z" "-v" "/var/lib/crater-agent-workspace/rustup-home:/opt/rustwide/rustup-home:ro,Z" "-e" "SOURCE_DIR=/opt/rustwide/workdir" "-e" "CARGO_TARGET_DIR=/opt/rustwide/target" "-e" "CARGO_INCREMENTAL=0" "-e" "RUST_BACKTRACE=full" "-e" "RUSTFLAGS=--cap-lints=warn" "-e" "CARGO_HOME=/opt/rustwide/cargo-home" "-e" "RUSTUP_HOME=/opt/rustwide/rustup-home" "-w" "/opt/rustwide/workdir" "-m" "1610612736" "--user" "0:0" "--network" "none" "ghcr.io/rust-lang/crates-build-env/linux@sha256:34b6a614d2c27851fe6cbf88fbd1137609cefab8b10d0615aaeb6fd47975d74e" "/opt/rustwide/cargo-home/bin/cargo" "+1.54.0" "build" "--frozen" "--message-format=json", kill_on_drop: false }`
[INFO] [stdout] 2bb97795edb531f6e81fe06081807d94d65256edba36899fd94f3049174cd203
[INFO] running `Command { std: "docker" "start" "-a" "2bb97795edb531f6e81fe06081807d94d65256edba36899fd94f3049174cd203", kill_on_drop: false }`
[INFO] [stderr]    Compiling overload v0.1.1
[INFO] [stderr]    Compiling coloriz v0.2.0 (/opt/rustwide/workdir)
[INFO] [stderr]     Finished dev [unoptimized + debuginfo] target(s) in 0.77s
[INFO] running `Command { std: "docker" "inspect" "2bb97795edb531f6e81fe06081807d94d65256edba36899fd94f3049174cd203", kill_on_drop: false }`
[INFO] running `Command { std: "docker" "rm" "-f" "2bb97795edb531f6e81fe06081807d94d65256edba36899fd94f3049174cd203", kill_on_drop: false }`
[INFO] [stdout] 2bb97795edb531f6e81fe06081807d94d65256edba36899fd94f3049174cd203
[INFO] running `Command { std: "docker" "create" "-v" "/var/lib/crater-agent-workspace/builds/worker-17/target:/opt/rustwide/target:rw,Z" "-v" "/var/lib/crater-agent-workspace/builds/worker-17/source:/opt/rustwide/workdir:ro,Z" "-v" "/var/lib/crater-agent-workspace/cargo-home:/opt/rustwide/cargo-home:ro,Z" "-v" "/var/lib/crater-agent-workspace/rustup-home:/opt/rustwide/rustup-home:ro,Z" "-e" "SOURCE_DIR=/opt/rustwide/workdir" "-e" "CARGO_TARGET_DIR=/opt/rustwide/target" "-e" "CARGO_INCREMENTAL=0" "-e" "RUST_BACKTRACE=full" "-e" "RUSTFLAGS=--cap-lints=warn" "-e" "CARGO_HOME=/opt/rustwide/cargo-home" "-e" "RUSTUP_HOME=/opt/rustwide/rustup-home" "-w" "/opt/rustwide/workdir" "-m" "1610612736" "--user" "0:0" "--network" "none" "ghcr.io/rust-lang/crates-build-env/linux@sha256:34b6a614d2c27851fe6cbf88fbd1137609cefab8b10d0615aaeb6fd47975d74e" "/opt/rustwide/cargo-home/bin/cargo" "+1.54.0" "test" "--frozen" "--no-run" "--message-format=json", kill_on_drop: false }`
[INFO] [stdout] f6b4bc621f2e3f28df4018277da2c7f432d47cd87a406ce9fd9924b4f430b832
[INFO] running `Command { std: "docker" "start" "-a" "f6b4bc621f2e3f28df4018277da2c7f432d47cd87a406ce9fd9924b4f430b832", kill_on_drop: false }`
[INFO] [stderr]    Compiling coloriz v0.2.0 (/opt/rustwide/workdir)
[INFO] [stderr]     Finished test [unoptimized + debuginfo] target(s) in 0.67s
[INFO] running `Command { std: "docker" "inspect" "f6b4bc621f2e3f28df4018277da2c7f432d47cd87a406ce9fd9924b4f430b832", kill_on_drop: false }`
[INFO] running `Command { std: "docker" "rm" "-f" "f6b4bc621f2e3f28df4018277da2c7f432d47cd87a406ce9fd9924b4f430b832", kill_on_drop: false }`
[INFO] [stdout] f6b4bc621f2e3f28df4018277da2c7f432d47cd87a406ce9fd9924b4f430b832
[INFO] running `Command { std: "docker" "create" "-v" "/var/lib/crater-agent-workspace/builds/worker-17/target:/opt/rustwide/target:rw,Z" "-v" "/var/lib/crater-agent-workspace/builds/worker-17/source:/opt/rustwide/workdir:ro,Z" "-v" "/var/lib/crater-agent-workspace/cargo-home:/opt/rustwide/cargo-home:ro,Z" "-v" "/var/lib/crater-agent-workspace/rustup-home:/opt/rustwide/rustup-home:ro,Z" "-e" "SOURCE_DIR=/opt/rustwide/workdir" "-e" "CARGO_TARGET_DIR=/opt/rustwide/target" "-e" "CARGO_INCREMENTAL=0" "-e" "RUST_BACKTRACE=full" "-e" "RUSTFLAGS=--cap-lints=warn" "-e" "CARGO_HOME=/opt/rustwide/cargo-home" "-e" "RUSTUP_HOME=/opt/rustwide/rustup-home" "-w" "/opt/rustwide/workdir" "-m" "1610612736" "--user" "0:0" "--network" "none" "ghcr.io/rust-lang/crates-build-env/linux@sha256:34b6a614d2c27851fe6cbf88fbd1137609cefab8b10d0615aaeb6fd47975d74e" "/opt/rustwide/cargo-home/bin/cargo" "+1.54.0" "test" "--frozen", kill_on_drop: false }`
[INFO] [stdout] d8302dae5f70878bbb66ecd0319be5b4ff2e12fb6dd93c462b11ad9e929a41da
[INFO] running `Command { std: "docker" "start" "-a" "d8302dae5f70878bbb66ecd0319be5b4ff2e12fb6dd93c462b11ad9e929a41da", kill_on_drop: false }`
[INFO] [stderr]     Finished test [unoptimized + debuginfo] target(s) in 0.01s
[INFO] [stdout] 
[INFO] [stderr]      Running unittests (/opt/rustwide/target/debug/deps/coloriz-9150dc481a4fb817)
[INFO] [stdout] running 0 tests
[INFO] [stderr]    Doc-tests coloriz
[INFO] [stdout] 
[INFO] [stdout] test result: ok. 0 passed; 0 failed; 0 ignored; 0 measured; 0 filtered out; finished in 0.00s
[INFO] [stdout] 
[INFO] [stdout] 
[INFO] [stdout] running 2 tests
[INFO] [stdout] test src/lib.rs - ColorApply::to (line 182) ... FAILED
[INFO] [stdout] test src/lib.rs - ColorApply::under (line 196) ... FAILED
[INFO] [stdout] 
[INFO] [stdout] failures:
[INFO] [stdout] 
[INFO] [stdout] ---- src/lib.rs - ColorApply::to (line 182) stdout ----
[INFO] [stdout] error[E0433]: failed to resolve: use of undeclared type `Color`
[INFO] [stdout]  --> src/lib.rs:183:11
[INFO] [stdout]   |
[INFO] [stdout] 3 | let red = Color::Red.to("lorem ipsum");
[INFO] [stdout]   |           ^^^^^ use of undeclared type `Color`
[INFO] [stdout] 
[INFO] [stdout] error[E0433]: failed to resolve: use of undeclared type `Color`
[INFO] [stdout]  --> src/lib.rs:184:34
[INFO] [stdout]   |
[INFO] [stdout] 4 | assert_eq!(red, "lorem ipsum".fg(Color::Red));
[INFO] [stdout]   |                                  ^^^^^ use of undeclared type `Color`
[INFO] [stdout] 
[INFO] [stdout] error[E0599]: no method named `fg` found for reference `&'static str` in the current scope
[INFO] [stdout]  --> src/lib.rs:184:31
[INFO] [stdout]   |
[INFO] [stdout] 4 | assert_eq!(red, "lorem ipsum".fg(Color::Red));
[INFO] [stdout]   |                               ^^ method not found in `&'static str`
[INFO] [stdout] 
[INFO] [stdout] error: aborting due to 3 previous errors
[INFO] [stdout] 
[INFO] [stdout] Some errors have detailed explanations: E0433, E0599.
[INFO] [stdout] For more information about an error, try `rustc --explain E0433`.
[INFO] [stdout] Couldn't compile the test.
[INFO] [stdout] ---- src/lib.rs - ColorApply::under (line 196) stdout ----
[INFO] [stdout] error[E0433]: failed to resolve: use of undeclared type `Color`
[INFO] [stdout]  --> src/lib.rs:197:13
[INFO] [stdout]   |
[INFO] [stdout] 3 | let green = Color::Green.under("lorem ipsum");
[INFO] [stdout]   |             ^^^^^ use of undeclared type `Color`
[INFO] [stdout] 
[INFO] [stdout] error[E0433]: failed to resolve: use of undeclared type `Color`
[INFO] [stdout]  --> src/lib.rs:198:36
[INFO] [stdout]   |
[INFO] [stdout] 4 | assert_eq!(green, "lorem ipsum".bg(Color::Green));
[INFO] [stdout]   |                                    ^^^^^ use of undeclared type `Color`
[INFO] [stdout] 
[INFO] [stdout] error[E0599]: no method named `bg` found for reference `&'static str` in the current scope
[INFO] [stdout]  --> src/lib.rs:198:33
[INFO] [stdout]   |
[INFO] [stdout] 4 | assert_eq!(green, "lorem ipsum".bg(Color::Green));
[INFO] [stdout]   |                                 ^^ method not found in `&'static str`
[INFO] [stdout] 
[INFO] [stdout] error: aborting due to 3 previous errors
[INFO] [stdout] 
[INFO] [stdout] Some errors have detailed explanations: E0433, E0599.
[INFO] [stdout] For more information about an error, try `rustc --explain E0433`.
[INFO] [stdout] Couldn't compile the test.
[INFO] [stdout] 
[INFO] [stdout] failures:
[INFO] [stdout]     src/lib.rs - ColorApply::to (line 182)
[INFO] [stdout]     src/lib.rs - ColorApply::under (line 196)
[INFO] [stdout] 
[INFO] [stdout] test result: FAILED. 0 passed; 2 failed; 0 ignored; 0 measured; 0 filtered out; finished in 0.16s
[INFO] [stdout] 
[INFO] [stderr] error: test failed, to rerun pass '--doc'
[INFO] running `Command { std: "docker" "inspect" "d8302dae5f70878bbb66ecd0319be5b4ff2e12fb6dd93c462b11ad9e929a41da", kill_on_drop: false }`
[INFO] running `Command { std: "docker" "rm" "-f" "d8302dae5f70878bbb66ecd0319be5b4ff2e12fb6dd93c462b11ad9e929a41da", kill_on_drop: false }`
[INFO] [stdout] d8302dae5f70878bbb66ecd0319be5b4ff2e12fb6dd93c462b11ad9e929a41da
