[INFO] cloning repository https://github.com/nascheinkman/chord2key
[INFO] running `Command { std: "git" "-c" "credential.helper=" "-c" "credential.helper=/workspace/cargo-home/bin/git-credential-null" "clone" "--bare" "https://github.com/nascheinkman/chord2key" "/workspace/cache/git-repos/https%3A%2F%2Fgithub.com%2Fnascheinkman%2Fchord2key", kill_on_drop: false }`
[INFO] [stderr] Cloning into bare repository '/workspace/cache/git-repos/https%3A%2F%2Fgithub.com%2Fnascheinkman%2Fchord2key'...
[INFO] running `Command { std: "git" "rev-parse" "HEAD", kill_on_drop: false }`
[INFO] [stdout] dfe4599acfb31daec4f7e1d8e5bf2c0cdb9bea95
[INFO] testing nascheinkman/chord2key against beta-2021-08-01 for beta-1.55-1
[INFO] running `Command { std: "git" "clone" "/workspace/cache/git-repos/https%3A%2F%2Fgithub.com%2Fnascheinkman%2Fchord2key" "/workspace/builds/worker-94/source", kill_on_drop: false }`
[INFO] [stderr] Cloning into '/workspace/builds/worker-94/source'...
[INFO] [stderr] done.
[INFO] validating manifest of git repo https://github.com/nascheinkman/chord2key on toolchain beta-2021-08-01
[INFO] running `Command { std: "/workspace/cargo-home/bin/cargo" "+beta-2021-08-01" "metadata" "--manifest-path" "Cargo.toml" "--no-deps", kill_on_drop: false }`
[INFO] started tweaking git repo https://github.com/nascheinkman/chord2key
[INFO] finished tweaking git repo https://github.com/nascheinkman/chord2key
[INFO] tweaked toml for git repo https://github.com/nascheinkman/chord2key written to /workspace/builds/worker-94/source/Cargo.toml
[INFO] crate git repo https://github.com/nascheinkman/chord2key already has a lockfile, it will not be regenerated
[INFO] running `Command { std: "/workspace/cargo-home/bin/cargo" "+beta-2021-08-01" "fetch" "--manifest-path" "Cargo.toml", kill_on_drop: false }`
[INFO] [stderr]  Downloading crates ...
[INFO] [stderr]   Downloaded bitvec v0.21.2
[INFO] [stderr]   Downloaded evdev v0.11.0
[INFO] running `Command { std: "docker" "create" "-v" "/var/lib/crater-agent-workspace/builds/worker-94/target:/opt/rustwide/target:rw,Z" "-v" "/var/lib/crater-agent-workspace/builds/worker-94/source:/opt/rustwide/workdir:ro,Z" "-v" "/var/lib/crater-agent-workspace/cargo-home:/opt/rustwide/cargo-home:ro,Z" "-v" "/var/lib/crater-agent-workspace/rustup-home:/opt/rustwide/rustup-home:ro,Z" "-e" "SOURCE_DIR=/opt/rustwide/workdir" "-e" "CARGO_TARGET_DIR=/opt/rustwide/target" "-e" "CARGO_HOME=/opt/rustwide/cargo-home" "-e" "RUSTUP_HOME=/opt/rustwide/rustup-home" "-w" "/opt/rustwide/workdir" "-m" "1610612736" "--user" "0:0" "--network" "none" "ghcr.io/rust-lang/crates-build-env/linux@sha256:34b6a614d2c27851fe6cbf88fbd1137609cefab8b10d0615aaeb6fd47975d74e" "/opt/rustwide/cargo-home/bin/cargo" "+beta-2021-08-01" "metadata" "--no-deps" "--format-version=1", kill_on_drop: false }`
[INFO] [stdout] 6e0a5c69e4545f4431f8665d0c8acc2e5c73056ac0568d51fe5732c41be07d6d
[INFO] running `Command { std: "docker" "start" "-a" "6e0a5c69e4545f4431f8665d0c8acc2e5c73056ac0568d51fe5732c41be07d6d", kill_on_drop: false }`
[INFO] running `Command { std: "docker" "inspect" "6e0a5c69e4545f4431f8665d0c8acc2e5c73056ac0568d51fe5732c41be07d6d", kill_on_drop: false }`
[INFO] running `Command { std: "docker" "rm" "-f" "6e0a5c69e4545f4431f8665d0c8acc2e5c73056ac0568d51fe5732c41be07d6d", kill_on_drop: false }`
[INFO] [stdout] 6e0a5c69e4545f4431f8665d0c8acc2e5c73056ac0568d51fe5732c41be07d6d
[INFO] running `Command { std: "docker" "create" "-v" "/var/lib/crater-agent-workspace/builds/worker-94/target:/opt/rustwide/target:rw,Z" "-v" "/var/lib/crater-agent-workspace/builds/worker-94/source:/opt/rustwide/workdir:ro,Z" "-v" "/var/lib/crater-agent-workspace/cargo-home:/opt/rustwide/cargo-home:ro,Z" "-v" "/var/lib/crater-agent-workspace/rustup-home:/opt/rustwide/rustup-home:ro,Z" "-e" "SOURCE_DIR=/opt/rustwide/workdir" "-e" "CARGO_TARGET_DIR=/opt/rustwide/target" "-e" "CARGO_INCREMENTAL=0" "-e" "RUST_BACKTRACE=full" "-e" "RUSTFLAGS=--cap-lints=warn" "-e" "CARGO_HOME=/opt/rustwide/cargo-home" "-e" "RUSTUP_HOME=/opt/rustwide/rustup-home" "-w" "/opt/rustwide/workdir" "-m" "1610612736" "--user" "0:0" "--network" "none" "ghcr.io/rust-lang/crates-build-env/linux@sha256:34b6a614d2c27851fe6cbf88fbd1137609cefab8b10d0615aaeb6fd47975d74e" "/opt/rustwide/cargo-home/bin/cargo" "+beta-2021-08-01" "build" "--frozen" "--message-format=json", kill_on_drop: false }`
[INFO] [stdout] bd749c39c3e8ccf09714e9082610413bec15ea534b87385b6f2c84c07a2aaed5
[INFO] running `Command { std: "docker" "start" "-a" "bd749c39c3e8ccf09714e9082610413bec15ea534b87385b6f2c84c07a2aaed5", kill_on_drop: false }`
[INFO] [stderr]     Blocking waiting for file lock on package cache
[INFO] [stderr]    Compiling autocfg v1.0.1
[INFO] [stderr]    Compiling proc-macro2 v1.0.26
[INFO] [stderr]    Compiling unicode-xid v0.2.2
[INFO] [stderr]    Compiling syn v1.0.72
[INFO] [stderr]    Compiling serde_derive v1.0.126
[INFO] [stderr]    Compiling serde v1.0.126
[INFO] [stderr]    Compiling bitflags v1.2.1
[INFO] [stderr]    Compiling libc v0.2.94
[INFO] [stderr]    Compiling radium v0.6.2
[INFO] [stderr]    Compiling ryu v1.0.5
[INFO] [stderr]    Compiling syn v0.15.44
[INFO] [stderr]    Compiling cfg-if v1.0.0
[INFO] [stderr]    Compiling wyz v0.2.0
[INFO] [stderr]    Compiling serde_json v1.0.64
[INFO] [stderr]    Compiling unicode-segmentation v1.7.1
[INFO] [stderr]    Compiling funty v1.2.0
[INFO] [stderr]    Compiling tap v1.0.1
[INFO] [stderr]    Compiling itoa v0.4.7
[INFO] [stderr]    Compiling strum v0.11.0
[INFO] [stderr]    Compiling quote v0.6.13
[INFO] [stderr]    Compiling num-traits v0.2.14
[INFO] [stderr]    Compiling num-integer v0.1.44
[INFO] [stderr]    Compiling num-bigint v0.4.0
[INFO] [stderr]    Compiling num-rational v0.4.0
[INFO] [stderr]    Compiling num-iter v0.1.42
[INFO] [stderr]    Compiling heck v0.3.2
[INFO] [stderr]    Compiling quote v1.0.9
[INFO] [stderr]    Compiling num-complex v0.4.0
[INFO] [stderr]    Compiling nix v0.20.0
[INFO] [stderr]    Compiling strum_macros v0.11.0
[INFO] [stderr]    Compiling num v0.4.0
[INFO] [stderr]    Compiling num-derive v0.3.3
[INFO] [stderr]    Compiling bitvec v0.21.2
[INFO] [stderr]    Compiling evdev v0.11.0
[INFO] [stderr]    Compiling chord2key v0.1.1 (/opt/rustwide/workdir)
[INFO] [stderr]     Finished dev [unoptimized + debuginfo] target(s) in 28.24s
[INFO] running `Command { std: "docker" "inspect" "bd749c39c3e8ccf09714e9082610413bec15ea534b87385b6f2c84c07a2aaed5", kill_on_drop: false }`
[INFO] running `Command { std: "docker" "rm" "-f" "bd749c39c3e8ccf09714e9082610413bec15ea534b87385b6f2c84c07a2aaed5", kill_on_drop: false }`
[INFO] [stdout] bd749c39c3e8ccf09714e9082610413bec15ea534b87385b6f2c84c07a2aaed5
[INFO] running `Command { std: "docker" "create" "-v" "/var/lib/crater-agent-workspace/builds/worker-94/target:/opt/rustwide/target:rw,Z" "-v" "/var/lib/crater-agent-workspace/builds/worker-94/source:/opt/rustwide/workdir:ro,Z" "-v" "/var/lib/crater-agent-workspace/cargo-home:/opt/rustwide/cargo-home:ro,Z" "-v" "/var/lib/crater-agent-workspace/rustup-home:/opt/rustwide/rustup-home:ro,Z" "-e" "SOURCE_DIR=/opt/rustwide/workdir" "-e" "CARGO_TARGET_DIR=/opt/rustwide/target" "-e" "CARGO_INCREMENTAL=0" "-e" "RUST_BACKTRACE=full" "-e" "RUSTFLAGS=--cap-lints=warn" "-e" "CARGO_HOME=/opt/rustwide/cargo-home" "-e" "RUSTUP_HOME=/opt/rustwide/rustup-home" "-w" "/opt/rustwide/workdir" "-m" "1610612736" "--user" "0:0" "--network" "none" "ghcr.io/rust-lang/crates-build-env/linux@sha256:34b6a614d2c27851fe6cbf88fbd1137609cefab8b10d0615aaeb6fd47975d74e" "/opt/rustwide/cargo-home/bin/cargo" "+beta-2021-08-01" "test" "--frozen" "--no-run" "--message-format=json", kill_on_drop: false }`
[INFO] [stdout] cfbdf7027d66078de5412f66673bdc3150a18fe02957e6d137ec7889604a9ccc
[INFO] running `Command { std: "docker" "start" "-a" "cfbdf7027d66078de5412f66673bdc3150a18fe02957e6d137ec7889604a9ccc", kill_on_drop: false }`
[INFO] [stderr]    Compiling chord2key v0.1.1 (/opt/rustwide/workdir)
[INFO] [stderr]     Finished test [unoptimized + debuginfo] target(s) in 3.56s
[INFO] running `Command { std: "docker" "inspect" "cfbdf7027d66078de5412f66673bdc3150a18fe02957e6d137ec7889604a9ccc", kill_on_drop: false }`
[INFO] running `Command { std: "docker" "rm" "-f" "cfbdf7027d66078de5412f66673bdc3150a18fe02957e6d137ec7889604a9ccc", kill_on_drop: false }`
[INFO] [stdout] cfbdf7027d66078de5412f66673bdc3150a18fe02957e6d137ec7889604a9ccc
[INFO] running `Command { std: "docker" "create" "-v" "/var/lib/crater-agent-workspace/builds/worker-94/target:/opt/rustwide/target:rw,Z" "-v" "/var/lib/crater-agent-workspace/builds/worker-94/source:/opt/rustwide/workdir:ro,Z" "-v" "/var/lib/crater-agent-workspace/cargo-home:/opt/rustwide/cargo-home:ro,Z" "-v" "/var/lib/crater-agent-workspace/rustup-home:/opt/rustwide/rustup-home:ro,Z" "-e" "SOURCE_DIR=/opt/rustwide/workdir" "-e" "CARGO_TARGET_DIR=/opt/rustwide/target" "-e" "CARGO_INCREMENTAL=0" "-e" "RUST_BACKTRACE=full" "-e" "RUSTFLAGS=--cap-lints=warn" "-e" "CARGO_HOME=/opt/rustwide/cargo-home" "-e" "RUSTUP_HOME=/opt/rustwide/rustup-home" "-w" "/opt/rustwide/workdir" "-m" "1610612736" "--user" "0:0" "--network" "none" "ghcr.io/rust-lang/crates-build-env/linux@sha256:34b6a614d2c27851fe6cbf88fbd1137609cefab8b10d0615aaeb6fd47975d74e" "/opt/rustwide/cargo-home/bin/cargo" "+beta-2021-08-01" "test" "--frozen", kill_on_drop: false }`
[INFO] [stdout] 6d6f145e1b60b56bb4badc1022caac0cd6e2679c6bf43687f5feacba46974563
[INFO] running `Command { std: "docker" "start" "-a" "6d6f145e1b60b56bb4badc1022caac0cd6e2679c6bf43687f5feacba46974563", kill_on_drop: false }`
[INFO] [stdout] 
[INFO] [stderr]     Finished test [unoptimized + debuginfo] target(s) in 0.11s
[INFO] [stdout] running 2 tests
[INFO] [stderr]      Running unittests (/opt/rustwide/target/debug/deps/chord2key-2178b81c8b277e31)
[INFO] [stdout] test attribute_set::tests::duplicates ... ok
[INFO] [stderr]      Running unittests (/opt/rustwide/target/debug/deps/chord2key-cd99586a84881d2d)
[INFO] [stdout] test mapping::thresholds::tests::axis_thresholds_loose_add ... ok
[INFO] [stdout] 
[INFO] [stdout] test result: ok. 2 passed; 0 failed; 0 ignored; 0 measured; 0 filtered out; finished in 0.01s
[INFO] [stdout] 
[INFO] [stderr]      Running unittests (/opt/rustwide/target/debug/deps/guided_tests-326c02809ab3d92b)
[INFO] [stdout] 
[INFO] [stdout] running 0 tests
[INFO] [stdout] 
[INFO] [stdout] test result: ok. 0 passed; 0 failed; 0 ignored; 0 measured; 0 filtered out; finished in 0.00s
[INFO] [stdout] 
[INFO] [stdout] 
[INFO] [stdout] running 0 tests
[INFO] [stdout] 
[INFO] [stdout] test result: ok. 0 passed; 0 failed; 0 ignored; 0 measured; 0 filtered out; finished in 0.00s
[INFO] [stdout] 
[INFO] [stderr]      Running unittests (/opt/rustwide/target/debug/deps/input_test-6bbdf5583114f34a)
[INFO] [stdout] 
[INFO] [stderr]    Doc-tests chord2key
[INFO] [stdout] running 0 tests
[INFO] [stdout] 
[INFO] [stdout] test result: ok. 0 passed; 0 failed; 0 ignored; 0 measured; 0 filtered out; finished in 0.00s
[INFO] [stdout] 
[INFO] [stdout] 
[INFO] [stdout] running 57 tests
[INFO] [stdout] test src/mapping/maps/mouse_map.rs - mapping::maps::mouse_map::MouseProfile::offset (line 34) ... ignored
[INFO] [stdout] test src/mapping/maps/mouse_map.rs - mapping::maps::mouse_map::MouseProfile::slope (line 27) ... ignored
[INFO] [stdout] test src/attribute_set.rs - attribute_set::AttributeSubset<T>::copy_from (line 457) ... FAILED
[INFO] [stdout] test src/attribute_set.rs - attribute_set::AttributeSubset<T>::contains (line 394) ... FAILED
[INFO] [stdout] test src/attribute_set.rs - attribute_set::AttributeSubset<T>::items (line 433) ... FAILED
[INFO] [stdout] test src/attribute_set.rs - attribute_set::AttributeSet<T>::empty_subset (line 151) ... FAILED
[INFO] [stdout] test src/constants.rs - constants::evdev::RelativeAxisType (line 25) ... FAILED
[INFO] [stdout] test src/attribute_set.rs - attribute_set::AttributeSubset (line 287) ... FAILED
[INFO] [stdout] test src/events.rs - events::RelAxisEvent::axis (line 124) ... FAILED
[INFO] [stdout] test src/output/actions.rs - output::actions::KeyStateChange::inverse (line 153) ... FAILED
[INFO] [stdout] test src/events.rs - events::RelAxisEvent::state (line 137) ... FAILED
[INFO] [stdout] test src/mapping/thresholds.rs - mapping::thresholds::ThresholdedAxis::opposite (line 59) ... FAILED
[INFO] [stdout] test src/attribute_set.rs - attribute_set::AttributeSet<T>::subset_from (line 191) ... FAILED
[INFO] [stdout] test src/mapping/thresholds.rs - mapping::thresholds::AxisThreshold::is_passing (line 140) ... FAILED
[INFO] [stdout] test src/output/actions.rs - output::actions::AxisList::inverse (line 277) ... FAILED
[INFO] [stdout] test src/output/actions.rs - output::actions::StateChange::new (line 89) ... FAILED
[INFO] [stdout] test src/mapping/thresholds.rs - mapping::thresholds::ThresholdType::opposite (line 114) ... FAILED
[INFO] [stdout] test src/events.rs - events::KeyEvent::key (line 35) ... FAILED
[INFO] [stdout] test src/events.rs - events::RelAxisEvent::new (line 108) ... FAILED
[INFO] [stdout] test src/events.rs - events::KeyEvent::new (line 19) ... FAILED
[INFO] [stdout] test src/output/actions.rs - output::actions::AxisList::iter (line 302) ... FAILED
[INFO] [stdout] test src/mapping/thresholds.rs - mapping::thresholds::ThresholdedAxis::code (line 91) ... FAILED
[INFO] [stdout] test src/attribute_set.rs - attribute_set::AttributeSet<T>::iter (line 223) ... FAILED
[INFO] [stdout] test src/attribute_set.rs - attribute_set::AttributeSet<T>::subset_with (line 166) ... FAILED
[INFO] [stdout] test src/mapping/thresholds.rs - mapping::thresholds::ThresholdedAxis::threshold (line 77) ... FAILED
[INFO] [stdout] test src/events.rs - events::KeyEvent::state (line 49) ... FAILED
[INFO] [stdout] test src/mapping/thresholds.rs - mapping::thresholds::AllAxisThresholds::init (line 308) ... FAILED
[INFO] [stdout] test src/mapping/thresholds.rs - mapping::thresholds::AxisThreshold::loose_match (line 169) ... FAILED
[INFO] [stdout] test src/attribute_set.rs - attribute_set::AttributeSubset<T>::clear (line 415) ... FAILED
[INFO] [stdout] test src/attribute_set.rs - attribute_set::AttributeSubset (line 253) ... FAILED
[INFO] [stdout] test src/attribute_set.rs - attribute_set::AttributeSet (line 17) ... FAILED
[INFO] [stdout] test src/attribute_set.rs - attribute_set::AttributeSubset<T>::remove (line 368) ... FAILED
[INFO] [stdout] test src/attribute_set.rs - attribute_set::AttributeSet<T>::contains (line 136) ... FAILED
[INFO] [stdout] test src/constants.rs - constants::evdev::Key (line 57) ... ok
[INFO] [stdout] test src/mapping/thresholds.rs - mapping::thresholds::AllAxisThresholds::codes (line 437) ... FAILED
[INFO] [stdout] test src/attribute_set.rs - attribute_set::AttributeSubset<T>::try_insert (line 345) ... FAILED
[INFO] [stdout] test src/attribute_set.rs - attribute_set::AttributeSet<T>::from (line 90) ... FAILED
[INFO] [stdout] test src/input/device.rs - input::device::InputDevice::from_name (line 24) ... ok
[INFO] [stdout] test src/attribute_set.rs - attribute_set::AttributeSet<T>::len (line 106) ... FAILED
[INFO] [stdout] test src/attribute_set.rs - attribute_set::AttributeSet<T>::from_capacity (line 60) ... FAILED
[INFO] [stdout] test src/attribute_set.rs - attribute_set::AttributeSet<T>::is_empty (line 119) ... FAILED
[INFO] [stdout] test src/mapping/configuration.rs - mapping::configuration::Configuration::joycon_default (line 885) ... FAILED
[INFO] [stdout] test src/output/actions.rs - output::actions::StateChange::inverse (line 112) ... FAILED
[INFO] [stdout] test src/mapping/thresholds.rs - mapping::thresholds::AllAxisThresholds::get_passing (line 333) ... FAILED
[INFO] [stdout] test src/output/device.rs - output::device::OutputDevice::pulse_time (line 31) ... FAILED
[INFO] [stdout] test src/constants.rs - constants::evdev::AbsoluteAxisType (line 41) ... FAILED
[INFO] [stdout] test src/output/actions.rs - output::actions::Toggle::new (line 39) ... ok
[INFO] [stdout] test src/mapping/thresholds.rs - mapping::thresholds::AllAxisThresholds::get_passing_with_state (line 374) ... FAILED
[INFO] [stdout] test src/events.rs - events::AbsAxisEvent::axis (line 210) ... FAILED
[INFO] [stdout] test src/output/actions.rs - output::actions::AxisList::iter_mut (line 322) ... FAILED
[INFO] [stdout] test src/output/actions.rs - output::actions::Pulse::new (line 64) ... FAILED
[INFO] [stdout] test src/events.rs - events::AbsAxisEvent::new (line 194) ... FAILED
[INFO] [stdout] test src/events.rs - events::RelAxisEvent::set_state (line 150) ... FAILED
[INFO] [stdout] test src/mapping/thresholds.rs - mapping::thresholds::AllAxisThresholds::has_threshold (line 417) ... FAILED
[INFO] [stdout] test src/mapping/thresholds.rs - mapping::thresholds::ThresholdedAxis::all_possible (line 17) ... FAILED
[INFO] [stdout] test src/events.rs - events::AbsAxisEvent::state (line 223) ... FAILED
[INFO] [stdout] test src/mapping/thresholds.rs - mapping::thresholds::ThresholdedAxis::new (line 46) ... FAILED
[INFO] [stdout] 
[INFO] [stdout] failures:
[INFO] [stdout] 
[INFO] [stdout] ---- src/attribute_set.rs - attribute_set::AttributeSubset<T>::copy_from (line 457) stdout ----
[INFO] [stdout] Couldn't compile the test.
[INFO] [stdout] ---- src/attribute_set.rs - attribute_set::AttributeSubset<T>::contains (line 394) stdout ----
[INFO] [stdout] Couldn't compile the test.
[INFO] [stdout] ---- src/attribute_set.rs - attribute_set::AttributeSubset<T>::items (line 433) stdout ----
[INFO] [stdout] Couldn't compile the test.
[INFO] [stdout] ---- src/attribute_set.rs - attribute_set::AttributeSet<T>::empty_subset (line 151) stdout ----
[INFO] [stdout] Couldn't compile the test.
[INFO] [stdout] ---- src/constants.rs - constants::evdev::RelativeAxisType (line 25) stdout ----
[INFO] [stdout] Couldn't compile the test.
[INFO] [stdout] ---- src/attribute_set.rs - attribute_set::AttributeSubset (line 287) stdout ----
[INFO] [stdout] Couldn't compile the test.
[INFO] [stdout] ---- src/events.rs - events::RelAxisEvent::axis (line 124) stdout ----
[INFO] [stdout] Couldn't compile the test.
[INFO] [stdout] ---- src/output/actions.rs - output::actions::KeyStateChange::inverse (line 153) stdout ----
[INFO] [stdout] Couldn't compile the test.
[INFO] [stdout] ---- src/events.rs - events::RelAxisEvent::state (line 137) stdout ----
[INFO] [stdout] Couldn't compile the test.
[INFO] [stdout] ---- src/mapping/thresholds.rs - mapping::thresholds::ThresholdedAxis::opposite (line 59) stdout ----
[INFO] [stdout] Couldn't compile the test.
[INFO] [stdout] ---- src/attribute_set.rs - attribute_set::AttributeSet<T>::subset_from (line 191) stdout ----
[INFO] [stdout] Couldn't compile the test.
[INFO] [stdout] ---- src/mapping/thresholds.rs - mapping::thresholds::AxisThreshold::is_passing (line 140) stdout ----
[INFO] [stdout] Couldn't compile the test.
[INFO] [stdout] ---- src/output/actions.rs - output::actions::AxisList::inverse (line 277) stdout ----
[INFO] [stdout] Couldn't compile the test.
[INFO] [stdout] ---- src/output/actions.rs - output::actions::StateChange::new (line 89) stdout ----
[INFO] [stdout] Couldn't compile the test.
[INFO] [stdout] ---- src/mapping/thresholds.rs - mapping::thresholds::ThresholdType::opposite (line 114) stdout ----
[INFO] [stdout] Couldn't compile the test.
[INFO] [stdout] ---- src/events.rs - events::KeyEvent::key (line 35) stdout ----
[INFO] [stdout] Couldn't compile the test.
[INFO] [stdout] ---- src/events.rs - events::RelAxisEvent::new (line 108) stdout ----
[INFO] [stdout] Couldn't compile the test.
[INFO] [stdout] ---- src/events.rs - events::KeyEvent::new (line 19) stdout ----
[INFO] [stdout] Couldn't compile the test.
[INFO] [stdout] ---- src/output/actions.rs - output::actions::AxisList::iter (line 302) stdout ----
[INFO] [stdout] Couldn't compile the test.
[INFO] [stdout] ---- src/mapping/thresholds.rs - mapping::thresholds::ThresholdedAxis::code (line 91) stdout ----
[INFO] [stdout] Couldn't compile the test.
[INFO] [stdout] ---- src/attribute_set.rs - attribute_set::AttributeSet<T>::iter (line 223) stdout ----
[INFO] [stdout] Couldn't compile the test.
[INFO] [stdout] ---- src/attribute_set.rs - attribute_set::AttributeSet<T>::subset_with (line 166) stdout ----
[INFO] [stdout] Couldn't compile the test.
[INFO] [stdout] ---- src/mapping/thresholds.rs - mapping::thresholds::ThresholdedAxis::threshold (line 77) stdout ----
[INFO] [stdout] Couldn't compile the test.
[INFO] [stdout] ---- src/events.rs - events::KeyEvent::state (line 49) stdout ----
[INFO] [stdout] Couldn't compile the test.
[INFO] [stdout] ---- src/mapping/thresholds.rs - mapping::thresholds::AllAxisThresholds::init (line 308) stdout ----
[INFO] [stdout] Couldn't compile the test.
[INFO] [stdout] ---- src/mapping/thresholds.rs - mapping::thresholds::AxisThreshold::loose_match (line 169) stdout ----
[INFO] [stdout] Couldn't compile the test.
[INFO] [stdout] ---- src/attribute_set.rs - attribute_set::AttributeSubset<T>::clear (line 415) stdout ----
[INFO] [stdout] Couldn't compile the test.
[INFO] [stdout] ---- src/attribute_set.rs - attribute_set::AttributeSubset (line 253) stdout ----
[INFO] [stdout] Couldn't compile the test.
[INFO] [stdout] ---- src/attribute_set.rs - attribute_set::AttributeSet (line 17) stdout ----
[INFO] [stdout] Couldn't compile the test.
[INFO] [stdout] ---- src/attribute_set.rs - attribute_set::AttributeSubset<T>::remove (line 368) stdout ----
[INFO] [stdout] Couldn't compile the test.
[INFO] [stdout] ---- src/attribute_set.rs - attribute_set::AttributeSet<T>::contains (line 136) stdout ----
[INFO] [stdout] Couldn't compile the test.
[INFO] [stdout] ---- src/mapping/thresholds.rs - mapping::thresholds::AllAxisThresholds::codes (line 437) stdout ----
[INFO] [stdout] Couldn't compile the test.
[INFO] [stdout] ---- src/attribute_set.rs - attribute_set::AttributeSubset<T>::try_insert (line 345) stdout ----
[INFO] [stdout] Couldn't compile the test.
[INFO] [stdout] ---- src/attribute_set.rs - attribute_set::AttributeSet<T>::from (line 90) stdout ----
[INFO] [stdout] Couldn't compile the test.
[INFO] [stdout] ---- src/attribute_set.rs - attribute_set::AttributeSet<T>::len (line 106) stdout ----
[INFO] [stdout] Couldn't compile the test.
[INFO] [stdout] ---- src/attribute_set.rs - attribute_set::AttributeSet<T>::from_capacity (line 60) stdout ----
[INFO] [stdout] Couldn't compile the test.
[INFO] [stdout] ---- src/attribute_set.rs - attribute_set::AttributeSet<T>::is_empty (line 119) stdout ----
[INFO] [stdout] Couldn't compile the test.
[INFO] [stdout] ---- src/mapping/configuration.rs - mapping::configuration::Configuration::joycon_default (line 885) stdout ----
[INFO] [stdout] Couldn't compile the test.
[INFO] [stdout] ---- src/output/actions.rs - output::actions::StateChange::inverse (line 112) stdout ----
[INFO] [stdout] Couldn't compile the test.
[INFO] [stdout] ---- src/mapping/thresholds.rs - mapping::thresholds::AllAxisThresholds::get_passing (line 333) stdout ----
[INFO] [stdout] Couldn't compile the test.
[INFO] [stdout] ---- src/output/device.rs - output::device::OutputDevice::pulse_time (line 31) stdout ----
[INFO] [stdout] Couldn't compile the test.
[INFO] [stdout] ---- src/constants.rs - constants::evdev::AbsoluteAxisType (line 41) stdout ----
[INFO] [stdout] Couldn't compile the test.
[INFO] [stdout] ---- src/mapping/thresholds.rs - mapping::thresholds::AllAxisThresholds::get_passing_with_state (line 374) stdout ----
[INFO] [stdout] Couldn't compile the test.
[INFO] [stdout] ---- src/events.rs - events::AbsAxisEvent::axis (line 210) stdout ----
[INFO] [stdout] Couldn't compile the test.
[INFO] [stdout] ---- src/output/actions.rs - output::actions::AxisList::iter_mut (line 322) stdout ----
[INFO] [stdout] Couldn't compile the test.
[INFO] [stdout] ---- src/output/actions.rs - output::actions::Pulse::new (line 64) stdout ----
[INFO] [stdout] Couldn't compile the test.
[INFO] [stdout] ---- src/events.rs - events::AbsAxisEvent::new (line 194) stdout ----
[INFO] [stdout] Couldn't compile the test.
[INFO] [stdout] ---- src/events.rs - events::RelAxisEvent::set_state (line 150) stdout ----
[INFO] [stdout] Couldn't compile the test.
[INFO] [stdout] ---- src/mapping/thresholds.rs - mapping::thresholds::AllAxisThresholds::has_threshold (line 417) stdout ----
[INFO] [stdout] Couldn't compile the test.
[INFO] [stdout] ---- src/mapping/thresholds.rs - mapping::thresholds::ThresholdedAxis::all_possible (line 17) stdout ----
[INFO] [stdout] Couldn't compile the test.
[INFO] [stdout] ---- src/events.rs - events::AbsAxisEvent::state (line 223) stdout ----
[INFO] [stdout] Couldn't compile the test.
[INFO] [stdout] ---- src/mapping/thresholds.rs - mapping::thresholds::ThresholdedAxis::new (line 46) stdout ----
[INFO] [stdout] Couldn't compile the test.
[INFO] [stdout] 
[INFO] [stdout] failures:
[INFO] [stdout]     src/attribute_set.rs - attribute_set::AttributeSet (line 17)
[INFO] [stdout]     src/attribute_set.rs - attribute_set::AttributeSet<T>::contains (line 136)
[INFO] [stdout]     src/attribute_set.rs - attribute_set::AttributeSet<T>::empty_subset (line 151)
[INFO] [stdout]     src/attribute_set.rs - attribute_set::AttributeSet<T>::from (line 90)
[INFO] [stdout]     src/attribute_set.rs - attribute_set::AttributeSet<T>::from_capacity (line 60)
[INFO] [stdout]     src/attribute_set.rs - attribute_set::AttributeSet<T>::is_empty (line 119)
[INFO] [stdout]     src/attribute_set.rs - attribute_set::AttributeSet<T>::iter (line 223)
[INFO] [stdout]     src/attribute_set.rs - attribute_set::AttributeSet<T>::len (line 106)
[INFO] [stdout]     src/attribute_set.rs - attribute_set::AttributeSet<T>::subset_from (line 191)
[INFO] [stdout]     src/attribute_set.rs - attribute_set::AttributeSet<T>::subset_with (line 166)
[INFO] [stdout]     src/attribute_set.rs - attribute_set::AttributeSubset (line 253)
[INFO] [stdout]     src/attribute_set.rs - attribute_set::AttributeSubset (line 287)
[INFO] [stdout]     src/attribute_set.rs - attribute_set::AttributeSubset<T>::clear (line 415)
[INFO] [stdout]     src/attribute_set.rs - attribute_set::AttributeSubset<T>::contains (line 394)
[INFO] [stdout]     src/attribute_set.rs - attribute_set::AttributeSubset<T>::copy_from (line 457)
[INFO] [stdout]     src/attribute_set.rs - attribute_set::AttributeSubset<T>::items (line 433)
[INFO] [stdout]     src/attribute_set.rs - attribute_set::AttributeSubset<T>::remove (line 368)
[INFO] [stdout]     src/attribute_set.rs - attribute_set::AttributeSubset<T>::try_insert (line 345)
[INFO] [stdout]     src/constants.rs - constants::evdev::AbsoluteAxisType (line 41)
[INFO] [stdout]     src/constants.rs - constants::evdev::RelativeAxisType (line 25)
[INFO] [stdout]     src/events.rs - events::AbsAxisEvent::axis (line 210)
[INFO] [stdout]     src/events.rs - events::AbsAxisEvent::new (line 194)
[INFO] [stdout]     src/events.rs - events::AbsAxisEvent::state (line 223)
[INFO] [stdout]     src/events.rs - events::KeyEvent::key (line 35)
[INFO] [stdout]     src/events.rs - events::KeyEvent::new (line 19)
[INFO] [stdout]     src/events.rs - events::KeyEvent::state (line 49)
[INFO] [stdout]     src/events.rs - events::RelAxisEvent::axis (line 124)
[INFO] [stdout]     src/events.rs - events::RelAxisEvent::new (line 108)
[INFO] [stdout]     src/events.rs - events::RelAxisEvent::set_state (line 150)
[INFO] [stdout]     src/events.rs - events::RelAxisEvent::state (line 137)
[INFO] [stdout]     src/mapping/configuration.rs - mapping::configuration::Configuration::joycon_default (line 885)
[INFO] [stdout]     src/mapping/thresholds.rs - mapping::thresholds::AllAxisThresholds::codes (line 437)
[INFO] [stdout]     src/mapping/thresholds.rs - mapping::thresholds::AllAxisThresholds::get_passing (line 333)
[INFO] [stdout]     src/mapping/thresholds.rs - mapping::thresholds::AllAxisThresholds::get_passing_with_state (line 374)
[INFO] [stdout]     src/mapping/thresholds.rs - mapping::thresholds::AllAxisThresholds::has_threshold (line 417)
[INFO] [stdout]     src/mapping/thresholds.rs - mapping::thresholds::AllAxisThresholds::init (line 308)
[INFO] [stdout]     src/mapping/thresholds.rs - mapping::thresholds::AxisThreshold::is_passing (line 140)
[INFO] [stdout]     src/mapping/thresholds.rs - mapping::thresholds::AxisThreshold::loose_match (line 169)
[INFO] [stdout]     src/mapping/thresholds.rs - mapping::thresholds::ThresholdType::opposite (line 114)
[INFO] [stdout]     src/mapping/thresholds.rs - mapping::thresholds::ThresholdedAxis::all_possible (line 17)
[INFO] [stdout]     src/mapping/thresholds.rs - mapping::thresholds::ThresholdedAxis::code (line 91)
[INFO] [stdout]     src/mapping/thresholds.rs - mapping::thresholds::ThresholdedAxis::new (line 46)
[INFO] [stdout]     src/mapping/thresholds.rs - mapping::thresholds::ThresholdedAxis::opposite (line 59)
[INFO] [stdout]     src/mapping/thresholds.rs - mapping::thresholds::ThresholdedAxis::threshold (line 77)
[INFO] [stdout]     src/output/actions.rs - output::actions::AxisList::inverse (line 277)
[INFO] [stdout]     src/output/actions.rs - output::actions::AxisList::iter (line 302)
[INFO] [stdout]     src/output/actions.rs - output::actions::AxisList::iter_mut (line 322)
[INFO] [stdout]     src/output/actions.rs - output::actions::KeyStateChange::inverse (line 153)
[INFO] [stdout]     src/output/actions.rs - output::actions::Pulse::new (line 64)
[INFO] [stdout]     src/output/actions.rs - output::actions::StateChange::inverse (line 112)
[INFO] [stdout]     src/output/actions.rs - output::actions::StateChange::new (line 89)
[INFO] [stdout]     src/output/device.rs - output::device::OutputDevice::pulse_time (line 31)
[INFO] [stdout] 
[INFO] [stdout] test result: FAILED. 3 passed; 52 failed; 2 ignored; 0 measured; 0 filtered out; finished in 3.52s
[INFO] [stdout] 
[INFO] [stderr] error: test failed, to rerun pass '--doc'
[INFO] running `Command { std: "docker" "inspect" "6d6f145e1b60b56bb4badc1022caac0cd6e2679c6bf43687f5feacba46974563", kill_on_drop: false }`
[INFO] running `Command { std: "docker" "rm" "-f" "6d6f145e1b60b56bb4badc1022caac0cd6e2679c6bf43687f5feacba46974563", kill_on_drop: false }`
[INFO] [stdout] 6d6f145e1b60b56bb4badc1022caac0cd6e2679c6bf43687f5feacba46974563
