[INFO] cloning repository https://github.com/myfreeweb/dcml
[INFO] running `Command { std: "git" "-c" "credential.helper=" "-c" "credential.helper=/workspace/cargo-home/bin/git-credential-null" "clone" "--bare" "https://github.com/myfreeweb/dcml" "/workspace/cache/git-repos/https%3A%2F%2Fgithub.com%2Fmyfreeweb%2Fdcml", kill_on_drop: false }`
[INFO] [stderr] Cloning into bare repository '/workspace/cache/git-repos/https%3A%2F%2Fgithub.com%2Fmyfreeweb%2Fdcml'...
[INFO] running `Command { std: "git" "rev-parse" "HEAD", kill_on_drop: false }`
[INFO] [stdout] 4b5fda1fd6b741de053f2e5e3c07b22639b56acf
[INFO] testing myfreeweb/dcml against 1.54.0 for beta-1.55-1
[INFO] running `Command { std: "git" "clone" "/workspace/cache/git-repos/https%3A%2F%2Fgithub.com%2Fmyfreeweb%2Fdcml" "/workspace/builds/worker-48/source", kill_on_drop: false }`
[INFO] [stderr] Cloning into '/workspace/builds/worker-48/source'...
[INFO] [stderr] done.
[INFO] validating manifest of git repo https://github.com/myfreeweb/dcml on toolchain 1.54.0
[INFO] running `Command { std: "/workspace/cargo-home/bin/cargo" "+1.54.0" "metadata" "--manifest-path" "Cargo.toml" "--no-deps", kill_on_drop: false }`
[INFO] started tweaking git repo https://github.com/myfreeweb/dcml
[INFO] finished tweaking git repo https://github.com/myfreeweb/dcml
[INFO] tweaked toml for git repo https://github.com/myfreeweb/dcml written to /workspace/builds/worker-48/source/Cargo.toml
[INFO] crate git repo https://github.com/myfreeweb/dcml already has a lockfile, it will not be regenerated
[INFO] running `Command { std: "/workspace/cargo-home/bin/cargo" "+1.54.0" "fetch" "--manifest-path" "Cargo.toml", kill_on_drop: false }`
[INFO] [stderr]     Blocking waiting for file lock on package cache
[INFO] [stderr]     Blocking waiting for file lock on package cache
[INFO] [stderr]  Downloading crates ...
[INFO] [stderr]   Downloaded serde_derive v1.0.9
[INFO] [stderr]   Downloaded serde v1.0.9
[INFO] [stderr]   Downloaded combine v2.3.2
[INFO] [stderr]   Downloaded im v4.1.0
[INFO] [stderr]   Downloaded combine-language v2.0.0
[INFO] running `Command { std: "docker" "create" "-v" "/var/lib/crater-agent-workspace/builds/worker-48/target:/opt/rustwide/target:rw,Z" "-v" "/var/lib/crater-agent-workspace/builds/worker-48/source:/opt/rustwide/workdir:ro,Z" "-v" "/var/lib/crater-agent-workspace/cargo-home:/opt/rustwide/cargo-home:ro,Z" "-v" "/var/lib/crater-agent-workspace/rustup-home:/opt/rustwide/rustup-home:ro,Z" "-e" "SOURCE_DIR=/opt/rustwide/workdir" "-e" "CARGO_TARGET_DIR=/opt/rustwide/target" "-e" "CARGO_HOME=/opt/rustwide/cargo-home" "-e" "RUSTUP_HOME=/opt/rustwide/rustup-home" "-w" "/opt/rustwide/workdir" "-m" "1610612736" "--user" "0:0" "--network" "none" "ghcr.io/rust-lang/crates-build-env/linux@sha256:34b6a614d2c27851fe6cbf88fbd1137609cefab8b10d0615aaeb6fd47975d74e" "/opt/rustwide/cargo-home/bin/cargo" "+1.54.0" "metadata" "--no-deps" "--format-version=1", kill_on_drop: false }`
[INFO] [stdout] 0657dc092d7192fe3c044b8b944bfca6c38019355fb8d82d8417853e9f414156
[INFO] running `Command { std: "docker" "start" "-a" "0657dc092d7192fe3c044b8b944bfca6c38019355fb8d82d8417853e9f414156", kill_on_drop: false }`
[INFO] running `Command { std: "docker" "inspect" "0657dc092d7192fe3c044b8b944bfca6c38019355fb8d82d8417853e9f414156", kill_on_drop: false }`
[INFO] running `Command { std: "docker" "rm" "-f" "0657dc092d7192fe3c044b8b944bfca6c38019355fb8d82d8417853e9f414156", kill_on_drop: false }`
[INFO] [stdout] 0657dc092d7192fe3c044b8b944bfca6c38019355fb8d82d8417853e9f414156
[INFO] running `Command { std: "docker" "create" "-v" "/var/lib/crater-agent-workspace/builds/worker-48/target:/opt/rustwide/target:rw,Z" "-v" "/var/lib/crater-agent-workspace/builds/worker-48/source:/opt/rustwide/workdir:ro,Z" "-v" "/var/lib/crater-agent-workspace/cargo-home:/opt/rustwide/cargo-home:ro,Z" "-v" "/var/lib/crater-agent-workspace/rustup-home:/opt/rustwide/rustup-home:ro,Z" "-e" "SOURCE_DIR=/opt/rustwide/workdir" "-e" "CARGO_TARGET_DIR=/opt/rustwide/target" "-e" "CARGO_INCREMENTAL=0" "-e" "RUST_BACKTRACE=full" "-e" "RUSTFLAGS=--cap-lints=warn" "-e" "CARGO_HOME=/opt/rustwide/cargo-home" "-e" "RUSTUP_HOME=/opt/rustwide/rustup-home" "-w" "/opt/rustwide/workdir" "-m" "1610612736" "--user" "0:0" "--network" "none" "ghcr.io/rust-lang/crates-build-env/linux@sha256:34b6a614d2c27851fe6cbf88fbd1137609cefab8b10d0615aaeb6fd47975d74e" "/opt/rustwide/cargo-home/bin/cargo" "+1.54.0" "build" "--frozen" "--message-format=json", kill_on_drop: false }`
[INFO] [stdout] e98c381f7d13f98bda2ea738ede6d002850fd92bef14aad53e540515e0a3491f
[INFO] running `Command { std: "docker" "start" "-a" "e98c381f7d13f98bda2ea738ede6d002850fd92bef14aad53e540515e0a3491f", kill_on_drop: false }`
[INFO] [stderr]     Blocking waiting for file lock on package cache
[INFO] [stderr]    Compiling num-traits v0.1.39
[INFO] [stderr]    Compiling libc v0.2.24
[INFO] [stderr]    Compiling ascii v0.7.1
[INFO] [stderr]    Compiling serde v1.0.9
[INFO] [stderr]    Compiling im v4.1.0
[INFO] [stderr]    Compiling combine v2.3.2
[INFO] [stderr]    Compiling num-integer v0.1.34
[INFO] [stderr]    Compiling num-complex v0.1.38
[INFO] [stderr]    Compiling rand v0.3.15
[INFO] [stderr]    Compiling num-iter v0.1.33
[INFO] [stderr]    Compiling combine-language v2.0.0
[INFO] [stderr]    Compiling num-bigint v0.1.39
[INFO] [stderr]    Compiling num-rational v0.1.38
[INFO] [stderr]    Compiling num v0.1.39
[INFO] [stderr]    Compiling dcml v0.0.0 (/opt/rustwide/workdir)
[INFO] [stdout] warning: unused `#[macro_use]` import
[INFO] [stdout]  --> src/lib.rs:2:1
[INFO] [stdout]   |
[INFO] [stdout] 2 | #[macro_use]
[INFO] [stdout]   | ^^^^^^^^^^^^
[INFO] [stdout]   |
[INFO] [stdout]   = note: `#[warn(unused_imports)]` on by default
[INFO] [stdout] 
[INFO] [stdout] 
[INFO] [stdout] warning: unnecessary trailing semicolon
[INFO] [stdout]    --> src/parser.rs:135:6
[INFO] [stdout]     |
[INFO] [stdout] 135 |     };
[INFO] [stdout]     |      ^ help: remove this semicolon
[INFO] [stdout]     |
[INFO] [stdout]     = note: `#[warn(redundant_semicolons)]` on by default
[INFO] [stdout] 
[INFO] [stdout] 
[INFO] [stderr]     Finished dev [unoptimized + debuginfo] target(s) in 25.86s
[INFO] [stdout] warning: 2 warnings emitted
[INFO] [stdout] 
[INFO] [stdout] 
[INFO] running `Command { std: "docker" "inspect" "e98c381f7d13f98bda2ea738ede6d002850fd92bef14aad53e540515e0a3491f", kill_on_drop: false }`
[INFO] running `Command { std: "docker" "rm" "-f" "e98c381f7d13f98bda2ea738ede6d002850fd92bef14aad53e540515e0a3491f", kill_on_drop: false }`
[INFO] [stdout] e98c381f7d13f98bda2ea738ede6d002850fd92bef14aad53e540515e0a3491f
[INFO] running `Command { std: "docker" "create" "-v" "/var/lib/crater-agent-workspace/builds/worker-48/target:/opt/rustwide/target:rw,Z" "-v" "/var/lib/crater-agent-workspace/builds/worker-48/source:/opt/rustwide/workdir:ro,Z" "-v" "/var/lib/crater-agent-workspace/cargo-home:/opt/rustwide/cargo-home:ro,Z" "-v" "/var/lib/crater-agent-workspace/rustup-home:/opt/rustwide/rustup-home:ro,Z" "-e" "SOURCE_DIR=/opt/rustwide/workdir" "-e" "CARGO_TARGET_DIR=/opt/rustwide/target" "-e" "CARGO_INCREMENTAL=0" "-e" "RUST_BACKTRACE=full" "-e" "RUSTFLAGS=--cap-lints=warn" "-e" "CARGO_HOME=/opt/rustwide/cargo-home" "-e" "RUSTUP_HOME=/opt/rustwide/rustup-home" "-w" "/opt/rustwide/workdir" "-m" "1610612736" "--user" "0:0" "--network" "none" "ghcr.io/rust-lang/crates-build-env/linux@sha256:34b6a614d2c27851fe6cbf88fbd1137609cefab8b10d0615aaeb6fd47975d74e" "/opt/rustwide/cargo-home/bin/cargo" "+1.54.0" "test" "--frozen" "--no-run" "--message-format=json", kill_on_drop: false }`
[INFO] [stdout] c307c998700bd9fa7f43a2c81b0e320027c55eb49a5078a36c3ca923ccf100ef
[INFO] running `Command { std: "docker" "start" "-a" "c307c998700bd9fa7f43a2c81b0e320027c55eb49a5078a36c3ca923ccf100ef", kill_on_drop: false }`
[INFO] [stderr]     Blocking waiting for file lock on package cache
[INFO] [stderr]    Compiling unicode-xid v0.0.4
[INFO] [stderr]    Compiling quote v0.3.15
[INFO] [stdout] warning: unused `#[macro_use]` import
[INFO] [stdout]  --> src/lib.rs:2:1
[INFO] [stdout]   |
[INFO] [stdout] 2 | #[macro_use]
[INFO] [stdout]   | ^^^^^^^^^^^^
[INFO] [stdout]   |
[INFO] [stdout]   = note: `#[warn(unused_imports)]` on by default
[INFO] [stdout] 
[INFO] [stdout] 
[INFO] [stdout] warning: unnecessary trailing semicolon
[INFO] [stdout]    --> src/parser.rs:135:6
[INFO] [stdout]     |
[INFO] [stdout] 135 |     };
[INFO] [stdout]     |      ^ help: remove this semicolon
[INFO] [stdout]     |
[INFO] [stdout]     = note: `#[warn(redundant_semicolons)]` on by default
[INFO] [stdout] 
[INFO] [stdout] 
[INFO] [stdout] warning: 2 warnings emitted
[INFO] [stdout] 
[INFO] [stdout] 
[INFO] [stderr]    Compiling synom v0.11.3
[INFO] [stderr]    Compiling syn v0.11.11
[INFO] [stderr]    Compiling serde_derive_internals v0.15.1
[INFO] [stderr]    Compiling serde_derive v1.0.9
[INFO] [stderr]    Compiling dcml v0.0.0 (/opt/rustwide/workdir)
[INFO] [stdout] warning: unnecessary trailing semicolon
[INFO] [stdout]    --> src/parser.rs:135:6
[INFO] [stdout]     |
[INFO] [stdout] 135 |     };
[INFO] [stdout]     |      ^ help: remove this semicolon
[INFO] [stdout]     |
[INFO] [stdout]     = note: `#[warn(redundant_semicolons)]` on by default
[INFO] [stdout] 
[INFO] [stdout] 
[INFO] [stdout] warning: 1 warning emitted
[INFO] [stdout] 
[INFO] [stdout] 
[INFO] [stderr]     Finished test [unoptimized + debuginfo] target(s) in 1m 12s
[INFO] running `Command { std: "docker" "inspect" "c307c998700bd9fa7f43a2c81b0e320027c55eb49a5078a36c3ca923ccf100ef", kill_on_drop: false }`
[INFO] running `Command { std: "docker" "rm" "-f" "c307c998700bd9fa7f43a2c81b0e320027c55eb49a5078a36c3ca923ccf100ef", kill_on_drop: false }`
[INFO] [stdout] c307c998700bd9fa7f43a2c81b0e320027c55eb49a5078a36c3ca923ccf100ef
[INFO] running `Command { std: "docker" "create" "-v" "/var/lib/crater-agent-workspace/builds/worker-48/target:/opt/rustwide/target:rw,Z" "-v" "/var/lib/crater-agent-workspace/builds/worker-48/source:/opt/rustwide/workdir:ro,Z" "-v" "/var/lib/crater-agent-workspace/cargo-home:/opt/rustwide/cargo-home:ro,Z" "-v" "/var/lib/crater-agent-workspace/rustup-home:/opt/rustwide/rustup-home:ro,Z" "-e" "SOURCE_DIR=/opt/rustwide/workdir" "-e" "CARGO_TARGET_DIR=/opt/rustwide/target" "-e" "CARGO_INCREMENTAL=0" "-e" "RUST_BACKTRACE=full" "-e" "RUSTFLAGS=--cap-lints=warn" "-e" "CARGO_HOME=/opt/rustwide/cargo-home" "-e" "RUSTUP_HOME=/opt/rustwide/rustup-home" "-w" "/opt/rustwide/workdir" "-m" "1610612736" "--user" "0:0" "--network" "none" "ghcr.io/rust-lang/crates-build-env/linux@sha256:34b6a614d2c27851fe6cbf88fbd1137609cefab8b10d0615aaeb6fd47975d74e" "/opt/rustwide/cargo-home/bin/cargo" "+1.54.0" "test" "--frozen", kill_on_drop: false }`
[INFO] [stdout] ef8ad0e9607201b53b95a1bf8cf4c5bc05ad01a904f6d75bfcaa29d251520492
[INFO] running `Command { std: "docker" "start" "-a" "ef8ad0e9607201b53b95a1bf8cf4c5bc05ad01a904f6d75bfcaa29d251520492", kill_on_drop: false }`
[INFO] [stderr]     Blocking waiting for file lock on package cache
[INFO] [stderr] warning: unused `#[macro_use]` import
[INFO] [stderr]  --> src/lib.rs:2:1
[INFO] [stderr]   |
[INFO] [stderr] 2 | #[macro_use]
[INFO] [stderr]   | ^^^^^^^^^^^^
[INFO] [stderr]   |
[INFO] [stderr]   = note: `#[warn(unused_imports)]` on by default
[INFO] [stderr] 
[INFO] [stderr] warning: unnecessary trailing semicolon
[INFO] [stderr]    --> src/parser.rs:135:6
[INFO] [stderr]     |
[INFO] [stderr] 135 |     };
[INFO] [stderr]     |      ^ help: remove this semicolon
[INFO] [stderr]     |
[INFO] [stderr]     = note: `#[warn(redundant_semicolons)]` on by default
[INFO] [stderr] 
[INFO] [stderr] warning: 2 warnings emitted
[INFO] [stderr] 
[INFO] [stderr] warning: unnecessary trailing semicolon
[INFO] [stderr]    --> src/parser.rs:135:6
[INFO] [stderr]     |
[INFO] [stderr] 135 |     };
[INFO] [stderr]     |      ^ help: remove this semicolon
[INFO] [stderr]     |
[INFO] [stderr]     = note: `#[warn(redundant_semicolons)]` on by default
[INFO] [stderr] 
[INFO] [stderr] warning: 1 warning emitted
[INFO] [stderr] 
[INFO] [stderr]     Finished test [unoptimized + debuginfo] target(s) in 0.11s
[INFO] [stderr]      Running unittests (/opt/rustwide/target/debug/deps/dcml-5a25bbe4b8305eb0)
[INFO] [stdout] 
[INFO] [stdout] running 21 tests
[INFO] [stdout] test de::tests::test_array ... ok
[INFO] [stdout] test de::tests::test_struct ... ok
[INFO] [stdout] test parser::tests::test_arith ... ok
[INFO] [stdout] test de::tests::test_text ... ok
[INFO] [stdout] test de::tests::test_void ... ok
[INFO] [stdout] test parser::tests::test_tagged ... ok
[INFO] [stdout] test de::tests::test_dict ... ok
[INFO] [stdout] test parser::tests::test_dict_plus ... ok
[INFO] [stdout] test de::tests::test_numbers ... ok
[INFO] [stdout] test parser::tests::test_dict ... ok
[INFO] [stdout] test parser::tests::test_dec ... ok
[INFO] [stdout] test parser::tests::test_bin ... ok
[INFO] [stdout] test parser::tests::test_float ... ok
[INFO] [stdout] test parser::tests::test_hex ... ok
[INFO] [stdout] test parser::tests::test_array_plus ... ok
[INFO] [stdout] test parser::tests::test_comments ... ok
[INFO] [stdout] test parser::tests::test_text_plus ... ok
[INFO] [stdout] test parser::tests::test_void ... ok
[INFO] [stdout] test parser::tests::test_text ... ok
[INFO] [stdout] test parser::tests::test_array ... ok
[INFO] [stdout] test de::tests::test_enum ... FAILED
[INFO] [stdout] 
[INFO] [stdout] failures:
[INFO] [stdout] 
[INFO] [stdout] ---- de::tests::test_enum stdout ----
[INFO] [stdout] thread 'de::tests::test_enum' panicked at 'not implemented', src/de.rs:59:18
[INFO] [stdout] stack backtrace:
[INFO] [stdout]    0:     0x5582e7a797d0 - std::backtrace_rs::backtrace::libunwind::trace::h34055254b57d8e79
[INFO] [stdout]                                at /rustc/a178d0322ce20e33eac124758e837cbd80a6f633/library/std/src/../../backtrace/src/backtrace/libunwind.rs:90:5
[INFO] [stdout]    1:     0x5582e7a797d0 - std::backtrace_rs::backtrace::trace_unsynchronized::h8f1e3fbd9afff6ec
[INFO] [stdout]                                at /rustc/a178d0322ce20e33eac124758e837cbd80a6f633/library/std/src/../../backtrace/src/backtrace/mod.rs:66:5
[INFO] [stdout]    2:     0x5582e7a797d0 - std::sys_common::backtrace::_print_fmt::h3a99a796b770c360
[INFO] [stdout]                                at /rustc/a178d0322ce20e33eac124758e837cbd80a6f633/library/std/src/sys_common/backtrace.rs:67:5
[INFO] [stdout]    3:     0x5582e7a797d0 - <std::sys_common::backtrace::_print::DisplayBacktrace as core::fmt::Display>::fmt::h32d1f94a80615d18
[INFO] [stdout]                                at /rustc/a178d0322ce20e33eac124758e837cbd80a6f633/library/std/src/sys_common/backtrace.rs:46:22
[INFO] [stdout]    4:     0x5582e7a9de0c - core::fmt::write::h306731c068f7162c
[INFO] [stdout]                                at /rustc/a178d0322ce20e33eac124758e837cbd80a6f633/library/core/src/fmt/mod.rs:1110:17
[INFO] [stdout]    5:     0x5582e7a766f5 - std::io::Write::write_fmt::h87f19b0a2cd190bc
[INFO] [stdout]                                at /rustc/a178d0322ce20e33eac124758e837cbd80a6f633/library/std/src/io/mod.rs:1588:15
[INFO] [stdout]    6:     0x5582e7a7b93b - std::sys_common::backtrace::_print::h5abaa2601a852287
[INFO] [stdout]                                at /rustc/a178d0322ce20e33eac124758e837cbd80a6f633/library/std/src/sys_common/backtrace.rs:49:5
[INFO] [stdout]    7:     0x5582e7a7b93b - std::sys_common::backtrace::print::h8d81445442bb638f
[INFO] [stdout]                                at /rustc/a178d0322ce20e33eac124758e837cbd80a6f633/library/std/src/sys_common/backtrace.rs:36:9
[INFO] [stdout]    8:     0x5582e7a7b93b - std::panicking::default_hook::{{closure}}::hcfe804496a9fa747
[INFO] [stdout]                                at /rustc/a178d0322ce20e33eac124758e837cbd80a6f633/library/std/src/panicking.rs:208:50
[INFO] [stdout]    9:     0x5582e7a7b44c - std::panicking::default_hook::hbea8e3ccf2ba8901
[INFO] [stdout]                                at /rustc/a178d0322ce20e33eac124758e837cbd80a6f633/library/std/src/panicking.rs:222:9
[INFO] [stdout]   10:     0x5582e7a7c004 - std::panicking::rust_panic_with_hook::h7ee9e1a2d0f8975a
[INFO] [stdout]                                at /rustc/a178d0322ce20e33eac124758e837cbd80a6f633/library/std/src/panicking.rs:622:17
[INFO] [stdout]   11:     0x5582e7a7bab7 - std::panicking::begin_panic_handler::{{closure}}::h8ab3b4491718b2c7
[INFO] [stdout]                                at /rustc/a178d0322ce20e33eac124758e837cbd80a6f633/library/std/src/panicking.rs:517:13
[INFO] [stdout]   12:     0x5582e7a79ccc - std::sys_common::backtrace::__rust_end_short_backtrace::hd489062ffa586a9f
[INFO] [stdout]                                at /rustc/a178d0322ce20e33eac124758e837cbd80a6f633/library/std/src/sys_common/backtrace.rs:141:18
[INFO] [stdout]   13:     0x5582e7a7ba49 - rust_begin_unwind
[INFO] [stdout]                                at /rustc/a178d0322ce20e33eac124758e837cbd80a6f633/library/std/src/panicking.rs:515:5
[INFO] [stdout]   14:     0x5582e794d651 - core::panicking::panic_fmt::hca6330e3e14086b4
[INFO] [stdout]                                at /rustc/a178d0322ce20e33eac124758e837cbd80a6f633/library/core/src/panicking.rs:92:14
[INFO] [stdout]   15:     0x5582e794d59d - core::panicking::panic::h1a48d878ff3dcd40
[INFO] [stdout]                                at /rustc/a178d0322ce20e33eac124758e837cbd80a6f633/library/core/src/panicking.rs:50:5
[INFO] [stdout]   16:     0x5582e79cc44d - <dcml::de::Deserializer as serde::de::Deserializer>::deserialize_any::ha2c6a50d7a9ab560
[INFO] [stdout]                                at /opt/rustwide/workdir/src/de.rs:59:18
[INFO] [stdout]   17:     0x5582e79cf5b3 - <dcml::de::Deserializer as serde::de::Deserializer>::deserialize_enum::hf1b2414d2a8ec9b2
[INFO] [stdout]                                at /opt/rustwide/cargo-home/registry/src/github.com-1ecc6299db9ec823/serde-1.0.9/src/macros.rs:150:13
[INFO] [stdout]   18:     0x5582e7998556 - dcml::de::tests::test_enum::_IMPL_DESERIALIZE_FOR_X::<impl serde::de::Deserialize for dcml::de::tests::test_enum::X>::deserialize::hf8deb4352ad416ab
[INFO] [stdout]                                at /opt/rustwide/workdir/src/de.rs:328:18
[INFO] [stdout]   19:     0x5582e79cb0ee - dcml::de::from_value::hac3aa9b7ad45be9b
[INFO] [stdout]                                at /opt/rustwide/workdir/src/de.rs:12:5
[INFO] [stdout]   20:     0x5582e7997e8e - dcml::de::tests::test_enum::h98980639458329c6
[INFO] [stdout]                                at /opt/rustwide/workdir/src/de.rs:334:31
[INFO] [stdout]   21:     0x5582e7997d6a - dcml::de::tests::test_enum::{{closure}}::h7b1f24ac19bcfecf
[INFO] [stdout]                                at /opt/rustwide/workdir/src/de.rs:327:5
[INFO] [stdout]   22:     0x5582e79b9e2e - core::ops::function::FnOnce::call_once::h60bb7fd041d7c96c
[INFO] [stdout]                                at /rustc/a178d0322ce20e33eac124758e837cbd80a6f633/library/core/src/ops/function.rs:227:5
[INFO] [stdout]   23:     0x5582e7a1f8b3 - core::ops::function::FnOnce::call_once::h152e7e439ff59e19
[INFO] [stdout]                                at /rustc/a178d0322ce20e33eac124758e837cbd80a6f633/library/core/src/ops/function.rs:227:5
[INFO] [stdout]   24:     0x5582e7a1f8b3 - test::__rust_begin_short_backtrace::h0908f3b1fdbb72ab
[INFO] [stdout]                                at /rustc/a178d0322ce20e33eac124758e837cbd80a6f633/library/test/src/lib.rs:577:5
[INFO] [stdout]   25:     0x5582e7a1e370 - <alloc::boxed::Box<F,A> as core::ops::function::FnOnce<Args>>::call_once::hf6d2a51e5587546c
[INFO] [stdout]                                at /rustc/a178d0322ce20e33eac124758e837cbd80a6f633/library/alloc/src/boxed.rs:1575:9
[INFO] [stdout]   26:     0x5582e7a1e370 - <std::panic::AssertUnwindSafe<F> as core::ops::function::FnOnce<()>>::call_once::h8af660f3a89ef593
[INFO] [stdout]                                at /rustc/a178d0322ce20e33eac124758e837cbd80a6f633/library/std/src/panic.rs:347:9
[INFO] [stdout]   27:     0x5582e7a1e370 - std::panicking::try::do_call::hd36aef60f84b6d36
[INFO] [stdout]                                at /rustc/a178d0322ce20e33eac124758e837cbd80a6f633/library/std/src/panicking.rs:401:40
[INFO] [stdout]   28:     0x5582e7a1e370 - std::panicking::try::h9932b4480e69817c
[INFO] [stdout]                                at /rustc/a178d0322ce20e33eac124758e837cbd80a6f633/library/std/src/panicking.rs:365:19
[INFO] [stdout]   29:     0x5582e7a1e370 - std::panic::catch_unwind::h6aa177099cfff5f8
[INFO] [stdout]                                at /rustc/a178d0322ce20e33eac124758e837cbd80a6f633/library/std/src/panic.rs:434:14
[INFO] [stdout]   30:     0x5582e7a1e370 - test::run_test_in_process::h5884d6f2d99e20c3
[INFO] [stdout]                                at /rustc/a178d0322ce20e33eac124758e837cbd80a6f633/library/test/src/lib.rs:600:18
[INFO] [stdout]   31:     0x5582e7a1e370 - test::run_test::run_test_inner::{{closure}}::h6fdc58c6d5f5b6e3
[INFO] [stdout]                                at /rustc/a178d0322ce20e33eac124758e837cbd80a6f633/library/test/src/lib.rs:492:39
[INFO] [stdout]   32:     0x5582e79f7a22 - test::run_test::run_test_inner::{{closure}}::h408365d67a78ade8
[INFO] [stdout]                                at /rustc/a178d0322ce20e33eac124758e837cbd80a6f633/library/test/src/lib.rs:519:37
[INFO] [stdout]   33:     0x5582e79f7a22 - std::sys_common::backtrace::__rust_begin_short_backtrace::hb560b77c4f701523
[INFO] [stdout]                                at /rustc/a178d0322ce20e33eac124758e837cbd80a6f633/library/std/src/sys_common/backtrace.rs:125:18
[INFO] [stdout]   34:     0x5582e79fb5d8 - std::thread::Builder::spawn_unchecked::{{closure}}::{{closure}}::hf2e7831dad93c597
[INFO] [stdout]                                at /rustc/a178d0322ce20e33eac124758e837cbd80a6f633/library/std/src/thread/mod.rs:481:17
[INFO] [stdout]   35:     0x5582e79fb5d8 - <std::panic::AssertUnwindSafe<F> as core::ops::function::FnOnce<()>>::call_once::hd2e08783d8be4d02
[INFO] [stdout]                                at /rustc/a178d0322ce20e33eac124758e837cbd80a6f633/library/std/src/panic.rs:347:9
[INFO] [stdout]   36:     0x5582e79fb5d8 - std::panicking::try::do_call::h062597b7acfd6b82
[INFO] [stdout]                                at /rustc/a178d0322ce20e33eac124758e837cbd80a6f633/library/std/src/panicking.rs:401:40
[INFO] [stdout]   37:     0x5582e79fb5d8 - std::panicking::try::h0d7b79db04c14552
[INFO] [stdout]                                at /rustc/a178d0322ce20e33eac124758e837cbd80a6f633/library/std/src/panicking.rs:365:19
[INFO] [stdout]   38:     0x5582e79fb5d8 - std::panic::catch_unwind::hb01a0b5e7c8cd43b
[INFO] [stdout]                                at /rustc/a178d0322ce20e33eac124758e837cbd80a6f633/library/std/src/panic.rs:434:14
[INFO] [stdout]   39:     0x5582e79fb5d8 - std::thread::Builder::spawn_unchecked::{{closure}}::h5bde48cc887e0d1e
[INFO] [stdout]                                at /rustc/a178d0322ce20e33eac124758e837cbd80a6f633/library/std/src/thread/mod.rs:480:30
[INFO] [stdout]   40:     0x5582e79fb5d8 - core::ops::function::FnOnce::call_once{{vtable.shim}}::h745ea30807a29e55
[INFO] [stdout]                                at /rustc/a178d0322ce20e33eac124758e837cbd80a6f633/library/core/src/ops/function.rs:227:5
[INFO] [stdout]   41:     0x5582e7a80ac7 - <alloc::boxed::Box<F,A> as core::ops::function::FnOnce<Args>>::call_once::h7ece6cfefaff1005
[INFO] [stdout]                                at /rustc/a178d0322ce20e33eac124758e837cbd80a6f633/library/alloc/src/boxed.rs:1575:9
[INFO] [stdout]   42:     0x5582e7a80ac7 - <alloc::boxed::Box<F,A> as core::ops::function::FnOnce<Args>>::call_once::hb8b48e55c21f193e
[INFO] [stdout]                                at /rustc/a178d0322ce20e33eac124758e837cbd80a6f633/library/alloc/src/boxed.rs:1575:9
[INFO] [stdout]   43:     0x5582e7a80ac7 - std::sys::unix::thread::Thread::new::thread_start::h8c7c4450dba62914
[INFO] [stdout]                                at /rustc/a178d0322ce20e33eac124758e837cbd80a6f633/library/std/src/sys/unix/thread.rs:71:17
[INFO] [stdout]   44:     0x7f330006d609 - start_thread
[INFO] [stdout]   45:     0x7f32ffe3f293 - clone
[INFO] [stdout]   46:                0x0 - <unknown>
[INFO] [stdout] 
[INFO] [stdout] 
[INFO] [stdout] failures:
[INFO] [stdout]     de::tests::test_enum
[INFO] [stdout] 
[INFO] [stdout] test result: FAILED. 20 passed; 1 failed; 0 ignored; 0 measured; 0 filtered out; finished in 0.06s
[INFO] [stdout] 
[INFO] [stderr] error: test failed, to rerun pass '--lib'
[INFO] running `Command { std: "docker" "inspect" "ef8ad0e9607201b53b95a1bf8cf4c5bc05ad01a904f6d75bfcaa29d251520492", kill_on_drop: false }`
[INFO] running `Command { std: "docker" "rm" "-f" "ef8ad0e9607201b53b95a1bf8cf4c5bc05ad01a904f6d75bfcaa29d251520492", kill_on_drop: false }`
[INFO] [stdout] ef8ad0e9607201b53b95a1bf8cf4c5bc05ad01a904f6d75bfcaa29d251520492
