[INFO] cloning repository https://github.com/mwalczyk/kami
[INFO] running `Command { std: "git" "-c" "credential.helper=" "-c" "credential.helper=/workspace/cargo-home/bin/git-credential-null" "clone" "--bare" "https://github.com/mwalczyk/kami" "/workspace/cache/git-repos/https%3A%2F%2Fgithub.com%2Fmwalczyk%2Fkami", kill_on_drop: false }`
[INFO] [stderr] Cloning into bare repository '/workspace/cache/git-repos/https%3A%2F%2Fgithub.com%2Fmwalczyk%2Fkami'...
[INFO] running `Command { std: "git" "rev-parse" "HEAD", kill_on_drop: false }`
[INFO] [stdout] 0620d15ff7e85168d8289514dc7a02491efe0bb2
[INFO] testing mwalczyk/kami against 1.54.0 for beta-1.55-1
[INFO] running `Command { std: "git" "clone" "/workspace/cache/git-repos/https%3A%2F%2Fgithub.com%2Fmwalczyk%2Fkami" "/workspace/builds/worker-102/source", kill_on_drop: false }`
[INFO] [stderr] Cloning into '/workspace/builds/worker-102/source'...
[INFO] [stderr] done.
[INFO] validating manifest of git repo https://github.com/mwalczyk/kami on toolchain 1.54.0
[INFO] running `Command { std: "/workspace/cargo-home/bin/cargo" "+1.54.0" "metadata" "--manifest-path" "Cargo.toml" "--no-deps", kill_on_drop: false }`
[INFO] started tweaking git repo https://github.com/mwalczyk/kami
[INFO] finished tweaking git repo https://github.com/mwalczyk/kami
[INFO] tweaked toml for git repo https://github.com/mwalczyk/kami written to /workspace/builds/worker-102/source/Cargo.toml
[INFO] crate git repo https://github.com/mwalczyk/kami already has a lockfile, it will not be regenerated
[INFO] running `Command { std: "/workspace/cargo-home/bin/cargo" "+1.54.0" "fetch" "--manifest-path" "Cargo.toml", kill_on_drop: false }`
[INFO] running `Command { std: "docker" "create" "-v" "/var/lib/crater-agent-workspace/builds/worker-102/target:/opt/rustwide/target:rw,Z" "-v" "/var/lib/crater-agent-workspace/builds/worker-102/source:/opt/rustwide/workdir:ro,Z" "-v" "/var/lib/crater-agent-workspace/cargo-home:/opt/rustwide/cargo-home:ro,Z" "-v" "/var/lib/crater-agent-workspace/rustup-home:/opt/rustwide/rustup-home:ro,Z" "-e" "SOURCE_DIR=/opt/rustwide/workdir" "-e" "CARGO_TARGET_DIR=/opt/rustwide/target" "-e" "CARGO_HOME=/opt/rustwide/cargo-home" "-e" "RUSTUP_HOME=/opt/rustwide/rustup-home" "-w" "/opt/rustwide/workdir" "-m" "1610612736" "--user" "0:0" "--network" "none" "ghcr.io/rust-lang/crates-build-env/linux@sha256:34b6a614d2c27851fe6cbf88fbd1137609cefab8b10d0615aaeb6fd47975d74e" "/opt/rustwide/cargo-home/bin/cargo" "+1.54.0" "metadata" "--no-deps" "--format-version=1", kill_on_drop: false }`
[INFO] [stdout] e5393b39fc25d115d5982461f654002fef0c13ffb6a272f20bcc4efddbf26b53
[INFO] running `Command { std: "docker" "start" "-a" "e5393b39fc25d115d5982461f654002fef0c13ffb6a272f20bcc4efddbf26b53", kill_on_drop: false }`
[INFO] running `Command { std: "docker" "inspect" "e5393b39fc25d115d5982461f654002fef0c13ffb6a272f20bcc4efddbf26b53", kill_on_drop: false }`
[INFO] running `Command { std: "docker" "rm" "-f" "e5393b39fc25d115d5982461f654002fef0c13ffb6a272f20bcc4efddbf26b53", kill_on_drop: false }`
[INFO] [stdout] e5393b39fc25d115d5982461f654002fef0c13ffb6a272f20bcc4efddbf26b53
[INFO] running `Command { std: "docker" "create" "-v" "/var/lib/crater-agent-workspace/builds/worker-102/target:/opt/rustwide/target:rw,Z" "-v" "/var/lib/crater-agent-workspace/builds/worker-102/source:/opt/rustwide/workdir:ro,Z" "-v" "/var/lib/crater-agent-workspace/cargo-home:/opt/rustwide/cargo-home:ro,Z" "-v" "/var/lib/crater-agent-workspace/rustup-home:/opt/rustwide/rustup-home:ro,Z" "-e" "SOURCE_DIR=/opt/rustwide/workdir" "-e" "CARGO_TARGET_DIR=/opt/rustwide/target" "-e" "CARGO_INCREMENTAL=0" "-e" "RUST_BACKTRACE=full" "-e" "RUSTFLAGS=--cap-lints=warn" "-e" "CARGO_HOME=/opt/rustwide/cargo-home" "-e" "RUSTUP_HOME=/opt/rustwide/rustup-home" "-w" "/opt/rustwide/workdir" "-m" "1610612736" "--user" "0:0" "--network" "none" "ghcr.io/rust-lang/crates-build-env/linux@sha256:34b6a614d2c27851fe6cbf88fbd1137609cefab8b10d0615aaeb6fd47975d74e" "/opt/rustwide/cargo-home/bin/cargo" "+1.54.0" "build" "--frozen" "--message-format=json", kill_on_drop: false }`
[INFO] [stdout] 5d613c75a9a359eb440bddda80c0177f4de97e2bbec6c8e3140086a20ec792a5
[INFO] running `Command { std: "docker" "start" "-a" "5d613c75a9a359eb440bddda80c0177f4de97e2bbec6c8e3140086a20ec792a5", kill_on_drop: false }`
[INFO] [stderr]     Blocking waiting for file lock on package cache
[INFO] [stderr]    Compiling autocfg v1.0.0
[INFO] [stderr]    Compiling libm v0.2.1
[INFO] [stderr]    Compiling libc v0.2.72
[INFO] [stderr]    Compiling getrandom v0.1.14
[INFO] [stderr]    Compiling proc-macro2 v1.0.19
[INFO] [stderr]    Compiling proc-macro-hack v0.5.16
[INFO] [stderr]    Compiling typenum v1.12.0
[INFO] [stderr]    Compiling syn v1.0.35
[INFO] [stderr]    Compiling serde_derive v1.0.114
[INFO] [stderr]    Compiling rawpointer v0.2.1
[INFO] [stderr]    Compiling serde v1.0.114
[INFO] [stderr]    Compiling ryu v1.0.5
[INFO] [stderr]    Compiling serde_json v1.0.56
[INFO] [stderr]    Compiling itoa v0.4.6
[INFO] [stderr]    Compiling matrixmultiply v0.2.3
[INFO] [stderr]    Compiling num-traits v0.2.11
[INFO] [stderr]    Compiling num-integer v0.1.43
[INFO] [stderr]    Compiling num-complex v0.2.4
[INFO] [stderr]    Compiling num-rational v0.2.4
[INFO] [stderr]    Compiling quote v1.0.7
[INFO] [stderr]    Compiling rand_core v0.5.1
[INFO] [stderr]    Compiling paste-impl v0.1.18
[INFO] [stderr]    Compiling generic-array v0.13.2
[INFO] [stderr]    Compiling rand_chacha v0.2.2
[INFO] [stderr]    Compiling rand v0.7.3
[INFO] [stderr]    Compiling paste v0.1.18
[INFO] [stderr]    Compiling rand_distr v0.2.2
[INFO] [stderr]    Compiling approx v0.3.2
[INFO] [stderr]    Compiling simba v0.1.5
[INFO] [stderr]    Compiling nalgebra v0.21.1
[INFO] [stderr]    Compiling nalgebra-glm v0.7.0
[INFO] [stderr]    Compiling kami v0.1.0 (/opt/rustwide/workdir)
[INFO] [stdout] warning: unused import: `scale`
[INFO] [stdout]  --> src/geometry/polygon.rs:1:20
[INFO] [stdout]   |
[INFO] [stdout] 1 | use nalgebra_glm::{scale, Vec2};
[INFO] [stdout]   |                    ^^^^^
[INFO] [stdout]   |
[INFO] [stdout]   = note: `#[warn(unused_imports)]` on by default
[INFO] [stdout] 
[INFO] [stdout] 
[INFO] [stdout] warning: unused import: `std::thread::current`
[INFO] [stdout]  --> src/geometry/polygon.rs:2:5
[INFO] [stdout]   |
[INFO] [stdout] 2 | use std::thread::current;
[INFO] [stdout]   |     ^^^^^^^^^^^^^^^^^^^^
[INFO] [stdout] 
[INFO] [stdout] 
[INFO] [stdout] warning: unnecessary parentheses around assigned value
[INFO] [stdout]   --> src/geometry/utils.rs:71:17
[INFO] [stdout]    |
[INFO] [stdout] 71 |     let denom = (-delta_x1 * delta_y0 + delta_x0 * delta_y1);
[INFO] [stdout]    |                 ^^^^^^^^^^^^^^^^^^^^^^^^^^^^^^^^^^^^^^^^^^^^ help: remove these parentheses
[INFO] [stdout]    |
[INFO] [stdout]    = note: `#[warn(unused_parens)]` on by default
[INFO] [stdout] 
[INFO] [stdout] 
[INFO] [stdout] warning: unused import: `crate::graph::planar_graph::PlanarGraphError::NoSuchVertex`
[INFO] [stdout]  --> src/graph/planar_graph.rs:5:5
[INFO] [stdout]   |
[INFO] [stdout] 5 | use crate::graph::planar_graph::PlanarGraphError::NoSuchVertex;
[INFO] [stdout]   |     ^^^^^^^^^^^^^^^^^^^^^^^^^^^^^^^^^^^^^^^^^^^^^^^^^^^^^^^^^^
[INFO] [stdout] 
[INFO] [stdout] 
[INFO] [stdout] warning: unused variable: `a`
[INFO] [stdout]   --> src/geometry/line.rs:36:13
[INFO] [stdout]    |
[INFO] [stdout] 36 |         let a = 1.0;
[INFO] [stdout]    |             ^ help: if this is intentional, prefix it with an underscore: `_a`
[INFO] [stdout]    |
[INFO] [stdout]    = note: `#[warn(unused_variables)]` on by default
[INFO] [stdout] 
[INFO] [stdout] 
[INFO] [stdout] warning: unused variable: `b`
[INFO] [stdout]   --> src/geometry/line.rs:39:13
[INFO] [stdout]    |
[INFO] [stdout] 39 |         let b = 1.0;
[INFO] [stdout]    |             ^ help: if this is intentional, prefix it with an underscore: `_b`
[INFO] [stdout] 
[INFO] [stdout] 
[INFO] [stdout] warning: unused variable: `rhs`
[INFO] [stdout]   --> src/geometry/line.rs:34:29
[INFO] [stdout]    |
[INFO] [stdout] 34 |     pub fn intersect(&self, rhs: &Line) -> Option<Vector3<f32>> {
[INFO] [stdout]    |                             ^^^ help: if this is intentional, prefix it with an underscore: `_rhs`
[INFO] [stdout] 
[INFO] [stdout] 
[INFO] [stdout] warning: unused variable: `include_endpoints`
[INFO] [stdout]    --> src/geometry/utils.rs:121:57
[INFO] [stdout]     |
[INFO] [stdout] 121 | pub fn is_on_line_segment(a: &Vec2, b: &Vec2, p: &Vec2, include_endpoints: bool) -> bool {
[INFO] [stdout]     |                                                         ^^^^^^^^^^^^^^^^^ help: if this is intentional, prefix it with an underscore: `_include_endpoints`
[INFO] [stdout] 
[INFO] [stdout] 
[INFO] [stdout] warning: unused variable: `node`
[INFO] [stdout]    --> src/graph/planar_graph.rs:161:21
[INFO] [stdout]     |
[INFO] [stdout] 161 |         if let Some(node) = self.get_vertex(id) {
[INFO] [stdout]     |                     ^^^^ help: if this is intentional, prefix it with an underscore: `_node`
[INFO] [stdout] 
[INFO] [stdout] 
[INFO] [stdout] warning: unused variable: `rhs`
[INFO] [stdout]   --> src/math/trivector.rs:63:20
[INFO] [stdout]    |
[INFO] [stdout] 63 |     fn wedge(self, rhs: Self) -> Self::Output {
[INFO] [stdout]    |                    ^^^ help: if this is intentional, prefix it with an underscore: `_rhs`
[INFO] [stdout] 
[INFO] [stdout] 
[INFO] [stdout] warning: unused variable: `trivector`
[INFO] [stdout]    --> src/math/vector.rs:170:22
[INFO] [stdout]     |
[INFO] [stdout] 170 |         let (vector, trivector) = rotor * rhs;
[INFO] [stdout]     |                      ^^^^^^^^^ help: if this is intentional, prefix it with an underscore: `_trivector`
[INFO] [stdout] 
[INFO] [stdout] 
[INFO] [stdout] warning: variable does not need to be mutable
[INFO] [stdout]    --> src/geometry/utils.rs:139:9
[INFO] [stdout]     |
[INFO] [stdout] 139 |     let mut distances = points
[INFO] [stdout]     |         ----^^^^^^^^^
[INFO] [stdout]     |         |
[INFO] [stdout]     |         help: remove this `mut`
[INFO] [stdout]     |
[INFO] [stdout]     = note: `#[warn(unused_mut)]` on by default
[INFO] [stdout] 
[INFO] [stdout] 
[INFO] [stdout] warning: struct is never constructed: `LineSegment`
[INFO] [stdout]   --> src/geometry/line.rs:47:8
[INFO] [stdout]    |
[INFO] [stdout] 47 | struct LineSegment {}
[INFO] [stdout]    |        ^^^^^^^^^^^
[INFO] [stdout]    |
[INFO] [stdout]    = note: `#[warn(dead_code)]` on by default
[INFO] [stdout] 
[INFO] [stdout] 
[INFO] [stdout] warning: associated function is never used: `are_neighbors`
[INFO] [stdout]    --> src/geometry/polygon.rs:196:8
[INFO] [stdout]     |
[INFO] [stdout] 196 |     fn are_neighbors(&self, i: usize, j: usize) -> bool {
[INFO] [stdout]     |        ^^^^^^^^^^^^^
[INFO] [stdout] 
[INFO] [stdout] 
[INFO] [stdout] warning: associated function is never used: `dihedral_angle`
[INFO] [stdout]   --> src/origami/crease.rs:11:8
[INFO] [stdout]    |
[INFO] [stdout] 11 |     fn dihedral_angle() -> f32 {
[INFO] [stdout]    |        ^^^^^^^^^^^^^^
[INFO] [stdout] 
[INFO] [stdout] 
[INFO] [stdout] warning: associated function is never used: `fold_angle`
[INFO] [stdout]   --> src/origami/crease.rs:15:8
[INFO] [stdout]    |
[INFO] [stdout] 15 |     fn fold_angle() -> f32 {
[INFO] [stdout]    |        ^^^^^^^^^^
[INFO] [stdout] 
[INFO] [stdout] 
[INFO] [stdout] warning: associated function is never used: `fold_direction_angle`
[INFO] [stdout]   --> src/origami/crease.rs:21:8
[INFO] [stdout]    |
[INFO] [stdout] 21 |     fn fold_direction_angle() -> f32 {
[INFO] [stdout]    |        ^^^^^^^^^^^^^^^^^^^^
[INFO] [stdout] 
[INFO] [stdout] 
[INFO] [stdout] warning: struct is never constructed: `Vertex`
[INFO] [stdout]   --> src/origami/vertex.rs:11:8
[INFO] [stdout]    |
[INFO] [stdout] 11 | struct Vertex {}
[INFO] [stdout]    |        ^^^^^^
[INFO] [stdout] 
[INFO] [stdout] 
[INFO] [stdout] warning: associated function is never used: `degree`
[INFO] [stdout]   --> src/origami/vertex.rs:15:8
[INFO] [stdout]    |
[INFO] [stdout] 15 |     fn degree() -> usize {
[INFO] [stdout]    |        ^^^^^^
[INFO] [stdout] 
[INFO] [stdout] 
[INFO] [stdout] warning: associated function is never used: `is_developable`
[INFO] [stdout]   --> src/origami/vertex.rs:20:8
[INFO] [stdout]    |
[INFO] [stdout] 20 |     fn is_developable() -> bool {
[INFO] [stdout]    |        ^^^^^^^^^^^^^^
[INFO] [stdout] 
[INFO] [stdout] 
[INFO] [stdout] warning: associated function is never used: `sector_angles`
[INFO] [stdout]   --> src/origami/vertex.rs:25:8
[INFO] [stdout]    |
[INFO] [stdout] 25 |     fn sector_angles() -> Vec<f32> {
[INFO] [stdout]    |        ^^^^^^^^^^^^^
[INFO] [stdout] 
[INFO] [stdout] 
[INFO] [stdout] warning: associated function is never used: `majority_type`
[INFO] [stdout]   --> src/origami/vertex.rs:33:8
[INFO] [stdout]    |
[INFO] [stdout] 33 |     fn majority_type() -> Option<MajorityType> {
[INFO] [stdout]    |        ^^^^^^^^^^^^^
[INFO] [stdout] 
[INFO] [stdout] 
[INFO] [stdout] warning: associated function is never used: `vertex_type`
[INFO] [stdout]   --> src/origami/vertex.rs:40:8
[INFO] [stdout]    |
[INFO] [stdout] 40 |     fn vertex_type() -> String {
[INFO] [stdout]    |        ^^^^^^^^^^^
[INFO] [stdout] 
[INFO] [stdout] 
[INFO] [stdout] warning: associated function is never used: `is_interior`
[INFO] [stdout]   --> src/origami/vertex.rs:46:8
[INFO] [stdout]    |
[INFO] [stdout] 46 |     fn is_interior() -> bool {
[INFO] [stdout]    |        ^^^^^^^^^^^
[INFO] [stdout] 
[INFO] [stdout] 
[INFO] [stdout] warning: 24 warnings emitted
[INFO] [stdout] 
[INFO] [stdout] 
[INFO] [stderr]     Finished dev [unoptimized + debuginfo] target(s) in 43.65s
[INFO] running `Command { std: "docker" "inspect" "5d613c75a9a359eb440bddda80c0177f4de97e2bbec6c8e3140086a20ec792a5", kill_on_drop: false }`
[INFO] running `Command { std: "docker" "rm" "-f" "5d613c75a9a359eb440bddda80c0177f4de97e2bbec6c8e3140086a20ec792a5", kill_on_drop: false }`
[INFO] [stdout] 5d613c75a9a359eb440bddda80c0177f4de97e2bbec6c8e3140086a20ec792a5
[INFO] running `Command { std: "docker" "create" "-v" "/var/lib/crater-agent-workspace/builds/worker-102/target:/opt/rustwide/target:rw,Z" "-v" "/var/lib/crater-agent-workspace/builds/worker-102/source:/opt/rustwide/workdir:ro,Z" "-v" "/var/lib/crater-agent-workspace/cargo-home:/opt/rustwide/cargo-home:ro,Z" "-v" "/var/lib/crater-agent-workspace/rustup-home:/opt/rustwide/rustup-home:ro,Z" "-e" "SOURCE_DIR=/opt/rustwide/workdir" "-e" "CARGO_TARGET_DIR=/opt/rustwide/target" "-e" "CARGO_INCREMENTAL=0" "-e" "RUST_BACKTRACE=full" "-e" "RUSTFLAGS=--cap-lints=warn" "-e" "CARGO_HOME=/opt/rustwide/cargo-home" "-e" "RUSTUP_HOME=/opt/rustwide/rustup-home" "-w" "/opt/rustwide/workdir" "-m" "1610612736" "--user" "0:0" "--network" "none" "ghcr.io/rust-lang/crates-build-env/linux@sha256:34b6a614d2c27851fe6cbf88fbd1137609cefab8b10d0615aaeb6fd47975d74e" "/opt/rustwide/cargo-home/bin/cargo" "+1.54.0" "test" "--frozen" "--no-run" "--message-format=json", kill_on_drop: false }`
[INFO] [stdout] a3238c63679ebfbbbe67e2100f669ed6ed4d755a1e52a14d1a021f4ca25e8057
[INFO] running `Command { std: "docker" "start" "-a" "a3238c63679ebfbbbe67e2100f669ed6ed4d755a1e52a14d1a021f4ca25e8057", kill_on_drop: false }`
[INFO] [stderr]    Compiling kami v0.1.0 (/opt/rustwide/workdir)
[INFO] [stdout] warning: unused import: `scale`
[INFO] [stdout]  --> src/geometry/polygon.rs:1:20
[INFO] [stdout]   |
[INFO] [stdout] 1 | use nalgebra_glm::{scale, Vec2};
[INFO] [stdout]   |                    ^^^^^
[INFO] [stdout]   |
[INFO] [stdout]   = note: `#[warn(unused_imports)]` on by default
[INFO] [stdout] 
[INFO] [stdout] 
[INFO] [stdout] warning: unused import: `std::thread::current`
[INFO] [stdout]  --> src/geometry/polygon.rs:2:5
[INFO] [stdout]   |
[INFO] [stdout] 2 | use std::thread::current;
[INFO] [stdout]   |     ^^^^^^^^^^^^^^^^^^^^
[INFO] [stdout] 
[INFO] [stdout] 
[INFO] [stdout] warning: unnecessary parentheses around assigned value
[INFO] [stdout]   --> src/geometry/utils.rs:71:17
[INFO] [stdout]    |
[INFO] [stdout] 71 |     let denom = (-delta_x1 * delta_y0 + delta_x0 * delta_y1);
[INFO] [stdout]    |                 ^^^^^^^^^^^^^^^^^^^^^^^^^^^^^^^^^^^^^^^^^^^^ help: remove these parentheses
[INFO] [stdout]    |
[INFO] [stdout]    = note: `#[warn(unused_parens)]` on by default
[INFO] [stdout] 
[INFO] [stdout] 
[INFO] [stdout] warning: unused import: `crate::graph::planar_graph::PlanarGraphError::NoSuchVertex`
[INFO] [stdout]  --> src/graph/planar_graph.rs:5:5
[INFO] [stdout]   |
[INFO] [stdout] 5 | use crate::graph::planar_graph::PlanarGraphError::NoSuchVertex;
[INFO] [stdout]   |     ^^^^^^^^^^^^^^^^^^^^^^^^^^^^^^^^^^^^^^^^^^^^^^^^^^^^^^^^^^
[INFO] [stdout] 
[INFO] [stdout] 
[INFO] [stdout] warning: unused variable: `a`
[INFO] [stdout]   --> src/geometry/line.rs:36:13
[INFO] [stdout]    |
[INFO] [stdout] 36 |         let a = 1.0;
[INFO] [stdout]    |             ^ help: if this is intentional, prefix it with an underscore: `_a`
[INFO] [stdout]    |
[INFO] [stdout]    = note: `#[warn(unused_variables)]` on by default
[INFO] [stdout] 
[INFO] [stdout] 
[INFO] [stdout] warning: unused variable: `b`
[INFO] [stdout]   --> src/geometry/line.rs:39:13
[INFO] [stdout]    |
[INFO] [stdout] 39 |         let b = 1.0;
[INFO] [stdout]    |             ^ help: if this is intentional, prefix it with an underscore: `_b`
[INFO] [stdout] 
[INFO] [stdout] 
[INFO] [stdout] warning: unused variable: `rhs`
[INFO] [stdout]   --> src/geometry/line.rs:34:29
[INFO] [stdout]    |
[INFO] [stdout] 34 |     pub fn intersect(&self, rhs: &Line) -> Option<Vector3<f32>> {
[INFO] [stdout]    |                             ^^^ help: if this is intentional, prefix it with an underscore: `_rhs`
[INFO] [stdout] 
[INFO] [stdout] 
[INFO] [stdout] warning: unused variable: `include_endpoints`
[INFO] [stdout]    --> src/geometry/utils.rs:121:57
[INFO] [stdout]     |
[INFO] [stdout] 121 | pub fn is_on_line_segment(a: &Vec2, b: &Vec2, p: &Vec2, include_endpoints: bool) -> bool {
[INFO] [stdout]     |                                                         ^^^^^^^^^^^^^^^^^ help: if this is intentional, prefix it with an underscore: `_include_endpoints`
[INFO] [stdout] 
[INFO] [stdout] 
[INFO] [stdout] warning: unused variable: `node`
[INFO] [stdout]    --> src/graph/planar_graph.rs:161:21
[INFO] [stdout]     |
[INFO] [stdout] 161 |         if let Some(node) = self.get_vertex(id) {
[INFO] [stdout]     |                     ^^^^ help: if this is intentional, prefix it with an underscore: `_node`
[INFO] [stdout] 
[INFO] [stdout] 
[INFO] [stdout] warning: unused variable: `rhs`
[INFO] [stdout]   --> src/math/trivector.rs:63:20
[INFO] [stdout]    |
[INFO] [stdout] 63 |     fn wedge(self, rhs: Self) -> Self::Output {
[INFO] [stdout]    |                    ^^^ help: if this is intentional, prefix it with an underscore: `_rhs`
[INFO] [stdout] 
[INFO] [stdout] 
[INFO] [stdout] warning: unused variable: `trivector`
[INFO] [stdout]    --> src/math/vector.rs:170:22
[INFO] [stdout]     |
[INFO] [stdout] 170 |         let (vector, trivector) = rotor * rhs;
[INFO] [stdout]     |                      ^^^^^^^^^ help: if this is intentional, prefix it with an underscore: `_trivector`
[INFO] [stdout] 
[INFO] [stdout] 
[INFO] [stdout] warning: variable does not need to be mutable
[INFO] [stdout]    --> src/geometry/utils.rs:139:9
[INFO] [stdout]     |
[INFO] [stdout] 139 |     let mut distances = points
[INFO] [stdout]     |         ----^^^^^^^^^
[INFO] [stdout]     |         |
[INFO] [stdout]     |         help: remove this `mut`
[INFO] [stdout]     |
[INFO] [stdout]     = note: `#[warn(unused_mut)]` on by default
[INFO] [stdout] 
[INFO] [stdout] 
[INFO] [stdout] warning: struct is never constructed: `LineSegment`
[INFO] [stdout]   --> src/geometry/line.rs:47:8
[INFO] [stdout]    |
[INFO] [stdout] 47 | struct LineSegment {}
[INFO] [stdout]    |        ^^^^^^^^^^^
[INFO] [stdout]    |
[INFO] [stdout]    = note: `#[warn(dead_code)]` on by default
[INFO] [stdout] 
[INFO] [stdout] 
[INFO] [stdout] warning: associated function is never used: `are_neighbors`
[INFO] [stdout]    --> src/geometry/polygon.rs:196:8
[INFO] [stdout]     |
[INFO] [stdout] 196 |     fn are_neighbors(&self, i: usize, j: usize) -> bool {
[INFO] [stdout]     |        ^^^^^^^^^^^^^
[INFO] [stdout] 
[INFO] [stdout] 
[INFO] [stdout] warning: associated function is never used: `dihedral_angle`
[INFO] [stdout]   --> src/origami/crease.rs:11:8
[INFO] [stdout]    |
[INFO] [stdout] 11 |     fn dihedral_angle() -> f32 {
[INFO] [stdout]    |        ^^^^^^^^^^^^^^
[INFO] [stdout] 
[INFO] [stdout] 
[INFO] [stdout] warning: associated function is never used: `fold_angle`
[INFO] [stdout]   --> src/origami/crease.rs:15:8
[INFO] [stdout]    |
[INFO] [stdout] 15 |     fn fold_angle() -> f32 {
[INFO] [stdout]    |        ^^^^^^^^^^
[INFO] [stdout] 
[INFO] [stdout] 
[INFO] [stdout] warning: associated function is never used: `fold_direction_angle`
[INFO] [stdout]   --> src/origami/crease.rs:21:8
[INFO] [stdout]    |
[INFO] [stdout] 21 |     fn fold_direction_angle() -> f32 {
[INFO] [stdout]    |        ^^^^^^^^^^^^^^^^^^^^
[INFO] [stdout] 
[INFO] [stdout] 
[INFO] [stdout] warning: struct is never constructed: `Vertex`
[INFO] [stdout]   --> src/origami/vertex.rs:11:8
[INFO] [stdout]    |
[INFO] [stdout] 11 | struct Vertex {}
[INFO] [stdout]    |        ^^^^^^
[INFO] [stdout] 
[INFO] [stdout] 
[INFO] [stdout] warning: associated function is never used: `degree`
[INFO] [stdout]   --> src/origami/vertex.rs:15:8
[INFO] [stdout]    |
[INFO] [stdout] 15 |     fn degree() -> usize {
[INFO] [stdout]    |        ^^^^^^
[INFO] [stdout] 
[INFO] [stdout] 
[INFO] [stdout] warning: associated function is never used: `is_developable`
[INFO] [stdout]   --> src/origami/vertex.rs:20:8
[INFO] [stdout]    |
[INFO] [stdout] 20 |     fn is_developable() -> bool {
[INFO] [stdout]    |        ^^^^^^^^^^^^^^
[INFO] [stdout] 
[INFO] [stdout] 
[INFO] [stdout] warning: associated function is never used: `sector_angles`
[INFO] [stdout]   --> src/origami/vertex.rs:25:8
[INFO] [stdout]    |
[INFO] [stdout] 25 |     fn sector_angles() -> Vec<f32> {
[INFO] [stdout]    |        ^^^^^^^^^^^^^
[INFO] [stdout] 
[INFO] [stdout] 
[INFO] [stdout] warning: associated function is never used: `majority_type`
[INFO] [stdout]   --> src/origami/vertex.rs:33:8
[INFO] [stdout]    |
[INFO] [stdout] 33 |     fn majority_type() -> Option<MajorityType> {
[INFO] [stdout]    |        ^^^^^^^^^^^^^
[INFO] [stdout] 
[INFO] [stdout] 
[INFO] [stdout] warning: associated function is never used: `vertex_type`
[INFO] [stdout]   --> src/origami/vertex.rs:40:8
[INFO] [stdout]    |
[INFO] [stdout] 40 |     fn vertex_type() -> String {
[INFO] [stdout]    |        ^^^^^^^^^^^
[INFO] [stdout] 
[INFO] [stdout] 
[INFO] [stdout] warning: associated function is never used: `is_interior`
[INFO] [stdout]   --> src/origami/vertex.rs:46:8
[INFO] [stdout]    |
[INFO] [stdout] 46 |     fn is_interior() -> bool {
[INFO] [stdout]    |        ^^^^^^^^^^^
[INFO] [stdout] 
[INFO] [stdout] 
[INFO] [stdout] warning: 24 warnings emitted
[INFO] [stdout] 
[INFO] [stdout] 
[INFO] [stdout] warning: unused import: `scale`
[INFO] [stdout]  --> src/geometry/polygon.rs:1:20
[INFO] [stdout]   |
[INFO] [stdout] 1 | use nalgebra_glm::{scale, Vec2};
[INFO] [stdout]   |                    ^^^^^
[INFO] [stdout]   |
[INFO] [stdout]   = note: `#[warn(unused_imports)]` on by default
[INFO] [stdout] 
[INFO] [stdout] 
[INFO] [stdout] warning: unused import: `std::thread::current`
[INFO] [stdout]  --> src/geometry/polygon.rs:2:5
[INFO] [stdout]   |
[INFO] [stdout] 2 | use std::thread::current;
[INFO] [stdout]   |     ^^^^^^^^^^^^^^^^^^^^
[INFO] [stdout] 
[INFO] [stdout] 
[INFO] [stdout] warning: unnecessary parentheses around assigned value
[INFO] [stdout]   --> src/geometry/utils.rs:71:17
[INFO] [stdout]    |
[INFO] [stdout] 71 |     let denom = (-delta_x1 * delta_y0 + delta_x0 * delta_y1);
[INFO] [stdout]    |                 ^^^^^^^^^^^^^^^^^^^^^^^^^^^^^^^^^^^^^^^^^^^^ help: remove these parentheses
[INFO] [stdout]    |
[INFO] [stdout]    = note: `#[warn(unused_parens)]` on by default
[INFO] [stdout] 
[INFO] [stdout] 
[INFO] [stdout] warning: unused import: `crate::graph::planar_graph::PlanarGraphError::NoSuchVertex`
[INFO] [stdout]  --> src/graph/planar_graph.rs:5:5
[INFO] [stdout]   |
[INFO] [stdout] 5 | use crate::graph::planar_graph::PlanarGraphError::NoSuchVertex;
[INFO] [stdout]   |     ^^^^^^^^^^^^^^^^^^^^^^^^^^^^^^^^^^^^^^^^^^^^^^^^^^^^^^^^^^
[INFO] [stdout] 
[INFO] [stdout] 
[INFO] [stdout] warning: unused variable: `a`
[INFO] [stdout]   --> src/geometry/line.rs:36:13
[INFO] [stdout]    |
[INFO] [stdout] 36 |         let a = 1.0;
[INFO] [stdout]    |             ^ help: if this is intentional, prefix it with an underscore: `_a`
[INFO] [stdout]    |
[INFO] [stdout]    = note: `#[warn(unused_variables)]` on by default
[INFO] [stdout] 
[INFO] [stdout] 
[INFO] [stdout] warning: unused variable: `b`
[INFO] [stdout]   --> src/geometry/line.rs:39:13
[INFO] [stdout]    |
[INFO] [stdout] 39 |         let b = 1.0;
[INFO] [stdout]    |             ^ help: if this is intentional, prefix it with an underscore: `_b`
[INFO] [stdout] 
[INFO] [stdout] 
[INFO] [stdout] warning: unused variable: `rhs`
[INFO] [stdout]   --> src/geometry/line.rs:34:29
[INFO] [stdout]    |
[INFO] [stdout] 34 |     pub fn intersect(&self, rhs: &Line) -> Option<Vector3<f32>> {
[INFO] [stdout]    |                             ^^^ help: if this is intentional, prefix it with an underscore: `_rhs`
[INFO] [stdout] 
[INFO] [stdout] 
[INFO] [stdout] warning: unused variable: `include_endpoints`
[INFO] [stdout]    --> src/geometry/utils.rs:121:57
[INFO] [stdout]     |
[INFO] [stdout] 121 | pub fn is_on_line_segment(a: &Vec2, b: &Vec2, p: &Vec2, include_endpoints: bool) -> bool {
[INFO] [stdout]     |                                                         ^^^^^^^^^^^^^^^^^ help: if this is intentional, prefix it with an underscore: `_include_endpoints`
[INFO] [stdout] 
[INFO] [stdout] 
[INFO] [stdout] warning: unused variable: `node`
[INFO] [stdout]    --> src/graph/planar_graph.rs:161:21
[INFO] [stdout]     |
[INFO] [stdout] 161 |         if let Some(node) = self.get_vertex(id) {
[INFO] [stdout]     |                     ^^^^ help: if this is intentional, prefix it with an underscore: `_node`
[INFO] [stdout] 
[INFO] [stdout] 
[INFO] [stdout] warning: unused variable: `rhs`
[INFO] [stdout]   --> src/math/trivector.rs:63:20
[INFO] [stdout]    |
[INFO] [stdout] 63 |     fn wedge(self, rhs: Self) -> Self::Output {
[INFO] [stdout]    |                    ^^^ help: if this is intentional, prefix it with an underscore: `_rhs`
[INFO] [stdout] 
[INFO] [stdout] 
[INFO] [stdout] warning: unused variable: `trivector`
[INFO] [stdout]    --> src/math/vector.rs:170:22
[INFO] [stdout]     |
[INFO] [stdout] 170 |         let (vector, trivector) = rotor * rhs;
[INFO] [stdout]     |                      ^^^^^^^^^ help: if this is intentional, prefix it with an underscore: `_trivector`
[INFO] [stdout] 
[INFO] [stdout] 
[INFO] [stdout] warning: variable does not need to be mutable
[INFO] [stdout]    --> src/geometry/utils.rs:139:9
[INFO] [stdout]     |
[INFO] [stdout] 139 |     let mut distances = points
[INFO] [stdout]     |         ----^^^^^^^^^
[INFO] [stdout]     |         |
[INFO] [stdout]     |         help: remove this `mut`
[INFO] [stdout]     |
[INFO] [stdout]     = note: `#[warn(unused_mut)]` on by default
[INFO] [stdout] 
[INFO] [stdout] 
[INFO] [stdout] warning: struct is never constructed: `LineSegment`
[INFO] [stdout]   --> src/geometry/line.rs:47:8
[INFO] [stdout]    |
[INFO] [stdout] 47 | struct LineSegment {}
[INFO] [stdout]    |        ^^^^^^^^^^^
[INFO] [stdout]    |
[INFO] [stdout]    = note: `#[warn(dead_code)]` on by default
[INFO] [stdout] 
[INFO] [stdout] 
[INFO] [stdout] warning: associated function is never used: `are_neighbors`
[INFO] [stdout]    --> src/geometry/polygon.rs:196:8
[INFO] [stdout]     |
[INFO] [stdout] 196 |     fn are_neighbors(&self, i: usize, j: usize) -> bool {
[INFO] [stdout]     |        ^^^^^^^^^^^^^
[INFO] [stdout] 
[INFO] [stdout] 
[INFO] [stdout] warning: associated function is never used: `dihedral_angle`
[INFO] [stdout]   --> src/origami/crease.rs:11:8
[INFO] [stdout]    |
[INFO] [stdout] 11 |     fn dihedral_angle() -> f32 {
[INFO] [stdout]    |        ^^^^^^^^^^^^^^
[INFO] [stdout] 
[INFO] [stdout] 
[INFO] [stdout] warning: associated function is never used: `fold_angle`
[INFO] [stdout]   --> src/origami/crease.rs:15:8
[INFO] [stdout]    |
[INFO] [stdout] 15 |     fn fold_angle() -> f32 {
[INFO] [stdout]    |        ^^^^^^^^^^
[INFO] [stdout] 
[INFO] [stdout] 
[INFO] [stdout] warning: associated function is never used: `fold_direction_angle`
[INFO] [stdout]   --> src/origami/crease.rs:21:8
[INFO] [stdout]    |
[INFO] [stdout] 21 |     fn fold_direction_angle() -> f32 {
[INFO] [stdout]    |        ^^^^^^^^^^^^^^^^^^^^
[INFO] [stdout] 
[INFO] [stdout] 
[INFO] [stdout] warning: struct is never constructed: `Vertex`
[INFO] [stdout]   --> src/origami/vertex.rs:11:8
[INFO] [stdout]    |
[INFO] [stdout] 11 | struct Vertex {}
[INFO] [stdout]    |        ^^^^^^
[INFO] [stdout] 
[INFO] [stdout] 
[INFO] [stdout] warning: associated function is never used: `degree`
[INFO] [stdout]   --> src/origami/vertex.rs:15:8
[INFO] [stdout]    |
[INFO] [stdout] 15 |     fn degree() -> usize {
[INFO] [stdout]    |        ^^^^^^
[INFO] [stdout] 
[INFO] [stdout] 
[INFO] [stdout] warning: associated function is never used: `is_developable`
[INFO] [stdout]   --> src/origami/vertex.rs:20:8
[INFO] [stdout]    |
[INFO] [stdout] 20 |     fn is_developable() -> bool {
[INFO] [stdout]    |        ^^^^^^^^^^^^^^
[INFO] [stdout] 
[INFO] [stdout] 
[INFO] [stdout] warning: associated function is never used: `sector_angles`
[INFO] [stdout]   --> src/origami/vertex.rs:25:8
[INFO] [stdout]    |
[INFO] [stdout] 25 |     fn sector_angles() -> Vec<f32> {
[INFO] [stdout]    |        ^^^^^^^^^^^^^
[INFO] [stdout] 
[INFO] [stdout] 
[INFO] [stdout] warning: associated function is never used: `majority_type`
[INFO] [stdout]   --> src/origami/vertex.rs:33:8
[INFO] [stdout]    |
[INFO] [stdout] 33 |     fn majority_type() -> Option<MajorityType> {
[INFO] [stdout]    |        ^^^^^^^^^^^^^
[INFO] [stdout] 
[INFO] [stdout] 
[INFO] [stdout] warning: associated function is never used: `vertex_type`
[INFO] [stdout]   --> src/origami/vertex.rs:40:8
[INFO] [stdout]    |
[INFO] [stdout] 40 |     fn vertex_type() -> String {
[INFO] [stdout]    |        ^^^^^^^^^^^
[INFO] [stdout] 
[INFO] [stdout] 
[INFO] [stdout] warning: associated function is never used: `is_interior`
[INFO] [stdout]   --> src/origami/vertex.rs:46:8
[INFO] [stdout]    |
[INFO] [stdout] 46 |     fn is_interior() -> bool {
[INFO] [stdout]    |        ^^^^^^^^^^^
[INFO] [stdout] 
[INFO] [stdout] 
[INFO] [stdout] warning: unused `Result` that must be used
[INFO] [stdout]    --> src/graph/planar_graph.rs:529:9
[INFO] [stdout]     |
[INFO] [stdout] 529 |         graph.add_edge(0, 1, ());
[INFO] [stdout]     |         ^^^^^^^^^^^^^^^^^^^^^^^^^
[INFO] [stdout]     |
[INFO] [stdout]     = note: `#[warn(unused_must_use)]` on by default
[INFO] [stdout]     = note: this `Result` may be an `Err` variant, which should be handled
[INFO] [stdout] 
[INFO] [stdout] 
[INFO] [stdout] warning: unused `Result` that must be used
[INFO] [stdout]    --> src/graph/planar_graph.rs:530:9
[INFO] [stdout]     |
[INFO] [stdout] 530 |         graph.add_edge(2, 3, ());
[INFO] [stdout]     |         ^^^^^^^^^^^^^^^^^^^^^^^^^
[INFO] [stdout]     |
[INFO] [stdout]     = note: this `Result` may be an `Err` variant, which should be handled
[INFO] [stdout] 
[INFO] [stdout] 
[INFO] [stdout] warning: 26 warnings emitted
[INFO] [stdout] 
[INFO] [stdout] 
[INFO] [stderr]     Finished test [unoptimized + debuginfo] target(s) in 4.01s
[INFO] running `Command { std: "docker" "inspect" "a3238c63679ebfbbbe67e2100f669ed6ed4d755a1e52a14d1a021f4ca25e8057", kill_on_drop: false }`
[INFO] running `Command { std: "docker" "rm" "-f" "a3238c63679ebfbbbe67e2100f669ed6ed4d755a1e52a14d1a021f4ca25e8057", kill_on_drop: false }`
[INFO] [stdout] a3238c63679ebfbbbe67e2100f669ed6ed4d755a1e52a14d1a021f4ca25e8057
[INFO] running `Command { std: "docker" "create" "-v" "/var/lib/crater-agent-workspace/builds/worker-102/target:/opt/rustwide/target:rw,Z" "-v" "/var/lib/crater-agent-workspace/builds/worker-102/source:/opt/rustwide/workdir:ro,Z" "-v" "/var/lib/crater-agent-workspace/cargo-home:/opt/rustwide/cargo-home:ro,Z" "-v" "/var/lib/crater-agent-workspace/rustup-home:/opt/rustwide/rustup-home:ro,Z" "-e" "SOURCE_DIR=/opt/rustwide/workdir" "-e" "CARGO_TARGET_DIR=/opt/rustwide/target" "-e" "CARGO_INCREMENTAL=0" "-e" "RUST_BACKTRACE=full" "-e" "RUSTFLAGS=--cap-lints=warn" "-e" "CARGO_HOME=/opt/rustwide/cargo-home" "-e" "RUSTUP_HOME=/opt/rustwide/rustup-home" "-w" "/opt/rustwide/workdir" "-m" "1610612736" "--user" "0:0" "--network" "none" "ghcr.io/rust-lang/crates-build-env/linux@sha256:34b6a614d2c27851fe6cbf88fbd1137609cefab8b10d0615aaeb6fd47975d74e" "/opt/rustwide/cargo-home/bin/cargo" "+1.54.0" "test" "--frozen", kill_on_drop: false }`
[INFO] [stdout] 2db0125e72528820168fa620cc66fc3d920cdba024beb2858d6f36055c8b85a5
[INFO] running `Command { std: "docker" "start" "-a" "2db0125e72528820168fa620cc66fc3d920cdba024beb2858d6f36055c8b85a5", kill_on_drop: false }`
[INFO] [stderr] warning: unused import: `scale`
[INFO] [stderr]  --> src/geometry/polygon.rs:1:20
[INFO] [stderr]   |
[INFO] [stderr] 1 | use nalgebra_glm::{scale, Vec2};
[INFO] [stderr]   |                    ^^^^^
[INFO] [stderr]   |
[INFO] [stderr]   = note: `#[warn(unused_imports)]` on by default
[INFO] [stderr] 
[INFO] [stderr] warning: unused import: `std::thread::current`
[INFO] [stderr]  --> src/geometry/polygon.rs:2:5
[INFO] [stderr]   |
[INFO] [stderr] 2 | use std::thread::current;
[INFO] [stderr]   |     ^^^^^^^^^^^^^^^^^^^^
[INFO] [stderr] 
[INFO] [stderr] warning: unnecessary parentheses around assigned value
[INFO] [stderr]   --> src/geometry/utils.rs:71:17
[INFO] [stderr]    |
[INFO] [stderr] 71 |     let denom = (-delta_x1 * delta_y0 + delta_x0 * delta_y1);
[INFO] [stderr]    |                 ^^^^^^^^^^^^^^^^^^^^^^^^^^^^^^^^^^^^^^^^^^^^ help: remove these parentheses
[INFO] [stderr]    |
[INFO] [stderr]    = note: `#[warn(unused_parens)]` on by default
[INFO] [stderr] 
[INFO] [stderr] warning: unused import: `crate::graph::planar_graph::PlanarGraphError::NoSuchVertex`
[INFO] [stderr]  --> src/graph/planar_graph.rs:5:5
[INFO] [stderr]   |
[INFO] [stderr] 5 | use crate::graph::planar_graph::PlanarGraphError::NoSuchVertex;
[INFO] [stderr]   |     ^^^^^^^^^^^^^^^^^^^^^^^^^^^^^^^^^^^^^^^^^^^^^^^^^^^^^^^^^^
[INFO] [stderr] 
[INFO] [stderr] warning: unused variable: `a`
[INFO] [stderr]   --> src/geometry/line.rs:36:13
[INFO] [stderr]    |
[INFO] [stderr] 36 |         let a = 1.0;
[INFO] [stderr]    |             ^ help: if this is intentional, prefix it with an underscore: `_a`
[INFO] [stderr]    |
[INFO] [stderr]    = note: `#[warn(unused_variables)]` on by default
[INFO] [stderr] 
[INFO] [stderr] warning: unused variable: `b`
[INFO] [stderr]   --> src/geometry/line.rs:39:13
[INFO] [stderr]    |
[INFO] [stderr] 39 |         let b = 1.0;
[INFO] [stderr]    |             ^ help: if this is intentional, prefix it with an underscore: `_b`
[INFO] [stderr] 
[INFO] [stderr] warning: unused variable: `rhs`
[INFO] [stderr]   --> src/geometry/line.rs:34:29
[INFO] [stderr]    |
[INFO] [stderr] 34 |     pub fn intersect(&self, rhs: &Line) -> Option<Vector3<f32>> {
[INFO] [stderr]    |                             ^^^ help: if this is intentional, prefix it with an underscore: `_rhs`
[INFO] [stderr] 
[INFO] [stderr] warning: unused variable: `include_endpoints`
[INFO] [stderr]    --> src/geometry/utils.rs:121:57
[INFO] [stderr]     |
[INFO] [stderr] 121 | pub fn is_on_line_segment(a: &Vec2, b: &Vec2, p: &Vec2, include_endpoints: bool) -> bool {
[INFO] [stderr]     |                                                         ^^^^^^^^^^^^^^^^^ help: if this is intentional, prefix it with an underscore: `_include_endpoints`
[INFO] [stderr] 
[INFO] [stderr] warning: unused variable: `node`
[INFO] [stderr]    --> src/graph/planar_graph.rs:161:21
[INFO] [stderr]     |
[INFO] [stderr] 161 |         if let Some(node) = self.get_vertex(id) {
[INFO] [stderr]     |                     ^^^^ help: if this is intentional, prefix it with an underscore: `_node`
[INFO] [stderr] 
[INFO] [stderr] warning: unused variable: `rhs`
[INFO] [stderr]   --> src/math/trivector.rs:63:20
[INFO] [stderr]    |
[INFO] [stderr] 63 |     fn wedge(self, rhs: Self) -> Self::Output {
[INFO] [stderr]    |                    ^^^ help: if this is intentional, prefix it with an underscore: `_rhs`
[INFO] [stderr] 
[INFO] [stderr] warning: unused variable: `trivector`
[INFO] [stderr]    --> src/math/vector.rs:170:22
[INFO] [stderr]     |
[INFO] [stderr] 170 |         let (vector, trivector) = rotor * rhs;
[INFO] [stderr]     |                      ^^^^^^^^^ help: if this is intentional, prefix it with an underscore: `_trivector`
[INFO] [stderr] 
[INFO] [stderr] warning: variable does not need to be mutable
[INFO] [stderr]    --> src/geometry/utils.rs:139:9
[INFO] [stderr]     |
[INFO] [stderr] 139 |     let mut distances = points
[INFO] [stderr]     |         ----^^^^^^^^^
[INFO] [stderr]     |         |
[INFO] [stderr]     |         help: remove this `mut`
[INFO] [stderr]     |
[INFO] [stderr]     = note: `#[warn(unused_mut)]` on by default
[INFO] [stderr] 
[INFO] [stderr] warning: struct is never constructed: `LineSegment`
[INFO] [stderr]   --> src/geometry/line.rs:47:8
[INFO] [stderr]    |
[INFO] [stderr] 47 | struct LineSegment {}
[INFO] [stderr]    |        ^^^^^^^^^^^
[INFO] [stderr]    |
[INFO] [stderr]    = note: `#[warn(dead_code)]` on by default
[INFO] [stderr] 
[INFO] [stderr] warning: associated function is never used: `are_neighbors`
[INFO] [stderr]    --> src/geometry/polygon.rs:196:8
[INFO] [stderr]     |
[INFO] [stderr] 196 |     fn are_neighbors(&self, i: usize, j: usize) -> bool {
[INFO] [stderr]     |        ^^^^^^^^^^^^^
[INFO] [stderr] 
[INFO] [stderr] warning: associated function is never used: `dihedral_angle`
[INFO] [stderr]   --> src/origami/crease.rs:11:8
[INFO] [stderr]    |
[INFO] [stderr] 11 |     fn dihedral_angle() -> f32 {
[INFO] [stderr]    |        ^^^^^^^^^^^^^^
[INFO] [stderr] 
[INFO] [stderr] warning: associated function is never used: `fold_angle`
[INFO] [stderr]   --> src/origami/crease.rs:15:8
[INFO] [stderr]    |
[INFO] [stderr] 15 |     fn fold_angle() -> f32 {
[INFO] [stderr]    |        ^^^^^^^^^^
[INFO] [stderr] 
[INFO] [stderr] warning: associated function is never used: `fold_direction_angle`
[INFO] [stderr]   --> src/origami/crease.rs:21:8
[INFO] [stderr]    |
[INFO] [stderr] 21 |     fn fold_direction_angle() -> f32 {
[INFO] [stderr]    |        ^^^^^^^^^^^^^^^^^^^^
[INFO] [stderr] 
[INFO] [stderr] warning: struct is never constructed: `Vertex`
[INFO] [stderr]   --> src/origami/vertex.rs:11:8
[INFO] [stderr]    |
[INFO] [stderr] 11 | struct Vertex {}
[INFO] [stderr]    |        ^^^^^^
[INFO] [stderr] 
[INFO] [stderr] warning: associated function is never used: `degree`
[INFO] [stderr]   --> src/origami/vertex.rs:15:8
[INFO] [stderr]    |
[INFO] [stderr] 15 |     fn degree() -> usize {
[INFO] [stderr]    |        ^^^^^^
[INFO] [stderr] 
[INFO] [stderr] warning: associated function is never used: `is_developable`
[INFO] [stderr]   --> src/origami/vertex.rs:20:8
[INFO] [stderr]    |
[INFO] [stderr] 20 |     fn is_developable() -> bool {
[INFO] [stderr]    |        ^^^^^^^^^^^^^^
[INFO] [stderr] 
[INFO] [stderr] warning: associated function is never used: `sector_angles`
[INFO] [stderr]   --> src/origami/vertex.rs:25:8
[INFO] [stderr]    |
[INFO] [stderr] 25 |     fn sector_angles() -> Vec<f32> {
[INFO] [stderr]    |        ^^^^^^^^^^^^^
[INFO] [stderr] 
[INFO] [stderr] warning: associated function is never used: `majority_type`
[INFO] [stderr]   --> src/origami/vertex.rs:33:8
[INFO] [stderr]    |
[INFO] [stderr] 33 |     fn majority_type() -> Option<MajorityType> {
[INFO] [stderr]    |        ^^^^^^^^^^^^^
[INFO] [stderr] 
[INFO] [stderr] warning: associated function is never used: `vertex_type`
[INFO] [stderr]   --> src/origami/vertex.rs:40:8
[INFO] [stderr]    |
[INFO] [stderr] 40 |     fn vertex_type() -> String {
[INFO] [stderr]    |        ^^^^^^^^^^^
[INFO] [stderr] 
[INFO] [stderr] warning: associated function is never used: `is_interior`
[INFO] [stderr]   --> src/origami/vertex.rs:46:8
[INFO] [stderr]    |
[INFO] [stderr] 46 |     fn is_interior() -> bool {
[INFO] [stderr]    |        ^^^^^^^^^^^
[INFO] [stderr] 
[INFO] [stderr] warning: 24 warnings emitted
[INFO] [stderr] 
[INFO] [stderr] warning: unused import: `scale`
[INFO] [stderr]  --> src/geometry/polygon.rs:1:20
[INFO] [stderr]   |
[INFO] [stderr] 1 | use nalgebra_glm::{scale, Vec2};
[INFO] [stderr]   |                    ^^^^^
[INFO] [stderr]   |
[INFO] [stderr]   = note: `#[warn(unused_imports)]` on by default
[INFO] [stderr] 
[INFO] [stderr] warning: unused import: `std::thread::current`
[INFO] [stderr]  --> src/geometry/polygon.rs:2:5
[INFO] [stderr]   |
[INFO] [stderr] 2 | use std::thread::current;
[INFO] [stderr]   |     ^^^^^^^^^^^^^^^^^^^^
[INFO] [stderr] 
[INFO] [stderr] warning: unnecessary parentheses around assigned value
[INFO] [stderr]   --> src/geometry/utils.rs:71:17
[INFO] [stderr]    |
[INFO] [stderr] 71 |     let denom = (-delta_x1 * delta_y0 + delta_x0 * delta_y1);
[INFO] [stderr]    |                 ^^^^^^^^^^^^^^^^^^^^^^^^^^^^^^^^^^^^^^^^^^^^ help: remove these parentheses
[INFO] [stderr]    |
[INFO] [stderr]    = note: `#[warn(unused_parens)]` on by default
[INFO] [stderr] 
[INFO] [stderr] warning: unused import: `crate::graph::planar_graph::PlanarGraphError::NoSuchVertex`
[INFO] [stderr]  --> src/graph/planar_graph.rs:5:5
[INFO] [stderr]   |
[INFO] [stderr] 5 | use crate::graph::planar_graph::PlanarGraphError::NoSuchVertex;
[INFO] [stderr]   |     ^^^^^^^^^^^^^^^^^^^^^^^^^^^^^^^^^^^^^^^^^^^^^^^^^^^^^^^^^^
[INFO] [stderr] 
[INFO] [stderr] warning: unused variable: `a`
[INFO] [stderr]   --> src/geometry/line.rs:36:13
[INFO] [stderr]    |
[INFO] [stderr] 36 |         let a = 1.0;
[INFO] [stderr]    |             ^ help: if this is intentional, prefix it with an underscore: `_a`
[INFO] [stderr]    |
[INFO] [stderr]    = note: `#[warn(unused_variables)]` on by default
[INFO] [stderr] 
[INFO] [stderr] warning: unused variable: `b`
[INFO] [stderr]   --> src/geometry/line.rs:39:13
[INFO] [stderr]    |
[INFO] [stderr] 39 |         let b = 1.0;
[INFO] [stderr]    |             ^ help: if this is intentional, prefix it with an underscore: `_b`
[INFO] [stderr] 
[INFO] [stderr] warning: unused variable: `rhs`
[INFO] [stderr]   --> src/geometry/line.rs:34:29
[INFO] [stderr]    |
[INFO] [stderr] 34 |     pub fn intersect(&self, rhs: &Line) -> Option<Vector3<f32>> {
[INFO] [stderr]    |                             ^^^ help: if this is intentional, prefix it with an underscore: `_rhs`
[INFO] [stderr] 
[INFO] [stderr] warning: unused variable: `include_endpoints`
[INFO] [stderr]    --> src/geometry/utils.rs:121:57
[INFO] [stderr]     |
[INFO] [stderr] 121 | pub fn is_on_line_segment(a: &Vec2, b: &Vec2, p: &Vec2, include_endpoints: bool) -> bool {
[INFO] [stderr]     |                                                         ^^^^^^^^^^^^^^^^^ help: if this is intentional, prefix it with an underscore: `_include_endpoints`
[INFO] [stderr] 
[INFO] [stderr] warning: unused variable: `node`
[INFO] [stderr]    --> src/graph/planar_graph.rs:161:21
[INFO] [stderr]     |
[INFO] [stderr] 161 |         if let Some(node) = self.get_vertex(id) {
[INFO] [stderr]     |                     ^^^^ help: if this is intentional, prefix it with an underscore: `_node`
[INFO] [stderr] 
[INFO] [stderr] warning: unused variable: `rhs`
[INFO] [stderr]   --> src/math/trivector.rs:63:20
[INFO] [stderr]    |
[INFO] [stderr] 63 |     fn wedge(self, rhs: Self) -> Self::Output {
[INFO] [stderr]    |                    ^^^ help: if this is intentional, prefix it with an underscore: `_rhs`
[INFO] [stderr] 
[INFO] [stderr] warning: unused variable: `trivector`
[INFO] [stderr]    --> src/math/vector.rs:170:22
[INFO] [stderr]     |
[INFO] [stderr] 170 |         let (vector, trivector) = rotor * rhs;
[INFO] [stderr]     |                      ^^^^^^^^^ help: if this is intentional, prefix it with an underscore: `_trivector`
[INFO] [stderr] 
[INFO] [stderr] warning: variable does not need to be mutable
[INFO] [stderr]    --> src/geometry/utils.rs:139:9
[INFO] [stderr]     |
[INFO] [stderr] 139 |     let mut distances = points
[INFO] [stderr]     |         ----^^^^^^^^^
[INFO] [stderr]     |         |
[INFO] [stderr]     |         help: remove this `mut`
[INFO] [stderr]     |
[INFO] [stderr]     = note: `#[warn(unused_mut)]` on by default
[INFO] [stderr] 
[INFO] [stderr] warning: struct is never constructed: `LineSegment`
[INFO] [stderr]   --> src/geometry/line.rs:47:8
[INFO] [stderr]    |
[INFO] [stderr] 47 | struct LineSegment {}
[INFO] [stderr]    |        ^^^^^^^^^^^
[INFO] [stderr]    |
[INFO] [stderr]    = note: `#[warn(dead_code)]` on by default
[INFO] [stderr] 
[INFO] [stderr] warning: associated function is never used: `are_neighbors`
[INFO] [stderr]    --> src/geometry/polygon.rs:196:8
[INFO] [stderr]     |
[INFO] [stderr] 196 |     fn are_neighbors(&self, i: usize, j: usize) -> bool {
[INFO] [stderr]     |        ^^^^^^^^^^^^^
[INFO] [stderr] 
[INFO] [stderr] warning: associated function is never used: `dihedral_angle`
[INFO] [stderr]   --> src/origami/crease.rs:11:8
[INFO] [stderr]    |
[INFO] [stderr] 11 |     fn dihedral_angle() -> f32 {
[INFO] [stderr]    |        ^^^^^^^^^^^^^^
[INFO] [stderr] 
[INFO] [stderr] warning: associated function is never used: `fold_angle`
[INFO] [stderr]   --> src/origami/crease.rs:15:8
[INFO] [stderr]    |
[INFO] [stderr] 15 |     fn fold_angle() -> f32 {
[INFO] [stderr]    |        ^^^^^^^^^^
[INFO] [stderr] 
[INFO] [stderr] warning: associated function is never used: `fold_direction_angle`
[INFO] [stderr]   --> src/origami/crease.rs:21:8
[INFO] [stderr]    |
[INFO] [stderr] 21 |     fn fold_direction_angle() -> f32 {
[INFO] [stderr]    |        ^^^^^^^^^^^^^^^^^^^^
[INFO] [stderr] 
[INFO] [stderr] warning: struct is never constructed: `Vertex`
[INFO] [stderr]   --> src/origami/vertex.rs:11:8
[INFO] [stderr]    |
[INFO] [stderr] 11 | struct Vertex {}
[INFO] [stderr]    |        ^^^^^^
[INFO] [stderr] 
[INFO] [stderr] warning: associated function is never used: `degree`
[INFO] [stderr]   --> src/origami/vertex.rs:15:8
[INFO] [stderr]    |
[INFO] [stderr] 15 |     fn degree() -> usize {
[INFO] [stderr]    |        ^^^^^^
[INFO] [stderr] 
[INFO] [stderr] warning: associated function is never used: `is_developable`
[INFO] [stderr]   --> src/origami/vertex.rs:20:8
[INFO] [stderr]    |
[INFO] [stderr] 20 |     fn is_developable() -> bool {
[INFO] [stderr]    |        ^^^^^^^^^^^^^^
[INFO] [stderr] 
[INFO] [stderr] warning: associated function is never used: `sector_angles`
[INFO] [stderr]   --> src/origami/vertex.rs:25:8
[INFO] [stderr]    |
[INFO] [stderr] 25 |     fn sector_angles() -> Vec<f32> {
[INFO] [stderr]    |        ^^^^^^^^^^^^^
[INFO] [stderr] 
[INFO] [stderr] warning: associated function is never used: `majority_type`
[INFO] [stderr]   --> src/origami/vertex.rs:33:8
[INFO] [stderr]    |
[INFO] [stderr] 33 |     fn majority_type() -> Option<MajorityType> {
[INFO] [stderr]    |        ^^^^^^^^^^^^^
[INFO] [stderr] 
[INFO] [stderr] warning: associated function is never used: `vertex_type`
[INFO] [stderr]   --> src/origami/vertex.rs:40:8
[INFO] [stderr]    |
[INFO] [stderr] 40 |     fn vertex_type() -> String {
[INFO] [stderr]    |        ^^^^^^^^^^^
[INFO] [stderr] 
[INFO] [stderr] warning: associated function is never used: `is_interior`
[INFO] [stderr]   --> src/origami/vertex.rs:46:8
[INFO] [stderr]    |
[INFO] [stderr] 46 |     fn is_interior() -> bool {
[INFO] [stderr]    |        ^^^^^^^^^^^
[INFO] [stderr] 
[INFO] [stderr] warning: unused `Result` that must be used
[INFO] [stderr]    --> src/graph/planar_graph.rs:529:9
[INFO] [stderr]     |
[INFO] [stderr] 529 |         graph.add_edge(0, 1, ());
[INFO] [stderr]     |         ^^^^^^^^^^^^^^^^^^^^^^^^^
[INFO] [stderr]     |
[INFO] [stderr]     = note: `#[warn(unused_must_use)]` on by default
[INFO] [stderr]     = note: this `Result` may be an `Err` variant, which should be handled
[INFO] [stderr] 
[INFO] [stderr] warning: unused `Result` that must be used
[INFO] [stderr]    --> src/graph/planar_graph.rs:530:9
[INFO] [stderr]     |
[INFO] [stderr] 530 |         graph.add_edge(2, 3, ());
[INFO] [stderr]     |         ^^^^^^^^^^^^^^^^^^^^^^^^^
[INFO] [stderr]     |
[INFO] [stderr]     = note: this `Result` may be an `Err` variant, which should be handled
[INFO] [stderr] 
[INFO] [stderr] warning: 26 warnings emitted
[INFO] [stderr] 
[INFO] [stderr]     Finished test [unoptimized + debuginfo] target(s) in 0.09s
[INFO] [stderr]      Running unittests (/opt/rustwide/target/debug/deps/kami-1fd4ec2a3cf26588)
[INFO] [stdout] 
[INFO] [stdout] running 25 tests
[INFO] [stdout] test geometry::line::tests::contains ... ok
[INFO] [stdout] test geometry::utils::tests::simple ... ok
[INFO] [stdout] test math::bivector::tests::dot ... ok
[INFO] [stdout] test graph::planar_graph::tests::simple ... ok
[INFO] [stdout] test math::bivector::tests::inverse ... ok
[INFO] [stdout] test math::bivector::tests::geometric_product ... ok
[INFO] [stdout] test math::bivector::tests::normalize ... ok
[INFO] [stdout] test math::bivector::tests::norm ... ok
[INFO] [stdout] test math::rotor::tests::inverse ... ok
[INFO] [stdout] test math::rotor::tests::identity ... ok
[INFO] [stdout] test math::rotor::tests::norm ... ok
[INFO] [stdout] test math::rotor::tests::rotate ... ok
[INFO] [stdout] test math::trivector::tests::inverse ... ok
[INFO] [stdout] test math::trivector::tests::norm ... ok
[INFO] [stdout] test math::trivector::tests::normalize ... ok
[INFO] [stdout] test math::vector::tests::add ... ok
[INFO] [stdout] test math::vector::tests::angle ... ok
[INFO] [stdout] test math::vector::tests::inverse ... ok
[INFO] [stdout] test math::vector::tests::project ... ok
[INFO] [stdout] test math::trivector::tests::geometric_product ... ok
[INFO] [stdout] test math::vector::tests::sub ... ok
[INFO] [stdout] test math::vector::tests::reflect ... ok
[INFO] [stdout] test math::vector::tests::wedge ... ok
[INFO] [stdout] test math::vector::tests::dot ... ok
[INFO] [stdout] test geometry::polygon::tests::simple ... ok
[INFO] [stdout] 
[INFO] [stdout] test result: ok. 25 passed; 0 failed; 0 ignored; 0 measured; 0 filtered out; finished in 0.01s
[INFO] [stdout] 
[INFO] [stderr]    Doc-tests kami
[INFO] [stderr] warning: unnecessary parentheses around assigned value
[INFO] [stderr]   --> /opt/rustwide/workdir/src/geometry/utils.rs:71:17
[INFO] [stderr]    |
[INFO] [stderr] 71 |     let denom = (-delta_x1 * delta_y0 + delta_x0 * delta_y1);
[INFO] [stderr]    |                 ^^^^^^^^^^^^^^^^^^^^^^^^^^^^^^^^^^^^^^^^^^^^ help: remove these parentheses
[INFO] [stderr]    |
[INFO] [stderr]    = note: `#[warn(unused_parens)]` on by default
[INFO] [stderr] 
[INFO] [stderr] warning: 1 warning emitted
[INFO] [stderr] 
[INFO] [stdout] 
[INFO] [stdout] running 6 tests
[INFO] [stdout] test src/math/blade.rs - math::blade::Blade (line 19) ... FAILED
[INFO] [stdout] test src/math/bivector.rs - math::bivector::Bivector3<T>::wedge (line 105) ... FAILED
[INFO] [stdout] test src/math/vector.rs - math::vector::Vector3<T>::wedge (line 86) ... FAILED
[INFO] [stdout] test src/math/blade.rs - math::blade::total_number_of_basis_blades (line 45) ... FAILED
[INFO] [stdout] test src/math/rotor.rs - math::rotor::Rotor3<T>::from_angle_plane (line 85) ... FAILED
[INFO] [stdout] test src/math/blade.rs - math::blade::Orientation (line 7) ... FAILED
[INFO] [stdout] 
[INFO] [stdout] failures:
[INFO] [stdout] 
[INFO] [stdout] ---- src/math/blade.rs - math::blade::Blade (line 19) stdout ----
[INFO] [stdout] error: expected one of `!`, `.`, `::`, `;`, `?`, `{`, `}`, or an operator, found `->`
[INFO] [stdout]  --> src/math/blade.rs:20:10
[INFO] [stdout]   |
[INFO] [stdout] 3 | 0-blades -> scalars
[INFO] [stdout]   |          ^^ expected one of 8 possible tokens
[INFO] [stdout] 
[INFO] [stdout] error: aborting due to previous error
[INFO] [stdout] 
[INFO] [stdout] Couldn't compile the test.
[INFO] [stdout] ---- src/math/bivector.rs - math::bivector::Bivector3<T>::wedge (line 105) stdout ----
[INFO] [stdout] error: unknown start of token: `
[INFO] [stdout]  --> src/math/bivector.rs:106:1
[INFO] [stdout]   |
[INFO] [stdout] 3 | `| u₁ u₂ u₃ |`
[INFO] [stdout]   | ^
[INFO] [stdout]   |
[INFO] [stdout] help: Unicode character '`' (Grave Accent) looks like ''' (Single Quote), but it is not
[INFO] [stdout]   |
[INFO] [stdout] 3 | '| u₁ u₂ u₃ |`
[INFO] [stdout]   | ^
[INFO] [stdout] 
[INFO] [stdout] error: unknown start of token: \u{2081}
[INFO] [stdout]  --> src/math/bivector.rs:106:5
[INFO] [stdout]   |
[INFO] [stdout] 3 | `| u₁ u₂ u₃ |`
[INFO] [stdout]   |     ^
[INFO] [stdout] 
[INFO] [stdout] error: unknown start of token: \u{2082}
[INFO] [stdout]  --> src/math/bivector.rs:106:8
[INFO] [stdout]   |
[INFO] [stdout] 3 | `| u₁ u₂ u₃ |`
[INFO] [stdout]   |        ^
[INFO] [stdout] 
[INFO] [stdout] error: unknown start of token: \u{2083}
[INFO] [stdout]  --> src/math/bivector.rs:106:11
[INFO] [stdout]   |
[INFO] [stdout] 3 | `| u₁ u₂ u₃ |`
[INFO] [stdout]   |           ^
[INFO] [stdout] 
[INFO] [stdout] error: unknown start of token: `
[INFO] [stdout]  --> src/math/bivector.rs:106:14
[INFO] [stdout]   |
[INFO] [stdout] 3 | `| u₁ u₂ u₃ |`
[INFO] [stdout]   |              ^
[INFO] [stdout]   |
[INFO] [stdout] help: Unicode character '`' (Grave Accent) looks like ''' (Single Quote), but it is not
[INFO] [stdout]   |
[INFO] [stdout] 3 | `| u₁ u₂ u₃ |'
[INFO] [stdout]   |              ^
[INFO] [stdout] 
[INFO] [stdout] error: unknown start of token: `
[INFO] [stdout]  --> src/math/bivector.rs:107:13
[INFO] [stdout]   |
[INFO] [stdout] 4 |             `| v₁ v₂ v₃ |`
[INFO] [stdout]   |             ^
[INFO] [stdout]   |
[INFO] [stdout] help: Unicode character '`' (Grave Accent) looks like ''' (Single Quote), but it is not
[INFO] [stdout]   |
[INFO] [stdout] 4 |             '| v₁ v₂ v₃ |`
[INFO] [stdout]   |             ^
[INFO] [stdout] 
[INFO] [stdout] error: unknown start of token: \u{2081}
[INFO] [stdout]  --> src/math/bivector.rs:107:17
[INFO] [stdout]   |
[INFO] [stdout] 4 |             `| v₁ v₂ v₃ |`
[INFO] [stdout]   |                 ^
[INFO] [stdout] 
[INFO] [stdout] error: unknown start of token: \u{2082}
[INFO] [stdout]  --> src/math/bivector.rs:107:20
[INFO] [stdout]   |
[INFO] [stdout] 4 |             `| v₁ v₂ v₃ |`
[INFO] [stdout]   |                    ^
[INFO] [stdout] 
[INFO] [stdout] error: unknown start of token: \u{2083}
[INFO] [stdout]  --> src/math/bivector.rs:107:23
[INFO] [stdout]   |
[INFO] [stdout] 4 |             `| v₁ v₂ v₃ |`
[INFO] [stdout]   |                       ^
[INFO] [stdout] 
[INFO] [stdout] error: unknown start of token: `
[INFO] [stdout]  --> src/math/bivector.rs:107:26
[INFO] [stdout]   |
[INFO] [stdout] 4 |             `| v₁ v₂ v₃ |`
[INFO] [stdout]   |                          ^
[INFO] [stdout]   |
[INFO] [stdout] help: Unicode character '`' (Grave Accent) looks like ''' (Single Quote), but it is not
[INFO] [stdout]   |
[INFO] [stdout] 4 |             `| v₁ v₂ v₃ |'
[INFO] [stdout]   |                          ^
[INFO] [stdout] 
[INFO] [stdout] error: unknown start of token: `
[INFO] [stdout]  --> src/math/bivector.rs:108:13
[INFO] [stdout]   |
[INFO] [stdout] 5 |             `| w₁ w₂ w₃ |`
[INFO] [stdout]   |             ^
[INFO] [stdout]   |
[INFO] [stdout] help: Unicode character '`' (Grave Accent) looks like ''' (Single Quote), but it is not
[INFO] [stdout]   |
[INFO] [stdout] 5 |             '| w₁ w₂ w₃ |`
[INFO] [stdout]   |             ^
[INFO] [stdout] 
[INFO] [stdout] error: unknown start of token: \u{2081}
[INFO] [stdout]  --> src/math/bivector.rs:108:17
[INFO] [stdout]   |
[INFO] [stdout] 5 |             `| w₁ w₂ w₃ |`
[INFO] [stdout]   |                 ^
[INFO] [stdout] 
[INFO] [stdout] error: unknown start of token: \u{2082}
[INFO] [stdout]  --> src/math/bivector.rs:108:20
[INFO] [stdout]   |
[INFO] [stdout] 5 |             `| w₁ w₂ w₃ |`
[INFO] [stdout]   |                    ^
[INFO] [stdout] 
[INFO] [stdout] error: unknown start of token: \u{2083}
[INFO] [stdout]  --> src/math/bivector.rs:108:23
[INFO] [stdout]   |
[INFO] [stdout] 5 |             `| w₁ w₂ w₃ |`
[INFO] [stdout]   |                       ^
[INFO] [stdout] 
[INFO] [stdout] error: unknown start of token: `
[INFO] [stdout]  --> src/math/bivector.rs:108:26
[INFO] [stdout]   |
[INFO] [stdout] 5 |             `| w₁ w₂ w₃ |`
[INFO] [stdout]   |                          ^
[INFO] [stdout]   |
[INFO] [stdout] help: Unicode character '`' (Grave Accent) looks like ''' (Single Quote), but it is not
[INFO] [stdout]   |
[INFO] [stdout] 5 |             `| w₁ w₂ w₃ |'
[INFO] [stdout]   |                          ^
[INFO] [stdout] 
[INFO] [stdout] error: expected one of `,`, `:`, or `@`, found `u`
[INFO] [stdout]  --> src/math/bivector.rs:106:7
[INFO] [stdout]   |
[INFO] [stdout] 3 | `| u₁ u₂ u₃ |`
[INFO] [stdout]   |     - ^ expected one of `,`, `:`, or `@`
[INFO] [stdout]   |     |
[INFO] [stdout]   |     help: missing `,`
[INFO] [stdout] 
[INFO] [stdout] error: expected one of `,`, `:`, or `@`, found `u`
[INFO] [stdout]  --> src/math/bivector.rs:106:10
[INFO] [stdout]   |
[INFO] [stdout] 3 | `| u₁ u₂ u₃ |`
[INFO] [stdout]   |        - ^ expected one of `,`, `:`, or `@`
[INFO] [stdout]   |        |
[INFO] [stdout]   |        help: missing `,`
[INFO] [stdout] 
[INFO] [stdout] error: expected one of `,`, `:`, or `@`, found `v`
[INFO] [stdout]  --> src/math/bivector.rs:107:19
[INFO] [stdout]   |
[INFO] [stdout] 4 |             `| v₁ v₂ v₃ |`
[INFO] [stdout]   |                 - ^ expected one of `,`, `:`, or `@`
[INFO] [stdout]   |                 |
[INFO] [stdout]   |                 help: missing `,`
[INFO] [stdout] 
[INFO] [stdout] error: expected one of `,`, `:`, or `@`, found `v`
[INFO] [stdout]  --> src/math/bivector.rs:107:22
[INFO] [stdout]   |
[INFO] [stdout] 4 |             `| v₁ v₂ v₃ |`
[INFO] [stdout]   |                    - ^ expected one of `,`, `:`, or `@`
[INFO] [stdout]   |                    |
[INFO] [stdout]   |                    help: missing `,`
[INFO] [stdout] 
[INFO] [stdout] error: expected one of `,`, `:`, or `@`, found `w`
[INFO] [stdout]  --> src/math/bivector.rs:108:19
[INFO] [stdout]   |
[INFO] [stdout] 5 |             `| w₁ w₂ w₃ |`
[INFO] [stdout]   |                 - ^ expected one of `,`, `:`, or `@`
[INFO] [stdout]   |                 |
[INFO] [stdout]   |                 help: missing `,`
[INFO] [stdout] 
[INFO] [stdout] error: expected one of `,`, `:`, or `@`, found `w`
[INFO] [stdout]  --> src/math/bivector.rs:108:22
[INFO] [stdout]   |
[INFO] [stdout] 5 |             `| w₁ w₂ w₃ |`
[INFO] [stdout]   |                    - ^ expected one of `,`, `:`, or `@`
[INFO] [stdout]   |                    |
[INFO] [stdout]   |                    help: missing `,`
[INFO] [stdout] 
[INFO] [stdout] error: expected expression, found `}`
[INFO] [stdout]  --> src/math/bivector.rs:109:1
[INFO] [stdout]   |
[INFO] [stdout] 6 | } _doctest_main_src_math_bivector_rs_105_0() }
[INFO] [stdout]   | ^ expected expression
[INFO] [stdout] 
[INFO] [stdout] error: aborting due to 22 previous errors
[INFO] [stdout] 
[INFO] [stdout] Couldn't compile the test.
[INFO] [stdout] ---- src/math/vector.rs - math::vector::Vector3<T>::wedge (line 86) stdout ----
[INFO] [stdout] error: unknown start of token: `
[INFO] [stdout]  --> src/math/vector.rs:87:1
[INFO] [stdout]   |
[INFO] [stdout] 3 | `| e₂₃  e₁₃  e₁₂ |`
[INFO] [stdout]   | ^
[INFO] [stdout]   |
[INFO] [stdout] help: Unicode character '`' (Grave Accent) looks like ''' (Single Quote), but it is not
[INFO] [stdout]   |
[INFO] [stdout] 3 | '| e₂₃  e₁₃  e₁₂ |`
[INFO] [stdout]   | ^
[INFO] [stdout] 
[INFO] [stdout] error: unknown start of token: \u{2082}
[INFO] [stdout]  --> src/math/vector.rs:87:5
[INFO] [stdout]   |
[INFO] [stdout] 3 | `| e₂₃  e₁₃  e₁₂ |`
[INFO] [stdout]   |     ^
[INFO] [stdout] 
[INFO] [stdout] error: unknown start of token: \u{2083}
[INFO] [stdout]  --> src/math/vector.rs:87:6
[INFO] [stdout]   |
[INFO] [stdout] 3 | `| e₂₃  e₁₃  e₁₂ |`
[INFO] [stdout]   |      ^
[INFO] [stdout] 
[INFO] [stdout] error: unknown start of token: \u{2081}
[INFO] [stdout]  --> src/math/vector.rs:87:10
[INFO] [stdout]   |
[INFO] [stdout] 3 | `| e₂₃  e₁₃  e₁₂ |`
[INFO] [stdout]   |          ^
[INFO] [stdout] 
[INFO] [stdout] error: unknown start of token: \u{2083}
[INFO] [stdout]  --> src/math/vector.rs:87:11
[INFO] [stdout]   |
[INFO] [stdout] 3 | `| e₂₃  e₁₃  e₁₂ |`
[INFO] [stdout]   |           ^
[INFO] [stdout] 
[INFO] [stdout] error: unknown start of token: \u{2081}
[INFO] [stdout]  --> src/math/vector.rs:87:15
[INFO] [stdout]   |
[INFO] [stdout] 3 | `| e₂₃  e₁₃  e₁₂ |`
[INFO] [stdout]   |               ^
[INFO] [stdout] 
[INFO] [stdout] error: unknown start of token: \u{2082}
[INFO] [stdout]  --> src/math/vector.rs:87:16
[INFO] [stdout]   |
[INFO] [stdout] 3 | `| e₂₃  e₁₃  e₁₂ |`
[INFO] [stdout]   |                ^
[INFO] [stdout] 
[INFO] [stdout] error: unknown start of token: `
[INFO] [stdout]  --> src/math/vector.rs:87:19
[INFO] [stdout]   |
[INFO] [stdout] 3 | `| e₂₃  e₁₃  e₁₂ |`
[INFO] [stdout]   |                   ^
[INFO] [stdout]   |
[INFO] [stdout] help: Unicode character '`' (Grave Accent) looks like ''' (Single Quote), but it is not
[INFO] [stdout]   |
[INFO] [stdout] 3 | `| e₂₃  e₁₃  e₁₂ |'
[INFO] [stdout]   |                   ^
[INFO] [stdout] 
[INFO] [stdout] error: unknown start of token: `
[INFO] [stdout]  --> src/math/vector.rs:88:9
[INFO] [stdout]   |
[INFO] [stdout] 4 |         `|  u₁   u₂   u₃ |`
[INFO] [stdout]   |         ^
[INFO] [stdout]   |
[INFO] [stdout] help: Unicode character '`' (Grave Accent) looks like ''' (Single Quote), but it is not
[INFO] [stdout]   |
[INFO] [stdout] 4 |         '|  u₁   u₂   u₃ |`
[INFO] [stdout]   |         ^
[INFO] [stdout] 
[INFO] [stdout] error: unknown start of token: \u{2081}
[INFO] [stdout]  --> src/math/vector.rs:88:14
[INFO] [stdout]   |
[INFO] [stdout] 4 |         `|  u₁   u₂   u₃ |`
[INFO] [stdout]   |              ^
[INFO] [stdout] 
[INFO] [stdout] error: unknown start of token: \u{2082}
[INFO] [stdout]  --> src/math/vector.rs:88:19
[INFO] [stdout]   |
[INFO] [stdout] 4 |         `|  u₁   u₂   u₃ |`
[INFO] [stdout]   |                   ^
[INFO] [stdout] 
[INFO] [stdout] error: unknown start of token: \u{2083}
[INFO] [stdout]  --> src/math/vector.rs:88:24
[INFO] [stdout]   |
[INFO] [stdout] 4 |         `|  u₁   u₂   u₃ |`
[INFO] [stdout]   |                        ^
[INFO] [stdout] 
[INFO] [stdout] error: unknown start of token: `
[INFO] [stdout]  --> src/math/vector.rs:88:27
[INFO] [stdout]   |
[INFO] [stdout] 4 |         `|  u₁   u₂   u₃ |`
[INFO] [stdout]   |                           ^
[INFO] [stdout]   |
[INFO] [stdout] help: Unicode character '`' (Grave Accent) looks like ''' (Single Quote), but it is not
[INFO] [stdout]   |
[INFO] [stdout] 4 |         `|  u₁   u₂   u₃ |'
[INFO] [stdout]   |                           ^
[INFO] [stdout] 
[INFO] [stdout] error: unknown start of token: `
[INFO] [stdout]  --> src/math/vector.rs:89:9
[INFO] [stdout]   |
[INFO] [stdout] 5 |         `|  v₁   v₂   v₃ |`
[INFO] [stdout]   |         ^
[INFO] [stdout]   |
[INFO] [stdout] help: Unicode character '`' (Grave Accent) looks like ''' (Single Quote), but it is not
[INFO] [stdout]   |
[INFO] [stdout] 5 |         '|  v₁   v₂   v₃ |`
[INFO] [stdout]   |         ^
[INFO] [stdout] 
[INFO] [stdout] error: unknown start of token: \u{2081}
[INFO] [stdout]  --> src/math/vector.rs:89:14
[INFO] [stdout]   |
[INFO] [stdout] 5 |         `|  v₁   v₂   v₃ |`
[INFO] [stdout]   |              ^
[INFO] [stdout] 
[INFO] [stdout] error: unknown start of token: \u{2082}
[INFO] [stdout]  --> src/math/vector.rs:89:19
[INFO] [stdout]   |
[INFO] [stdout] 5 |         `|  v₁   v₂   v₃ |`
[INFO] [stdout]   |                   ^
[INFO] [stdout] 
[INFO] [stdout] error: unknown start of token: \u{2083}
[INFO] [stdout]  --> src/math/vector.rs:89:24
[INFO] [stdout]   |
[INFO] [stdout] 5 |         `|  v₁   v₂   v₃ |`
[INFO] [stdout]   |                        ^
[INFO] [stdout] 
[INFO] [stdout] error: unknown start of token: `
[INFO] [stdout]  --> src/math/vector.rs:89:27
[INFO] [stdout]   |
[INFO] [stdout] 5 |         `|  v₁   v₂   v₃ |`
[INFO] [stdout]   |                           ^
[INFO] [stdout]   |
[INFO] [stdout] help: Unicode character '`' (Grave Accent) looks like ''' (Single Quote), but it is not
[INFO] [stdout]   |
[INFO] [stdout] 5 |         `|  v₁   v₂   v₃ |'
[INFO] [stdout]   |                           ^
[INFO] [stdout] 
[INFO] [stdout] error: expected one of `,`, `:`, or `@`, found `e`
[INFO] [stdout]  --> src/math/vector.rs:87:9
[INFO] [stdout]   |
[INFO] [stdout] 3 | `| e₂₃  e₁₃  e₁₂ |`
[INFO] [stdout]   |     -   ^ expected one of `,`, `:`, or `@`
[INFO] [stdout]   |     |
[INFO] [stdout]   |     help: missing `,`
[INFO] [stdout] 
[INFO] [stdout] error: expected one of `,`, `:`, or `@`, found `e`
[INFO] [stdout]  --> src/math/vector.rs:87:14
[INFO] [stdout]   |
[INFO] [stdout] 3 | `| e₂₃  e₁₃  e₁₂ |`
[INFO] [stdout]   |          -   ^ expected one of `,`, `:`, or `@`
[INFO] [stdout]   |          |
[INFO] [stdout]   |          help: missing `,`
[INFO] [stdout] 
[INFO] [stdout] error: expected one of `,`, `:`, or `@`, found `u`
[INFO] [stdout]  --> src/math/vector.rs:88:18
[INFO] [stdout]   |
[INFO] [stdout] 4 |         `|  u₁   u₂   u₃ |`
[INFO] [stdout]   |              -   ^ expected one of `,`, `:`, or `@`
[INFO] [stdout]   |              |
[INFO] [stdout]   |              help: missing `,`
[INFO] [stdout] 
[INFO] [stdout] error: expected one of `,`, `:`, or `@`, found `u`
[INFO] [stdout]  --> src/math/vector.rs:88:23
[INFO] [stdout]   |
[INFO] [stdout] 4 |         `|  u₁   u₂   u₃ |`
[INFO] [stdout]   |                   -   ^ expected one of `,`, `:`, or `@`
[INFO] [stdout]   |                   |
[INFO] [stdout]   |                   help: missing `,`
[INFO] [stdout] 
[INFO] [stdout] error: expected one of `,`, `:`, or `@`, found `v`
[INFO] [stdout]  --> src/math/vector.rs:89:18
[INFO] [stdout]   |
[INFO] [stdout] 5 |         `|  v₁   v₂   v₃ |`
[INFO] [stdout]   |              -   ^ expected one of `,`, `:`, or `@`
[INFO] [stdout]   |              |
[INFO] [stdout]   |              help: missing `,`
[INFO] [stdout] 
[INFO] [stdout] error: expected one of `,`, `:`, or `@`, found `v`
[INFO] [stdout]  --> src/math/vector.rs:89:23
[INFO] [stdout]   |
[INFO] [stdout] 5 |         `|  v₁   v₂   v₃ |`
[INFO] [stdout]   |                   -   ^ expected one of `,`, `:`, or `@`
[INFO] [stdout]   |                   |
[INFO] [stdout]   |                   help: missing `,`
[INFO] [stdout] 
[INFO] [stdout] error: expected expression, found `}`
[INFO] [stdout]  --> src/math/vector.rs:90:1
[INFO] [stdout]   |
[INFO] [stdout] 6 | } _doctest_main_src_math_vector_rs_86_0() }
[INFO] [stdout]   | ^ expected expression
[INFO] [stdout] 
[INFO] [stdout] error: aborting due to 25 previous errors
[INFO] [stdout] 
[INFO] [stdout] Couldn't compile the test.
[INFO] [stdout] ---- src/math/blade.rs - math::blade::total_number_of_basis_blades (line 45) stdout ----
[INFO] [stdout] error: expected one of `.`, `;`, `?`, `}`, or an operator, found `,`
[INFO] [stdout]  --> src/math/blade.rs:46:4
[INFO] [stdout]   |
[INFO] [stdout] 3 | { 1,    e1, e2, e3,    e12, e13, e23,    e123 }
[INFO] [stdout]   |    ^ expected one of `.`, `;`, `?`, `}`, or an operator
[INFO] [stdout] 
[INFO] [stdout] error: aborting due to previous error
[INFO] [stdout] 
[INFO] [stdout] Couldn't compile the test.
[INFO] [stdout] ---- src/math/rotor.rs - math::rotor::Rotor3<T>::from_angle_plane (line 85) stdout ----
[INFO] [stdout] error: unknown start of token: `
[INFO] [stdout]  --> src/math/rotor.rs:86:1
[INFO] [stdout]   |
[INFO] [stdout] 3 | `R = cosθ - sinθI`
[INFO] [stdout]   | ^
[INFO] [stdout]   |
[INFO] [stdout] help: Unicode character '`' (Grave Accent) looks like ''' (Single Quote), but it is not
[INFO] [stdout]   |
[INFO] [stdout] 3 | 'R = cosθ - sinθI`
[INFO] [stdout]   | ^
[INFO] [stdout] 
[INFO] [stdout] error: unknown start of token: `
[INFO] [stdout]  --> src/math/rotor.rs:86:18
[INFO] [stdout]   |
[INFO] [stdout] 3 | `R = cosθ - sinθI`
[INFO] [stdout]   |                  ^
[INFO] [stdout]   |
[INFO] [stdout] help: Unicode character '`' (Grave Accent) looks like ''' (Single Quote), but it is not
[INFO] [stdout]   |
[INFO] [stdout] 3 | `R = cosθ - sinθI'
[INFO] [stdout]   |                  ^
[INFO] [stdout] 
[INFO] [stdout] error[E0425]: cannot find value `R` in this scope
[INFO] [stdout]  --> src/math/rotor.rs:86:2
[INFO] [stdout]   |
[INFO] [stdout] 2 | fn main() { #[allow(non_snake_case)] fn _doctest_main_src_math_rotor_rs_85_0() {
[INFO] [stdout]   |                                                                             - help: you might be missing a type parameter: `<R>`
[INFO] [stdout] 3 | `R = cosθ - sinθI`
[INFO] [stdout]   |  ^ not found in this scope
[INFO] [stdout] 
[INFO] [stdout] error[E0425]: cannot find value `cosθ` in this scope
[INFO] [stdout]  --> src/math/rotor.rs:86:6
[INFO] [stdout]   |
[INFO] [stdout] 3 | `R = cosθ - sinθI`
[INFO] [stdout]   |      ^^^^ not found in this scope
[INFO] [stdout] 
[INFO] [stdout] error[E0425]: cannot find value `sinθI` in this scope
[INFO] [stdout]  --> src/math/rotor.rs:86:13
[INFO] [stdout]   |
[INFO] [stdout] 3 | `R = cosθ - sinθI`
[INFO] [stdout]   |             ^^^^^ not found in this scope
[INFO] [stdout] 
[INFO] [stdout] warning: The usage of Script Group `Greek` in this crate consists solely of mixed script confusables
[INFO] [stdout]  --> src/math/rotor.rs:86:6
[INFO] [stdout]   |
[INFO] [stdout] 3 | `R = cosθ - sinθI`
[INFO] [stdout]   |      ^^^^
[INFO] [stdout]   |
[INFO] [stdout]   = note: `#[warn(mixed_script_confusables)]` on by default
[INFO] [stdout]   = note: The usage includes 'θ' (U+03B8).
[INFO] [stdout]   = note: Please recheck to make sure their usages are indeed what you want.
[INFO] [stdout] 
[INFO] [stdout] error: aborting due to 5 previous errors; 1 warning emitted
[INFO] [stdout] 
[INFO] [stdout] For more information about this error, try `rustc --explain E0425`.
[INFO] [stdout] Couldn't compile the test.
[INFO] [stdout] ---- src/math/blade.rs - math::blade::Orientation (line 7) stdout ----
[INFO] [stdout] error: expected one of `!`, `(`, `.`, `::`, `;`, `<`, `?`, or `}`, found `"oriented magnitude"`
[INFO] [stdout]  --> src/math/blade.rs:8:24
[INFO] [stdout]   |
[INFO] [stdout] 3 | 0-blades (scalars): or "oriented magnitude": positive or negative (sign)
[INFO] [stdout]   |                   -    ^^^^^^^^^^^^^^^^^^^^ expected one of 8 possible tokens
[INFO] [stdout]   |                   |
[INFO] [stdout]   |                   tried to parse a type due to this
[INFO] [stdout] 
[INFO] [stdout] error: aborting due to previous error
[INFO] [stdout] 
[INFO] [stdout] Couldn't compile the test.
[INFO] [stdout] 
[INFO] [stdout] failures:
[INFO] [stdout]     src/math/bivector.rs - math::bivector::Bivector3<T>::wedge (line 105)
[INFO] [stdout]     src/math/blade.rs - math::blade::Blade (line 19)
[INFO] [stdout]     src/math/blade.rs - math::blade::Orientation (line 7)
[INFO] [stdout]     src/math/blade.rs - math::blade::total_number_of_basis_blades (line 45)
[INFO] [stdout]     src/math/rotor.rs - math::rotor::Rotor3<T>::from_angle_plane (line 85)
[INFO] [stdout]     src/math/vector.rs - math::vector::Vector3<T>::wedge (line 86)
[INFO] [stdout] 
[INFO] [stdout] test result: FAILED. 0 passed; 6 failed; 0 ignored; 0 measured; 0 filtered out; finished in 0.17s
[INFO] [stdout] 
[INFO] [stderr] error: test failed, to rerun pass '--doc'
[INFO] running `Command { std: "docker" "inspect" "2db0125e72528820168fa620cc66fc3d920cdba024beb2858d6f36055c8b85a5", kill_on_drop: false }`
[INFO] running `Command { std: "docker" "rm" "-f" "2db0125e72528820168fa620cc66fc3d920cdba024beb2858d6f36055c8b85a5", kill_on_drop: false }`
[INFO] [stdout] 2db0125e72528820168fa620cc66fc3d920cdba024beb2858d6f36055c8b85a5
