[INFO] cloning repository https://github.com/murtyjones/uuencode
[INFO] running `Command { std: "git" "-c" "credential.helper=" "-c" "credential.helper=/workspace/cargo-home/bin/git-credential-null" "clone" "--bare" "https://github.com/murtyjones/uuencode" "/workspace/cache/git-repos/https%3A%2F%2Fgithub.com%2Fmurtyjones%2Fuuencode", kill_on_drop: false }`
[INFO] [stderr] Cloning into bare repository '/workspace/cache/git-repos/https%3A%2F%2Fgithub.com%2Fmurtyjones%2Fuuencode'...
[INFO] running `Command { std: "git" "rev-parse" "HEAD", kill_on_drop: false }`
[INFO] [stdout] b276374449feccbdf5e9a76cdadda5dc0c63c74e
[INFO] testing murtyjones/uuencode against beta-2021-08-01 for beta-1.55-1
[INFO] running `Command { std: "git" "clone" "/workspace/cache/git-repos/https%3A%2F%2Fgithub.com%2Fmurtyjones%2Fuuencode" "/workspace/builds/worker-7/source", kill_on_drop: false }`
[INFO] [stderr] Cloning into '/workspace/builds/worker-7/source'...
[INFO] [stderr] done.
[INFO] validating manifest of git repo https://github.com/murtyjones/uuencode on toolchain beta-2021-08-01
[INFO] running `Command { std: "/workspace/cargo-home/bin/cargo" "+beta-2021-08-01" "metadata" "--manifest-path" "Cargo.toml" "--no-deps", kill_on_drop: false }`
[INFO] started tweaking git repo https://github.com/murtyjones/uuencode
[INFO] finished tweaking git repo https://github.com/murtyjones/uuencode
[INFO] tweaked toml for git repo https://github.com/murtyjones/uuencode written to /workspace/builds/worker-7/source/Cargo.toml
[INFO] crate git repo https://github.com/murtyjones/uuencode already has a lockfile, it will not be regenerated
[INFO] running `Command { std: "/workspace/cargo-home/bin/cargo" "+beta-2021-08-01" "fetch" "--manifest-path" "Cargo.toml", kill_on_drop: false }`
[INFO] running `Command { std: "docker" "create" "-v" "/var/lib/crater-agent-workspace/builds/worker-7/target:/opt/rustwide/target:rw,Z" "-v" "/var/lib/crater-agent-workspace/builds/worker-7/source:/opt/rustwide/workdir:ro,Z" "-v" "/var/lib/crater-agent-workspace/cargo-home:/opt/rustwide/cargo-home:ro,Z" "-v" "/var/lib/crater-agent-workspace/rustup-home:/opt/rustwide/rustup-home:ro,Z" "-e" "SOURCE_DIR=/opt/rustwide/workdir" "-e" "CARGO_TARGET_DIR=/opt/rustwide/target" "-e" "CARGO_HOME=/opt/rustwide/cargo-home" "-e" "RUSTUP_HOME=/opt/rustwide/rustup-home" "-w" "/opt/rustwide/workdir" "-m" "1610612736" "--user" "0:0" "--network" "none" "ghcr.io/rust-lang/crates-build-env/linux@sha256:34b6a614d2c27851fe6cbf88fbd1137609cefab8b10d0615aaeb6fd47975d74e" "/opt/rustwide/cargo-home/bin/cargo" "+beta-2021-08-01" "metadata" "--no-deps" "--format-version=1", kill_on_drop: false }`
[INFO] [stdout] 02ab98fadc5f2b20d05c7afb6c7f6d18e23970f25148276f42a4cefa3bf99071
[INFO] running `Command { std: "docker" "start" "-a" "02ab98fadc5f2b20d05c7afb6c7f6d18e23970f25148276f42a4cefa3bf99071", kill_on_drop: false }`
[INFO] running `Command { std: "docker" "inspect" "02ab98fadc5f2b20d05c7afb6c7f6d18e23970f25148276f42a4cefa3bf99071", kill_on_drop: false }`
[INFO] running `Command { std: "docker" "rm" "-f" "02ab98fadc5f2b20d05c7afb6c7f6d18e23970f25148276f42a4cefa3bf99071", kill_on_drop: false }`
[INFO] [stdout] 02ab98fadc5f2b20d05c7afb6c7f6d18e23970f25148276f42a4cefa3bf99071
[INFO] running `Command { std: "docker" "create" "-v" "/var/lib/crater-agent-workspace/builds/worker-7/target:/opt/rustwide/target:rw,Z" "-v" "/var/lib/crater-agent-workspace/builds/worker-7/source:/opt/rustwide/workdir:ro,Z" "-v" "/var/lib/crater-agent-workspace/cargo-home:/opt/rustwide/cargo-home:ro,Z" "-v" "/var/lib/crater-agent-workspace/rustup-home:/opt/rustwide/rustup-home:ro,Z" "-e" "SOURCE_DIR=/opt/rustwide/workdir" "-e" "CARGO_TARGET_DIR=/opt/rustwide/target" "-e" "CARGO_INCREMENTAL=0" "-e" "RUST_BACKTRACE=full" "-e" "RUSTFLAGS=--cap-lints=warn" "-e" "CARGO_HOME=/opt/rustwide/cargo-home" "-e" "RUSTUP_HOME=/opt/rustwide/rustup-home" "-w" "/opt/rustwide/workdir" "-m" "1610612736" "--user" "0:0" "--network" "none" "ghcr.io/rust-lang/crates-build-env/linux@sha256:34b6a614d2c27851fe6cbf88fbd1137609cefab8b10d0615aaeb6fd47975d74e" "/opt/rustwide/cargo-home/bin/cargo" "+beta-2021-08-01" "build" "--frozen" "--message-format=json", kill_on_drop: false }`
[INFO] [stdout] 0be8c4e489096e8d729cfd5fb196dfea4904be7bc87654d81e141ccfc2c645e1
[INFO] running `Command { std: "docker" "start" "-a" "0be8c4e489096e8d729cfd5fb196dfea4904be7bc87654d81e141ccfc2c645e1", kill_on_drop: false }`
[INFO] [stderr]    Compiling uuencode v0.1.5 (/opt/rustwide/workdir)
[INFO] [stdout] warning: unused import: `crate::*`
[INFO] [stdout]   --> src/lib.rs:91:9
[INFO] [stdout]    |
[INFO] [stdout] 91 |     use crate::*;
[INFO] [stdout]    |         ^^^^^^^^
[INFO] [stdout]    |
[INFO] [stdout]    = note: `#[warn(unused_imports)]` on by default
[INFO] [stdout] 
[INFO] [stdout] 
[INFO] [stdout] warning: unused import: `std::fs::File`
[INFO] [stdout]   --> src/lib.rs:93:9
[INFO] [stdout]    |
[INFO] [stdout] 93 |     use std::fs::File;
[INFO] [stdout]    |         ^^^^^^^^^^^^^
[INFO] [stdout] 
[INFO] [stdout] 
[INFO] [stdout] warning: function is never used: `write_to_file`
[INFO] [stdout]   --> src/lib.rs:95:8
[INFO] [stdout]    |
[INFO] [stdout] 95 |     fn write_to_file(filename: String, data: &[u8]) -> std::io::Result<()> {
[INFO] [stdout]    |        ^^^^^^^^^^^^^
[INFO] [stdout]    |
[INFO] [stdout]    = note: `#[warn(dead_code)]` on by default
[INFO] [stdout] 
[INFO] [stdout] 
[INFO] [stdout] warning: this method call resolves to `<&[T; N] as IntoIterator>::into_iter` (due to backwards compatibility), but will resolve to <[T; N] as IntoIterator>::into_iter in Rust 2021.
[INFO] [stdout]   --> src/lib.rs:14:45
[INFO] [stdout]    |
[INFO] [stdout] 14 |             output.extend(uuencode_chuck(c).into_iter());
[INFO] [stdout]    |                                             ^^^^^^^^^
[INFO] [stdout]    |
[INFO] [stdout]    = note: `#[warn(array_into_iter)]` on by default
[INFO] [stdout]    = warning: this changes meaning in Rust 2021
[INFO] [stdout]    = note: for more information, see issue #66145 <https://github.com/rust-lang/rust/issues/66145>
[INFO] [stdout] help: use `.iter()` instead of `.into_iter()` to avoid ambiguity
[INFO] [stdout]    |
[INFO] [stdout] 14 |             output.extend(uuencode_chuck(c).iter());
[INFO] [stdout]    |                                             ^^^^
[INFO] [stdout] help: or use `IntoIterator::into_iter(..)` instead of `.into_iter()` to explicitly iterate by value
[INFO] [stdout]    |
[INFO] [stdout] 14 |             output.extend(IntoIterator::into_iter(uuencode_chuck(c)));
[INFO] [stdout]    |                           ^^^^^^^^^^^^^^^^^^^^^^^^                 ^
[INFO] [stdout] 
[INFO] [stdout] 
[INFO] [stdout] warning: 4 warnings emitted
[INFO] [stdout] 
[INFO] [stdout] 
[INFO] [stderr]     Finished dev [unoptimized + debuginfo] target(s) in 1.17s
[INFO] running `Command { std: "docker" "inspect" "0be8c4e489096e8d729cfd5fb196dfea4904be7bc87654d81e141ccfc2c645e1", kill_on_drop: false }`
[INFO] running `Command { std: "docker" "rm" "-f" "0be8c4e489096e8d729cfd5fb196dfea4904be7bc87654d81e141ccfc2c645e1", kill_on_drop: false }`
[INFO] [stdout] 0be8c4e489096e8d729cfd5fb196dfea4904be7bc87654d81e141ccfc2c645e1
[INFO] running `Command { std: "docker" "create" "-v" "/var/lib/crater-agent-workspace/builds/worker-7/target:/opt/rustwide/target:rw,Z" "-v" "/var/lib/crater-agent-workspace/builds/worker-7/source:/opt/rustwide/workdir:ro,Z" "-v" "/var/lib/crater-agent-workspace/cargo-home:/opt/rustwide/cargo-home:ro,Z" "-v" "/var/lib/crater-agent-workspace/rustup-home:/opt/rustwide/rustup-home:ro,Z" "-e" "SOURCE_DIR=/opt/rustwide/workdir" "-e" "CARGO_TARGET_DIR=/opt/rustwide/target" "-e" "CARGO_INCREMENTAL=0" "-e" "RUST_BACKTRACE=full" "-e" "RUSTFLAGS=--cap-lints=warn" "-e" "CARGO_HOME=/opt/rustwide/cargo-home" "-e" "RUSTUP_HOME=/opt/rustwide/rustup-home" "-w" "/opt/rustwide/workdir" "-m" "1610612736" "--user" "0:0" "--network" "none" "ghcr.io/rust-lang/crates-build-env/linux@sha256:34b6a614d2c27851fe6cbf88fbd1137609cefab8b10d0615aaeb6fd47975d74e" "/opt/rustwide/cargo-home/bin/cargo" "+beta-2021-08-01" "test" "--frozen" "--no-run" "--message-format=json", kill_on_drop: false }`
[INFO] [stdout] 319a0a6fdd5cc1d95e15a7bf27d574603a34916699c38c5c8c48957fb1db3c81
[INFO] running `Command { std: "docker" "start" "-a" "319a0a6fdd5cc1d95e15a7bf27d574603a34916699c38c5c8c48957fb1db3c81", kill_on_drop: false }`
[INFO] [stdout] warning: unused import: `crate::*`
[INFO] [stdout]   --> src/lib.rs:91:9
[INFO] [stdout]    |
[INFO] [stdout] 91 |     use crate::*;
[INFO] [stdout]    |         ^^^^^^^^
[INFO] [stdout]    |
[INFO] [stdout]    = note: `#[warn(unused_imports)]` on by default
[INFO] [stdout] 
[INFO] [stdout] 
[INFO] [stderr]    Compiling uuencode v0.1.5 (/opt/rustwide/workdir)
[INFO] [stdout] warning: unused import: `std::fs::File`
[INFO] [stdout]   --> src/lib.rs:93:9
[INFO] [stdout]    |
[INFO] [stdout] 93 |     use std::fs::File;
[INFO] [stdout]    |         ^^^^^^^^^^^^^
[INFO] [stdout] 
[INFO] [stdout] 
[INFO] [stdout] warning: function is never used: `write_to_file`
[INFO] [stdout]   --> src/lib.rs:95:8
[INFO] [stdout]    |
[INFO] [stdout] 95 |     fn write_to_file(filename: String, data: &[u8]) -> std::io::Result<()> {
[INFO] [stdout]    |        ^^^^^^^^^^^^^
[INFO] [stdout]    |
[INFO] [stdout]    = note: `#[warn(dead_code)]` on by default
[INFO] [stdout] 
[INFO] [stdout] 
[INFO] [stdout] warning: this method call resolves to `<&[T; N] as IntoIterator>::into_iter` (due to backwards compatibility), but will resolve to <[T; N] as IntoIterator>::into_iter in Rust 2021.
[INFO] [stdout]   --> src/lib.rs:14:45
[INFO] [stdout]    |
[INFO] [stdout] 14 |             output.extend(uuencode_chuck(c).into_iter());
[INFO] [stdout]    |                                             ^^^^^^^^^
[INFO] [stdout]    |
[INFO] [stdout]    = note: `#[warn(array_into_iter)]` on by default
[INFO] [stdout]    = warning: this changes meaning in Rust 2021
[INFO] [stdout]    = note: for more information, see issue #66145 <https://github.com/rust-lang/rust/issues/66145>
[INFO] [stdout] help: use `.iter()` instead of `.into_iter()` to avoid ambiguity
[INFO] [stdout]    |
[INFO] [stdout] 14 |             output.extend(uuencode_chuck(c).iter());
[INFO] [stdout]    |                                             ^^^^
[INFO] [stdout] help: or use `IntoIterator::into_iter(..)` instead of `.into_iter()` to explicitly iterate by value
[INFO] [stdout]    |
[INFO] [stdout] 14 |             output.extend(IntoIterator::into_iter(uuencode_chuck(c)));
[INFO] [stdout]    |                           ^^^^^^^^^^^^^^^^^^^^^^^^                 ^
[INFO] [stdout] 
[INFO] [stdout] 
[INFO] [stdout] warning: 4 warnings emitted
[INFO] [stdout] 
[INFO] [stdout] 
[INFO] [stdout] warning: unused import: `std::fs::File`
[INFO] [stdout]   --> src/lib.rs:93:9
[INFO] [stdout]    |
[INFO] [stdout] 93 |     use std::fs::File;
[INFO] [stdout]    |         ^^^^^^^^^^^^^
[INFO] [stdout]    |
[INFO] [stdout]    = note: `#[warn(unused_imports)]` on by default
[INFO] [stdout] 
[INFO] [stdout] 
[INFO] [stdout] warning: unused variable: `encoded`
[INFO] [stdout]    --> src/lib.rs:128:13
[INFO] [stdout]     |
[INFO] [stdout] 128 |         let encoded = uuencode(filename, decoded.0.as_slice());
[INFO] [stdout]     |             ^^^^^^^ help: if this is intentional, prefix it with an underscore: `_encoded`
[INFO] [stdout]     |
[INFO] [stdout]     = note: `#[warn(unused_variables)]` on by default
[INFO] [stdout] 
[INFO] [stdout] 
[INFO] [stdout] warning: unused variable: `encoded`
[INFO] [stdout]    --> src/lib.rs:138:13
[INFO] [stdout]     |
[INFO] [stdout] 138 |         let encoded = uuencode(filename, decoded.0.as_slice());
[INFO] [stdout]     |             ^^^^^^^ help: if this is intentional, prefix it with an underscore: `_encoded`
[INFO] [stdout] 
[INFO] [stdout] 
[INFO] [stdout] warning: unused variable: `encoded`
[INFO] [stdout]    --> src/lib.rs:148:13
[INFO] [stdout]     |
[INFO] [stdout] 148 |         let encoded = uuencode(filename, decoded.0.as_slice());
[INFO] [stdout]     |             ^^^^^^^ help: if this is intentional, prefix it with an underscore: `_encoded`
[INFO] [stdout] 
[INFO] [stdout] 
[INFO] [stdout] warning: this method call resolves to `<&[T; N] as IntoIterator>::into_iter` (due to backwards compatibility), but will resolve to <[T; N] as IntoIterator>::into_iter in Rust 2021.
[INFO] [stdout]   --> src/lib.rs:14:45
[INFO] [stdout]    |
[INFO] [stdout] 14 |             output.extend(uuencode_chuck(c).into_iter());
[INFO] [stdout]    |                                             ^^^^^^^^^
[INFO] [stdout]    |
[INFO] [stdout]    = note: `#[warn(array_into_iter)]` on by default
[INFO] [stdout]    = warning: this changes meaning in Rust 2021
[INFO] [stdout]    = note: for more information, see issue #66145 <https://github.com/rust-lang/rust/issues/66145>
[INFO] [stdout] help: use `.iter()` instead of `.into_iter()` to avoid ambiguity
[INFO] [stdout]    |
[INFO] [stdout] 14 |             output.extend(uuencode_chuck(c).iter());
[INFO] [stdout]    |                                             ^^^^
[INFO] [stdout] help: or use `IntoIterator::into_iter(..)` instead of `.into_iter()` to explicitly iterate by value
[INFO] [stdout]    |
[INFO] [stdout] 14 |             output.extend(IntoIterator::into_iter(uuencode_chuck(c)));
[INFO] [stdout]    |                           ^^^^^^^^^^^^^^^^^^^^^^^^                 ^
[INFO] [stdout] 
[INFO] [stdout] 
[INFO] [stdout] warning: unused `Result` that must be used
[INFO] [stdout]    --> src/lib.rs:129:9
[INFO] [stdout]     |
[INFO] [stdout] 129 |         write_to_file(decoded.1, decoded.0.as_slice());
[INFO] [stdout]     |         ^^^^^^^^^^^^^^^^^^^^^^^^^^^^^^^^^^^^^^^^^^^^^^^
[INFO] [stdout]     |
[INFO] [stdout]     = note: `#[warn(unused_must_use)]` on by default
[INFO] [stdout]     = note: this `Result` may be an `Err` variant, which should be handled
[INFO] [stdout] 
[INFO] [stdout] 
[INFO] [stdout] warning: unused `Result` that must be used
[INFO] [stdout]    --> src/lib.rs:139:9
[INFO] [stdout]     |
[INFO] [stdout] 139 |         write_to_file(decoded.1, decoded.0.as_slice());
[INFO] [stdout]     |         ^^^^^^^^^^^^^^^^^^^^^^^^^^^^^^^^^^^^^^^^^^^^^^^
[INFO] [stdout]     |
[INFO] [stdout]     = note: this `Result` may be an `Err` variant, which should be handled
[INFO] [stdout] 
[INFO] [stdout] 
[INFO] [stdout] warning: unused `Result` that must be used
[INFO] [stdout]    --> src/lib.rs:149:9
[INFO] [stdout]     |
[INFO] [stdout] 149 |         write_to_file(decoded.1, decoded.0.as_slice());
[INFO] [stdout]     |         ^^^^^^^^^^^^^^^^^^^^^^^^^^^^^^^^^^^^^^^^^^^^^^^
[INFO] [stdout]     |
[INFO] [stdout]     = note: this `Result` may be an `Err` variant, which should be handled
[INFO] [stdout] 
[INFO] [stdout] 
[INFO] [stdout] warning: 8 warnings emitted
[INFO] [stdout] 
[INFO] [stdout] 
[INFO] [stderr]     Finished test [unoptimized + debuginfo] target(s) in 1.05s
[INFO] running `Command { std: "docker" "inspect" "319a0a6fdd5cc1d95e15a7bf27d574603a34916699c38c5c8c48957fb1db3c81", kill_on_drop: false }`
[INFO] running `Command { std: "docker" "rm" "-f" "319a0a6fdd5cc1d95e15a7bf27d574603a34916699c38c5c8c48957fb1db3c81", kill_on_drop: false }`
[INFO] [stdout] 319a0a6fdd5cc1d95e15a7bf27d574603a34916699c38c5c8c48957fb1db3c81
[INFO] running `Command { std: "docker" "create" "-v" "/var/lib/crater-agent-workspace/builds/worker-7/target:/opt/rustwide/target:rw,Z" "-v" "/var/lib/crater-agent-workspace/builds/worker-7/source:/opt/rustwide/workdir:ro,Z" "-v" "/var/lib/crater-agent-workspace/cargo-home:/opt/rustwide/cargo-home:ro,Z" "-v" "/var/lib/crater-agent-workspace/rustup-home:/opt/rustwide/rustup-home:ro,Z" "-e" "SOURCE_DIR=/opt/rustwide/workdir" "-e" "CARGO_TARGET_DIR=/opt/rustwide/target" "-e" "CARGO_INCREMENTAL=0" "-e" "RUST_BACKTRACE=full" "-e" "RUSTFLAGS=--cap-lints=warn" "-e" "CARGO_HOME=/opt/rustwide/cargo-home" "-e" "RUSTUP_HOME=/opt/rustwide/rustup-home" "-w" "/opt/rustwide/workdir" "-m" "1610612736" "--user" "0:0" "--network" "none" "ghcr.io/rust-lang/crates-build-env/linux@sha256:34b6a614d2c27851fe6cbf88fbd1137609cefab8b10d0615aaeb6fd47975d74e" "/opt/rustwide/cargo-home/bin/cargo" "+beta-2021-08-01" "test" "--frozen", kill_on_drop: false }`
[INFO] [stdout] 4b744effedb0ca2aa8b514e1ee672258d2ab8b1930f8b948adc097ab79ff96a5
[INFO] running `Command { std: "docker" "start" "-a" "4b744effedb0ca2aa8b514e1ee672258d2ab8b1930f8b948adc097ab79ff96a5", kill_on_drop: false }`
[INFO] [stderr] warning: unused import: `crate::*`
[INFO] [stderr]   --> src/lib.rs:91:9
[INFO] [stderr]    |
[INFO] [stderr] 91 |     use crate::*;
[INFO] [stderr]    |         ^^^^^^^^
[INFO] [stderr]    |
[INFO] [stderr]    = note: `#[warn(unused_imports)]` on by default
[INFO] [stderr] 
[INFO] [stderr] warning: unused import: `std::fs::File`
[INFO] [stderr]   --> src/lib.rs:93:9
[INFO] [stderr]    |
[INFO] [stderr] 93 |     use std::fs::File;
[INFO] [stderr]    |         ^^^^^^^^^^^^^
[INFO] [stderr] 
[INFO] [stderr] warning: function is never used: `write_to_file`
[INFO] [stderr]   --> src/lib.rs:95:8
[INFO] [stderr]    |
[INFO] [stderr] 95 |     fn write_to_file(filename: String, data: &[u8]) -> std::io::Result<()> {
[INFO] [stderr]    |        ^^^^^^^^^^^^^
[INFO] [stderr]    |
[INFO] [stderr]    = note: `#[warn(dead_code)]` on by default
[INFO] [stderr] 
[INFO] [stderr] warning: this method call resolves to `<&[T; N] as IntoIterator>::into_iter` (due to backwards compatibility), but will resolve to <[T; N] as IntoIterator>::into_iter in Rust 2021.
[INFO] [stderr]   --> src/lib.rs:14:45
[INFO] [stderr]    |
[INFO] [stderr] 14 |             output.extend(uuencode_chuck(c).into_iter());
[INFO] [stderr]    |                                             ^^^^^^^^^
[INFO] [stderr]    |
[INFO] [stderr]    = note: `#[warn(array_into_iter)]` on by default
[INFO] [stderr]    = warning: this changes meaning in Rust 2021
[INFO] [stderr]    = note: for more information, see issue #66145 <https://github.com/rust-lang/rust/issues/66145>
[INFO] [stderr] help: use `.iter()` instead of `.into_iter()` to avoid ambiguity
[INFO] [stderr]    |
[INFO] [stderr] 14 |             output.extend(uuencode_chuck(c).iter());
[INFO] [stderr]    |                                             ^^^^
[INFO] [stderr] help: or use `IntoIterator::into_iter(..)` instead of `.into_iter()` to explicitly iterate by value
[INFO] [stderr]    |
[INFO] [stderr] 14 |             output.extend(IntoIterator::into_iter(uuencode_chuck(c)));
[INFO] [stderr]    |                           ^^^^^^^^^^^^^^^^^^^^^^^^                 ^
[INFO] [stderr] 
[INFO] [stderr] warning: `uuencode` (lib) generated 4 warnings
[INFO] [stderr] warning: unused import: `std::fs::File`
[INFO] [stderr]   --> src/lib.rs:93:9
[INFO] [stderr]    |
[INFO] [stderr] 93 |     use std::fs::File;
[INFO] [stderr]    |         ^^^^^^^^^^^^^
[INFO] [stderr]    |
[INFO] [stderr]    = note: `#[warn(unused_imports)]` on by default
[INFO] [stderr] 
[INFO] [stderr] warning: unused variable: `encoded`
[INFO] [stderr]    --> src/lib.rs:128:13
[INFO] [stderr]     |
[INFO] [stderr] 128 |         let encoded = uuencode(filename, decoded.0.as_slice());
[INFO] [stderr]     |             ^^^^^^^ help: if this is intentional, prefix it with an underscore: `_encoded`
[INFO] [stderr]     |
[INFO] [stderr]     = note: `#[warn(unused_variables)]` on by default
[INFO] [stderr] 
[INFO] [stdout] 
[INFO] [stderr] warning: unused variable: `encoded`
[INFO] [stdout] running 6 tests
[INFO] [stderr]    --> src/lib.rs:138:13
[INFO] [stdout] test test::test_pad_line ... ok
[INFO] [stderr]     |
[INFO] [stderr] 138 |         let encoded = uuencode(filename, decoded.0.as_slice());
[INFO] [stderr]     |             ^^^^^^^ help: if this is intentional, prefix it with an underscore: `_encoded`
[INFO] [stderr] 
[INFO] [stderr] warning: unused variable: `encoded`
[INFO] [stderr]    --> src/lib.rs:148:13
[INFO] [stderr]     |
[INFO] [stderr] 148 |         let encoded = uuencode(filename, decoded.0.as_slice());
[INFO] [stderr]     |             ^^^^^^^ help: if this is intentional, prefix it with an underscore: `_encoded`
[INFO] [stderr] 
[INFO] [stderr] warning: unused `Result` that must be used
[INFO] [stderr]    --> src/lib.rs:129:9
[INFO] [stderr]     |
[INFO] [stderr] 129 |         write_to_file(decoded.1, decoded.0.as_slice());
[INFO] [stderr]     |         ^^^^^^^^^^^^^^^^^^^^^^^^^^^^^^^^^^^^^^^^^^^^^^^
[INFO] [stderr]     |
[INFO] [stderr]     = note: `#[warn(unused_must_use)]` on by default
[INFO] [stderr]     = note: this `Result` may be an `Err` variant, which should be handled
[INFO] [stderr] 
[INFO] [stderr] warning: unused `Result` that must be used
[INFO] [stderr]    --> src/lib.rs:139:9
[INFO] [stderr]     |
[INFO] [stderr] 139 |         write_to_file(decoded.1, decoded.0.as_slice());
[INFO] [stderr]     |         ^^^^^^^^^^^^^^^^^^^^^^^^^^^^^^^^^^^^^^^^^^^^^^^
[INFO] [stderr]     |
[INFO] [stderr]     = note: this `Result` may be an `Err` variant, which should be handled
[INFO] [stderr] 
[INFO] [stderr] warning: unused `Result` that must be used
[INFO] [stderr]    --> src/lib.rs:149:9
[INFO] [stderr]     |
[INFO] [stderr] 149 |         write_to_file(decoded.1, decoded.0.as_slice());
[INFO] [stderr]     |         ^^^^^^^^^^^^^^^^^^^^^^^^^^^^^^^^^^^^^^^^^^^^^^^
[INFO] [stderr]     |
[INFO] [stderr]     = note: this `Result` may be an `Err` variant, which should be handled
[INFO] [stderr] 
[INFO] [stderr] warning: `uuencode` (lib test) generated 8 warnings (1 duplicate)
[INFO] [stderr]     Finished test [unoptimized + debuginfo] target(s) in 0.01s
[INFO] [stderr]      Running unittests (/opt/rustwide/target/debug/deps/uuencode-f04c7c4eecdc923a)
[INFO] [stdout] test test::test_cat_decoded ... FAILED
[INFO] [stdout] test test::test_cat ... FAILED
[INFO] [stdout] test test::test_piechart ... FAILED
[INFO] [stdout] test test::test_spreadsheet_1 ... FAILED
[INFO] [stderr] error: test failed, to rerun pass '--lib'
[INFO] [stdout] test test::test_logo ... FAILED
[INFO] [stdout] 
[INFO] [stdout] failures:
[INFO] [stdout] 
[INFO] [stdout] ---- test::test_cat_decoded stdout ----
[INFO] [stdout] thread 'test::test_cat_decoded' panicked at 'assertion failed: `(left == right)`
[INFO] [stdout]   left: `"Cat"`,
[INFO] [stdout]  right: `"Cat\u{0}\u{0}\u{0}\u{0}\u{0}\u{0}\u{0}\u{0}\u{0}\u{0}\u{0}\u{0}\u{0}\u{0}\u{0}\u{0}\u{0}\u{0}\u{0}\u{0}\u{0}\u{0}\u{0}\u{0}\u{0}\u{0}\u{0}\u{0}\u{0}\u{0}\u{0}\u{0}\u{0}\u{0}\u{0}\u{0}\u{0}\u{0}\u{0}\u{0}\u{0}\u{0}"`', src/lib.rs:120:9
[INFO] [stdout] stack backtrace:
[INFO] [stdout]    0:     0x5614f641de10 - std::backtrace_rs::backtrace::libunwind::trace::hff4d1766e93f64f1
[INFO] [stdout]                                at /rustc/53fd98ca776cb875bc9e5514f56b52eb74f9e7a9/library/std/src/../../backtrace/src/backtrace/libunwind.rs:90:5
[INFO] [stdout]    1:     0x5614f641de10 - std::backtrace_rs::backtrace::trace_unsynchronized::h56bbc8eb78770bcb
[INFO] [stdout]                                at /rustc/53fd98ca776cb875bc9e5514f56b52eb74f9e7a9/library/std/src/../../backtrace/src/backtrace/mod.rs:66:5
[INFO] [stdout]    2:     0x5614f641de10 - std::sys_common::backtrace::_print_fmt::h5c8e75464faca780
[INFO] [stdout]                                at /rustc/53fd98ca776cb875bc9e5514f56b52eb74f9e7a9/library/std/src/sys_common/backtrace.rs:67:5
[INFO] [stdout]    3:     0x5614f641de10 - <std::sys_common::backtrace::_print::DisplayBacktrace as core::fmt::Display>::fmt::h48b88277def8b362
[INFO] [stdout]                                at /rustc/53fd98ca776cb875bc9e5514f56b52eb74f9e7a9/library/std/src/sys_common/backtrace.rs:46:22
[INFO] [stdout]    4:     0x5614f644077c - core::fmt::write::h3381b3176fe2b3d3
[INFO] [stdout]                                at /rustc/53fd98ca776cb875bc9e5514f56b52eb74f9e7a9/library/core/src/fmt/mod.rs:1115:17
[INFO] [stdout]    5:     0x5614f641ad75 - std::io::Write::write_fmt::h5f34a676f60246b5
[INFO] [stdout]                                at /rustc/53fd98ca776cb875bc9e5514f56b52eb74f9e7a9/library/std/src/io/mod.rs:1665:15
[INFO] [stdout]    6:     0x5614f641ff8b - std::sys_common::backtrace::_print::ha537687d6c17dd0d
[INFO] [stdout]                                at /rustc/53fd98ca776cb875bc9e5514f56b52eb74f9e7a9/library/std/src/sys_common/backtrace.rs:49:5
[INFO] [stdout]    7:     0x5614f641ff8b - std::sys_common::backtrace::print::h61376ae57d131d72
[INFO] [stdout]                                at /rustc/53fd98ca776cb875bc9e5514f56b52eb74f9e7a9/library/std/src/sys_common/backtrace.rs:36:9
[INFO] [stdout]    8:     0x5614f641ff8b - std::panicking::default_hook::{{closure}}::h0f7208c0b9644a54
[INFO] [stdout]                                at /rustc/53fd98ca776cb875bc9e5514f56b52eb74f9e7a9/library/std/src/panicking.rs:208:50
[INFO] [stdout]    9:     0x5614f641fa9c - std::panicking::default_hook::hdac7fc06578c14ce
[INFO] [stdout]                                at /rustc/53fd98ca776cb875bc9e5514f56b52eb74f9e7a9/library/std/src/panicking.rs:222:9
[INFO] [stdout]   10:     0x5614f6420654 - std::panicking::rust_panic_with_hook::h72b21c283da3d1ef
[INFO] [stdout]                                at /rustc/53fd98ca776cb875bc9e5514f56b52eb74f9e7a9/library/std/src/panicking.rs:622:17
[INFO] [stdout]   11:     0x5614f6420137 - std::panicking::begin_panic_handler::{{closure}}::he5778f1729cff84a
[INFO] [stdout]                                at /rustc/53fd98ca776cb875bc9e5514f56b52eb74f9e7a9/library/std/src/panicking.rs:519:13
[INFO] [stdout]   12:     0x5614f641e2ec - std::sys_common::backtrace::__rust_end_short_backtrace::h2d11ca8b453b4b1d
[INFO] [stdout]                                at /rustc/53fd98ca776cb875bc9e5514f56b52eb74f9e7a9/library/std/src/sys_common/backtrace.rs:141:18
[INFO] [stdout]   13:     0x5614f6420099 - rust_begin_unwind
[INFO] [stdout]                                at /rustc/53fd98ca776cb875bc9e5514f56b52eb74f9e7a9/library/std/src/panicking.rs:515:5
[INFO] [stdout]   14:     0x5614f63be3b1 - core::panicking::panic_fmt::hf9de31d4acbce4db
[INFO] [stdout]                                at /rustc/53fd98ca776cb875bc9e5514f56b52eb74f9e7a9/library/core/src/panicking.rs:92:14
[INFO] [stdout]   15:     0x5614f643f098 - core::panicking::assert_failed_inner::h62e8cb2847a6e7ec
[INFO] [stdout]   16:     0x5614f63cd1ea - core::panicking::assert_failed::hefffc07d207bbe68
[INFO] [stdout]                                at /rustc/53fd98ca776cb875bc9e5514f56b52eb74f9e7a9/library/core/src/panicking.rs:117:5
[INFO] [stdout]   17:     0x5614f63ce1a5 - uuencode::test::test_cat_decoded::h73776d17856e1c7b
[INFO] [stdout]                                at /opt/rustwide/workdir/src/lib.rs:120:9
[INFO] [stdout]   18:     0x5614f63cdf0a - uuencode::test::test_cat_decoded::{{closure}}::h916534f6717bc36c
[INFO] [stdout]                                at /opt/rustwide/workdir/src/lib.rs:115:5
[INFO] [stdout]   19:     0x5614f63ca96e - core::ops::function::FnOnce::call_once::h0757cd54ac92d4c2
[INFO] [stdout]                                at /rustc/53fd98ca776cb875bc9e5514f56b52eb74f9e7a9/library/core/src/ops/function.rs:227:5
[INFO] [stdout]   20:     0x5614f64026d3 - core::ops::function::FnOnce::call_once::hbb52c4519d3137b0
[INFO] [stdout]                                at /rustc/53fd98ca776cb875bc9e5514f56b52eb74f9e7a9/library/core/src/ops/function.rs:227:5
[INFO] [stdout]   21:     0x5614f64026d3 - test::__rust_begin_short_backtrace::h86fe3a2a5a5121af
[INFO] [stdout]                                at /rustc/53fd98ca776cb875bc9e5514f56b52eb74f9e7a9/library/test/src/lib.rs:578:5
[INFO] [stdout]   22:     0x5614f6401188 - <alloc::boxed::Box<F,A> as core::ops::function::FnOnce<Args>>::call_once::hfd956bc3d57399be
[INFO] [stdout]                                at /rustc/53fd98ca776cb875bc9e5514f56b52eb74f9e7a9/library/alloc/src/boxed.rs:1572:9
[INFO] [stdout]   23:     0x5614f6401188 - <std::panic::AssertUnwindSafe<F> as core::ops::function::FnOnce<()>>::call_once::h40dc93e0ddb5938a
[INFO] [stdout]                                at /rustc/53fd98ca776cb875bc9e5514f56b52eb74f9e7a9/library/std/src/panic.rs:347:9
[INFO] [stdout]   24:     0x5614f6401188 - std::panicking::try::do_call::h90d07750cb47c562
[INFO] [stdout]                                at /rustc/53fd98ca776cb875bc9e5514f56b52eb74f9e7a9/library/std/src/panicking.rs:401:40
[INFO] [stdout]   25:     0x5614f6401188 - std::panicking::try::h063c84733ad2a629
[INFO] [stdout]                                at /rustc/53fd98ca776cb875bc9e5514f56b52eb74f9e7a9/library/std/src/panicking.rs:365:19
[INFO] [stdout]   26:     0x5614f6401188 - std::panic::catch_unwind::h0c464836a84e7c08
[INFO] [stdout]                                at /rustc/53fd98ca776cb875bc9e5514f56b52eb74f9e7a9/library/std/src/panic.rs:434:14
[INFO] [stdout]   27:     0x5614f6401188 - test::run_test_in_process::h5cb06ef620b157fc
[INFO] [stdout]                                at /rustc/53fd98ca776cb875bc9e5514f56b52eb74f9e7a9/library/test/src/lib.rs:601:18
[INFO] [stdout]   28:     0x5614f6401188 - test::run_test::run_test_inner::{{closure}}::h76f677f4b93f9828
[INFO] [stdout]                                at /rustc/53fd98ca776cb875bc9e5514f56b52eb74f9e7a9/library/test/src/lib.rs:493:39
[INFO] [stdout]   29:     0x5614f63cf91d - test::run_test::run_test_inner::{{closure}}::h366d01fe04f4d67a
[INFO] [stdout]                                at /rustc/53fd98ca776cb875bc9e5514f56b52eb74f9e7a9/library/test/src/lib.rs:520:37
[INFO] [stdout]   30:     0x5614f63cf91d - std::sys_common::backtrace::__rust_begin_short_backtrace::h7dfa0de4eb395af2
[INFO] [stdout]                                at /rustc/53fd98ca776cb875bc9e5514f56b52eb74f9e7a9/library/std/src/sys_common/backtrace.rs:125:18
[INFO] [stdout]   31:     0x5614f63d40e8 - std::thread::Builder::spawn_unchecked::{{closure}}::{{closure}}::hf0a74bb58798037f
[INFO] [stdout]                                at /rustc/53fd98ca776cb875bc9e5514f56b52eb74f9e7a9/library/std/src/thread/mod.rs:476:17
[INFO] [stdout]   32:     0x5614f63d40e8 - <std::panic::AssertUnwindSafe<F> as core::ops::function::FnOnce<()>>::call_once::hb024e854818586ac
[INFO] [stdout]                                at /rustc/53fd98ca776cb875bc9e5514f56b52eb74f9e7a9/library/std/src/panic.rs:347:9
[INFO] [stdout]   33:     0x5614f63d40e8 - std::panicking::try::do_call::hb2dd9f1d0d48e41d
[INFO] [stdout]                                at /rustc/53fd98ca776cb875bc9e5514f56b52eb74f9e7a9/library/std/src/panicking.rs:401:40
[INFO] [stdout]   34:     0x5614f63d40e8 - std::panicking::try::h4717ae7bac8b2bf3
[INFO] [stdout]                                at /rustc/53fd98ca776cb875bc9e5514f56b52eb74f9e7a9/library/std/src/panicking.rs:365:19
[INFO] [stdout]   35:     0x5614f63d40e8 - std::panic::catch_unwind::h0dc8a061326ce8d8
[INFO] [stdout]                                at /rustc/53fd98ca776cb875bc9e5514f56b52eb74f9e7a9/library/std/src/panic.rs:434:14
[INFO] [stdout]   36:     0x5614f63d40e8 - std::thread::Builder::spawn_unchecked::{{closure}}::haa369e2d6fd00aa1
[INFO] [stdout]                                at /rustc/53fd98ca776cb875bc9e5514f56b52eb74f9e7a9/library/std/src/thread/mod.rs:475:30
[INFO] [stdout]   37:     0x5614f63d40e8 - core::ops::function::FnOnce::call_once{{vtable.shim}}::h36dcf3de8b056f17
[INFO] [stdout]                                at /rustc/53fd98ca776cb875bc9e5514f56b52eb74f9e7a9/library/core/src/ops/function.rs:227:5
[INFO] [stdout]   38:     0x5614f64251c7 - <alloc::boxed::Box<F,A> as core::ops::function::FnOnce<Args>>::call_once::h65c29e4642be2358
[INFO] [stdout]                                at /rustc/53fd98ca776cb875bc9e5514f56b52eb74f9e7a9/library/alloc/src/boxed.rs:1572:9
[INFO] [stdout]   39:     0x5614f64251c7 - <alloc::boxed::Box<F,A> as core::ops::function::FnOnce<Args>>::call_once::hd0f8f7fbbd9fffbf
[INFO] [stdout]                                at /rustc/53fd98ca776cb875bc9e5514f56b52eb74f9e7a9/library/alloc/src/boxed.rs:1572:9
[INFO] [stdout]   40:     0x5614f64251c7 - std::sys::unix::thread::Thread::new::thread_start::h2fd22fee3ca77b65
[INFO] [stdout]                                at /rustc/53fd98ca776cb875bc9e5514f56b52eb74f9e7a9/library/std/src/sys/unix/thread.rs:74:17
[INFO] [stdout]   41:     0x7fb656ccf609 - start_thread
[INFO] [stdout]   42:     0x7fb656aa1293 - clone
[INFO] [stdout]   43:                0x0 - <unknown>
[INFO] [stdout] 
[INFO] [stdout] ---- test::test_cat stdout ----
[INFO] [stdout] thread 'test::test_cat' panicked at 'assertion failed: `(left == right)`
[INFO] [stdout]   left: `"begin 644 wow.jpg\n#0V%T\n`\nend"`,
[INFO] [stdout]  right: `"begin 644 wow.jpg\nM0V%T                                                        \n`\nend"`', src/lib.rs:111:9
[INFO] [stdout] stack backtrace:
[INFO] [stdout]    0:     0x5614f641de10 - std::backtrace_rs::backtrace::libunwind::trace::hff4d1766e93f64f1
[INFO] [stdout]                                at /rustc/53fd98ca776cb875bc9e5514f56b52eb74f9e7a9/library/std/src/../../backtrace/src/backtrace/libunwind.rs:90:5
[INFO] [stdout]    1:     0x5614f641de10 - std::backtrace_rs::backtrace::trace_unsynchronized::h56bbc8eb78770bcb
[INFO] [stdout]                                at /rustc/53fd98ca776cb875bc9e5514f56b52eb74f9e7a9/library/std/src/../../backtrace/src/backtrace/mod.rs:66:5
[INFO] [stdout]    2:     0x5614f641de10 - std::sys_common::backtrace::_print_fmt::h5c8e75464faca780
[INFO] [stdout]                                at /rustc/53fd98ca776cb875bc9e5514f56b52eb74f9e7a9/library/std/src/sys_common/backtrace.rs:67:5
[INFO] [stdout]    3:     0x5614f641de10 - <std::sys_common::backtrace::_print::DisplayBacktrace as core::fmt::Display>::fmt::h48b88277def8b362
[INFO] [stdout]                                at /rustc/53fd98ca776cb875bc9e5514f56b52eb74f9e7a9/library/std/src/sys_common/backtrace.rs:46:22
[INFO] [stdout]    4:     0x5614f644077c - core::fmt::write::h3381b3176fe2b3d3
[INFO] [stdout]                                at /rustc/53fd98ca776cb875bc9e5514f56b52eb74f9e7a9/library/core/src/fmt/mod.rs:1115:17
[INFO] [stdout]    5:     0x5614f641ad75 - std::io::Write::write_fmt::h5f34a676f60246b5
[INFO] [stdout]                                at /rustc/53fd98ca776cb875bc9e5514f56b52eb74f9e7a9/library/std/src/io/mod.rs:1665:15
[INFO] [stdout]    6:     0x5614f641ff8b - std::sys_common::backtrace::_print::ha537687d6c17dd0d
[INFO] [stdout]                                at /rustc/53fd98ca776cb875bc9e5514f56b52eb74f9e7a9/library/std/src/sys_common/backtrace.rs:49:5
[INFO] [stdout]    7:     0x5614f641ff8b - std::sys_common::backtrace::print::h61376ae57d131d72
[INFO] [stdout]                                at /rustc/53fd98ca776cb875bc9e5514f56b52eb74f9e7a9/library/std/src/sys_common/backtrace.rs:36:9
[INFO] [stdout]    8:     0x5614f641ff8b - std::panicking::default_hook::{{closure}}::h0f7208c0b9644a54
[INFO] [stdout]                                at /rustc/53fd98ca776cb875bc9e5514f56b52eb74f9e7a9/library/std/src/panicking.rs:208:50
[INFO] [stdout]    9:     0x5614f641fa9c - std::panicking::default_hook::hdac7fc06578c14ce
[INFO] [stdout]                                at /rustc/53fd98ca776cb875bc9e5514f56b52eb74f9e7a9/library/std/src/panicking.rs:222:9
[INFO] [stdout]   10:     0x5614f6420654 - std::panicking::rust_panic_with_hook::h72b21c283da3d1ef
[INFO] [stdout]                                at /rustc/53fd98ca776cb875bc9e5514f56b52eb74f9e7a9/library/std/src/panicking.rs:622:17
[INFO] [stdout]   11:     0x5614f6420137 - std::panicking::begin_panic_handler::{{closure}}::he5778f1729cff84a
[INFO] [stdout]                                at /rustc/53fd98ca776cb875bc9e5514f56b52eb74f9e7a9/library/std/src/panicking.rs:519:13
[INFO] [stdout]   12:     0x5614f641e2ec - std::sys_common::backtrace::__rust_end_short_backtrace::h2d11ca8b453b4b1d
[INFO] [stdout]                                at /rustc/53fd98ca776cb875bc9e5514f56b52eb74f9e7a9/library/std/src/sys_common/backtrace.rs:141:18
[INFO] [stdout]   13:     0x5614f6420099 - rust_begin_unwind
[INFO] [stdout]                                at /rustc/53fd98ca776cb875bc9e5514f56b52eb74f9e7a9/library/std/src/panicking.rs:515:5
[INFO] [stdout]   14:     0x5614f63be3b1 - core::panicking::panic_fmt::hf9de31d4acbce4db
[INFO] [stdout]                                at /rustc/53fd98ca776cb875bc9e5514f56b52eb74f9e7a9/library/core/src/panicking.rs:92:14
[INFO] [stdout]   15:     0x5614f643f098 - core::panicking::assert_failed_inner::h62e8cb2847a6e7ec
[INFO] [stdout]   16:     0x5614f63cd0ce - core::panicking::assert_failed::h34b200c68f2c8d1c
[INFO] [stdout]                                at /rustc/53fd98ca776cb875bc9e5514f56b52eb74f9e7a9/library/core/src/panicking.rs:117:5
[INFO] [stdout]   17:     0x5614f63cded0 - uuencode::test::test_cat::h9550a41a11dd137e
[INFO] [stdout]                                at /opt/rustwide/workdir/src/lib.rs:111:9
[INFO] [stdout]   18:     0x5614f63cdd2a - uuencode::test::test_cat::{{closure}}::hde36d85ae06717b5
[INFO] [stdout]                                at /opt/rustwide/workdir/src/lib.rs:106:5
[INFO] [stdout]   19:     0x5614f63ca9ae - core::ops::function::FnOnce::call_once::h63ebeb1f454c2fda
[INFO] [stdout]                                at /rustc/53fd98ca776cb875bc9e5514f56b52eb74f9e7a9/library/core/src/ops/function.rs:227:5
[INFO] [stdout]   20:     0x5614f64026d3 - core::ops::function::FnOnce::call_once::hbb52c4519d3137b0
[INFO] [stdout]                                at /rustc/53fd98ca776cb875bc9e5514f56b52eb74f9e7a9/library/core/src/ops/function.rs:227:5
[INFO] [stdout]   21:     0x5614f64026d3 - test::__rust_begin_short_backtrace::h86fe3a2a5a5121af
[INFO] [stdout]                                at /rustc/53fd98ca776cb875bc9e5514f56b52eb74f9e7a9/library/test/src/lib.rs:578:5
[INFO] [stdout]   22:     0x5614f6401188 - <alloc::boxed::Box<F,A> as core::ops::function::FnOnce<Args>>::call_once::hfd956bc3d57399be
[INFO] [stdout]                                at /rustc/53fd98ca776cb875bc9e5514f56b52eb74f9e7a9/library/alloc/src/boxed.rs:1572:9
[INFO] [stdout]   23:     0x5614f6401188 - <std::panic::AssertUnwindSafe<F> as core::ops::function::FnOnce<()>>::call_once::h40dc93e0ddb5938a
[INFO] [stdout]                                at /rustc/53fd98ca776cb875bc9e5514f56b52eb74f9e7a9/library/std/src/panic.rs:347:9
[INFO] [stdout]   24:     0x5614f6401188 - std::panicking::try::do_call::h90d07750cb47c562
[INFO] [stdout]                                at /rustc/53fd98ca776cb875bc9e5514f56b52eb74f9e7a9/library/std/src/panicking.rs:401:40
[INFO] [stdout]   25:     0x5614f6401188 - std::panicking::try::h063c84733ad2a629
[INFO] [stdout]                                at /rustc/53fd98ca776cb875bc9e5514f56b52eb74f9e7a9/library/std/src/panicking.rs:365:19
[INFO] [stdout]   26:     0x5614f6401188 - std::panic::catch_unwind::h0c464836a84e7c08
[INFO] [stdout]                                at /rustc/53fd98ca776cb875bc9e5514f56b52eb74f9e7a9/library/std/src/panic.rs:434:14
[INFO] [stdout]   27:     0x5614f6401188 - test::run_test_in_process::h5cb06ef620b157fc
[INFO] [stdout]                                at /rustc/53fd98ca776cb875bc9e5514f56b52eb74f9e7a9/library/test/src/lib.rs:601:18
[INFO] [stdout]   28:     0x5614f6401188 - test::run_test::run_test_inner::{{closure}}::h76f677f4b93f9828
[INFO] [stdout]                                at /rustc/53fd98ca776cb875bc9e5514f56b52eb74f9e7a9/library/test/src/lib.rs:493:39
[INFO] [stdout]   29:     0x5614f63cf91d - test::run_test::run_test_inner::{{closure}}::h366d01fe04f4d67a
[INFO] [stdout]                                at /rustc/53fd98ca776cb875bc9e5514f56b52eb74f9e7a9/library/test/src/lib.rs:520:37
[INFO] [stdout]   30:     0x5614f63cf91d - std::sys_common::backtrace::__rust_begin_short_backtrace::h7dfa0de4eb395af2
[INFO] [stdout]                                at /rustc/53fd98ca776cb875bc9e5514f56b52eb74f9e7a9/library/std/src/sys_common/backtrace.rs:125:18
[INFO] [stdout]   31:     0x5614f63d40e8 - std::thread::Builder::spawn_unchecked::{{closure}}::{{closure}}::hf0a74bb58798037f
[INFO] [stdout]                                at /rustc/53fd98ca776cb875bc9e5514f56b52eb74f9e7a9/library/std/src/thread/mod.rs:476:17
[INFO] [stdout]   32:     0x5614f63d40e8 - <std::panic::AssertUnwindSafe<F> as core::ops::function::FnOnce<()>>::call_once::hb024e854818586ac
[INFO] [stdout]                                at /rustc/53fd98ca776cb875bc9e5514f56b52eb74f9e7a9/library/std/src/panic.rs:347:9
[INFO] [stdout]   33:     0x5614f63d40e8 - std::panicking::try::do_call::hb2dd9f1d0d48e41d
[INFO] [stdout]                                at /rustc/53fd98ca776cb875bc9e5514f56b52eb74f9e7a9/library/std/src/panicking.rs:401:40
[INFO] [stdout]   34:     0x5614f63d40e8 - std::panicking::try::h4717ae7bac8b2bf3
[INFO] [stdout]                                at /rustc/53fd98ca776cb875bc9e5514f56b52eb74f9e7a9/library/std/src/panicking.rs:365:19
[INFO] [stdout]   35:     0x5614f63d40e8 - std::panic::catch_unwind::h0dc8a061326ce8d8
[INFO] [stdout]                                at /rustc/53fd98ca776cb875bc9e5514f56b52eb74f9e7a9/library/std/src/panic.rs:434:14
[INFO] [stdout]   36:     0x5614f63d40e8 - std::thread::Builder::spawn_unchecked::{{closure}}::haa369e2d6fd00aa1
[INFO] [stdout]                                at /rustc/53fd98ca776cb875bc9e5514f56b52eb74f9e7a9/library/std/src/thread/mod.rs:475:30
[INFO] [stdout]   37:     0x5614f63d40e8 - core::ops::function::FnOnce::call_once{{vtable.shim}}::h36dcf3de8b056f17
[INFO] [stdout]                                at /rustc/53fd98ca776cb875bc9e5514f56b52eb74f9e7a9/library/core/src/ops/function.rs:227:5
[INFO] [stdout]   38:     0x5614f64251c7 - <alloc::boxed::Box<F,A> as core::ops::function::FnOnce<Args>>::call_once::h65c29e4642be2358
[INFO] [stdout]                                at /rustc/53fd98ca776cb875bc9e5514f56b52eb74f9e7a9/library/alloc/src/boxed.rs:1572:9
[INFO] [stdout]   39:     0x5614f64251c7 - <alloc::boxed::Box<F,A> as core::ops::function::FnOnce<Args>>::call_once::hd0f8f7fbbd9fffbf
[INFO] [stdout]                                at /rustc/53fd98ca776cb875bc9e5514f56b52eb74f9e7a9/library/alloc/src/boxed.rs:1572:9
[INFO] [stdout]   40:     0x5614f64251c7 - std::sys::unix::thread::Thread::new::thread_start::h2fd22fee3ca77b65
[INFO] [stdout]                                at /rustc/53fd98ca776cb875bc9e5514f56b52eb74f9e7a9/library/std/src/sys/unix/thread.rs:74:17
[INFO] [stdout]   41:     0x7fb656ccf609 - start_thread
[INFO] [stdout]   42:     0x7fb656aa1293 - clone
[INFO] [stdout]   43:                0x0 - <unknown>
[INFO] [stdout] 
[INFO] [stdout] ---- test::test_piechart stdout ----
[INFO] [stdout] thread 'test::test_piechart' panicked at 'Couldn't make file!: Os { code: 2, kind: NotFound, message: "No such file or directory" }', src/lib.rs:97:99
[INFO] [stdout] stack backtrace:
[INFO] [stdout]    0:     0x5614f641de10 - std::backtrace_rs::backtrace::libunwind::trace::hff4d1766e93f64f1
[INFO] [stdout]                                at /rustc/53fd98ca776cb875bc9e5514f56b52eb74f9e7a9/library/std/src/../../backtrace/src/backtrace/libunwind.rs:90:5
[INFO] [stdout]    1:     0x5614f641de10 - std::backtrace_rs::backtrace::trace_unsynchronized::h56bbc8eb78770bcb
[INFO] [stdout]                                at /rustc/53fd98ca776cb875bc9e5514f56b52eb74f9e7a9/library/std/src/../../backtrace/src/backtrace/mod.rs:66:5
[INFO] [stdout]    2:     0x5614f641de10 - std::sys_common::backtrace::_print_fmt::h5c8e75464faca780
[INFO] [stdout]                                at /rustc/53fd98ca776cb875bc9e5514f56b52eb74f9e7a9/library/std/src/sys_common/backtrace.rs:67:5
[INFO] [stdout]    3:     0x5614f641de10 - <std::sys_common::backtrace::_print::DisplayBacktrace as core::fmt::Display>::fmt::h48b88277def8b362
[INFO] [stdout]                                at /rustc/53fd98ca776cb875bc9e5514f56b52eb74f9e7a9/library/std/src/sys_common/backtrace.rs:46:22
[INFO] [stdout]    4:     0x5614f644077c - core::fmt::write::h3381b3176fe2b3d3
[INFO] [stdout]                                at /rustc/53fd98ca776cb875bc9e5514f56b52eb74f9e7a9/library/core/src/fmt/mod.rs:1115:17
[INFO] [stdout]    5:     0x5614f641ad75 - std::io::Write::write_fmt::h5f34a676f60246b5
[INFO] [stdout]                                at /rustc/53fd98ca776cb875bc9e5514f56b52eb74f9e7a9/library/std/src/io/mod.rs:1665:15
[INFO] [stdout]    6:     0x5614f641ff8b - std::sys_common::backtrace::_print::ha537687d6c17dd0d
[INFO] [stdout]                                at /rustc/53fd98ca776cb875bc9e5514f56b52eb74f9e7a9/library/std/src/sys_common/backtrace.rs:49:5
[INFO] [stdout]    7:     0x5614f641ff8b - std::sys_common::backtrace::print::h61376ae57d131d72
[INFO] [stdout]                                at /rustc/53fd98ca776cb875bc9e5514f56b52eb74f9e7a9/library/std/src/sys_common/backtrace.rs:36:9
[INFO] [stdout]    8:     0x5614f641ff8b - std::panicking::default_hook::{{closure}}::h0f7208c0b9644a54
[INFO] [stdout]                                at /rustc/53fd98ca776cb875bc9e5514f56b52eb74f9e7a9/library/std/src/panicking.rs:208:50
[INFO] [stdout]    9:     0x5614f641fa9c - std::panicking::default_hook::hdac7fc06578c14ce
[INFO] [stdout]                                at /rustc/53fd98ca776cb875bc9e5514f56b52eb74f9e7a9/library/std/src/panicking.rs:222:9
[INFO] [stdout]   10:     0x5614f6420654 - std::panicking::rust_panic_with_hook::h72b21c283da3d1ef
[INFO] [stdout]                                at /rustc/53fd98ca776cb875bc9e5514f56b52eb74f9e7a9/library/std/src/panicking.rs:622:17
[INFO] [stdout]   11:     0x5614f6420137 - std::panicking::begin_panic_handler::{{closure}}::he5778f1729cff84a
[INFO] [stdout]                                at /rustc/53fd98ca776cb875bc9e5514f56b52eb74f9e7a9/library/std/src/panicking.rs:519:13
[INFO] [stdout]   12:     0x5614f641e2ec - std::sys_common::backtrace::__rust_end_short_backtrace::h2d11ca8b453b4b1d
[INFO] [stdout]                                at /rustc/53fd98ca776cb875bc9e5514f56b52eb74f9e7a9/library/std/src/sys_common/backtrace.rs:141:18
[INFO] [stdout]   13:     0x5614f6420099 - rust_begin_unwind
[INFO] [stdout]                                at /rustc/53fd98ca776cb875bc9e5514f56b52eb74f9e7a9/library/std/src/panicking.rs:515:5
[INFO] [stdout]   14:     0x5614f63be3b1 - core::panicking::panic_fmt::hf9de31d4acbce4db
[INFO] [stdout]                                at /rustc/53fd98ca776cb875bc9e5514f56b52eb74f9e7a9/library/core/src/panicking.rs:92:14
[INFO] [stdout]   15:     0x5614f63be4a3 - core::result::unwrap_failed::ha0c84e81219e5878
[INFO] [stdout]                                at /rustc/53fd98ca776cb875bc9e5514f56b52eb74f9e7a9/library/core/src/result.rs:1599:5
[INFO] [stdout]   16:     0x5614f63c3cc0 - core::result::Result<T,E>::expect::h399da1e86bdfe04c
[INFO] [stdout]                                at /rustc/53fd98ca776cb875bc9e5514f56b52eb74f9e7a9/library/core/src/result.rs:1241:23
[INFO] [stdout]   17:     0x5614f63cdb8d - uuencode::test::write_to_file::h3f6d45870e2face8
[INFO] [stdout]                                at /opt/rustwide/workdir/src/lib.rs:97:26
[INFO] [stdout]   18:     0x5614f63ce84a - uuencode::test::test_piechart::h2fa7bee2d2894123
[INFO] [stdout]                                at /opt/rustwide/workdir/src/lib.rs:149:9
[INFO] [stdout]   19:     0x5614f63ce6da - uuencode::test::test_piechart::{{closure}}::h5d8e7e291a0da370
[INFO] [stdout]                                at /opt/rustwide/workdir/src/lib.rs:144:5
[INFO] [stdout]   20:     0x5614f63caa2e - core::ops::function::FnOnce::call_once::hab4eea6f90ab0536
[INFO] [stdout]                                at /rustc/53fd98ca776cb875bc9e5514f56b52eb74f9e7a9/library/core/src/ops/function.rs:227:5
[INFO] [stdout]   21:     0x5614f64026d3 - core::ops::function::FnOnce::call_once::hbb52c4519d3137b0
[INFO] [stdout]                                at /rustc/53fd98ca776cb875bc9e5514f56b52eb74f9e7a9/library/core/src/ops/function.rs:227:5
[INFO] [stdout]   22:     0x5614f64026d3 - test::__rust_begin_short_backtrace::h86fe3a2a5a5121af
[INFO] [stdout]                                at /rustc/53fd98ca776cb875bc9e5514f56b52eb74f9e7a9/library/test/src/lib.rs:578:5
[INFO] [stdout]   23:     0x5614f6401188 - <alloc::boxed::Box<F,A> as core::ops::function::FnOnce<Args>>::call_once::hfd956bc3d57399be
[INFO] [stdout]                                at /rustc/53fd98ca776cb875bc9e5514f56b52eb74f9e7a9/library/alloc/src/boxed.rs:1572:9
[INFO] [stdout]   24:     0x5614f6401188 - <std::panic::AssertUnwindSafe<F> as core::ops::function::FnOnce<()>>::call_once::h40dc93e0ddb5938a
[INFO] [stdout]                                at /rustc/53fd98ca776cb875bc9e5514f56b52eb74f9e7a9/library/std/src/panic.rs:347:9
[INFO] [stdout]   25:     0x5614f6401188 - std::panicking::try::do_call::h90d07750cb47c562
[INFO] [stdout]                                at /rustc/53fd98ca776cb875bc9e5514f56b52eb74f9e7a9/library/std/src/panicking.rs:401:40
[INFO] [stdout]   26:     0x5614f6401188 - std::panicking::try::h063c84733ad2a629
[INFO] [stdout]                                at /rustc/53fd98ca776cb875bc9e5514f56b52eb74f9e7a9/library/std/src/panicking.rs:365:19
[INFO] [stdout]   27:     0x5614f6401188 - std::panic::catch_unwind::h0c464836a84e7c08
[INFO] [stdout]                                at /rustc/53fd98ca776cb875bc9e5514f56b52eb74f9e7a9/library/std/src/panic.rs:434:14
[INFO] [stdout]   28:     0x5614f6401188 - test::run_test_in_process::h5cb06ef620b157fc
[INFO] [stdout]                                at /rustc/53fd98ca776cb875bc9e5514f56b52eb74f9e7a9/library/test/src/lib.rs:601:18
[INFO] [stdout]   29:     0x5614f6401188 - test::run_test::run_test_inner::{{closure}}::h76f677f4b93f9828
[INFO] [stdout]                                at /rustc/53fd98ca776cb875bc9e5514f56b52eb74f9e7a9/library/test/src/lib.rs:493:39
[INFO] [stdout]   30:     0x5614f63cf91d - test::run_test::run_test_inner::{{closure}}::h366d01fe04f4d67a
[INFO] [stdout]                                at /rustc/53fd98ca776cb875bc9e5514f56b52eb74f9e7a9/library/test/src/lib.rs:520:37
[INFO] [stdout]   31:     0x5614f63cf91d - std::sys_common::backtrace::__rust_begin_short_backtrace::h7dfa0de4eb395af2
[INFO] [stdout]                                at /rustc/53fd98ca776cb875bc9e5514f56b52eb74f9e7a9/library/std/src/sys_common/backtrace.rs:125:18
[INFO] [stdout]   32:     0x5614f63d40e8 - std::thread::Builder::spawn_unchecked::{{closure}}::{{closure}}::hf0a74bb58798037f
[INFO] [stdout]                                at /rustc/53fd98ca776cb875bc9e5514f56b52eb74f9e7a9/library/std/src/thread/mod.rs:476:17
[INFO] [stdout]   33:     0x5614f63d40e8 - <std::panic::AssertUnwindSafe<F> as core::ops::function::FnOnce<()>>::call_once::hb024e854818586ac
[INFO] [stdout]                                at /rustc/53fd98ca776cb875bc9e5514f56b52eb74f9e7a9/library/std/src/panic.rs:347:9
[INFO] [stdout]   34:     0x5614f63d40e8 - std::panicking::try::do_call::hb2dd9f1d0d48e41d
[INFO] [stdout]                                at /rustc/53fd98ca776cb875bc9e5514f56b52eb74f9e7a9/library/std/src/panicking.rs:401:40
[INFO] [stdout]   35:     0x5614f63d40e8 - std::panicking::try::h4717ae7bac8b2bf3
[INFO] [stdout]                                at /rustc/53fd98ca776cb875bc9e5514f56b52eb74f9e7a9/library/std/src/panicking.rs:365:19
[INFO] [stdout]   36:     0x5614f63d40e8 - std::panic::catch_unwind::h0dc8a061326ce8d8
[INFO] [stdout]                                at /rustc/53fd98ca776cb875bc9e5514f56b52eb74f9e7a9/library/std/src/panic.rs:434:14
[INFO] [stdout]   37:     0x5614f63d40e8 - std::thread::Builder::spawn_unchecked::{{closure}}::haa369e2d6fd00aa1
[INFO] [stdout]                                at /rustc/53fd98ca776cb875bc9e5514f56b52eb74f9e7a9/library/std/src/thread/mod.rs:475:30
[INFO] [stdout]   38:     0x5614f63d40e8 - core::ops::function::FnOnce::call_once{{vtable.shim}}::h36dcf3de8b056f17
[INFO] [stdout]                                at /rustc/53fd98ca776cb875bc9e5514f56b52eb74f9e7a9/library/core/src/ops/function.rs:227:5
[INFO] [stdout]   39:     0x5614f64251c7 - <alloc::boxed::Box<F,A> as core::ops::function::FnOnce<Args>>::call_once::h65c29e4642be2358
[INFO] [stdout]                                at /rustc/53fd98ca776cb875bc9e5514f56b52eb74f9e7a9/library/alloc/src/boxed.rs:1572:9
[INFO] [stdout]   40:     0x5614f64251c7 - <alloc::boxed::Box<F,A> as core::ops::function::FnOnce<Args>>::call_once::hd0f8f7fbbd9fffbf
[INFO] [stdout]                                at /rustc/53fd98ca776cb875bc9e5514f56b52eb74f9e7a9/library/alloc/src/boxed.rs:1572:9
[INFO] [stdout]   41:     0x5614f64251c7 - std::sys::unix::thread::Thread::new::thread_start::h2fd22fee3ca77b65
[INFO] [stdout]                                at /rustc/53fd98ca776cb875bc9e5514f56b52eb74f9e7a9/library/std/src/sys/unix/thread.rs:74:17
[INFO] [stdout]   42:     0x7fb656ccf609 - start_thread
[INFO] [stdout]   43:     0x7fb656aa1293 - clone
[INFO] [stdout]   44:                0x0 - <unknown>
[INFO] [stdout] 
[INFO] [stdout] ---- test::test_spreadsheet_1 stdout ----
[INFO] [stdout] thread 'test::test_spreadsheet_1' panicked at 'Couldn't make file!: Os { code: 2, kind: NotFound, message: "No such file or directory" }', src/lib.rs:97:99
[INFO] [stdout] stack backtrace:
[INFO] [stdout]    0:     0x5614f641de10 - std::backtrace_rs::backtrace::libunwind::trace::hff4d1766e93f64f1
[INFO] [stdout]                                at /rustc/53fd98ca776cb875bc9e5514f56b52eb74f9e7a9/library/std/src/../../backtrace/src/backtrace/libunwind.rs:90:5
[INFO] [stdout]    1:     0x5614f641de10 - std::backtrace_rs::backtrace::trace_unsynchronized::h56bbc8eb78770bcb
[INFO] [stdout]                                at /rustc/53fd98ca776cb875bc9e5514f56b52eb74f9e7a9/library/std/src/../../backtrace/src/backtrace/mod.rs:66:5
[INFO] [stdout]    2:     0x5614f641de10 - std::sys_common::backtrace::_print_fmt::h5c8e75464faca780
[INFO] [stdout]                                at /rustc/53fd98ca776cb875bc9e5514f56b52eb74f9e7a9/library/std/src/sys_common/backtrace.rs:67:5
[INFO] [stdout]    3:     0x5614f641de10 - <std::sys_common::backtrace::_print::DisplayBacktrace as core::fmt::Display>::fmt::h48b88277def8b362
[INFO] [stdout]                                at /rustc/53fd98ca776cb875bc9e5514f56b52eb74f9e7a9/library/std/src/sys_common/backtrace.rs:46:22
[INFO] [stdout]    4:     0x5614f644077c - core::fmt::write::h3381b3176fe2b3d3
[INFO] [stdout]                                at /rustc/53fd98ca776cb875bc9e5514f56b52eb74f9e7a9/library/core/src/fmt/mod.rs:1115:17
[INFO] [stdout]    5:     0x5614f641ad75 - std::io::Write::write_fmt::h5f34a676f60246b5
[INFO] [stdout]                                at /rustc/53fd98ca776cb875bc9e5514f56b52eb74f9e7a9/library/std/src/io/mod.rs:1665:15
[INFO] [stdout]    6:     0x5614f641ff8b - std::sys_common::backtrace::_print::ha537687d6c17dd0d
[INFO] [stdout]                                at /rustc/53fd98ca776cb875bc9e5514f56b52eb74f9e7a9/library/std/src/sys_common/backtrace.rs:49:5
[INFO] [stdout]    7:     0x5614f641ff8b - std::sys_common::backtrace::print::h61376ae57d131d72
[INFO] [stdout]                                at /rustc/53fd98ca776cb875bc9e5514f56b52eb74f9e7a9/library/std/src/sys_common/backtrace.rs:36:9
[INFO] [stdout]    8:     0x5614f641ff8b - std::panicking::default_hook::{{closure}}::h0f7208c0b9644a54
[INFO] [stdout]                                at /rustc/53fd98ca776cb875bc9e5514f56b52eb74f9e7a9/library/std/src/panicking.rs:208:50
[INFO] [stdout]    9:     0x5614f641fa9c - std::panicking::default_hook::hdac7fc06578c14ce
[INFO] [stdout]                                at /rustc/53fd98ca776cb875bc9e5514f56b52eb74f9e7a9/library/std/src/panicking.rs:222:9
[INFO] [stdout]   10:     0x5614f6420654 - std::panicking::rust_panic_with_hook::h72b21c283da3d1ef
[INFO] [stdout]                                at /rustc/53fd98ca776cb875bc9e5514f56b52eb74f9e7a9/library/std/src/panicking.rs:622:17
[INFO] [stdout]   11:     0x5614f6420137 - std::panicking::begin_panic_handler::{{closure}}::he5778f1729cff84a
[INFO] [stdout]                                at /rustc/53fd98ca776cb875bc9e5514f56b52eb74f9e7a9/library/std/src/panicking.rs:519:13
[INFO] [stdout]   12:     0x5614f641e2ec - std::sys_common::backtrace::__rust_end_short_backtrace::h2d11ca8b453b4b1d
[INFO] [stdout]                                at /rustc/53fd98ca776cb875bc9e5514f56b52eb74f9e7a9/library/std/src/sys_common/backtrace.rs:141:18
[INFO] [stdout]   13:     0x5614f6420099 - rust_begin_unwind
[INFO] [stdout]                                at /rustc/53fd98ca776cb875bc9e5514f56b52eb74f9e7a9/library/std/src/panicking.rs:515:5
[INFO] [stdout]   14:     0x5614f63be3b1 - core::panicking::panic_fmt::hf9de31d4acbce4db
[INFO] [stdout]                                at /rustc/53fd98ca776cb875bc9e5514f56b52eb74f9e7a9/library/core/src/panicking.rs:92:14
[INFO] [stdout]   15:     0x5614f63be4a3 - core::result::unwrap_failed::ha0c84e81219e5878
[INFO] [stdout]                                at /rustc/53fd98ca776cb875bc9e5514f56b52eb74f9e7a9/library/core/src/result.rs:1599:5
[INFO] [stdout]   16:     0x5614f63c3cc0 - core::result::Result<T,E>::expect::h399da1e86bdfe04c
[INFO] [stdout]                                at /rustc/53fd98ca776cb875bc9e5514f56b52eb74f9e7a9/library/core/src/result.rs:1241:23
[INFO] [stdout]   17:     0x5614f63cdb8d - uuencode::test::write_to_file::h3f6d45870e2face8
[INFO] [stdout]                                at /opt/rustwide/workdir/src/lib.rs:97:26
[INFO] [stdout]   18:     0x5614f63ce5ca - uuencode::test::test_spreadsheet_1::h49b949dc124dedb1
[INFO] [stdout]                                at /opt/rustwide/workdir/src/lib.rs:139:9
[INFO] [stdout]   19:     0x5614f63ce45a - uuencode::test::test_spreadsheet_1::{{closure}}::h9df7cd94bf8b44fb
[INFO] [stdout]                                at /opt/rustwide/workdir/src/lib.rs:134:5
[INFO] [stdout]   20:     0x5614f63caa9e - core::ops::function::FnOnce::call_once::hb84dffab1b2c9540
[INFO] [stdout]                                at /rustc/53fd98ca776cb875bc9e5514f56b52eb74f9e7a9/library/core/src/ops/function.rs:227:5
[INFO] [stdout]   21:     0x5614f64026d3 - core::ops::function::FnOnce::call_once::hbb52c4519d3137b0
[INFO] [stdout]                                at /rustc/53fd98ca776cb875bc9e5514f56b52eb74f9e7a9/library/core/src/ops/function.rs:227:5
[INFO] [stdout]   22:     0x5614f64026d3 - test::__rust_begin_short_backtrace::h86fe3a2a5a5121af
[INFO] [stdout]                                at /rustc/53fd98ca776cb875bc9e5514f56b52eb74f9e7a9/library/test/src/lib.rs:578:5
[INFO] [stdout]   23:     0x5614f6401188 - <alloc::boxed::Box<F,A> as core::ops::function::FnOnce<Args>>::call_once::hfd956bc3d57399be
[INFO] [stdout]                                at /rustc/53fd98ca776cb875bc9e5514f56b52eb74f9e7a9/library/alloc/src/boxed.rs:1572:9
[INFO] [stdout]   24:     0x5614f6401188 - <std::panic::AssertUnwindSafe<F> as core::ops::function::FnOnce<()>>::call_once::h40dc93e0ddb5938a
[INFO] [stdout]                                at /rustc/53fd98ca776cb875bc9e5514f56b52eb74f9e7a9/library/std/src/panic.rs:347:9
[INFO] [stdout]   25:     0x5614f6401188 - std::panicking::try::do_call::h90d07750cb47c562
[INFO] [stdout]                                at /rustc/53fd98ca776cb875bc9e5514f56b52eb74f9e7a9/library/std/src/panicking.rs:401:40
[INFO] [stdout]   26:     0x5614f6401188 - std::panicking::try::h063c84733ad2a629
[INFO] [stdout]                                at /rustc/53fd98ca776cb875bc9e5514f56b52eb74f9e7a9/library/std/src/panicking.rs:365:19
[INFO] [stdout]   27:     0x5614f6401188 - std::panic::catch_unwind::h0c464836a84e7c08
[INFO] [stdout]                                at /rustc/53fd98ca776cb875bc9e5514f56b52eb74f9e7a9/library/std/src/panic.rs:434:14
[INFO] [stdout]   28:     0x5614f6401188 - test::run_test_in_process::h5cb06ef620b157fc
[INFO] [stdout]                                at /rustc/53fd98ca776cb875bc9e5514f56b52eb74f9e7a9/library/test/src/lib.rs:601:18
[INFO] [stdout]   29:     0x5614f6401188 - test::run_test::run_test_inner::{{closure}}::h76f677f4b93f9828
[INFO] [stdout]                                at /rustc/53fd98ca776cb875bc9e5514f56b52eb74f9e7a9/library/test/src/lib.rs:493:39
[INFO] [stdout]   30:     0x5614f63cf91d - test::run_test::run_test_inner::{{closure}}::h366d01fe04f4d67a
[INFO] [stdout]                                at /rustc/53fd98ca776cb875bc9e5514f56b52eb74f9e7a9/library/test/src/lib.rs:520:37
[INFO] [stdout]   31:     0x5614f63cf91d - std::sys_common::backtrace::__rust_begin_short_backtrace::h7dfa0de4eb395af2
[INFO] [stdout]                                at /rustc/53fd98ca776cb875bc9e5514f56b52eb74f9e7a9/library/std/src/sys_common/backtrace.rs:125:18
[INFO] [stdout]   32:     0x5614f63d40e8 - std::thread::Builder::spawn_unchecked::{{closure}}::{{closure}}::hf0a74bb58798037f
[INFO] [stdout]                                at /rustc/53fd98ca776cb875bc9e5514f56b52eb74f9e7a9/library/std/src/thread/mod.rs:476:17
[INFO] [stdout]   33:     0x5614f63d40e8 - <std::panic::AssertUnwindSafe<F> as core::ops::function::FnOnce<()>>::call_once::hb024e854818586ac
[INFO] [stdout]                                at /rustc/53fd98ca776cb875bc9e5514f56b52eb74f9e7a9/library/std/src/panic.rs:347:9
[INFO] [stdout]   34:     0x5614f63d40e8 - std::panicking::try::do_call::hb2dd9f1d0d48e41d
[INFO] [stdout]                                at /rustc/53fd98ca776cb875bc9e5514f56b52eb74f9e7a9/library/std/src/panicking.rs:401:40
[INFO] [stdout]   35:     0x5614f63d40e8 - std::panicking::try::h4717ae7bac8b2bf3
[INFO] [stdout]                                at /rustc/53fd98ca776cb875bc9e5514f56b52eb74f9e7a9/library/std/src/panicking.rs:365:19
[INFO] [stdout]   36:     0x5614f63d40e8 - std::panic::catch_unwind::h0dc8a061326ce8d8
[INFO] [stdout]                                at /rustc/53fd98ca776cb875bc9e5514f56b52eb74f9e7a9/library/std/src/panic.rs:434:14
[INFO] [stdout]   37:     0x5614f63d40e8 - std::thread::Builder::spawn_unchecked::{{closure}}::haa369e2d6fd00aa1
[INFO] [stdout]                                at /rustc/53fd98ca776cb875bc9e5514f56b52eb74f9e7a9/library/std/src/thread/mod.rs:475:30
[INFO] [stdout]   38:     0x5614f63d40e8 - core::ops::function::FnOnce::call_once{{vtable.shim}}::h36dcf3de8b056f17
[INFO] [stdout]                                at /rustc/53fd98ca776cb875bc9e5514f56b52eb74f9e7a9/library/core/src/ops/function.rs:227:5
[INFO] [stdout]   39:     0x5614f64251c7 - <alloc::boxed::Box<F,A> as core::ops::function::FnOnce<Args>>::call_once::h65c29e4642be2358
[INFO] [stdout]                                at /rustc/53fd98ca776cb875bc9e5514f56b52eb74f9e7a9/library/alloc/src/boxed.rs:1572:9
[INFO] [stdout]   40:     0x5614f64251c7 - <alloc::boxed::Box<F,A> as core::ops::function::FnOnce<Args>>::call_once::hd0f8f7fbbd9fffbf
[INFO] [stdout]                                at /rustc/53fd98ca776cb875bc9e5514f56b52eb74f9e7a9/library/alloc/src/boxed.rs:1572:9
[INFO] [stdout]   41:     0x5614f64251c7 - std::sys::unix::thread::Thread::new::thread_start::h2fd22fee3ca77b65
[INFO] [stdout]                                at /rustc/53fd98ca776cb875bc9e5514f56b52eb74f9e7a9/library/std/src/sys/unix/thread.rs:74:17
[INFO] [stdout]   42:     0x7fb656ccf609 - start_thread
[INFO] [stdout]   43:     0x7fb656aa1293 - clone
[INFO] [stdout]   44:                0x0 - <unknown>
[INFO] [stdout] 
[INFO] [stdout] ---- test::test_logo stdout ----
[INFO] [stdout] thread 'test::test_logo' panicked at 'Couldn't make file!: Os { code: 2, kind: NotFound, message: "No such file or directory" }', src/lib.rs:97:99
[INFO] [stdout] stack backtrace:
[INFO] [stdout]    0:     0x5614f641de10 - std::backtrace_rs::backtrace::libunwind::trace::hff4d1766e93f64f1
[INFO] [stdout]                                at /rustc/53fd98ca776cb875bc9e5514f56b52eb74f9e7a9/library/std/src/../../backtrace/src/backtrace/libunwind.rs:90:5
[INFO] [stdout]    1:     0x5614f641de10 - std::backtrace_rs::backtrace::trace_unsynchronized::h56bbc8eb78770bcb
[INFO] [stdout]                                at /rustc/53fd98ca776cb875bc9e5514f56b52eb74f9e7a9/library/std/src/../../backtrace/src/backtrace/mod.rs:66:5
[INFO] [stdout]    2:     0x5614f641de10 - std::sys_common::backtrace::_print_fmt::h5c8e75464faca780
[INFO] [stdout]                                at /rustc/53fd98ca776cb875bc9e5514f56b52eb74f9e7a9/library/std/src/sys_common/backtrace.rs:67:5
[INFO] [stdout]    3:     0x5614f641de10 - <std::sys_common::backtrace::_print::DisplayBacktrace as core::fmt::Display>::fmt::h48b88277def8b362
[INFO] [stdout]                                at /rustc/53fd98ca776cb875bc9e5514f56b52eb74f9e7a9/library/std/src/sys_common/backtrace.rs:46:22
[INFO] [stdout]    4:     0x5614f644077c - core::fmt::write::h3381b3176fe2b3d3
[INFO] [stdout]                                at /rustc/53fd98ca776cb875bc9e5514f56b52eb74f9e7a9/library/core/src/fmt/mod.rs:1115:17
[INFO] [stdout]    5:     0x5614f641ad75 - std::io::Write::write_fmt::h5f34a676f60246b5
[INFO] [stdout]                                at /rustc/53fd98ca776cb875bc9e5514f56b52eb74f9e7a9/library/std/src/io/mod.rs:1665:15
[INFO] [stdout]    6:     0x5614f641ff8b - std::sys_common::backtrace::_print::ha537687d6c17dd0d
[INFO] [stdout]                                at /rustc/53fd98ca776cb875bc9e5514f56b52eb74f9e7a9/library/std/src/sys_common/backtrace.rs:49:5
[INFO] [stdout]    7:     0x5614f641ff8b - std::sys_common::backtrace::print::h61376ae57d131d72
[INFO] [stdout]                                at /rustc/53fd98ca776cb875bc9e5514f56b52eb74f9e7a9/library/std/src/sys_common/backtrace.rs:36:9
[INFO] [stdout]    8:     0x5614f641ff8b - std::panicking::default_hook::{{closure}}::h0f7208c0b9644a54
[INFO] [stdout]                                at /rustc/53fd98ca776cb875bc9e5514f56b52eb74f9e7a9/library/std/src/panicking.rs:208:50
[INFO] [stdout]    9:     0x5614f641fa9c - std::panicking::default_hook::hdac7fc06578c14ce
[INFO] [stdout]                                at /rustc/53fd98ca776cb875bc9e5514f56b52eb74f9e7a9/library/std/src/panicking.rs:222:9
[INFO] [stdout]   10:     0x5614f6420654 - std::panicking::rust_panic_with_hook::h72b21c283da3d1ef
[INFO] [stdout]                                at /rustc/53fd98ca776cb875bc9e5514f56b52eb74f9e7a9/library/std/src/panicking.rs:622:17
[INFO] [stdout]   11:     0x5614f6420137 - std::panicking::begin_panic_handler::{{closure}}::he5778f1729cff84a
[INFO] [stdout]                                at /rustc/53fd98ca776cb875bc9e5514f56b52eb74f9e7a9/library/std/src/panicking.rs:519:13
[INFO] [stdout]   12:     0x5614f641e2ec - std::sys_common::backtrace::__rust_end_short_backtrace::h2d11ca8b453b4b1d
[INFO] [stdout]                                at /rustc/53fd98ca776cb875bc9e5514f56b52eb74f9e7a9/library/std/src/sys_common/backtrace.rs:141:18
[INFO] [stdout]   13:     0x5614f6420099 - rust_begin_unwind
[INFO] [stdout]                                at /rustc/53fd98ca776cb875bc9e5514f56b52eb74f9e7a9/library/std/src/panicking.rs:515:5
[INFO] [stdout]   14:     0x5614f63be3b1 - core::panicking::panic_fmt::hf9de31d4acbce4db
[INFO] [stdout]                                at /rustc/53fd98ca776cb875bc9e5514f56b52eb74f9e7a9/library/core/src/panicking.rs:92:14
[INFO] [stdout]   15:     0x5614f63be4a3 - core::result::unwrap_failed::ha0c84e81219e5878
[INFO] [stdout]                                at /rustc/53fd98ca776cb875bc9e5514f56b52eb74f9e7a9/library/core/src/result.rs:1599:5
[INFO] [stdout]   16:     0x5614f63c3cc0 - core::result::Result<T,E>::expect::h399da1e86bdfe04c
[INFO] [stdout]                                at /rustc/53fd98ca776cb875bc9e5514f56b52eb74f9e7a9/library/core/src/result.rs:1241:23
[INFO] [stdout]   17:     0x5614f63cdb8d - uuencode::test::write_to_file::h3f6d45870e2face8
[INFO] [stdout]                                at /opt/rustwide/workdir/src/lib.rs:97:26
[INFO] [stdout]   18:     0x5614f63ce34a - uuencode::test::test_logo::hf8445dcf82fcefee
[INFO] [stdout]                                at /opt/rustwide/workdir/src/lib.rs:129:9
[INFO] [stdout]   19:     0x5614f63ce1da - uuencode::test::test_logo::{{closure}}::h00207abb592d9f4d
[INFO] [stdout]                                at /opt/rustwide/workdir/src/lib.rs:124:5
[INFO] [stdout]   20:     0x5614f63ca9ee - core::ops::function::FnOnce::call_once::ha32d54ed45a589c5
[INFO] [stdout]                                at /rustc/53fd98ca776cb875bc9e5514f56b52eb74f9e7a9/library/core/src/ops/function.rs:227:5
[INFO] [stdout]   21:     0x5614f64026d3 - core::ops::function::FnOnce::call_once::hbb52c4519d3137b0
[INFO] [stdout]                                at /rustc/53fd98ca776cb875bc9e5514f56b52eb74f9e7a9/library/core/src/ops/function.rs:227:5
[INFO] [stdout]   22:     0x5614f64026d3 - test::__rust_begin_short_backtrace::h86fe3a2a5a5121af
[INFO] [stdout]                                at /rustc/53fd98ca776cb875bc9e5514f56b52eb74f9e7a9/library/test/src/lib.rs:578:5
[INFO] [stdout]   23:     0x5614f6401188 - <alloc::boxed::Box<F,A> as core::ops::function::FnOnce<Args>>::call_once::hfd956bc3d57399be
[INFO] [stdout]                                at /rustc/53fd98ca776cb875bc9e5514f56b52eb74f9e7a9/library/alloc/src/boxed.rs:1572:9
[INFO] [stdout]   24:     0x5614f6401188 - <std::panic::AssertUnwindSafe<F> as core::ops::function::FnOnce<()>>::call_once::h40dc93e0ddb5938a
[INFO] [stdout]                                at /rustc/53fd98ca776cb875bc9e5514f56b52eb74f9e7a9/library/std/src/panic.rs:347:9
[INFO] [stdout]   25:     0x5614f6401188 - std::panicking::try::do_call::h90d07750cb47c562
[INFO] [stdout]                                at /rustc/53fd98ca776cb875bc9e5514f56b52eb74f9e7a9/library/std/src/panicking.rs:401:40
[INFO] [stdout]   26:     0x5614f6401188 - std::panicking::try::h063c84733ad2a629
[INFO] [stdout]                                at /rustc/53fd98ca776cb875bc9e5514f56b52eb74f9e7a9/library/std/src/panicking.rs:365:19
[INFO] [stdout]   27:     0x5614f6401188 - std::panic::catch_unwind::h0c464836a84e7c08
[INFO] [stdout]                                at /rustc/53fd98ca776cb875bc9e5514f56b52eb74f9e7a9/library/std/src/panic.rs:434:14
[INFO] [stdout]   28:     0x5614f6401188 - test::run_test_in_process::h5cb06ef620b157fc
[INFO] [stdout]                                at /rustc/53fd98ca776cb875bc9e5514f56b52eb74f9e7a9/library/test/src/lib.rs:601:18
[INFO] [stdout]   29:     0x5614f6401188 - test::run_test::run_test_inner::{{closure}}::h76f677f4b93f9828
[INFO] [stdout]                                at /rustc/53fd98ca776cb875bc9e5514f56b52eb74f9e7a9/library/test/src/lib.rs:493:39
[INFO] [stdout]   30:     0x5614f63cf91d - test::run_test::run_test_inner::{{closure}}::h366d01fe04f4d67a
[INFO] [stdout]                                at /rustc/53fd98ca776cb875bc9e5514f56b52eb74f9e7a9/library/test/src/lib.rs:520:37
[INFO] [stdout]   31:     0x5614f63cf91d - std::sys_common::backtrace::__rust_begin_short_backtrace::h7dfa0de4eb395af2
[INFO] [stdout]                                at /rustc/53fd98ca776cb875bc9e5514f56b52eb74f9e7a9/library/std/src/sys_common/backtrace.rs:125:18
[INFO] [stdout]   32:     0x5614f63d40e8 - std::thread::Builder::spawn_unchecked::{{closure}}::{{closure}}::hf0a74bb58798037f
[INFO] [stdout]                                at /rustc/53fd98ca776cb875bc9e5514f56b52eb74f9e7a9/library/std/src/thread/mod.rs:476:17
[INFO] [stdout]   33:     0x5614f63d40e8 - <std::panic::AssertUnwindSafe<F> as core::ops::function::FnOnce<()>>::call_once::hb024e854818586ac
[INFO] [stdout]                                at /rustc/53fd98ca776cb875bc9e5514f56b52eb74f9e7a9/library/std/src/panic.rs:347:9
[INFO] [stdout]   34:     0x5614f63d40e8 - std::panicking::try::do_call::hb2dd9f1d0d48e41d
[INFO] [stdout]                                at /rustc/53fd98ca776cb875bc9e5514f56b52eb74f9e7a9/library/std/src/panicking.rs:401:40
[INFO] [stdout]   35:     0x5614f63d40e8 - std::panicking::try::h4717ae7bac8b2bf3
[INFO] [stdout]                                at /rustc/53fd98ca776cb875bc9e5514f56b52eb74f9e7a9/library/std/src/panicking.rs:365:19
[INFO] [stdout]   36:     0x5614f63d40e8 - std::panic::catch_unwind::h0dc8a061326ce8d8
[INFO] [stdout]                                at /rustc/53fd98ca776cb875bc9e5514f56b52eb74f9e7a9/library/std/src/panic.rs:434:14
[INFO] [stdout]   37:     0x5614f63d40e8 - std::thread::Builder::spawn_unchecked::{{closure}}::haa369e2d6fd00aa1
[INFO] [stdout]                                at /rustc/53fd98ca776cb875bc9e5514f56b52eb74f9e7a9/library/std/src/thread/mod.rs:475:30
[INFO] [stdout]   38:     0x5614f63d40e8 - core::ops::function::FnOnce::call_once{{vtable.shim}}::h36dcf3de8b056f17
[INFO] [stdout]                                at /rustc/53fd98ca776cb875bc9e5514f56b52eb74f9e7a9/library/core/src/ops/function.rs:227:5
[INFO] [stdout]   39:     0x5614f64251c7 - <alloc::boxed::Box<F,A> as core::ops::function::FnOnce<Args>>::call_once::h65c29e4642be2358
[INFO] [stdout]                                at /rustc/53fd98ca776cb875bc9e5514f56b52eb74f9e7a9/library/alloc/src/boxed.rs:1572:9
[INFO] [stdout]   40:     0x5614f64251c7 - <alloc::boxed::Box<F,A> as core::ops::function::FnOnce<Args>>::call_once::hd0f8f7fbbd9fffbf
[INFO] [stdout]                                at /rustc/53fd98ca776cb875bc9e5514f56b52eb74f9e7a9/library/alloc/src/boxed.rs:1572:9
[INFO] [stdout]   41:     0x5614f64251c7 - std::sys::unix::thread::Thread::new::thread_start::h2fd22fee3ca77b65
[INFO] [stdout]                                at /rustc/53fd98ca776cb875bc9e5514f56b52eb74f9e7a9/library/std/src/sys/unix/thread.rs:74:17
[INFO] [stdout]   42:     0x7fb656ccf609 - start_thread
[INFO] [stdout]   43:     0x7fb656aa1293 - clone
[INFO] [stdout]   44:                0x0 - <unknown>
[INFO] [stdout] 
[INFO] [stdout] 
[INFO] [stdout] failures:
[INFO] [stdout]     test::test_cat
[INFO] [stdout]     test::test_cat_decoded
[INFO] [stdout]     test::test_logo
[INFO] [stdout]     test::test_piechart
[INFO] [stdout]     test::test_spreadsheet_1
[INFO] [stdout] 
[INFO] [stdout] test result: FAILED. 1 passed; 5 failed; 0 ignored; 0 measured; 0 filtered out; finished in 0.14s
[INFO] [stdout] 
[INFO] running `Command { std: "docker" "inspect" "4b744effedb0ca2aa8b514e1ee672258d2ab8b1930f8b948adc097ab79ff96a5", kill_on_drop: false }`
[INFO] running `Command { std: "docker" "rm" "-f" "4b744effedb0ca2aa8b514e1ee672258d2ab8b1930f8b948adc097ab79ff96a5", kill_on_drop: false }`
[INFO] [stdout] 4b744effedb0ca2aa8b514e1ee672258d2ab8b1930f8b948adc097ab79ff96a5
