[INFO] cloning repository https://github.com/mttmartin/anneal_predictor
[INFO] running `Command { std: "git" "-c" "credential.helper=" "-c" "credential.helper=/workspace/cargo-home/bin/git-credential-null" "clone" "--bare" "https://github.com/mttmartin/anneal_predictor" "/workspace/cache/git-repos/https%3A%2F%2Fgithub.com%2Fmttmartin%2Fanneal_predictor", kill_on_drop: false }`
[INFO] [stderr] Cloning into bare repository '/workspace/cache/git-repos/https%3A%2F%2Fgithub.com%2Fmttmartin%2Fanneal_predictor'...
[INFO] running `Command { std: "git" "rev-parse" "HEAD", kill_on_drop: false }`
[INFO] [stdout] 8015bc6eaafedea32d296c1982070e2073c44112
[INFO] testing mttmartin/anneal_predictor against 1.54.0 for beta-1.55-1
[INFO] running `Command { std: "git" "clone" "/workspace/cache/git-repos/https%3A%2F%2Fgithub.com%2Fmttmartin%2Fanneal_predictor" "/workspace/builds/worker-10/source", kill_on_drop: false }`
[INFO] [stderr] Cloning into '/workspace/builds/worker-10/source'...
[INFO] [stderr] done.
[INFO] validating manifest of git repo https://github.com/mttmartin/anneal_predictor on toolchain 1.54.0
[INFO] running `Command { std: "/workspace/cargo-home/bin/cargo" "+1.54.0" "metadata" "--manifest-path" "Cargo.toml" "--no-deps", kill_on_drop: false }`
[INFO] started tweaking git repo https://github.com/mttmartin/anneal_predictor
[INFO] finished tweaking git repo https://github.com/mttmartin/anneal_predictor
[INFO] tweaked toml for git repo https://github.com/mttmartin/anneal_predictor written to /workspace/builds/worker-10/source/Cargo.toml
[INFO] crate git repo https://github.com/mttmartin/anneal_predictor already has a lockfile, it will not be regenerated
[INFO] running `Command { std: "/workspace/cargo-home/bin/cargo" "+1.54.0" "fetch" "--manifest-path" "Cargo.toml", kill_on_drop: false }`
[INFO] running `Command { std: "docker" "create" "-v" "/var/lib/crater-agent-workspace/builds/worker-10/target:/opt/rustwide/target:rw,Z" "-v" "/var/lib/crater-agent-workspace/builds/worker-10/source:/opt/rustwide/workdir:ro,Z" "-v" "/var/lib/crater-agent-workspace/cargo-home:/opt/rustwide/cargo-home:ro,Z" "-v" "/var/lib/crater-agent-workspace/rustup-home:/opt/rustwide/rustup-home:ro,Z" "-e" "SOURCE_DIR=/opt/rustwide/workdir" "-e" "CARGO_TARGET_DIR=/opt/rustwide/target" "-e" "CARGO_HOME=/opt/rustwide/cargo-home" "-e" "RUSTUP_HOME=/opt/rustwide/rustup-home" "-w" "/opt/rustwide/workdir" "-m" "1610612736" "--user" "0:0" "--network" "none" "ghcr.io/rust-lang/crates-build-env/linux@sha256:34b6a614d2c27851fe6cbf88fbd1137609cefab8b10d0615aaeb6fd47975d74e" "/opt/rustwide/cargo-home/bin/cargo" "+1.54.0" "metadata" "--no-deps" "--format-version=1", kill_on_drop: false }`
[INFO] [stdout] ff00f5666f9b3d59f354c0b8bcd11b05485006f14241623b3f8b08fc2bb5611b
[INFO] running `Command { std: "docker" "start" "-a" "ff00f5666f9b3d59f354c0b8bcd11b05485006f14241623b3f8b08fc2bb5611b", kill_on_drop: false }`
[INFO] running `Command { std: "docker" "inspect" "ff00f5666f9b3d59f354c0b8bcd11b05485006f14241623b3f8b08fc2bb5611b", kill_on_drop: false }`
[INFO] running `Command { std: "docker" "rm" "-f" "ff00f5666f9b3d59f354c0b8bcd11b05485006f14241623b3f8b08fc2bb5611b", kill_on_drop: false }`
[INFO] [stdout] ff00f5666f9b3d59f354c0b8bcd11b05485006f14241623b3f8b08fc2bb5611b
[INFO] running `Command { std: "docker" "create" "-v" "/var/lib/crater-agent-workspace/builds/worker-10/target:/opt/rustwide/target:rw,Z" "-v" "/var/lib/crater-agent-workspace/builds/worker-10/source:/opt/rustwide/workdir:ro,Z" "-v" "/var/lib/crater-agent-workspace/cargo-home:/opt/rustwide/cargo-home:ro,Z" "-v" "/var/lib/crater-agent-workspace/rustup-home:/opt/rustwide/rustup-home:ro,Z" "-e" "SOURCE_DIR=/opt/rustwide/workdir" "-e" "CARGO_TARGET_DIR=/opt/rustwide/target" "-e" "CARGO_INCREMENTAL=0" "-e" "RUST_BACKTRACE=full" "-e" "RUSTFLAGS=--cap-lints=warn" "-e" "CARGO_HOME=/opt/rustwide/cargo-home" "-e" "RUSTUP_HOME=/opt/rustwide/rustup-home" "-w" "/opt/rustwide/workdir" "-m" "1610612736" "--user" "0:0" "--network" "none" "ghcr.io/rust-lang/crates-build-env/linux@sha256:34b6a614d2c27851fe6cbf88fbd1137609cefab8b10d0615aaeb6fd47975d74e" "/opt/rustwide/cargo-home/bin/cargo" "+1.54.0" "build" "--frozen" "--message-format=json", kill_on_drop: false }`
[INFO] [stdout] 68f7379880850f54242cad312806a2781371a3f4f025e22dc7829c1fc4b3abcd
[INFO] running `Command { std: "docker" "start" "-a" "68f7379880850f54242cad312806a2781371a3f4f025e22dc7829c1fc4b3abcd", kill_on_drop: false }`
[INFO] [stderr]     Blocking waiting for file lock on package cache
[INFO] [stderr]    Compiling anneal_predictor v0.1.0 (/opt/rustwide/workdir)
[INFO] [stdout] warning: variable does not need to be mutable
[INFO] [stdout]    --> src/main.rs:306:7
[INFO] [stdout]     |
[INFO] [stdout] 306 |         let mut dinucleotide_deltaG = self.deltaG_dinucleotide(template_dinucleotide.clone(), oligo_dinucleotide.clone());
[INFO] [stdout]     |             ----^^^^^^^^^^^^^^^^^^^
[INFO] [stdout]     |             |
[INFO] [stdout]     |             help: remove this `mut`
[INFO] [stdout]     |
[INFO] [stdout]     = note: `#[warn(unused_mut)]` on by default
[INFO] [stdout] 
[INFO] [stdout] 
[INFO] [stdout] warning: method `deltaG_dinucleotide` should have a snake case name
[INFO] [stdout]  --> src/main.rs:8:5
[INFO] [stdout]   |
[INFO] [stdout] 8 |     fn deltaG_dinucleotide(&self, substr1_initial: String, substr2_initial: String) -> f64 {
[INFO] [stdout]   |        ^^^^^^^^^^^^^^^^^^^ help: convert the identifier to snake case: `delta_g_dinucleotide`
[INFO] [stdout]   |
[INFO] [stdout]   = note: `#[warn(non_snake_case)]` on by default
[INFO] [stdout] 
[INFO] [stdout] 
[INFO] [stdout] warning: variable `deltaS` should have a snake case name
[INFO] [stdout]  --> src/main.rs:9:11
[INFO] [stdout]   |
[INFO] [stdout] 9 |         let mut deltaS = 0.0;
[INFO] [stdout]   |                 ^^^^^^ help: convert the identifier to snake case: `delta_s`
[INFO] [stdout] 
[INFO] [stdout] 
[INFO] [stdout] warning: variable `deltaH` should have a snake case name
[INFO] [stdout]   --> src/main.rs:10:11
[INFO] [stdout]    |
[INFO] [stdout] 10 |         let mut deltaH = 0.0;
[INFO] [stdout]    |                 ^^^^^^ help: convert the identifier to snake case: `delta_h`
[INFO] [stdout] 
[INFO] [stdout] 
[INFO] [stdout] warning: variable `deltaG` should have a snake case name
[INFO] [stdout]    --> src/main.rs:278:7
[INFO] [stdout]     |
[INFO] [stdout] 278 |         let deltaG = deltaH - self.temperature * deltaS;
[INFO] [stdout]     |             ^^^^^^ help: convert the identifier to snake case: `delta_g`
[INFO] [stdout] 
[INFO] [stdout] 
[INFO] [stdout] warning: method `initiation_termination_deltaG` should have a snake case name
[INFO] [stdout]    --> src/main.rs:282:4
[INFO] [stdout]     |
[INFO] [stdout] 282 | fn initiation_termination_deltaG(&self, template_nucleotide: String, oligo_nucleotide: String) -> f64 {
[INFO] [stdout]     |    ^^^^^^^^^^^^^^^^^^^^^^^^^^^^^ help: convert the identifier to snake case: `initiation_termination_delta_g`
[INFO] [stdout] 
[INFO] [stdout] 
[INFO] [stdout] warning: variable `deltaH` should have a snake case name
[INFO] [stdout]    --> src/main.rs:284:7
[INFO] [stdout]     |
[INFO] [stdout] 284 |         let deltaH = 9.62;
[INFO] [stdout]     |             ^^^^^^ help: convert the identifier to snake case: `delta_h`
[INFO] [stdout] 
[INFO] [stdout] 
[INFO] [stdout] warning: variable `deltaS` should have a snake case name
[INFO] [stdout]    --> src/main.rs:285:7
[INFO] [stdout]     |
[INFO] [stdout] 285 |         let deltaS = 17.15/1000.0;
[INFO] [stdout]     |             ^^^^^^ help: convert the identifier to snake case: `delta_s`
[INFO] [stdout] 
[INFO] [stdout] 
[INFO] [stdout] warning: variable `deltaGinit` should have a snake case name
[INFO] [stdout]    --> src/main.rs:286:7
[INFO] [stdout]     |
[INFO] [stdout] 286 |         let deltaGinit = deltaH - (self.temperature*deltaS);
[INFO] [stdout]     |             ^^^^^^^^^^ help: convert the identifier to snake case: `delta_ginit`
[INFO] [stdout] 
[INFO] [stdout] 
[INFO] [stdout] warning: variable `deltaH` should have a snake case name
[INFO] [stdout]    --> src/main.rs:289:7
[INFO] [stdout]     |
[INFO] [stdout] 289 |         let deltaH = 0.4184;
[INFO] [stdout]     |             ^^^^^^ help: convert the identifier to snake case: `delta_h`
[INFO] [stdout] 
[INFO] [stdout] 
[INFO] [stdout] warning: variable `deltaS` should have a snake case name
[INFO] [stdout]    --> src/main.rs:290:7
[INFO] [stdout]     |
[INFO] [stdout] 290 |         let deltaS = -11.72/1000.0;
[INFO] [stdout]     |             ^^^^^^ help: convert the identifier to snake case: `delta_s`
[INFO] [stdout] 
[INFO] [stdout] 
[INFO] [stdout] warning: variable `deltaGinit` should have a snake case name
[INFO] [stdout]    --> src/main.rs:291:7
[INFO] [stdout]     |
[INFO] [stdout] 291 |         let deltaGinit = deltaH - (self.temperature*deltaS);
[INFO] [stdout]     |             ^^^^^^^^^^ help: convert the identifier to snake case: `delta_ginit`
[INFO] [stdout] 
[INFO] [stdout] 
[INFO] [stdout] warning: method `calc_deltaG` should have a snake case name
[INFO] [stdout]    --> src/main.rs:299:4
[INFO] [stdout]     |
[INFO] [stdout] 299 | fn calc_deltaG(&self, template_piece: String) -> f64{
[INFO] [stdout]     |    ^^^^^^^^^^^ help: convert the identifier to snake case: `calc_delta_g`
[INFO] [stdout] 
[INFO] [stdout] 
[INFO] [stdout] warning: variable `deltaG` should have a snake case name
[INFO] [stdout]    --> src/main.rs:300:10
[INFO] [stdout]     |
[INFO] [stdout] 300 |     let mut deltaG = 0.0;
[INFO] [stdout]     |             ^^^^^^ help: convert the identifier to snake case: `delta_g`
[INFO] [stdout] 
[INFO] [stdout] 
[INFO] [stdout] warning: variable `initiation_deltaG` should have a snake case name
[INFO] [stdout]    --> src/main.rs:303:11
[INFO] [stdout]     |
[INFO] [stdout] 303 |         let mut initiation_deltaG = 0.0;
[INFO] [stdout]     |                 ^^^^^^^^^^^^^^^^^ help: convert the identifier to snake case: `initiation_delta_g`
[INFO] [stdout] 
[INFO] [stdout] 
[INFO] [stdout] warning: variable `dinucleotide_deltaG` should have a snake case name
[INFO] [stdout]    --> src/main.rs:306:11
[INFO] [stdout]     |
[INFO] [stdout] 306 |         let mut dinucleotide_deltaG = self.deltaG_dinucleotide(template_dinucleotide.clone(), oligo_dinucleotide.clone());
[INFO] [stdout]     |                 ^^^^^^^^^^^^^^^^^^^ help: convert the identifier to snake case: `dinucleotide_delta_g`
[INFO] [stdout] 
[INFO] [stdout] 
[INFO] [stdout] warning: method `lowest_deltaG` should have a snake case name
[INFO] [stdout]    --> src/main.rs:320:5
[INFO] [stdout]     |
[INFO] [stdout] 320 |     fn lowest_deltaG(&self) -> f64 {
[INFO] [stdout]     |        ^^^^^^^^^^^^^ help: convert the identifier to snake case: `lowest_delta_g`
[INFO] [stdout] 
[INFO] [stdout] 
[INFO] [stdout] warning: variable `lowestDeltaG` should have a snake case name
[INFO] [stdout]    --> src/main.rs:321:11
[INFO] [stdout]     |
[INFO] [stdout] 321 |         let mut lowestDeltaG = 0.0;
[INFO] [stdout]     |                 ^^^^^^^^^^^^ help: convert the identifier to snake case: `lowest_delta_g`
[INFO] [stdout] 
[INFO] [stdout] 
[INFO] [stdout] warning: variable `currentDeltaG` should have a snake case name
[INFO] [stdout]    --> src/main.rs:324:8
[INFO] [stdout]     |
[INFO] [stdout] 324 |             let currentDeltaG = self.calc_deltaG(template_piece);
[INFO] [stdout]     |                 ^^^^^^^^^^^^^ help: convert the identifier to snake case: `current_delta_g`
[INFO] [stdout] 
[INFO] [stdout] 
[INFO] [stdout] warning: variable `lowest_delta_G` should have a snake case name
[INFO] [stdout]    --> src/main.rs:339:6
[INFO] [stdout]     |
[INFO] [stdout] 339 |     let lowest_delta_G = simulation.lowest_deltaG();
[INFO] [stdout]     |         ^^^^^^^^^^^^^^ help: convert the identifier to snake case: `lowest_delta_g`
[INFO] [stdout] 
[INFO] [stdout] 
[INFO] [stdout] warning: 20 warnings emitted
[INFO] [stdout] 
[INFO] [stdout] 
[INFO] [stderr]     Finished dev [unoptimized + debuginfo] target(s) in 0.46s
[INFO] running `Command { std: "docker" "inspect" "68f7379880850f54242cad312806a2781371a3f4f025e22dc7829c1fc4b3abcd", kill_on_drop: false }`
[INFO] running `Command { std: "docker" "rm" "-f" "68f7379880850f54242cad312806a2781371a3f4f025e22dc7829c1fc4b3abcd", kill_on_drop: false }`
[INFO] [stdout] 68f7379880850f54242cad312806a2781371a3f4f025e22dc7829c1fc4b3abcd
[INFO] running `Command { std: "docker" "create" "-v" "/var/lib/crater-agent-workspace/builds/worker-10/target:/opt/rustwide/target:rw,Z" "-v" "/var/lib/crater-agent-workspace/builds/worker-10/source:/opt/rustwide/workdir:ro,Z" "-v" "/var/lib/crater-agent-workspace/cargo-home:/opt/rustwide/cargo-home:ro,Z" "-v" "/var/lib/crater-agent-workspace/rustup-home:/opt/rustwide/rustup-home:ro,Z" "-e" "SOURCE_DIR=/opt/rustwide/workdir" "-e" "CARGO_TARGET_DIR=/opt/rustwide/target" "-e" "CARGO_INCREMENTAL=0" "-e" "RUST_BACKTRACE=full" "-e" "RUSTFLAGS=--cap-lints=warn" "-e" "CARGO_HOME=/opt/rustwide/cargo-home" "-e" "RUSTUP_HOME=/opt/rustwide/rustup-home" "-w" "/opt/rustwide/workdir" "-m" "1610612736" "--user" "0:0" "--network" "none" "ghcr.io/rust-lang/crates-build-env/linux@sha256:34b6a614d2c27851fe6cbf88fbd1137609cefab8b10d0615aaeb6fd47975d74e" "/opt/rustwide/cargo-home/bin/cargo" "+1.54.0" "test" "--frozen" "--no-run" "--message-format=json", kill_on_drop: false }`
[INFO] [stdout] 7c721d71f04132546498b81dc1408eac9e64efa8d8a3e4b634b5ccd67baf0be7
[INFO] running `Command { std: "docker" "start" "-a" "7c721d71f04132546498b81dc1408eac9e64efa8d8a3e4b634b5ccd67baf0be7", kill_on_drop: false }`
[INFO] [stderr]     Blocking waiting for file lock on package cache
[INFO] [stderr]    Compiling anneal_predictor v0.1.0 (/opt/rustwide/workdir)
[INFO] [stdout] warning: variable does not need to be mutable
[INFO] [stdout]    --> src/main.rs:306:7
[INFO] [stdout]     |
[INFO] [stdout] 306 |         let mut dinucleotide_deltaG = self.deltaG_dinucleotide(template_dinucleotide.clone(), oligo_dinucleotide.clone());
[INFO] [stdout]     |             ----^^^^^^^^^^^^^^^^^^^
[INFO] [stdout]     |             |
[INFO] [stdout]     |             help: remove this `mut`
[INFO] [stdout]     |
[INFO] [stdout]     = note: `#[warn(unused_mut)]` on by default
[INFO] [stdout] 
[INFO] [stdout] 
[INFO] [stdout] warning: method `deltaG_dinucleotide` should have a snake case name
[INFO] [stdout]  --> src/main.rs:8:5
[INFO] [stdout]   |
[INFO] [stdout] 8 |     fn deltaG_dinucleotide(&self, substr1_initial: String, substr2_initial: String) -> f64 {
[INFO] [stdout]   |        ^^^^^^^^^^^^^^^^^^^ help: convert the identifier to snake case: `delta_g_dinucleotide`
[INFO] [stdout]   |
[INFO] [stdout]   = note: `#[warn(non_snake_case)]` on by default
[INFO] [stdout] 
[INFO] [stdout] 
[INFO] [stdout] warning: variable `deltaS` should have a snake case name
[INFO] [stdout]  --> src/main.rs:9:11
[INFO] [stdout]   |
[INFO] [stdout] 9 |         let mut deltaS = 0.0;
[INFO] [stdout]   |                 ^^^^^^ help: convert the identifier to snake case: `delta_s`
[INFO] [stdout] 
[INFO] [stdout] 
[INFO] [stdout] warning: variable `deltaH` should have a snake case name
[INFO] [stdout]   --> src/main.rs:10:11
[INFO] [stdout]    |
[INFO] [stdout] 10 |         let mut deltaH = 0.0;
[INFO] [stdout]    |                 ^^^^^^ help: convert the identifier to snake case: `delta_h`
[INFO] [stdout] 
[INFO] [stdout] 
[INFO] [stdout] warning: variable `deltaG` should have a snake case name
[INFO] [stdout]    --> src/main.rs:278:7
[INFO] [stdout]     |
[INFO] [stdout] 278 |         let deltaG = deltaH - self.temperature * deltaS;
[INFO] [stdout]     |             ^^^^^^ help: convert the identifier to snake case: `delta_g`
[INFO] [stdout] 
[INFO] [stdout] 
[INFO] [stdout] warning: method `initiation_termination_deltaG` should have a snake case name
[INFO] [stdout]    --> src/main.rs:282:4
[INFO] [stdout]     |
[INFO] [stdout] 282 | fn initiation_termination_deltaG(&self, template_nucleotide: String, oligo_nucleotide: String) -> f64 {
[INFO] [stdout]     |    ^^^^^^^^^^^^^^^^^^^^^^^^^^^^^ help: convert the identifier to snake case: `initiation_termination_delta_g`
[INFO] [stdout] 
[INFO] [stdout] 
[INFO] [stdout] warning: variable `deltaH` should have a snake case name
[INFO] [stdout]    --> src/main.rs:284:7
[INFO] [stdout]     |
[INFO] [stdout] 284 |         let deltaH = 9.62;
[INFO] [stdout]     |             ^^^^^^ help: convert the identifier to snake case: `delta_h`
[INFO] [stdout] 
[INFO] [stdout] 
[INFO] [stdout] warning: variable `deltaS` should have a snake case name
[INFO] [stdout]    --> src/main.rs:285:7
[INFO] [stdout]     |
[INFO] [stdout] 285 |         let deltaS = 17.15/1000.0;
[INFO] [stdout]     |             ^^^^^^ help: convert the identifier to snake case: `delta_s`
[INFO] [stdout] 
[INFO] [stdout] 
[INFO] [stdout] warning: variable `deltaGinit` should have a snake case name
[INFO] [stdout]    --> src/main.rs:286:7
[INFO] [stdout]     |
[INFO] [stdout] 286 |         let deltaGinit = deltaH - (self.temperature*deltaS);
[INFO] [stdout]     |             ^^^^^^^^^^ help: convert the identifier to snake case: `delta_ginit`
[INFO] [stdout] 
[INFO] [stdout] 
[INFO] [stdout] warning: variable `deltaH` should have a snake case name
[INFO] [stdout]    --> src/main.rs:289:7
[INFO] [stdout]     |
[INFO] [stdout] 289 |         let deltaH = 0.4184;
[INFO] [stdout]     |             ^^^^^^ help: convert the identifier to snake case: `delta_h`
[INFO] [stdout] 
[INFO] [stdout] 
[INFO] [stdout] warning: variable `deltaS` should have a snake case name
[INFO] [stdout]    --> src/main.rs:290:7
[INFO] [stdout]     |
[INFO] [stdout] 290 |         let deltaS = -11.72/1000.0;
[INFO] [stdout]     |             ^^^^^^ help: convert the identifier to snake case: `delta_s`
[INFO] [stdout] 
[INFO] [stdout] 
[INFO] [stdout] warning: variable `deltaGinit` should have a snake case name
[INFO] [stdout]    --> src/main.rs:291:7
[INFO] [stdout]     |
[INFO] [stdout] 291 |         let deltaGinit = deltaH - (self.temperature*deltaS);
[INFO] [stdout]     |             ^^^^^^^^^^ help: convert the identifier to snake case: `delta_ginit`
[INFO] [stdout] 
[INFO] [stdout] 
[INFO] [stdout] warning: method `calc_deltaG` should have a snake case name
[INFO] [stdout]    --> src/main.rs:299:4
[INFO] [stdout]     |
[INFO] [stdout] 299 | fn calc_deltaG(&self, template_piece: String) -> f64{
[INFO] [stdout]     |    ^^^^^^^^^^^ help: convert the identifier to snake case: `calc_delta_g`
[INFO] [stdout] 
[INFO] [stdout] 
[INFO] [stdout] warning: variable `deltaG` should have a snake case name
[INFO] [stdout]    --> src/main.rs:300:10
[INFO] [stdout]     |
[INFO] [stdout] 300 |     let mut deltaG = 0.0;
[INFO] [stdout]     |             ^^^^^^ help: convert the identifier to snake case: `delta_g`
[INFO] [stdout] 
[INFO] [stdout] 
[INFO] [stdout] warning: variable `initiation_deltaG` should have a snake case name
[INFO] [stdout]    --> src/main.rs:303:11
[INFO] [stdout]     |
[INFO] [stdout] 303 |         let mut initiation_deltaG = 0.0;
[INFO] [stdout]     |                 ^^^^^^^^^^^^^^^^^ help: convert the identifier to snake case: `initiation_delta_g`
[INFO] [stdout] 
[INFO] [stdout] 
[INFO] [stdout] warning: variable `dinucleotide_deltaG` should have a snake case name
[INFO] [stdout]    --> src/main.rs:306:11
[INFO] [stdout]     |
[INFO] [stdout] 306 |         let mut dinucleotide_deltaG = self.deltaG_dinucleotide(template_dinucleotide.clone(), oligo_dinucleotide.clone());
[INFO] [stdout]     |                 ^^^^^^^^^^^^^^^^^^^ help: convert the identifier to snake case: `dinucleotide_delta_g`
[INFO] [stdout] 
[INFO] [stdout] 
[INFO] [stdout] warning: method `lowest_deltaG` should have a snake case name
[INFO] [stdout]    --> src/main.rs:320:5
[INFO] [stdout]     |
[INFO] [stdout] 320 |     fn lowest_deltaG(&self) -> f64 {
[INFO] [stdout]     |        ^^^^^^^^^^^^^ help: convert the identifier to snake case: `lowest_delta_g`
[INFO] [stdout] 
[INFO] [stdout] 
[INFO] [stdout] warning: variable `lowestDeltaG` should have a snake case name
[INFO] [stdout]    --> src/main.rs:321:11
[INFO] [stdout]     |
[INFO] [stdout] 321 |         let mut lowestDeltaG = 0.0;
[INFO] [stdout]     |                 ^^^^^^^^^^^^ help: convert the identifier to snake case: `lowest_delta_g`
[INFO] [stdout] 
[INFO] [stdout] 
[INFO] [stdout] warning: variable `currentDeltaG` should have a snake case name
[INFO] [stdout]    --> src/main.rs:324:8
[INFO] [stdout]     |
[INFO] [stdout] 324 |             let currentDeltaG = self.calc_deltaG(template_piece);
[INFO] [stdout]     |                 ^^^^^^^^^^^^^ help: convert the identifier to snake case: `current_delta_g`
[INFO] [stdout] 
[INFO] [stdout] 
[INFO] [stdout] warning: variable `lowest_delta_G` should have a snake case name
[INFO] [stdout]    --> src/main.rs:339:6
[INFO] [stdout]     |
[INFO] [stdout] 339 |     let lowest_delta_G = simulation.lowest_deltaG();
[INFO] [stdout]     |         ^^^^^^^^^^^^^^ help: convert the identifier to snake case: `lowest_delta_g`
[INFO] [stdout] 
[INFO] [stdout] 
[INFO] [stdout] warning: variable `lowest_delta_G` should have a snake case name
[INFO] [stdout]    --> src/main.rs:354:7
[INFO] [stdout]     |
[INFO] [stdout] 354 |         let lowest_delta_G = simulation.lowest_deltaG();
[INFO] [stdout]     |             ^^^^^^^^^^^^^^ help: convert the identifier to snake case: `lowest_delta_g`
[INFO] [stdout] 
[INFO] [stdout] 
[INFO] [stdout] warning: 21 warnings emitted
[INFO] [stdout] 
[INFO] [stdout] 
[INFO] [stderr]     Finished test [unoptimized + debuginfo] target(s) in 15.15s
[INFO] running `Command { std: "docker" "inspect" "7c721d71f04132546498b81dc1408eac9e64efa8d8a3e4b634b5ccd67baf0be7", kill_on_drop: false }`
[INFO] running `Command { std: "docker" "rm" "-f" "7c721d71f04132546498b81dc1408eac9e64efa8d8a3e4b634b5ccd67baf0be7", kill_on_drop: false }`
[INFO] [stdout] 7c721d71f04132546498b81dc1408eac9e64efa8d8a3e4b634b5ccd67baf0be7
[INFO] running `Command { std: "docker" "create" "-v" "/var/lib/crater-agent-workspace/builds/worker-10/target:/opt/rustwide/target:rw,Z" "-v" "/var/lib/crater-agent-workspace/builds/worker-10/source:/opt/rustwide/workdir:ro,Z" "-v" "/var/lib/crater-agent-workspace/cargo-home:/opt/rustwide/cargo-home:ro,Z" "-v" "/var/lib/crater-agent-workspace/rustup-home:/opt/rustwide/rustup-home:ro,Z" "-e" "SOURCE_DIR=/opt/rustwide/workdir" "-e" "CARGO_TARGET_DIR=/opt/rustwide/target" "-e" "CARGO_INCREMENTAL=0" "-e" "RUST_BACKTRACE=full" "-e" "RUSTFLAGS=--cap-lints=warn" "-e" "CARGO_HOME=/opt/rustwide/cargo-home" "-e" "RUSTUP_HOME=/opt/rustwide/rustup-home" "-w" "/opt/rustwide/workdir" "-m" "1610612736" "--user" "0:0" "--network" "none" "ghcr.io/rust-lang/crates-build-env/linux@sha256:34b6a614d2c27851fe6cbf88fbd1137609cefab8b10d0615aaeb6fd47975d74e" "/opt/rustwide/cargo-home/bin/cargo" "+1.54.0" "test" "--frozen", kill_on_drop: false }`
[INFO] [stdout] 166af007790f1731a269c6b149b3a2691953aa372411ae0904ca8abf42ee3243
[INFO] running `Command { std: "docker" "start" "-a" "166af007790f1731a269c6b149b3a2691953aa372411ae0904ca8abf42ee3243", kill_on_drop: false }`
[INFO] [stderr]     Blocking waiting for file lock on package cache
[INFO] [stderr] warning: variable does not need to be mutable
[INFO] [stderr]    --> src/main.rs:306:7
[INFO] [stderr]     |
[INFO] [stderr] 306 |         let mut dinucleotide_deltaG = self.deltaG_dinucleotide(template_dinucleotide.clone(), oligo_dinucleotide.clone());
[INFO] [stderr]     |             ----^^^^^^^^^^^^^^^^^^^
[INFO] [stderr]     |             |
[INFO] [stderr]     |             help: remove this `mut`
[INFO] [stderr]     |
[INFO] [stderr]     = note: `#[warn(unused_mut)]` on by default
[INFO] [stderr] 
[INFO] [stderr] warning: method `deltaG_dinucleotide` should have a snake case name
[INFO] [stderr]  --> src/main.rs:8:5
[INFO] [stderr]   |
[INFO] [stderr] 8 |     fn deltaG_dinucleotide(&self, substr1_initial: String, substr2_initial: String) -> f64 {
[INFO] [stderr]   |        ^^^^^^^^^^^^^^^^^^^ help: convert the identifier to snake case: `delta_g_dinucleotide`
[INFO] [stderr]   |
[INFO] [stderr]   = note: `#[warn(non_snake_case)]` on by default
[INFO] [stderr] 
[INFO] [stderr] warning: variable `deltaS` should have a snake case name
[INFO] [stderr]  --> src/main.rs:9:11
[INFO] [stderr]   |
[INFO] [stderr] 9 |         let mut deltaS = 0.0;
[INFO] [stderr]   |                 ^^^^^^ help: convert the identifier to snake case: `delta_s`
[INFO] [stderr] 
[INFO] [stderr] warning: variable `deltaH` should have a snake case name
[INFO] [stderr]   --> src/main.rs:10:11
[INFO] [stderr]    |
[INFO] [stderr] 10 |         let mut deltaH = 0.0;
[INFO] [stderr]    |                 ^^^^^^ help: convert the identifier to snake case: `delta_h`
[INFO] [stderr] 
[INFO] [stderr] warning: variable `deltaG` should have a snake case name
[INFO] [stderr]    --> src/main.rs:278:7
[INFO] [stderr]     |
[INFO] [stderr] 278 |         let deltaG = deltaH - self.temperature * deltaS;
[INFO] [stderr]     |             ^^^^^^ help: convert the identifier to snake case: `delta_g`
[INFO] [stderr] 
[INFO] [stderr] warning: method `initiation_termination_deltaG` should have a snake case name
[INFO] [stderr]    --> src/main.rs:282:4
[INFO] [stderr]     |
[INFO] [stderr] 282 | fn initiation_termination_deltaG(&self, template_nucleotide: String, oligo_nucleotide: String) -> f64 {
[INFO] [stderr]     |    ^^^^^^^^^^^^^^^^^^^^^^^^^^^^^ help: convert the identifier to snake case: `initiation_termination_delta_g`
[INFO] [stderr] 
[INFO] [stderr] warning: variable `deltaH` should have a snake case name
[INFO] [stderr]    --> src/main.rs:284:7
[INFO] [stderr]     |
[INFO] [stderr] 284 |         let deltaH = 9.62;
[INFO] [stderr]     |             ^^^^^^ help: convert the identifier to snake case: `delta_h`
[INFO] [stderr] 
[INFO] [stderr] warning: variable `deltaS` should have a snake case name
[INFO] [stderr]    --> src/main.rs:285:7
[INFO] [stderr]     |
[INFO] [stderr] 285 |         let deltaS = 17.15/1000.0;
[INFO] [stderr]     |             ^^^^^^ help: convert the identifier to snake case: `delta_s`
[INFO] [stderr] 
[INFO] [stderr] warning: variable `deltaGinit` should have a snake case name
[INFO] [stderr]    --> src/main.rs:286:7
[INFO] [stderr]     |
[INFO] [stderr] 286 |         let deltaGinit = deltaH - (self.temperature*deltaS);
[INFO] [stderr]     |             ^^^^^^^^^^ help: convert the identifier to snake case: `delta_ginit`
[INFO] [stderr] 
[INFO] [stderr] warning: variable `deltaH` should have a snake case name
[INFO] [stderr]    --> src/main.rs:289:7
[INFO] [stderr]     |
[INFO] [stderr] 289 |         let deltaH = 0.4184;
[INFO] [stderr]     |             ^^^^^^ help: convert the identifier to snake case: `delta_h`
[INFO] [stderr] 
[INFO] [stderr] warning: variable `deltaS` should have a snake case name
[INFO] [stderr]    --> src/main.rs:290:7
[INFO] [stderr]     |
[INFO] [stderr] 290 |         let deltaS = -11.72/1000.0;
[INFO] [stderr]     |             ^^^^^^ help: convert the identifier to snake case: `delta_s`
[INFO] [stderr] 
[INFO] [stderr] warning: variable `deltaGinit` should have a snake case name
[INFO] [stderr]    --> src/main.rs:291:7
[INFO] [stderr]     |
[INFO] [stderr] 291 |         let deltaGinit = deltaH - (self.temperature*deltaS);
[INFO] [stderr]     |             ^^^^^^^^^^ help: convert the identifier to snake case: `delta_ginit`
[INFO] [stderr] 
[INFO] [stderr] warning: method `calc_deltaG` should have a snake case name
[INFO] [stderr]    --> src/main.rs:299:4
[INFO] [stderr]     |
[INFO] [stderr] 299 | fn calc_deltaG(&self, template_piece: String) -> f64{
[INFO] [stderr]     |    ^^^^^^^^^^^ help: convert the identifier to snake case: `calc_delta_g`
[INFO] [stderr] 
[INFO] [stderr] warning: variable `deltaG` should have a snake case name
[INFO] [stderr]    --> src/main.rs:300:10
[INFO] [stderr]     |
[INFO] [stderr] 300 |     let mut deltaG = 0.0;
[INFO] [stderr]     |             ^^^^^^ help: convert the identifier to snake case: `delta_g`
[INFO] [stderr] 
[INFO] [stderr] warning: variable `initiation_deltaG` should have a snake case name
[INFO] [stderr]    --> src/main.rs:303:11
[INFO] [stderr]     |
[INFO] [stderr] 303 |         let mut initiation_deltaG = 0.0;
[INFO] [stderr]     |                 ^^^^^^^^^^^^^^^^^ help: convert the identifier to snake case: `initiation_delta_g`
[INFO] [stderr] 
[INFO] [stderr] warning: variable `dinucleotide_deltaG` should have a snake case name
[INFO] [stderr]    --> src/main.rs:306:11
[INFO] [stderr]     |
[INFO] [stderr] 306 |         let mut dinucleotide_deltaG = self.deltaG_dinucleotide(template_dinucleotide.clone(), oligo_dinucleotide.clone());
[INFO] [stderr]     |                 ^^^^^^^^^^^^^^^^^^^ help: convert the identifier to snake case: `dinucleotide_delta_g`
[INFO] [stderr] 
[INFO] [stderr] warning: method `lowest_deltaG` should have a snake case name
[INFO] [stderr]    --> src/main.rs:320:5
[INFO] [stderr]     |
[INFO] [stderr] 320 |     fn lowest_deltaG(&self) -> f64 {
[INFO] [stderr]     |        ^^^^^^^^^^^^^ help: convert the identifier to snake case: `lowest_delta_g`
[INFO] [stderr] 
[INFO] [stderr] warning: variable `lowestDeltaG` should have a snake case name
[INFO] [stderr]    --> src/main.rs:321:11
[INFO] [stderr]     |
[INFO] [stderr] 321 |         let mut lowestDeltaG = 0.0;
[INFO] [stderr]     |                 ^^^^^^^^^^^^ help: convert the identifier to snake case: `lowest_delta_g`
[INFO] [stderr] 
[INFO] [stderr] warning: variable `currentDeltaG` should have a snake case name
[INFO] [stderr]    --> src/main.rs:324:8
[INFO] [stderr]     |
[INFO] [stderr] 324 |             let currentDeltaG = self.calc_deltaG(template_piece);
[INFO] [stderr]     |                 ^^^^^^^^^^^^^ help: convert the identifier to snake case: `current_delta_g`
[INFO] [stderr] 
[INFO] [stderr] warning: variable `lowest_delta_G` should have a snake case name
[INFO] [stderr]    --> src/main.rs:339:6
[INFO] [stderr]     |
[INFO] [stderr] 339 |     let lowest_delta_G = simulation.lowest_deltaG();
[INFO] [stderr]     |         ^^^^^^^^^^^^^^ help: convert the identifier to snake case: `lowest_delta_g`
[INFO] [stdout] 
[INFO] [stderr] 
[INFO] [stdout] running 1 test
[INFO] [stderr] warning: variable `lowest_delta_G` should have a snake case name
[INFO] [stderr]    --> src/main.rs:354:7
[INFO] [stderr]     |
[INFO] [stderr] 354 |         let lowest_delta_G = simulation.lowest_deltaG();
[INFO] [stderr]     |             ^^^^^^^^^^^^^^ help: convert the identifier to snake case: `lowest_delta_g`
[INFO] [stderr] 
[INFO] [stderr] warning: 21 warnings emitted
[INFO] [stderr] 
[INFO] [stderr]     Finished test [unoptimized + debuginfo] target(s) in 0.74s
[INFO] [stderr]      Running unittests (/opt/rustwide/target/debug/deps/anneal_predictor-657c0e34ba9f5d23)
[INFO] [stdout] test tests::known_example ... FAILED
[INFO] [stdout] 
[INFO] [stdout] failures:
[INFO] [stdout] 
[INFO] [stdout] ---- tests::known_example stdout ----
[INFO] [stdout] template piece: "CGTTGA"
[INFO] [stdout] thread 'tests::known_example' panicked at 'assertion failed: lowest_delta_G <= acceptable_range.start &&\n    lowest_delta_G > acceptable_range.end', src/main.rs:356:9
[INFO] [stdout] stack backtrace:
[INFO] [stdout]    0:     0x5566f70b5a10 - std::backtrace_rs::backtrace::libunwind::trace::h34055254b57d8e79
[INFO] [stdout]                                at /rustc/a178d0322ce20e33eac124758e837cbd80a6f633/library/std/src/../../backtrace/src/backtrace/libunwind.rs:90:5
[INFO] [stdout]    1:     0x5566f70b5a10 - std::backtrace_rs::backtrace::trace_unsynchronized::h8f1e3fbd9afff6ec
[INFO] [stdout]                                at /rustc/a178d0322ce20e33eac124758e837cbd80a6f633/library/std/src/../../backtrace/src/backtrace/mod.rs:66:5
[INFO] [stdout]    2:     0x5566f70b5a10 - std::sys_common::backtrace::_print_fmt::h3a99a796b770c360
[INFO] [stdout]                                at /rustc/a178d0322ce20e33eac124758e837cbd80a6f633/library/std/src/sys_common/backtrace.rs:67:5
[INFO] [stdout]    3:     0x5566f70b5a10 - <std::sys_common::backtrace::_print::DisplayBacktrace as core::fmt::Display>::fmt::h32d1f94a80615d18
[INFO] [stdout]                                at /rustc/a178d0322ce20e33eac124758e837cbd80a6f633/library/std/src/sys_common/backtrace.rs:46:22
[INFO] [stdout]    4:     0x5566f70d820c - core::fmt::write::h306731c068f7162c
[INFO] [stdout]                                at /rustc/a178d0322ce20e33eac124758e837cbd80a6f633/library/core/src/fmt/mod.rs:1110:17
[INFO] [stdout]    5:     0x5566f70b2935 - std::io::Write::write_fmt::h87f19b0a2cd190bc
[INFO] [stdout]                                at /rustc/a178d0322ce20e33eac124758e837cbd80a6f633/library/std/src/io/mod.rs:1588:15
[INFO] [stdout]    6:     0x5566f70b7b7b - std::sys_common::backtrace::_print::h5abaa2601a852287
[INFO] [stdout]                                at /rustc/a178d0322ce20e33eac124758e837cbd80a6f633/library/std/src/sys_common/backtrace.rs:49:5
[INFO] [stdout]    7:     0x5566f70b7b7b - std::sys_common::backtrace::print::h8d81445442bb638f
[INFO] [stdout]                                at /rustc/a178d0322ce20e33eac124758e837cbd80a6f633/library/std/src/sys_common/backtrace.rs:36:9
[INFO] [stdout]    8:     0x5566f70b7b7b - std::panicking::default_hook::{{closure}}::hcfe804496a9fa747
[INFO] [stdout]                                at /rustc/a178d0322ce20e33eac124758e837cbd80a6f633/library/std/src/panicking.rs:208:50
[INFO] [stdout]    9:     0x5566f70b768c - std::panicking::default_hook::hbea8e3ccf2ba8901
[INFO] [stdout]                                at /rustc/a178d0322ce20e33eac124758e837cbd80a6f633/library/std/src/panicking.rs:222:9
[INFO] [stdout]   10:     0x5566f70b8244 - std::panicking::rust_panic_with_hook::h7ee9e1a2d0f8975a
[INFO] [stdout]                                at /rustc/a178d0322ce20e33eac124758e837cbd80a6f633/library/std/src/panicking.rs:622:17
[INFO] [stdout]   11:     0x5566f70b7cf7 - std::panicking::begin_panic_handler::{{closure}}::h8ab3b4491718b2c7
[INFO] [stdout]                                at /rustc/a178d0322ce20e33eac124758e837cbd80a6f633/library/std/src/panicking.rs:517:13
[INFO] [stdout]   12:     0x5566f70b5f0c - std::sys_common::backtrace::__rust_end_short_backtrace::hd489062ffa586a9f
[INFO] [stdout]                                at /rustc/a178d0322ce20e33eac124758e837cbd80a6f633/library/std/src/sys_common/backtrace.rs:141:18
[INFO] [stdout]   13:     0x5566f70b7c89 - rust_begin_unwind
[INFO] [stdout]                                at /rustc/a178d0322ce20e33eac124758e837cbd80a6f633/library/std/src/panicking.rs:515:5
[INFO] [stdout]   14:     0x5566f705a651 - core::panicking::panic_fmt::hca6330e3e14086b4
[INFO] [stdout]                                at /rustc/a178d0322ce20e33eac124758e837cbd80a6f633/library/core/src/panicking.rs:92:14
[INFO] [stdout]   15:     0x5566f705a59d - core::panicking::panic::h1a48d878ff3dcd40
[INFO] [stdout]                                at /rustc/a178d0322ce20e33eac124758e837cbd80a6f633/library/core/src/panicking.rs:50:5
[INFO] [stdout]   16:     0x5566f7064d84 - anneal_predictor::tests::known_example::hd595c5c9798aef6c
[INFO] [stdout]                                at /opt/rustwide/workdir/src/main.rs:356:3
[INFO] [stdout]   17:     0x5566f7064baa - anneal_predictor::tests::known_example::{{closure}}::h609edcea82016251
[INFO] [stdout]                                at /opt/rustwide/workdir/src/main.rs:349:2
[INFO] [stdout]   18:     0x5566f706465e - core::ops::function::FnOnce::call_once::h5cac45e0d81decf5
[INFO] [stdout]                                at /rustc/a178d0322ce20e33eac124758e837cbd80a6f633/library/core/src/ops/function.rs:227:5
[INFO] [stdout]   19:     0x5566f708cf13 - core::ops::function::FnOnce::call_once::h152e7e439ff59e19
[INFO] [stdout]                                at /rustc/a178d0322ce20e33eac124758e837cbd80a6f633/library/core/src/ops/function.rs:227:5
[INFO] [stdout]   20:     0x5566f708cf13 - test::__rust_begin_short_backtrace::h0908f3b1fdbb72ab
[INFO] [stdout]                                at /rustc/a178d0322ce20e33eac124758e837cbd80a6f633/library/test/src/lib.rs:577:5
[INFO] [stdout]   21:     0x5566f708b9d0 - <alloc::boxed::Box<F,A> as core::ops::function::FnOnce<Args>>::call_once::hf6d2a51e5587546c
[INFO] [stdout]                                at /rustc/a178d0322ce20e33eac124758e837cbd80a6f633/library/alloc/src/boxed.rs:1575:9
[INFO] [stdout]   22:     0x5566f708b9d0 - <std::panic::AssertUnwindSafe<F> as core::ops::function::FnOnce<()>>::call_once::h8af660f3a89ef593
[INFO] [stdout]                                at /rustc/a178d0322ce20e33eac124758e837cbd80a6f633/library/std/src/panic.rs:347:9
[INFO] [stdout]   23:     0x5566f708b9d0 - std::panicking::try::do_call::hd36aef60f84b6d36
[INFO] [stdout]                                at /rustc/a178d0322ce20e33eac124758e837cbd80a6f633/library/std/src/panicking.rs:401:40
[INFO] [stdout]   24:     0x5566f708b9d0 - std::panicking::try::h9932b4480e69817c
[INFO] [stdout]                                at /rustc/a178d0322ce20e33eac124758e837cbd80a6f633/library/std/src/panicking.rs:365:19
[INFO] [stdout]   25:     0x5566f708b9d0 - std::panic::catch_unwind::h6aa177099cfff5f8
[INFO] [stdout]                                at /rustc/a178d0322ce20e33eac124758e837cbd80a6f633/library/std/src/panic.rs:434:14
[INFO] [stdout]   26:     0x5566f708b9d0 - test::run_test_in_process::h5884d6f2d99e20c3
[INFO] [stdout]                                at /rustc/a178d0322ce20e33eac124758e837cbd80a6f633/library/test/src/lib.rs:600:18
[INFO] [stdout]   27:     0x5566f708b9d0 - test::run_test::run_test_inner::{{closure}}::h6fdc58c6d5f5b6e3
[INFO] [stdout]                                at /rustc/a178d0322ce20e33eac124758e837cbd80a6f633/library/test/src/lib.rs:492:39
[INFO] [stdout]   28:     0x5566f7065082 - test::run_test::run_test_inner::{{closure}}::h408365d67a78ade8
[INFO] [stdout]                                at /rustc/a178d0322ce20e33eac124758e837cbd80a6f633/library/test/src/lib.rs:519:37
[INFO] [stdout]   29:     0x5566f7065082 - std::sys_common::backtrace::__rust_begin_short_backtrace::hb560b77c4f701523
[INFO] [stdout]                                at /rustc/a178d0322ce20e33eac124758e837cbd80a6f633/library/std/src/sys_common/backtrace.rs:125:18
[INFO] [stdout]   30:     0x5566f7068c38 - std::thread::Builder::spawn_unchecked::{{closure}}::{{closure}}::hf2e7831dad93c597
[INFO] [stdout]                                at /rustc/a178d0322ce20e33eac124758e837cbd80a6f633/library/std/src/thread/mod.rs:481:17
[INFO] [stdout]   31:     0x5566f7068c38 - <std::panic::AssertUnwindSafe<F> as core::ops::function::FnOnce<()>>::call_once::hd2e08783d8be4d02
[INFO] [stdout]                                at /rustc/a178d0322ce20e33eac124758e837cbd80a6f633/library/std/src/panic.rs:347:9
[INFO] [stdout]   32:     0x5566f7068c38 - std::panicking::try::do_call::h062597b7acfd6b82
[INFO] [stdout]                                at /rustc/a178d0322ce20e33eac124758e837cbd80a6f633/library/std/src/panicking.rs:401:40
[INFO] [stdout]   33:     0x5566f7068c38 - std::panicking::try::h0d7b79db04c14552
[INFO] [stdout]                                at /rustc/a178d0322ce20e33eac124758e837cbd80a6f633/library/std/src/panicking.rs:365:19
[INFO] [stdout]   34:     0x5566f7068c38 - std::panic::catch_unwind::hb01a0b5e7c8cd43b
[INFO] [stdout]                                at /rustc/a178d0322ce20e33eac124758e837cbd80a6f633/library/std/src/panic.rs:434:14
[INFO] [stdout]   35:     0x5566f7068c38 - std::thread::Builder::spawn_unchecked::{{closure}}::h5bde48cc887e0d1e
[INFO] [stdout]                                at /rustc/a178d0322ce20e33eac124758e837cbd80a6f633/library/std/src/thread/mod.rs:480:30
[INFO] [stdout]   36:     0x5566f7068c38 - core::ops::function::FnOnce::call_once{{vtable.shim}}::h745ea30807a29e55
[INFO] [stdout]                                at /rustc/a178d0322ce20e33eac124758e837cbd80a6f633/library/core/src/ops/function.rs:227:5
[INFO] [stdout]   37:     0x5566f70bcd07 - <alloc::boxed::Box<F,A> as core::ops::function::FnOnce<Args>>::call_once::h7ece6cfefaff1005
[INFO] [stdout]                                at /rustc/a178d0322ce20e33eac124758e837cbd80a6f633/library/alloc/src/boxed.rs:1575:9
[INFO] [stdout]   38:     0x5566f70bcd07 - <alloc::boxed::Box<F,A> as core::ops::function::FnOnce<Args>>::call_once::hb8b48e55c21f193e
[INFO] [stdout]                                at /rustc/a178d0322ce20e33eac124758e837cbd80a6f633/library/alloc/src/boxed.rs:1575:9
[INFO] [stderr] error: test failed, to rerun pass '--bin anneal_predictor'
[INFO] [stdout]   39:     0x5566f70bcd07 - std::sys::unix::thread::Thread::new::thread_start::h8c7c4450dba62914
[INFO] [stdout]                                at /rustc/a178d0322ce20e33eac124758e837cbd80a6f633/library/std/src/sys/unix/thread.rs:71:17
[INFO] [stdout]   40:     0x7f630e0a8609 - start_thread
[INFO] [stdout]   41:     0x7f630de7a293 - clone
[INFO] [stdout]   42:                0x0 - <unknown>
[INFO] [stdout] 
[INFO] [stdout] 
[INFO] [stdout] failures:
[INFO] [stdout]     tests::known_example
[INFO] [stdout] 
[INFO] [stdout] test result: FAILED. 0 passed; 1 failed; 0 ignored; 0 measured; 0 filtered out; finished in 0.01s
[INFO] [stdout] 
[INFO] running `Command { std: "docker" "inspect" "166af007790f1731a269c6b149b3a2691953aa372411ae0904ca8abf42ee3243", kill_on_drop: false }`
[INFO] running `Command { std: "docker" "rm" "-f" "166af007790f1731a269c6b149b3a2691953aa372411ae0904ca8abf42ee3243", kill_on_drop: false }`
[INFO] [stdout] 166af007790f1731a269c6b149b3a2691953aa372411ae0904ca8abf42ee3243
