[INFO] cloning repository https://github.com/mozilla/rust-code-analysis
[INFO] running `Command { std: "git" "-c" "credential.helper=" "-c" "credential.helper=/workspace/cargo-home/bin/git-credential-null" "clone" "--bare" "https://github.com/mozilla/rust-code-analysis" "/workspace/cache/git-repos/https%3A%2F%2Fgithub.com%2Fmozilla%2Frust-code-analysis", kill_on_drop: false }`
[INFO] [stderr] Cloning into bare repository '/workspace/cache/git-repos/https%3A%2F%2Fgithub.com%2Fmozilla%2Frust-code-analysis'...
[INFO] running `Command { std: "git" "rev-parse" "HEAD", kill_on_drop: false }`
[INFO] [stdout] 516e954896f678bb3754906cc6aa3b219ed8bd34
[INFO] testing mozilla/rust-code-analysis against beta-2021-08-01 for beta-1.55-1
[INFO] running `Command { std: "git" "clone" "/workspace/cache/git-repos/https%3A%2F%2Fgithub.com%2Fmozilla%2Frust-code-analysis" "/workspace/builds/worker-10/source", kill_on_drop: false }`
[INFO] [stderr] Cloning into '/workspace/builds/worker-10/source'...
[INFO] [stderr] done.
[INFO] validating manifest of git repo https://github.com/mozilla/rust-code-analysis on toolchain beta-2021-08-01
[INFO] running `Command { std: "/workspace/cargo-home/bin/cargo" "+beta-2021-08-01" "metadata" "--manifest-path" "Cargo.toml" "--no-deps", kill_on_drop: false }`
[INFO] started tweaking git repo https://github.com/mozilla/rust-code-analysis
[INFO] finished tweaking git repo https://github.com/mozilla/rust-code-analysis
[INFO] tweaked toml for git repo https://github.com/mozilla/rust-code-analysis written to /workspace/builds/worker-10/source/Cargo.toml
[INFO] crate git repo https://github.com/mozilla/rust-code-analysis already has a lockfile, it will not be regenerated
[INFO] running `Command { std: "/workspace/cargo-home/bin/cargo" "+beta-2021-08-01" "fetch" "--manifest-path" "Cargo.toml", kill_on_drop: false }`
[INFO] [stderr]  Downloading crates ...
[INFO] [stderr]   Downloaded httparse v1.3.6
[INFO] [stderr]   Downloaded half v1.7.1
[INFO] [stderr]   Downloaded num v0.4.0
[INFO] [stderr]   Downloaded num-format v0.4.0
[INFO] [stderr]   Downloaded enum-iterator v0.6.0
[INFO] [stderr]   Downloaded tree-sitter v0.19.3
[INFO] [stderr]   Downloaded tree-sitter-javascript v0.19.0
[INFO] [stderr]   Downloaded tree-sitter-cpp v0.19.0
[INFO] [stderr]   Downloaded enum-iterator-derive v0.6.0
[INFO] [stderr]   Downloaded tree-sitter-java v0.19.0
[INFO] [stderr]   Downloaded tree-sitter-python v0.19.0
[INFO] [stderr]   Downloaded tree-sitter-typescript v0.19.0
[INFO] [stderr]   Downloaded tree-sitter-rust v0.19.0
[INFO] running `Command { std: "docker" "create" "-v" "/var/lib/crater-agent-workspace/builds/worker-10/target:/opt/rustwide/target:rw,Z" "-v" "/var/lib/crater-agent-workspace/builds/worker-10/source:/opt/rustwide/workdir:ro,Z" "-v" "/var/lib/crater-agent-workspace/cargo-home:/opt/rustwide/cargo-home:ro,Z" "-v" "/var/lib/crater-agent-workspace/rustup-home:/opt/rustwide/rustup-home:ro,Z" "-e" "SOURCE_DIR=/opt/rustwide/workdir" "-e" "CARGO_TARGET_DIR=/opt/rustwide/target" "-e" "CARGO_HOME=/opt/rustwide/cargo-home" "-e" "RUSTUP_HOME=/opt/rustwide/rustup-home" "-w" "/opt/rustwide/workdir" "-m" "1610612736" "--user" "0:0" "--network" "none" "ghcr.io/rust-lang/crates-build-env/linux@sha256:34b6a614d2c27851fe6cbf88fbd1137609cefab8b10d0615aaeb6fd47975d74e" "/opt/rustwide/cargo-home/bin/cargo" "+beta-2021-08-01" "metadata" "--no-deps" "--format-version=1", kill_on_drop: false }`
[INFO] [stdout] 8e6edee662dafe9a536bc675c7a72975a6c3487cf5cb7f319a699f82a7912877
[INFO] running `Command { std: "docker" "start" "-a" "8e6edee662dafe9a536bc675c7a72975a6c3487cf5cb7f319a699f82a7912877", kill_on_drop: false }`
[INFO] running `Command { std: "docker" "inspect" "8e6edee662dafe9a536bc675c7a72975a6c3487cf5cb7f319a699f82a7912877", kill_on_drop: false }`
[INFO] running `Command { std: "docker" "rm" "-f" "8e6edee662dafe9a536bc675c7a72975a6c3487cf5cb7f319a699f82a7912877", kill_on_drop: false }`
[INFO] [stdout] 8e6edee662dafe9a536bc675c7a72975a6c3487cf5cb7f319a699f82a7912877
[INFO] running `Command { std: "docker" "create" "-v" "/var/lib/crater-agent-workspace/builds/worker-10/target:/opt/rustwide/target:rw,Z" "-v" "/var/lib/crater-agent-workspace/builds/worker-10/source:/opt/rustwide/workdir:ro,Z" "-v" "/var/lib/crater-agent-workspace/cargo-home:/opt/rustwide/cargo-home:ro,Z" "-v" "/var/lib/crater-agent-workspace/rustup-home:/opt/rustwide/rustup-home:ro,Z" "-e" "SOURCE_DIR=/opt/rustwide/workdir" "-e" "CARGO_TARGET_DIR=/opt/rustwide/target" "-e" "CARGO_INCREMENTAL=0" "-e" "RUST_BACKTRACE=full" "-e" "RUSTFLAGS=--cap-lints=warn" "-e" "CARGO_HOME=/opt/rustwide/cargo-home" "-e" "RUSTUP_HOME=/opt/rustwide/rustup-home" "-w" "/opt/rustwide/workdir" "-m" "1610612736" "--user" "0:0" "--network" "none" "ghcr.io/rust-lang/crates-build-env/linux@sha256:34b6a614d2c27851fe6cbf88fbd1137609cefab8b10d0615aaeb6fd47975d74e" "/opt/rustwide/cargo-home/bin/cargo" "+beta-2021-08-01" "build" "--frozen" "--message-format=json", kill_on_drop: false }`
[INFO] [stdout] dd3159f2438476303399e271da93565e58b69af79ed141f89eda5402e58930aa
[INFO] running `Command { std: "docker" "start" "-a" "dd3159f2438476303399e271da93565e58b69af79ed141f89eda5402e58930aa", kill_on_drop: false }`
[INFO] [stderr]    Compiling cc v1.0.67
[INFO] [stderr]    Compiling libc v0.2.93
[INFO] [stderr]    Compiling getrandom v0.1.16
[INFO] [stderr]    Compiling proc-macro2 v1.0.26
[INFO] [stderr]    Compiling syn v1.0.69
[INFO] [stderr]    Compiling siphasher v0.3.5
[INFO] [stderr]    Compiling arrayvec v0.4.12
[INFO] [stderr]    Compiling itoa v0.4.7
[INFO] [stderr]    Compiling fixedbitset v0.2.0
[INFO] [stderr]    Compiling num-integer v0.1.44
[INFO] [stderr]    Compiling num-bigint v0.4.0
[INFO] [stderr]    Compiling num-iter v0.1.42
[INFO] [stderr]    Compiling indexmap v1.6.2
[INFO] [stderr]    Compiling num-rational v0.4.0
[INFO] [stderr]    Compiling fxhash v0.2.1
[INFO] [stderr]    Compiling aho-corasick v0.7.18
[INFO] [stderr]    Compiling num-complex v0.4.0
[INFO] [stderr]    Compiling phf_shared v0.8.0
[INFO] [stderr]    Compiling quote v1.0.9
[INFO] [stderr]    Compiling num-format v0.4.0
[INFO] [stderr]    Compiling tree-sitter v0.19.3
[INFO] [stderr]    Compiling tree-sitter-cpp v0.19.0
[INFO] [stderr]    Compiling tree-sitter-javascript v0.19.0
[INFO] [stderr]    Compiling tree-sitter-typescript v0.19.0
[INFO] [stderr]    Compiling tree-sitter-preproc v0.19.0 (/opt/rustwide/workdir/tree-sitter-preproc)
[INFO] [stderr]    Compiling tree-sitter-java v0.19.0
[INFO] [stderr]    Compiling tree-sitter-rust v0.19.0
[INFO] [stderr]    Compiling tree-sitter-ccomment v0.19.0 (/opt/rustwide/workdir/tree-sitter-ccomment)
[INFO] [stderr]    Compiling tree-sitter-python v0.19.0
[INFO] [stderr]    Compiling regex v1.5.4
[INFO] [stderr]    Compiling petgraph v0.5.1
[INFO] [stderr]    Compiling rand_core v0.5.1
[INFO] [stderr]    Compiling rand_pcg v0.2.1
[INFO] [stderr]    Compiling rand_chacha v0.2.2
[INFO] [stderr]    Compiling rand v0.7.3
[INFO] [stderr]    Compiling num v0.4.0
[INFO] [stderr]    Compiling phf_generator v0.8.0
[INFO] [stderr]    Compiling phf_codegen v0.8.0
[INFO] [stderr]    Compiling rust-code-analysis v0.0.23 (/opt/rustwide/workdir)
[INFO] [stderr]    Compiling tree-sitter-mozjs v0.19.0 (/opt/rustwide/workdir/tree-sitter-mozjs)
[INFO] [stderr]    Compiling tree-sitter-mozcpp v0.19.5 (/opt/rustwide/workdir/tree-sitter-mozcpp)
[INFO] [stderr]    Compiling enum-iterator-derive v0.6.0
[INFO] [stderr]    Compiling serde_derive v1.0.126
[INFO] [stderr]    Compiling phf_macros v0.8.0
[INFO] [stderr]    Compiling num-derive v0.3.3
[INFO] [stderr]    Compiling enum-iterator v0.6.0
[INFO] [stderr]    Compiling phf v0.8.0
[INFO] [stderr]    Compiling serde v1.0.126
[INFO] [stdout] warning: unused attribute
[INFO] [stdout]   --> src/asttools.rs:19:1
[INFO] [stdout]    |
[INFO] [stdout] 19 | #[macro_use]
[INFO] [stdout]    | ^^^^^^^^^^^^
[INFO] [stdout]    |
[INFO] [stdout]    = note: `#[warn(unused_attributes)]` on by default
[INFO] [stdout] 
[INFO] [stdout] 
[INFO] [stdout] warning: unused attribute
[INFO] [stdout]   --> src/asttools.rs:57:1
[INFO] [stdout]    |
[INFO] [stdout] 57 | #[macro_use]
[INFO] [stdout]    | ^^^^^^^^^^^^
[INFO] [stdout] 
[INFO] [stdout] 
[INFO] [stdout] warning: unused attribute
[INFO] [stdout]  --> src/macros.rs:1:1
[INFO] [stdout]   |
[INFO] [stdout] 1 | #[macro_use]
[INFO] [stdout]   | ^^^^^^^^^^^^
[INFO] [stdout] 
[INFO] [stdout] 
[INFO] [stdout] warning: unused attribute
[INFO] [stdout]   --> src/macros.rs:16:1
[INFO] [stdout]    |
[INFO] [stdout] 16 | #[macro_use]
[INFO] [stdout]    | ^^^^^^^^^^^^
[INFO] [stdout] 
[INFO] [stdout] 
[INFO] [stdout] warning: unused attribute
[INFO] [stdout]   --> src/macros.rs:33:1
[INFO] [stdout]    |
[INFO] [stdout] 33 | #[macro_use]
[INFO] [stdout]    | ^^^^^^^^^^^^
[INFO] [stdout] 
[INFO] [stdout] 
[INFO] [stdout] warning: unused attribute
[INFO] [stdout]   --> src/macros.rs:49:1
[INFO] [stdout]    |
[INFO] [stdout] 49 | #[macro_use]
[INFO] [stdout]    | ^^^^^^^^^^^^
[INFO] [stdout] 
[INFO] [stdout] 
[INFO] [stdout] warning: unused attribute
[INFO] [stdout]   --> src/macros.rs:63:1
[INFO] [stdout]    |
[INFO] [stdout] 63 | #[macro_use]
[INFO] [stdout]    | ^^^^^^^^^^^^
[INFO] [stdout] 
[INFO] [stdout] 
[INFO] [stdout] warning: unused attribute
[INFO] [stdout]   --> src/macros.rs:88:1
[INFO] [stdout]    |
[INFO] [stdout] 88 | #[macro_use]
[INFO] [stdout]    | ^^^^^^^^^^^^
[INFO] [stdout] 
[INFO] [stdout] 
[INFO] [stdout] warning: unused attribute
[INFO] [stdout]    --> src/macros.rs:164:1
[INFO] [stdout]     |
[INFO] [stdout] 164 | #[macro_use]
[INFO] [stdout]     | ^^^^^^^^^^^^
[INFO] [stdout] 
[INFO] [stdout] 
[INFO] [stdout] warning: unused attribute
[INFO] [stdout]    --> src/macros.rs:191:1
[INFO] [stdout]     |
[INFO] [stdout] 191 | #[macro_use]
[INFO] [stdout]     | ^^^^^^^^^^^^
[INFO] [stdout] 
[INFO] [stdout] 
[INFO] [stdout] warning: unused attribute
[INFO] [stdout]    --> src/macros.rs:221:1
[INFO] [stdout]     |
[INFO] [stdout] 221 | #[macro_use]
[INFO] [stdout]     | ^^^^^^^^^^^^
[INFO] [stdout] 
[INFO] [stdout] 
[INFO] [stdout] warning: unused attribute
[INFO] [stdout]    --> src/macros.rs:252:1
[INFO] [stdout]     |
[INFO] [stdout] 252 | #[macro_use]
[INFO] [stdout]     | ^^^^^^^^^^^^
[INFO] [stdout] 
[INFO] [stdout] 
[INFO] [stdout] warning: unused attribute
[INFO] [stdout]    --> src/macros.rs:264:1
[INFO] [stdout]     |
[INFO] [stdout] 264 | #[macro_use]
[INFO] [stdout]     | ^^^^^^^^^^^^
[INFO] [stdout] 
[INFO] [stdout] 
[INFO] [stdout] warning: 13 warnings emitted
[INFO] [stdout] 
[INFO] [stdout] 
[INFO] [stderr]     Finished dev [unoptimized + debuginfo] target(s) in 52.46s
[INFO] running `Command { std: "docker" "inspect" "dd3159f2438476303399e271da93565e58b69af79ed141f89eda5402e58930aa", kill_on_drop: false }`
[INFO] running `Command { std: "docker" "rm" "-f" "dd3159f2438476303399e271da93565e58b69af79ed141f89eda5402e58930aa", kill_on_drop: false }`
[INFO] [stdout] dd3159f2438476303399e271da93565e58b69af79ed141f89eda5402e58930aa
[INFO] running `Command { std: "docker" "create" "-v" "/var/lib/crater-agent-workspace/builds/worker-10/target:/opt/rustwide/target:rw,Z" "-v" "/var/lib/crater-agent-workspace/builds/worker-10/source:/opt/rustwide/workdir:ro,Z" "-v" "/var/lib/crater-agent-workspace/cargo-home:/opt/rustwide/cargo-home:ro,Z" "-v" "/var/lib/crater-agent-workspace/rustup-home:/opt/rustwide/rustup-home:ro,Z" "-e" "SOURCE_DIR=/opt/rustwide/workdir" "-e" "CARGO_TARGET_DIR=/opt/rustwide/target" "-e" "CARGO_INCREMENTAL=0" "-e" "RUST_BACKTRACE=full" "-e" "RUSTFLAGS=--cap-lints=warn" "-e" "CARGO_HOME=/opt/rustwide/cargo-home" "-e" "RUSTUP_HOME=/opt/rustwide/rustup-home" "-w" "/opt/rustwide/workdir" "-m" "1610612736" "--user" "0:0" "--network" "none" "ghcr.io/rust-lang/crates-build-env/linux@sha256:34b6a614d2c27851fe6cbf88fbd1137609cefab8b10d0615aaeb6fd47975d74e" "/opt/rustwide/cargo-home/bin/cargo" "+beta-2021-08-01" "test" "--frozen" "--no-run" "--message-format=json", kill_on_drop: false }`
[INFO] [stdout] d49da0cef09b27cee82d7bbf64a28d88aa3d2f55544d413193d799eb9a3d7247
[INFO] running `Command { std: "docker" "start" "-a" "d49da0cef09b27cee82d7bbf64a28d88aa3d2f55544d413193d799eb9a3d7247", kill_on_drop: false }`
[INFO] [stderr]    Compiling diff v0.1.12
[INFO] [stdout] warning: unused attribute
[INFO] [stdout]   --> src/asttools.rs:19:1
[INFO] [stdout]    |
[INFO] [stdout] 19 | #[macro_use]
[INFO] [stdout]    | ^^^^^^^^^^^^
[INFO] [stdout]    |
[INFO] [stdout]    = note: `#[warn(unused_attributes)]` on by default
[INFO] [stdout] 
[INFO] [stdout] 
[INFO] [stdout] warning: unused attribute
[INFO] [stdout]   --> src/asttools.rs:57:1
[INFO] [stdout]    |
[INFO] [stdout] 57 | #[macro_use]
[INFO] [stdout]    | ^^^^^^^^^^^^
[INFO] [stdout] 
[INFO] [stdout] 
[INFO] [stdout] warning: unused attribute
[INFO] [stdout]  --> src/macros.rs:1:1
[INFO] [stdout]   |
[INFO] [stdout] 1 | #[macro_use]
[INFO] [stdout]   | ^^^^^^^^^^^^
[INFO] [stdout] 
[INFO] [stdout] 
[INFO] [stdout] warning: unused attribute
[INFO] [stdout]   --> src/macros.rs:16:1
[INFO] [stdout]    |
[INFO] [stdout] 16 | #[macro_use]
[INFO] [stdout]    | ^^^^^^^^^^^^
[INFO] [stdout] 
[INFO] [stdout] 
[INFO] [stdout] warning: unused attribute
[INFO] [stdout]   --> src/macros.rs:33:1
[INFO] [stdout]    |
[INFO] [stdout] 33 | #[macro_use]
[INFO] [stdout]    | ^^^^^^^^^^^^
[INFO] [stdout] 
[INFO] [stdout] 
[INFO] [stdout] warning: unused attribute
[INFO] [stdout]   --> src/macros.rs:49:1
[INFO] [stdout]    |
[INFO] [stdout] 49 | #[macro_use]
[INFO] [stdout]    | ^^^^^^^^^^^^
[INFO] [stdout] 
[INFO] [stdout] 
[INFO] [stdout] warning: unused attribute
[INFO] [stdout]   --> src/macros.rs:63:1
[INFO] [stdout]    |
[INFO] [stdout] 63 | #[macro_use]
[INFO] [stdout]    | ^^^^^^^^^^^^
[INFO] [stdout] 
[INFO] [stdout] 
[INFO] [stdout] warning: unused attribute
[INFO] [stdout]   --> src/macros.rs:88:1
[INFO] [stdout]    |
[INFO] [stdout] 88 | #[macro_use]
[INFO] [stdout]    | ^^^^^^^^^^^^
[INFO] [stdout] 
[INFO] [stdout] 
[INFO] [stdout] warning: unused attribute
[INFO] [stdout]    --> src/macros.rs:164:1
[INFO] [stdout]     |
[INFO] [stdout] 164 | #[macro_use]
[INFO] [stdout]     | ^^^^^^^^^^^^
[INFO] [stdout] 
[INFO] [stdout] 
[INFO] [stdout] warning: unused attribute
[INFO] [stdout]    --> src/macros.rs:191:1
[INFO] [stdout]     |
[INFO] [stdout] 191 | #[macro_use]
[INFO] [stdout]     | ^^^^^^^^^^^^
[INFO] [stdout] 
[INFO] [stdout] 
[INFO] [stdout] warning: unused attribute
[INFO] [stdout]    --> src/macros.rs:221:1
[INFO] [stdout]     |
[INFO] [stdout] 221 | #[macro_use]
[INFO] [stdout]     | ^^^^^^^^^^^^
[INFO] [stdout] 
[INFO] [stdout] 
[INFO] [stdout] warning: unused attribute
[INFO] [stdout]    --> src/macros.rs:252:1
[INFO] [stdout]     |
[INFO] [stdout] 252 | #[macro_use]
[INFO] [stdout]     | ^^^^^^^^^^^^
[INFO] [stdout] 
[INFO] [stdout] 
[INFO] [stdout] warning: unused attribute
[INFO] [stdout]    --> src/macros.rs:264:1
[INFO] [stdout]     |
[INFO] [stdout] 264 | #[macro_use]
[INFO] [stdout]     | ^^^^^^^^^^^^
[INFO] [stdout] 
[INFO] [stdout] 
[INFO] [stdout] warning: 13 warnings emitted
[INFO] [stdout] 
[INFO] [stdout] 
[INFO] [stderr]    Compiling pretty_assertions v0.7.2
[INFO] [stderr]    Compiling rust-code-analysis v0.0.23 (/opt/rustwide/workdir)
[INFO] [stdout] warning: unused attribute
[INFO] [stdout]   --> src/asttools.rs:19:1
[INFO] [stdout]    |
[INFO] [stdout] 19 | #[macro_use]
[INFO] [stdout]    | ^^^^^^^^^^^^
[INFO] [stdout]    |
[INFO] [stdout]    = note: `#[warn(unused_attributes)]` on by default
[INFO] [stdout] 
[INFO] [stdout] 
[INFO] [stdout] warning: unused attribute
[INFO] [stdout]   --> src/asttools.rs:57:1
[INFO] [stdout]    |
[INFO] [stdout] 57 | #[macro_use]
[INFO] [stdout]    | ^^^^^^^^^^^^
[INFO] [stdout] 
[INFO] [stdout] 
[INFO] [stdout] warning: unused attribute
[INFO] [stdout]  --> src/macros.rs:1:1
[INFO] [stdout]   |
[INFO] [stdout] 1 | #[macro_use]
[INFO] [stdout]   | ^^^^^^^^^^^^
[INFO] [stdout] 
[INFO] [stdout] 
[INFO] [stdout] warning: unused attribute
[INFO] [stdout]   --> src/macros.rs:16:1
[INFO] [stdout]    |
[INFO] [stdout] 16 | #[macro_use]
[INFO] [stdout]    | ^^^^^^^^^^^^
[INFO] [stdout] 
[INFO] [stdout] 
[INFO] [stdout] warning: unused attribute
[INFO] [stdout]   --> src/macros.rs:33:1
[INFO] [stdout]    |
[INFO] [stdout] 33 | #[macro_use]
[INFO] [stdout]    | ^^^^^^^^^^^^
[INFO] [stdout] 
[INFO] [stdout] 
[INFO] [stdout] warning: unused attribute
[INFO] [stdout]   --> src/macros.rs:49:1
[INFO] [stdout]    |
[INFO] [stdout] 49 | #[macro_use]
[INFO] [stdout]    | ^^^^^^^^^^^^
[INFO] [stdout] 
[INFO] [stdout] 
[INFO] [stdout] warning: unused attribute
[INFO] [stdout]   --> src/macros.rs:63:1
[INFO] [stdout]    |
[INFO] [stdout] 63 | #[macro_use]
[INFO] [stdout]    | ^^^^^^^^^^^^
[INFO] [stdout] 
[INFO] [stdout] 
[INFO] [stdout] warning: unused attribute
[INFO] [stdout]   --> src/macros.rs:88:1
[INFO] [stdout]    |
[INFO] [stdout] 88 | #[macro_use]
[INFO] [stdout]    | ^^^^^^^^^^^^
[INFO] [stdout] 
[INFO] [stdout] 
[INFO] [stdout] warning: unused attribute
[INFO] [stdout]    --> src/macros.rs:164:1
[INFO] [stdout]     |
[INFO] [stdout] 164 | #[macro_use]
[INFO] [stdout]     | ^^^^^^^^^^^^
[INFO] [stdout] 
[INFO] [stdout] 
[INFO] [stdout] warning: unused attribute
[INFO] [stdout]    --> src/macros.rs:191:1
[INFO] [stdout]     |
[INFO] [stdout] 191 | #[macro_use]
[INFO] [stdout]     | ^^^^^^^^^^^^
[INFO] [stdout] 
[INFO] [stdout] 
[INFO] [stdout] warning: unused attribute
[INFO] [stdout]    --> src/macros.rs:221:1
[INFO] [stdout]     |
[INFO] [stdout] 221 | #[macro_use]
[INFO] [stdout]     | ^^^^^^^^^^^^
[INFO] [stdout] 
[INFO] [stdout] 
[INFO] [stdout] warning: unused attribute
[INFO] [stdout]    --> src/macros.rs:252:1
[INFO] [stdout]     |
[INFO] [stdout] 252 | #[macro_use]
[INFO] [stdout]     | ^^^^^^^^^^^^
[INFO] [stdout] 
[INFO] [stdout] 
[INFO] [stdout] warning: unused attribute
[INFO] [stdout]    --> src/macros.rs:264:1
[INFO] [stdout]     |
[INFO] [stdout] 264 | #[macro_use]
[INFO] [stdout]     | ^^^^^^^^^^^^
[INFO] [stdout] 
[INFO] [stdout] 
[INFO] [stdout] warning: unused attribute
[INFO] [stdout]    --> src/macros.rs:279:1
[INFO] [stdout]     |
[INFO] [stdout] 279 | #[macro_use]
[INFO] [stdout]     | ^^^^^^^^^^^^
[INFO] [stdout] 
[INFO] [stdout] 
[INFO] [stdout] warning: 14 warnings emitted
[INFO] [stdout] 
[INFO] [stdout] 
[INFO] [stderr]     Finished test [unoptimized + debuginfo] target(s) in 11.34s
[INFO] running `Command { std: "docker" "inspect" "d49da0cef09b27cee82d7bbf64a28d88aa3d2f55544d413193d799eb9a3d7247", kill_on_drop: false }`
[INFO] running `Command { std: "docker" "rm" "-f" "d49da0cef09b27cee82d7bbf64a28d88aa3d2f55544d413193d799eb9a3d7247", kill_on_drop: false }`
[INFO] [stdout] d49da0cef09b27cee82d7bbf64a28d88aa3d2f55544d413193d799eb9a3d7247
[INFO] running `Command { std: "docker" "create" "-v" "/var/lib/crater-agent-workspace/builds/worker-10/target:/opt/rustwide/target:rw,Z" "-v" "/var/lib/crater-agent-workspace/builds/worker-10/source:/opt/rustwide/workdir:ro,Z" "-v" "/var/lib/crater-agent-workspace/cargo-home:/opt/rustwide/cargo-home:ro,Z" "-v" "/var/lib/crater-agent-workspace/rustup-home:/opt/rustwide/rustup-home:ro,Z" "-e" "SOURCE_DIR=/opt/rustwide/workdir" "-e" "CARGO_TARGET_DIR=/opt/rustwide/target" "-e" "CARGO_INCREMENTAL=0" "-e" "RUST_BACKTRACE=full" "-e" "RUSTFLAGS=--cap-lints=warn" "-e" "CARGO_HOME=/opt/rustwide/cargo-home" "-e" "RUSTUP_HOME=/opt/rustwide/rustup-home" "-w" "/opt/rustwide/workdir" "-m" "1610612736" "--user" "0:0" "--network" "none" "ghcr.io/rust-lang/crates-build-env/linux@sha256:34b6a614d2c27851fe6cbf88fbd1137609cefab8b10d0615aaeb6fd47975d74e" "/opt/rustwide/cargo-home/bin/cargo" "+beta-2021-08-01" "test" "--frozen", kill_on_drop: false }`
[INFO] [stdout] 34aada20035267c38c1d26e59f5e40b6ca3bacca90aa7267326522ef62ae1a0f
[INFO] running `Command { std: "docker" "start" "-a" "34aada20035267c38c1d26e59f5e40b6ca3bacca90aa7267326522ef62ae1a0f", kill_on_drop: false }`
[INFO] [stderr] warning: unused attribute
[INFO] [stderr]   --> src/asttools.rs:19:1
[INFO] [stderr]    |
[INFO] [stderr] 19 | #[macro_use]
[INFO] [stderr]    | ^^^^^^^^^^^^
[INFO] [stderr]    |
[INFO] [stderr]    = note: `#[warn(unused_attributes)]` on by default
[INFO] [stderr] 
[INFO] [stderr] warning: unused attribute
[INFO] [stderr]   --> src/asttools.rs:57:1
[INFO] [stderr]    |
[INFO] [stderr] 57 | #[macro_use]
[INFO] [stderr]    | ^^^^^^^^^^^^
[INFO] [stderr] 
[INFO] [stderr] warning: unused attribute
[INFO] [stderr]  --> src/macros.rs:1:1
[INFO] [stderr]   |
[INFO] [stderr] 1 | #[macro_use]
[INFO] [stderr]   | ^^^^^^^^^^^^
[INFO] [stderr] 
[INFO] [stderr] warning: unused attribute
[INFO] [stderr]   --> src/macros.rs:16:1
[INFO] [stderr]    |
[INFO] [stderr] 16 | #[macro_use]
[INFO] [stderr]    | ^^^^^^^^^^^^
[INFO] [stderr] 
[INFO] [stderr] warning: unused attribute
[INFO] [stderr]   --> src/macros.rs:33:1
[INFO] [stderr]    |
[INFO] [stderr] 33 | #[macro_use]
[INFO] [stderr]    | ^^^^^^^^^^^^
[INFO] [stderr] 
[INFO] [stderr] warning: unused attribute
[INFO] [stderr]   --> src/macros.rs:49:1
[INFO] [stderr]    |
[INFO] [stderr] 49 | #[macro_use]
[INFO] [stderr]    | ^^^^^^^^^^^^
[INFO] [stderr] 
[INFO] [stderr] warning: unused attribute
[INFO] [stderr]   --> src/macros.rs:63:1
[INFO] [stderr]    |
[INFO] [stderr] 63 | #[macro_use]
[INFO] [stderr]    | ^^^^^^^^^^^^
[INFO] [stderr] 
[INFO] [stderr] warning: unused attribute
[INFO] [stderr]   --> src/macros.rs:88:1
[INFO] [stderr]    |
[INFO] [stderr] 88 | #[macro_use]
[INFO] [stderr]    | ^^^^^^^^^^^^
[INFO] [stderr] 
[INFO] [stderr] warning: unused attribute
[INFO] [stderr]    --> src/macros.rs:164:1
[INFO] [stderr]     |
[INFO] [stderr] 164 | #[macro_use]
[INFO] [stderr]     | ^^^^^^^^^^^^
[INFO] [stderr] 
[INFO] [stderr] warning: unused attribute
[INFO] [stderr]    --> src/macros.rs:191:1
[INFO] [stderr]     |
[INFO] [stderr] 191 | #[macro_use]
[INFO] [stderr]     | ^^^^^^^^^^^^
[INFO] [stderr] 
[INFO] [stderr] warning: unused attribute
[INFO] [stderr]    --> src/macros.rs:221:1
[INFO] [stderr]     |
[INFO] [stderr] 221 | #[macro_use]
[INFO] [stderr]     | ^^^^^^^^^^^^
[INFO] [stderr] 
[INFO] [stderr] warning: unused attribute
[INFO] [stderr]    --> src/macros.rs:252:1
[INFO] [stderr]     |
[INFO] [stderr] 252 | #[macro_use]
[INFO] [stderr]     | ^^^^^^^^^^^^
[INFO] [stderr] 
[INFO] [stderr] warning: unused attribute
[INFO] [stderr]    --> src/macros.rs:264:1
[INFO] [stderr]     |
[INFO] [stderr] 264 | #[macro_use]
[INFO] [stderr]     | ^^^^^^^^^^^^
[INFO] [stderr] 
[INFO] [stderr] warning: unused attribute
[INFO] [stderr]    --> src/macros.rs:279:1
[INFO] [stderr]     |
[INFO] [stderr] 279 | #[macro_use]
[INFO] [stderr]     | ^^^^^^^^^^^^
[INFO] [stderr] 
[INFO] [stderr] warning: `rust-code-analysis` (lib) generated 13 warnings
[INFO] [stderr] warning: `rust-code-analysis` (lib test) generated 14 warnings (13 duplicates)
[INFO] [stderr]     Finished test [unoptimized + debuginfo] target(s) in 0.14s
[INFO] [stderr]      Running unittests (/opt/rustwide/target/debug/deps/rust_code_analysis-c6548a0f037f6ea3)
[INFO] [stdout] 
[INFO] [stdout] running 114 tests
[INFO] [stdout] test c_macro::tests::test_replace ... ok
[INFO] [stdout] test metrics::cognitive::tests::mozjs_sequence_same_booleans ... ok
[INFO] [stdout] test metrics::cognitive::tests::c_no_cognitive ... ok
[INFO] [stdout] test comment_rm::tests::ccomment_remove_comments ... ok
[INFO] [stdout] test metrics::cognitive::tests::mozjs_sequence_different_booleans ... ok
[INFO] [stdout] test metrics::cognitive::tests::c_switch ... ok
[INFO] [stdout] test metrics::cognitive::tests::c_sequence_different_booleans ... ok
[INFO] [stdout] test metrics::cognitive::tests::c_simple_function ... ok
[INFO] [stdout] test metrics::cognitive::tests::c_sequence_same_booleans ... ok
[INFO] [stdout] test metrics::cognitive::tests::c_1_level_nesting ... ok
[INFO] [stdout] test metrics::cognitive::tests::mozjs_no_cognitive ... ok
[INFO] [stdout] test metrics::cognitive::tests::mozjs_switch ... ok
[INFO] [stdout] test metrics::cognitive::tests::mozjs_not_booleans ... ok
[INFO] [stdout] test metrics::cognitive::tests::python_2_level_nesting ... ok
[INFO] [stdout] test metrics::cognitive::tests::mozjs_try_construct ... ok
[INFO] [stdout] test metrics::cognitive::tests::python_elif_function ... ok
[INFO] [stdout] test metrics::cognitive::tests::mozjs_1_level_nesting ... ok
[INFO] [stdout] test metrics::cognitive::tests::python_1_level_nesting ... ok
[INFO] [stdout] test metrics::cognitive::tests::mozjs_simple_function ... ok
[INFO] [stdout] test metrics::cognitive::tests::c_goto ... ok
[INFO] [stdout] test metrics::cognitive::tests::c_not_booleans ... ok
[INFO] [stdout] test metrics::cognitive::tests::rust_sequence_same_booleans ... ok
[INFO] [stdout] test metrics::cognitive::tests::python_sequence_same_booleans ... ok
[INFO] [stdout] test metrics::cognitive::tests::python_simple_function ... ok
[INFO] [stdout] test metrics::cognitive::tests::python_ternary_operator ... ok
[INFO] [stdout] test metrics::cognitive::tests::python_tuple ... ok
[INFO] [stdout] test metrics::cognitive::tests::typescript_if_else_if_else ... ok
[INFO] [stdout] test metrics::cognitive::tests::rust_not_booleans ... ok
[INFO] [stdout] test metrics::cyclomatic::tests::c_switch ... ok
[INFO] [stdout] test metrics::cyclomatic::tests::python_simple_function ... ok
[INFO] [stdout] test metrics::exit::tests::c_no_exit ... ok
[INFO] [stdout] test metrics::cognitive::tests::python_try_construct ... ok
[INFO] [stdout] test metrics::cyclomatic::tests::rust_1_level_nesting ... ok
[INFO] [stdout] test metrics::cognitive::tests::rust_1_level_nesting ... ok
[INFO] [stdout] test metrics::cyclomatic::tests::c_real_function ... ok
[INFO] [stdout] test metrics::cognitive::tests::python_sequence_different_booleans ... ok
[INFO] [stdout] test metrics::cognitive::tests::python_real_function ... ok
[INFO] [stdout] test metrics::cognitive::tests::python_no_cognitive ... ok
[INFO] [stdout] test metrics::cyclomatic::tests::python_1_level_nesting ... ok
[INFO] [stdout] test metrics::cognitive::tests::python_more_elifs_function ... ok
[INFO] [stdout] test metrics::cognitive::tests::rust_2_level_nesting ... ok
[INFO] [stdout] test metrics::cognitive::tests::python_nested_functions_lambdas ... ok
[INFO] [stdout] test metrics::cognitive::tests::python_expression_statement ... ok
[INFO] [stdout] test metrics::cognitive::tests::python_formatted_sequence_different_booleans ... ok
[INFO] [stdout] test metrics::cognitive::tests::rust_break_continue ... ok
[INFO] [stdout] test metrics::cognitive::tests::rust_if_let_else_if_else ... ok
[INFO] [stdout] test metrics::cognitive::tests::rust_no_cognitive ... ok
[INFO] [stdout] test metrics::exit::tests::javascript_no_exit ... ok
[INFO] [stdout] test metrics::cognitive::tests::rust_sequence_different_booleans ... ok
[INFO] [stdout] test metrics::exit::tests::python_simple_function ... ok
[INFO] [stdout] test metrics::exit::tests::rust_no_exit ... ok
[INFO] [stdout] test metrics::halstead::tests::python_check_metrics ... ok
[INFO] [stdout] test metrics::fn_args::tests::test_nested_functions_nargs ... ok
[INFO] [stdout] test metrics::loc::tests::c_lloc ... ok
[INFO] [stdout] test metrics::halstead::tests::cpp_operators_and_operands ... ok
[INFO] [stdout] test metrics::halstead::tests::tsx_operators_and_operands ... ok
[INFO] [stdout] test metrics::cognitive::tests::rust_simple_function ... ok
[INFO] [stdout] test metrics::exit::tests::python_more_functions ... ok
[INFO] [stdout] test metrics::exit::tests::python_no_exit ... ok
[INFO] [stdout] test metrics::halstead::tests::mozjs_operators_and_operands ... ok
[INFO] [stdout] test metrics::loc::tests::cpp_code_line_block_one_line_blank ... ok
[INFO] [stdout] test metrics::halstead::tests::python_wrong_operators ... ok
[INFO] [stdout] test metrics::halstead::tests::rust_operators_and_operands ... ok
[INFO] [stdout] test metrics::halstead::tests::python_operators_and_operands ... ok
[INFO] [stdout] test metrics::halstead::tests::javascript_operators_and_operands ... ok
[INFO] [stdout] test metrics::fn_args::tests::test_functions_nargs ... ok
[INFO] [stdout] test metrics::loc::tests::cpp_return_lloc ... ok
[INFO] [stdout] test metrics::loc::tests::javascript_real_loc ... ok
[INFO] [stdout] test metrics::halstead::tests::typescript_operators_and_operands ... ok
[INFO] [stdout] test metrics::loc::tests::c_blank ... ok
[INFO] [stdout] test metrics::loc::tests::c_cloc ... ok
[INFO] [stdout] test metrics::loc::tests::cpp_block_comment_blank ... ok
[INFO] [stdout] test metrics::loc::tests::cpp_code_line_end_block_blank ... ok
[INFO] [stdout] test metrics::loc::tests::cpp_lloc ... ok
[INFO] [stdout] test metrics::loc::tests::cpp_no_zero_blank ... ok
[INFO] [stdout] test metrics::loc::tests::cpp_while_lloc ... ok
[INFO] [stdout] test metrics::loc::tests::javascript_no_zero_blank ... ok
[INFO] [stdout] test metrics::loc::tests::mozjs_real_loc ... ok
[INFO] [stdout] test metrics::loc::tests::python_blank ... ok
[INFO] [stdout] test metrics::loc::tests::python_cloc ... ok
[INFO] [stdout] test metrics::loc::tests::python_general_loc ... ok
[INFO] [stdout] test metrics::exit::tests::python_nested_functions ... ok
[INFO] [stdout] test metrics::fn_args::tests::test_function_nargs ... ok
[INFO] [stdout] test metrics::loc::tests::cpp_code_line_start_block_blank ... ok
[INFO] [stdout] test metrics::loc::tests::cpp_for_lloc ... ok
[INFO] [stdout] test metrics::loc::tests::python_no_blank ... ok
[INFO] [stdout] test metrics::loc::tests::rust_cloc ... ok
[INFO] [stdout] test metrics::loc::tests::python_string_on_new_line ... ok
[INFO] [stdout] test metrics::loc::tests::rust_call_function_lloc ... ok
[INFO] [stdout] test metrics::loc::tests::rust_blank ... ok
[INFO] [stdout] test metrics::loc::tests::rust_function_in_return_lloc ... ok
[INFO] [stdout] test metrics::loc::tests::rust_macro_invocation_lloc ... ok
[INFO] [stdout] test metrics::loc::tests::rust_no_parenthesized_expression_lloc ... ok
[INFO] [stdout] test metrics::loc::tests::rust_lloc ... ok
[INFO] [stdout] test metrics::loc::tests::rust_no_field_expression_lloc ... ok
[INFO] [stdout] test metrics::nom::tests::c_nom ... ok
[INFO] [stdout] test metrics::loc::tests::rust_closure_expression_lloc ... ok
[INFO] [stdout] test metrics::loc::tests::rust_function_in_loop_lloc ... ok
[INFO] [stdout] test metrics::loc::tests::rust_function_in_if_lloc ... ok
[INFO] [stdout] test metrics::loc::tests::python_sloc ... ok
[INFO] [stdout] test metrics::loc::tests::rust_no_tuple_expression_lloc ... ok
[INFO] [stdout] test metrics::mi::tests::check_mi_metrics ... ok
[INFO] [stdout] test metrics::nom::tests::python_nom ... ok
[INFO] [stdout] test metrics::nom::tests::rust_nom ... ok
[INFO] [stdout] test metrics::loc::tests::python_real_loc ... ok
[INFO] [stdout] test metrics::loc::tests::rust_no_unit_expression_lloc ... ok
[INFO] [stdout] test metrics::loc::tests::rust_no_array_expression_lloc ... ok
[INFO] [stdout] test metrics::nom::tests::cpp_nom ... ok
[INFO] [stdout] test metrics::loc::tests::rust_no_zero_blank ... ok
[INFO] [stdout] test metrics::loc::tests::python_no_zero_blank_more_comments ... ok
[INFO] [stdout] test metrics::loc::tests::python_no_zero_blank ... ok
[INFO] [stdout] test metrics::loc::tests::python_lloc ... ok
[INFO] [stdout] test tools::tests::test_read ... ok
[INFO] [stdout] test tools::tests::test_guess_language ... ok
[INFO] [stdout] 
[INFO] [stdout] test result: ok. 114 passed; 0 failed; 0 ignored; 0 measured; 0 filtered out; finished in 0.22s
[INFO] [stdout] 
[INFO] [stderr]      Running tests/test_c.rs (/opt/rustwide/target/debug/deps/test_c-0d76bf034147e948)
[INFO] [stdout] 
[INFO] [stdout] running 4 tests
[INFO] [stdout] test test_fn_macros ... ok
[INFO] [stdout] test test_fn_id_strings ... ok
[INFO] [stdout] test test_fn_macros_cpp ... ok
[INFO] [stdout] test test_fn_qm_try_inspect_cpp ... ok
[INFO] [stdout] 
[INFO] [stdout] test result: ok. 4 passed; 0 failed; 0 ignored; 0 measured; 0 filtered out; finished in 0.00s
[INFO] [stdout] 
[INFO] [stderr]    Doc-tests rust-code-analysis
[INFO] [stdout] 
[INFO] [stdout] running 13 tests
[INFO] [stdout] test src/tools.rs - tools::write_file (line 90) - compile ... ok
[INFO] [stdout] test src/langs.rs - langs::get_function_spaces (line 13) ... FAILED
[INFO] [stdout] test src/langs.rs - langs::action (line 17) ... FAILED
[INFO] [stdout] test src/tools.rs - tools::guess_language (line 173) ... ok
[INFO] [stdout] test src/tools.rs - tools::get_language_for_file (line 111) ... ok
[INFO] [stdout] test src/output/dump.rs - output::dump::dump_node (line 14) ... ok
[INFO] [stdout] test src/langs.rs - langs::get_from_emacs_mode (line 16) ... ok
[INFO] [stdout] test src/langs.rs - langs::get_from_ext (line 13) ... ok
[INFO] [stdout] test src/tools.rs - tools::read_file (line 14) ... ok
[INFO] [stdout] test src/spaces.rs - spaces::metrics (line 230) ... ok
[INFO] [stdout] test src/tools.rs - tools::read_file_with_eol (line 36) ... ok
[INFO] [stdout] test src/output/dump_metrics.rs - output::dump_metrics::dump_root (line 21) ... ok
[INFO] [stdout] test src/langs.rs - langs::LANG::get_name (line 13) ... ok
[INFO] [stdout] 
[INFO] [stdout] failures:
[INFO] [stdout] 
[INFO] [stdout] ---- src/langs.rs - langs::get_function_spaces (line 13) stdout ----
[INFO] [stdout] Couldn't compile the test.
[INFO] [stdout] ---- src/langs.rs - langs::action (line 17) stdout ----
[INFO] [stdout] Couldn't compile the test.
[INFO] [stdout] 
[INFO] [stdout] failures:
[INFO] [stdout]     src/langs.rs - langs::action (line 17)
[INFO] [stdout]     src/langs.rs - langs::get_function_spaces (line 13)
[INFO] [stdout] 
[INFO] [stdout] test result: FAILED. 11 passed; 2 failed; 0 ignored; 0 measured; 0 filtered out; finished in 3.92s
[INFO] [stdout] 
[INFO] [stderr] error: test failed, to rerun pass '--doc'
[INFO] running `Command { std: "docker" "inspect" "34aada20035267c38c1d26e59f5e40b6ca3bacca90aa7267326522ef62ae1a0f", kill_on_drop: false }`
[INFO] running `Command { std: "docker" "rm" "-f" "34aada20035267c38c1d26e59f5e40b6ca3bacca90aa7267326522ef62ae1a0f", kill_on_drop: false }`
[INFO] [stdout] 34aada20035267c38c1d26e59f5e40b6ca3bacca90aa7267326522ef62ae1a0f
