[INFO] cloning repository https://github.com/mobiltracker/rs-async-log-watcher
[INFO] running `Command { std: "git" "-c" "credential.helper=" "-c" "credential.helper=/workspace/cargo-home/bin/git-credential-null" "clone" "--bare" "https://github.com/mobiltracker/rs-async-log-watcher" "/workspace/cache/git-repos/https%3A%2F%2Fgithub.com%2Fmobiltracker%2Frs-async-log-watcher", kill_on_drop: false }`
[INFO] [stderr] Cloning into bare repository '/workspace/cache/git-repos/https%3A%2F%2Fgithub.com%2Fmobiltracker%2Frs-async-log-watcher'...
[INFO] running `Command { std: "git" "rev-parse" "HEAD", kill_on_drop: false }`
[INFO] [stdout] 891df8ebaf36cadfcb7ecc933fa907bb5b5dc97b
[INFO] testing mobiltracker/rs-async-log-watcher against beta-2021-08-01 for beta-1.55-1
[INFO] running `Command { std: "git" "clone" "/workspace/cache/git-repos/https%3A%2F%2Fgithub.com%2Fmobiltracker%2Frs-async-log-watcher" "/workspace/builds/worker-94/source", kill_on_drop: false }`
[INFO] [stderr] Cloning into '/workspace/builds/worker-94/source'...
[INFO] [stderr] done.
[INFO] validating manifest of git repo https://github.com/mobiltracker/rs-async-log-watcher on toolchain beta-2021-08-01
[INFO] running `Command { std: "/workspace/cargo-home/bin/cargo" "+beta-2021-08-01" "metadata" "--manifest-path" "Cargo.toml" "--no-deps", kill_on_drop: false }`
[INFO] started tweaking git repo https://github.com/mobiltracker/rs-async-log-watcher
[INFO] finished tweaking git repo https://github.com/mobiltracker/rs-async-log-watcher
[INFO] tweaked toml for git repo https://github.com/mobiltracker/rs-async-log-watcher written to /workspace/builds/worker-94/source/Cargo.toml
[INFO] crate git repo https://github.com/mobiltracker/rs-async-log-watcher already has a lockfile, it will not be regenerated
[INFO] running `Command { std: "/workspace/cargo-home/bin/cargo" "+beta-2021-08-01" "fetch" "--manifest-path" "Cargo.toml", kill_on_drop: false }`
[INFO] [stderr]     Blocking waiting for file lock on package cache
[INFO] [stderr]     Blocking waiting for file lock on package cache
[INFO] running `Command { std: "docker" "create" "-v" "/var/lib/crater-agent-workspace/builds/worker-94/target:/opt/rustwide/target:rw,Z" "-v" "/var/lib/crater-agent-workspace/builds/worker-94/source:/opt/rustwide/workdir:ro,Z" "-v" "/var/lib/crater-agent-workspace/cargo-home:/opt/rustwide/cargo-home:ro,Z" "-v" "/var/lib/crater-agent-workspace/rustup-home:/opt/rustwide/rustup-home:ro,Z" "-e" "SOURCE_DIR=/opt/rustwide/workdir" "-e" "CARGO_TARGET_DIR=/opt/rustwide/target" "-e" "CARGO_HOME=/opt/rustwide/cargo-home" "-e" "RUSTUP_HOME=/opt/rustwide/rustup-home" "-w" "/opt/rustwide/workdir" "-m" "1610612736" "--user" "0:0" "--network" "none" "ghcr.io/rust-lang/crates-build-env/linux@sha256:34b6a614d2c27851fe6cbf88fbd1137609cefab8b10d0615aaeb6fd47975d74e" "/opt/rustwide/cargo-home/bin/cargo" "+beta-2021-08-01" "metadata" "--no-deps" "--format-version=1", kill_on_drop: false }`
[INFO] [stdout] 44b096c127f4a80ac1e0382a41ddb4b249c571b025d70771363c4a9d13c3479e
[INFO] running `Command { std: "docker" "start" "-a" "44b096c127f4a80ac1e0382a41ddb4b249c571b025d70771363c4a9d13c3479e", kill_on_drop: false }`
[INFO] running `Command { std: "docker" "inspect" "44b096c127f4a80ac1e0382a41ddb4b249c571b025d70771363c4a9d13c3479e", kill_on_drop: false }`
[INFO] running `Command { std: "docker" "rm" "-f" "44b096c127f4a80ac1e0382a41ddb4b249c571b025d70771363c4a9d13c3479e", kill_on_drop: false }`
[INFO] [stdout] 44b096c127f4a80ac1e0382a41ddb4b249c571b025d70771363c4a9d13c3479e
[INFO] running `Command { std: "docker" "create" "-v" "/var/lib/crater-agent-workspace/builds/worker-94/target:/opt/rustwide/target:rw,Z" "-v" "/var/lib/crater-agent-workspace/builds/worker-94/source:/opt/rustwide/workdir:ro,Z" "-v" "/var/lib/crater-agent-workspace/cargo-home:/opt/rustwide/cargo-home:ro,Z" "-v" "/var/lib/crater-agent-workspace/rustup-home:/opt/rustwide/rustup-home:ro,Z" "-e" "SOURCE_DIR=/opt/rustwide/workdir" "-e" "CARGO_TARGET_DIR=/opt/rustwide/target" "-e" "CARGO_INCREMENTAL=0" "-e" "RUST_BACKTRACE=full" "-e" "RUSTFLAGS=--cap-lints=warn" "-e" "CARGO_HOME=/opt/rustwide/cargo-home" "-e" "RUSTUP_HOME=/opt/rustwide/rustup-home" "-w" "/opt/rustwide/workdir" "-m" "1610612736" "--user" "0:0" "--network" "none" "ghcr.io/rust-lang/crates-build-env/linux@sha256:34b6a614d2c27851fe6cbf88fbd1137609cefab8b10d0615aaeb6fd47975d74e" "/opt/rustwide/cargo-home/bin/cargo" "+beta-2021-08-01" "build" "--frozen" "--message-format=json", kill_on_drop: false }`
[INFO] [stdout] a3224d864e13c981994a1a88f161f69aa598f44b8f06e91a848f16dd21924047
[INFO] running `Command { std: "docker" "start" "-a" "a3224d864e13c981994a1a88f161f69aa598f44b8f06e91a848f16dd21924047", kill_on_drop: false }`
[INFO] [stderr]     Blocking waiting for file lock on package cache
[INFO] [stderr]    Compiling libc v0.2.81
[INFO] [stderr]    Compiling memchr v2.3.4
[INFO] [stderr]    Compiling cache-padded v1.1.1
[INFO] [stderr]    Compiling futures-core v0.3.8
[INFO] [stderr]    Compiling waker-fn v1.1.0
[INFO] [stderr]    Compiling futures-io v0.3.8
[INFO] [stderr]    Compiling parking v2.0.0
[INFO] [stderr]    Compiling fastrand v1.4.0
[INFO] [stderr]    Compiling pin-project-lite v0.1.11
[INFO] [stderr]    Compiling log v0.4.11
[INFO] [stderr]    Compiling event-listener v2.5.1
[INFO] [stderr]    Compiling once_cell v1.5.2
[INFO] [stderr]    Compiling proc-macro2 v1.0.24
[INFO] [stderr]    Compiling async-task v4.0.3
[INFO] [stderr]    Compiling vec-arena v1.0.0
[INFO] [stderr]    Compiling unicode-xid v0.2.1
[INFO] [stderr]    Compiling syn v1.0.54
[INFO] [stderr]    Compiling autocfg v1.0.1
[INFO] [stderr]    Compiling atomic-waker v1.0.0
[INFO] [stderr]    Compiling pin-project-lite v0.2.0
[INFO] [stderr]    Compiling concurrent-queue v1.2.2
[INFO] [stderr]    Compiling async-mutex v1.4.0
[INFO] [stderr]    Compiling async-lock v2.3.0
[INFO] [stderr]    Compiling async-channel v1.5.1
[INFO] [stderr]    Compiling crossbeam-utils v0.8.1
[INFO] [stderr]    Compiling kv-log-macro v1.0.7
[INFO] [stderr]    Compiling futures-lite v1.11.2
[INFO] [stderr]    Compiling quote v1.0.7
[INFO] [stderr]    Compiling polling v2.0.2
[INFO] [stderr]    Compiling nb-connect v1.0.2
[INFO] [stderr]    Compiling signal-hook-registry v1.2.2
[INFO] [stderr]    Compiling num_cpus v1.13.0
[INFO] [stderr]    Compiling signal-hook v0.1.16
[INFO] [stderr]    Compiling async-io v1.3.1
[INFO] [stderr]    Compiling async-executor v1.4.0
[INFO] [stderr]    Compiling blocking v1.0.2
[INFO] [stderr]    Compiling async-fs v1.5.0
[INFO] [stderr]    Compiling async-global-executor v1.4.3
[INFO] [stderr]    Compiling async-process v1.0.1
[INFO] [stderr]    Compiling async-attributes v1.1.1
[INFO] [stderr]    Compiling async-std v1.8.0
[INFO] [stderr]    Compiling async-log-watcher v0.1.0 (/opt/rustwide/workdir)
[INFO] [stdout] warning: unused import: `todo`
[INFO] [stdout]  --> src/pretty_state.rs:2:38
[INFO] [stdout]   |
[INFO] [stdout] 2 | use std::{os::unix::fs::MetadataExt, todo};
[INFO] [stdout]   |                                      ^^^^
[INFO] [stdout]   |
[INFO] [stdout]   = note: `#[warn(unused_imports)]` on by default
[INFO] [stdout] 
[INFO] [stdout] 
[INFO] [stdout] warning: 1 warning emitted
[INFO] [stdout] 
[INFO] [stdout] 
[INFO] [stderr]     Finished dev [unoptimized + debuginfo] target(s) in 3m 04s
[INFO] running `Command { std: "docker" "inspect" "a3224d864e13c981994a1a88f161f69aa598f44b8f06e91a848f16dd21924047", kill_on_drop: false }`
[INFO] running `Command { std: "docker" "rm" "-f" "a3224d864e13c981994a1a88f161f69aa598f44b8f06e91a848f16dd21924047", kill_on_drop: false }`
[INFO] [stdout] a3224d864e13c981994a1a88f161f69aa598f44b8f06e91a848f16dd21924047
[INFO] running `Command { std: "docker" "create" "-v" "/var/lib/crater-agent-workspace/builds/worker-94/target:/opt/rustwide/target:rw,Z" "-v" "/var/lib/crater-agent-workspace/builds/worker-94/source:/opt/rustwide/workdir:ro,Z" "-v" "/var/lib/crater-agent-workspace/cargo-home:/opt/rustwide/cargo-home:ro,Z" "-v" "/var/lib/crater-agent-workspace/rustup-home:/opt/rustwide/rustup-home:ro,Z" "-e" "SOURCE_DIR=/opt/rustwide/workdir" "-e" "CARGO_TARGET_DIR=/opt/rustwide/target" "-e" "CARGO_INCREMENTAL=0" "-e" "RUST_BACKTRACE=full" "-e" "RUSTFLAGS=--cap-lints=warn" "-e" "CARGO_HOME=/opt/rustwide/cargo-home" "-e" "RUSTUP_HOME=/opt/rustwide/rustup-home" "-w" "/opt/rustwide/workdir" "-m" "1610612736" "--user" "0:0" "--network" "none" "ghcr.io/rust-lang/crates-build-env/linux@sha256:34b6a614d2c27851fe6cbf88fbd1137609cefab8b10d0615aaeb6fd47975d74e" "/opt/rustwide/cargo-home/bin/cargo" "+beta-2021-08-01" "test" "--frozen" "--no-run" "--message-format=json", kill_on_drop: false }`
[INFO] [stdout] 07c45067cb795370412591422d6718f5bd8247cc53728ab8796898fef5cf1aee
[INFO] running `Command { std: "docker" "start" "-a" "07c45067cb795370412591422d6718f5bd8247cc53728ab8796898fef5cf1aee", kill_on_drop: false }`
[INFO] [stderr]    Compiling getrandom v0.1.15
[INFO] [stdout] warning: unused import: `todo`
[INFO] [stdout]  --> src/pretty_state.rs:2:38
[INFO] [stdout]   |
[INFO] [stdout] 2 | use std::{os::unix::fs::MetadataExt, todo};
[INFO] [stdout]   |                                      ^^^^
[INFO] [stdout]   |
[INFO] [stdout]   = note: `#[warn(unused_imports)]` on by default
[INFO] [stdout] 
[INFO] [stdout] 
[INFO] [stdout] warning: 1 warning emitted
[INFO] [stdout] 
[INFO] [stdout] 
[INFO] [stderr]    Compiling rand_core v0.5.1
[INFO] [stderr]    Compiling rand_chacha v0.2.2
[INFO] [stderr]    Compiling rand v0.7.3
[INFO] [stderr]    Compiling async-log-watcher v0.1.0 (/opt/rustwide/workdir)
[INFO] [stdout] warning: unused import: `todo`
[INFO] [stdout]  --> src/pretty_state.rs:2:38
[INFO] [stdout]   |
[INFO] [stdout] 2 | use std::{os::unix::fs::MetadataExt, todo};
[INFO] [stdout]   |                                      ^^^^
[INFO] [stdout]   |
[INFO] [stdout]   = note: `#[warn(unused_imports)]` on by default
[INFO] [stdout] 
[INFO] [stdout] 
[INFO] [stdout] warning: 1 warning emitted
[INFO] [stdout] 
[INFO] [stdout] 
[INFO] [stderr]     Finished test [unoptimized + debuginfo] target(s) in 7.29s
[INFO] running `Command { std: "docker" "inspect" "07c45067cb795370412591422d6718f5bd8247cc53728ab8796898fef5cf1aee", kill_on_drop: false }`
[INFO] running `Command { std: "docker" "rm" "-f" "07c45067cb795370412591422d6718f5bd8247cc53728ab8796898fef5cf1aee", kill_on_drop: false }`
[INFO] [stdout] 07c45067cb795370412591422d6718f5bd8247cc53728ab8796898fef5cf1aee
[INFO] running `Command { std: "docker" "create" "-v" "/var/lib/crater-agent-workspace/builds/worker-94/target:/opt/rustwide/target:rw,Z" "-v" "/var/lib/crater-agent-workspace/builds/worker-94/source:/opt/rustwide/workdir:ro,Z" "-v" "/var/lib/crater-agent-workspace/cargo-home:/opt/rustwide/cargo-home:ro,Z" "-v" "/var/lib/crater-agent-workspace/rustup-home:/opt/rustwide/rustup-home:ro,Z" "-e" "SOURCE_DIR=/opt/rustwide/workdir" "-e" "CARGO_TARGET_DIR=/opt/rustwide/target" "-e" "CARGO_INCREMENTAL=0" "-e" "RUST_BACKTRACE=full" "-e" "RUSTFLAGS=--cap-lints=warn" "-e" "CARGO_HOME=/opt/rustwide/cargo-home" "-e" "RUSTUP_HOME=/opt/rustwide/rustup-home" "-w" "/opt/rustwide/workdir" "-m" "1610612736" "--user" "0:0" "--network" "none" "ghcr.io/rust-lang/crates-build-env/linux@sha256:34b6a614d2c27851fe6cbf88fbd1137609cefab8b10d0615aaeb6fd47975d74e" "/opt/rustwide/cargo-home/bin/cargo" "+beta-2021-08-01" "test" "--frozen", kill_on_drop: false }`
[INFO] [stdout] 35ebf336b3e37a8bc5d7f333ef8398ae89d124a334e2155ce95ae19bb0debcd0
[INFO] running `Command { std: "docker" "start" "-a" "35ebf336b3e37a8bc5d7f333ef8398ae89d124a334e2155ce95ae19bb0debcd0", kill_on_drop: false }`
[INFO] [stderr]     Blocking waiting for file lock on package cache
[INFO] [stderr]     Blocking waiting for file lock on package cache
[INFO] [stderr] warning: unused import: `todo`
[INFO] [stderr]  --> src/pretty_state.rs:2:38
[INFO] [stderr]   |
[INFO] [stderr] 2 | use std::{os::unix::fs::MetadataExt, todo};
[INFO] [stderr]   |                                      ^^^^
[INFO] [stderr]   |
[INFO] [stderr]   = note: `#[warn(unused_imports)]` on by default
[INFO] [stderr] 
[INFO] [stderr] warning: `async-log-watcher` (lib) generated 1 warning
[INFO] [stderr] warning: `async-log-watcher` (lib test) generated 1 warning (1 duplicate)
[INFO] [stderr]     Finished test [unoptimized + debuginfo] target(s) in 0.22s
[INFO] [stderr]      Running unittests (/opt/rustwide/target/debug/deps/async_log_watcher-f1b37a201faa7027)
[INFO] [stdout] 
[INFO] [stdout] running 1 test
[INFO] [stdout] test pretty_state::test::init ... FAILED
[INFO] [stdout] 
[INFO] [stdout] failures:
[INFO] [stdout] 
[INFO] [stdout] ---- pretty_state::test::init stdout ----
[INFO] [stdout] thread 'pretty_state::test::init' panicked at 'called `Result::unwrap()` on an `Err` value: Os { code: 2, kind: NotFound, message: "No such file or directory" }', src/pretty_state.rs:141:83
[INFO] [stdout] stack backtrace:
[INFO] [stdout]    0:     0x56379d190010 - std::backtrace_rs::backtrace::libunwind::trace::hff4d1766e93f64f1
[INFO] [stdout]                                at /rustc/53fd98ca776cb875bc9e5514f56b52eb74f9e7a9/library/std/src/../../backtrace/src/backtrace/libunwind.rs:90:5
[INFO] [stdout]    1:     0x56379d190010 - std::backtrace_rs::backtrace::trace_unsynchronized::h56bbc8eb78770bcb
[INFO] [stdout]                                at /rustc/53fd98ca776cb875bc9e5514f56b52eb74f9e7a9/library/std/src/../../backtrace/src/backtrace/mod.rs:66:5
[INFO] [stdout]    2:     0x56379d190010 - std::sys_common::backtrace::_print_fmt::h5c8e75464faca780
[INFO] [stdout]                                at /rustc/53fd98ca776cb875bc9e5514f56b52eb74f9e7a9/library/std/src/sys_common/backtrace.rs:67:5
[INFO] [stdout]    3:     0x56379d190010 - <std::sys_common::backtrace::_print::DisplayBacktrace as core::fmt::Display>::fmt::h48b88277def8b362
[INFO] [stdout]                                at /rustc/53fd98ca776cb875bc9e5514f56b52eb74f9e7a9/library/std/src/sys_common/backtrace.rs:46:22
[INFO] [stdout]    4:     0x56379d1b2a3c - core::fmt::write::h3381b3176fe2b3d3
[INFO] [stdout]                                at /rustc/53fd98ca776cb875bc9e5514f56b52eb74f9e7a9/library/core/src/fmt/mod.rs:1115:17
[INFO] [stdout]    5:     0x56379d18cbc5 - std::io::Write::write_fmt::h5f34a676f60246b5
[INFO] [stdout]                                at /rustc/53fd98ca776cb875bc9e5514f56b52eb74f9e7a9/library/std/src/io/mod.rs:1665:15
[INFO] [stdout]    6:     0x56379d19224b - std::sys_common::backtrace::_print::ha537687d6c17dd0d
[INFO] [stdout]                                at /rustc/53fd98ca776cb875bc9e5514f56b52eb74f9e7a9/library/std/src/sys_common/backtrace.rs:49:5
[INFO] [stdout]    7:     0x56379d19224b - std::sys_common::backtrace::print::h61376ae57d131d72
[INFO] [stdout]                                at /rustc/53fd98ca776cb875bc9e5514f56b52eb74f9e7a9/library/std/src/sys_common/backtrace.rs:36:9
[INFO] [stdout]    8:     0x56379d19224b - std::panicking::default_hook::{{closure}}::h0f7208c0b9644a54
[INFO] [stdout]                                at /rustc/53fd98ca776cb875bc9e5514f56b52eb74f9e7a9/library/std/src/panicking.rs:208:50
[INFO] [stdout]    9:     0x56379d191d5c - std::panicking::default_hook::hdac7fc06578c14ce
[INFO] [stdout]                                at /rustc/53fd98ca776cb875bc9e5514f56b52eb74f9e7a9/library/std/src/panicking.rs:222:9
[INFO] [stdout]   10:     0x56379d192914 - std::panicking::rust_panic_with_hook::h72b21c283da3d1ef
[INFO] [stdout]                                at /rustc/53fd98ca776cb875bc9e5514f56b52eb74f9e7a9/library/std/src/panicking.rs:622:17
[INFO] [stdout]   11:     0x56379d1923f7 - std::panicking::begin_panic_handler::{{closure}}::he5778f1729cff84a
[INFO] [stdout]                                at /rustc/53fd98ca776cb875bc9e5514f56b52eb74f9e7a9/library/std/src/panicking.rs:519:13
[INFO] [stdout]   12:     0x56379d1904ec - std::sys_common::backtrace::__rust_end_short_backtrace::h2d11ca8b453b4b1d
[INFO] [stdout]                                at /rustc/53fd98ca776cb875bc9e5514f56b52eb74f9e7a9/library/std/src/sys_common/backtrace.rs:141:18
[INFO] [stdout]   13:     0x56379d192359 - rust_begin_unwind
[INFO] [stdout]                                at /rustc/53fd98ca776cb875bc9e5514f56b52eb74f9e7a9/library/std/src/panicking.rs:515:5
[INFO] [stdout]   14:     0x56379d063431 - core::panicking::panic_fmt::hf9de31d4acbce4db
[INFO] [stdout]                                at /rustc/53fd98ca776cb875bc9e5514f56b52eb74f9e7a9/library/core/src/panicking.rs:92:14
[INFO] [stdout]   15:     0x56379d063523 - core::result::unwrap_failed::ha0c84e81219e5878
[INFO] [stdout]                                at /rustc/53fd98ca776cb875bc9e5514f56b52eb74f9e7a9/library/core/src/result.rs:1599:5
[INFO] [stdout]   16:     0x56379d07983b - core::result::Result<T,E>::unwrap::h377647d63d677815
[INFO] [stdout]                                at /rustc/53fd98ca776cb875bc9e5514f56b52eb74f9e7a9/library/core/src/result.rs:1281:23
[INFO] [stdout]   17:     0x56379d087869 - async_log_watcher::pretty_state::test::init::{{closure}}::hd09379b78cd2addf
[INFO] [stdout]                                at /opt/rustwide/workdir/src/pretty_state.rs:141:33
[INFO] [stdout]   18:     0x56379d08441b - <core::future::from_generator::GenFuture<T> as core::future::future::Future>::poll::h4533157cde68d631
[INFO] [stdout]                                at /rustc/53fd98ca776cb875bc9e5514f56b52eb74f9e7a9/library/core/src/future/mod.rs:80:19
[INFO] [stdout]   19:     0x56379d076fd9 - <async_std::task::builder::SupportTaskLocals<F> as core::future::future::Future>::poll::{{closure}}::h413ffc4b360c8e2a
[INFO] [stdout]                                at /opt/rustwide/cargo-home/registry/src/github.com-1ecc6299db9ec823/async-std-1.8.0/src/task/builder.rs:199:17
[INFO] [stdout]   20:     0x56379d080af6 - async_std::task::task_locals_wrapper::TaskLocalsWrapper::set_current::{{closure}}::he40ee2805a7f53a3
[INFO] [stdout]                                at /opt/rustwide/cargo-home/registry/src/github.com-1ecc6299db9ec823/async-std-1.8.0/src/task/task_locals_wrapper.rs:60:13
[INFO] [stdout]   21:     0x56379d076801 - std::thread::local::LocalKey<T>::try_with::h46775e474fd71bdd
[INFO] [stdout]                                at /rustc/53fd98ca776cb875bc9e5514f56b52eb74f9e7a9/library/std/src/thread/local.rs:399:16
[INFO] [stdout]   22:     0x56379d0761cd - std::thread::local::LocalKey<T>::with::hbe0bd9f718332156
[INFO] [stdout]                                at /rustc/53fd98ca776cb875bc9e5514f56b52eb74f9e7a9/library/std/src/thread/local.rs:375:9
[INFO] [stdout]   23:     0x56379d080a08 - async_std::task::task_locals_wrapper::TaskLocalsWrapper::set_current::h35ee942e5ba32a69
[INFO] [stdout]                                at /opt/rustwide/cargo-home/registry/src/github.com-1ecc6299db9ec823/async-std-1.8.0/src/task/task_locals_wrapper.rs:55:9
[INFO] [stdout]   24:     0x56379d076f85 - <async_std::task::builder::SupportTaskLocals<F> as core::future::future::Future>::poll::h6b04555b09f3ad34
[INFO] [stdout]                                at /opt/rustwide/cargo-home/registry/src/github.com-1ecc6299db9ec823/async-std-1.8.0/src/task/builder.rs:197:13
[INFO] [stdout]   25:     0x56379d086b8b - <futures_lite::future::Or<F1,F2> as core::future::future::Future>::poll::hdc4598861a0506a2
[INFO] [stdout]                                at /opt/rustwide/cargo-home/registry/src/github.com-1ecc6299db9ec823/futures-lite-1.11.2/src/future.rs:526:33
[INFO] [stdout]   26:     0x56379d071d7a - async_executor::Executor::run::{{closure}}::h78953ada6433b7e4
[INFO] [stdout]                                at /opt/rustwide/cargo-home/registry/src/github.com-1ecc6299db9ec823/async-executor-1.4.0/src/lib.rs:236:9
[INFO] [stdout]   27:     0x56379d08476b - <core::future::from_generator::GenFuture<T> as core::future::future::Future>::poll::h6ef69e02340aa7d7
[INFO] [stdout]                                at /rustc/53fd98ca776cb875bc9e5514f56b52eb74f9e7a9/library/core/src/future/mod.rs:80:19
[INFO] [stdout]   28:     0x56379d071906 - async_executor::LocalExecutor::run::{{closure}}::h163b533f2e551df8
[INFO] [stdout]                                at /opt/rustwide/cargo-home/registry/src/github.com-1ecc6299db9ec823/async-executor-1.4.0/src/lib.rs:437:9
[INFO] [stdout]   29:     0x56379d084a9b - <core::future::from_generator::GenFuture<T> as core::future::future::Future>::poll::h871198c4555da6aa
[INFO] [stdout]                                at /rustc/53fd98ca776cb875bc9e5514f56b52eb74f9e7a9/library/core/src/future/mod.rs:80:19
[INFO] [stdout]   30:     0x56379d082a32 - async_io::driver::block_on::h032a3c7f471cae10
[INFO] [stdout]                                at /opt/rustwide/cargo-home/registry/src/github.com-1ecc6299db9ec823/async-io-1.3.1/src/driver.rs:142:33
[INFO] [stdout]   31:     0x56379d0862c5 - async_global_executor::reactor::block_on::{{closure}}::hd7e0c1700ae3054c
[INFO] [stdout]                                at /opt/rustwide/cargo-home/registry/src/github.com-1ecc6299db9ec823/async-global-executor-1.4.3/src/lib.rs:48:22
[INFO] [stdout]   32:     0x56379d086293 - async_global_executor::reactor::block_on::hb5bf4c0ddf03f8e0
[INFO] [stdout]                                at /opt/rustwide/cargo-home/registry/src/github.com-1ecc6299db9ec823/async-global-executor-1.4.3/src/lib.rs:55:9
[INFO] [stdout]   33:     0x56379d0898e3 - async_global_executor::block_on::{{closure}}::h1d6e1c069d8faf5d
[INFO] [stdout]                                at /opt/rustwide/cargo-home/registry/src/github.com-1ecc6299db9ec823/async-global-executor-1.4.3/src/lib.rs:205:36
[INFO] [stdout]   34:     0x56379d076b6a - std::thread::local::LocalKey<T>::try_with::h8e85a934ec3f9365
[INFO] [stdout]                                at /rustc/53fd98ca776cb875bc9e5514f56b52eb74f9e7a9/library/std/src/thread/local.rs:399:16
[INFO] [stdout]   35:     0x56379d0760e2 - std::thread::local::LocalKey<T>::with::h77993ce5481ce025
[INFO] [stdout]                                at /rustc/53fd98ca776cb875bc9e5514f56b52eb74f9e7a9/library/std/src/thread/local.rs:375:9
[INFO] [stdout]   36:     0x56379d089886 - async_global_executor::block_on::hbea1701d5f52e2fb
[INFO] [stdout]                                at /opt/rustwide/cargo-home/registry/src/github.com-1ecc6299db9ec823/async-global-executor-1.4.3/src/lib.rs:205:5
[INFO] [stdout]   37:     0x56379d078980 - async_std::task::builder::Builder::blocking::{{closure}}::{{closure}}::hc03b70164493351f
[INFO] [stdout]                                at /opt/rustwide/cargo-home/registry/src/github.com-1ecc6299db9ec823/async-std-1.8.0/src/task/builder.rs:171:25
[INFO] [stdout]   38:     0x56379d080c19 - async_std::task::task_locals_wrapper::TaskLocalsWrapper::set_current::{{closure}}::hfbf25501a6e6c386
[INFO] [stdout]                                at /opt/rustwide/cargo-home/registry/src/github.com-1ecc6299db9ec823/async-std-1.8.0/src/task/task_locals_wrapper.rs:60:13
[INFO] [stdout]   39:     0x56379d076eda - std::thread::local::LocalKey<T>::try_with::he3688453d1c4badf
[INFO] [stdout]                                at /rustc/53fd98ca776cb875bc9e5514f56b52eb74f9e7a9/library/std/src/thread/local.rs:399:16
[INFO] [stdout]   40:     0x56379d076340 - std::thread::local::LocalKey<T>::with::hf90ef15840294b72
[INFO] [stdout]                                at /rustc/53fd98ca776cb875bc9e5514f56b52eb74f9e7a9/library/std/src/thread/local.rs:375:9
[INFO] [stdout]   41:     0x56379d080a57 - async_std::task::task_locals_wrapper::TaskLocalsWrapper::set_current::hfec8235e05982342
[INFO] [stdout]                                at /opt/rustwide/cargo-home/registry/src/github.com-1ecc6299db9ec823/async-std-1.8.0/src/task/task_locals_wrapper.rs:55:9
[INFO] [stdout]   42:     0x56379d0788da - async_std::task::builder::Builder::blocking::{{closure}}::h4b82df68a30401ae
[INFO] [stdout]                                at /opt/rustwide/cargo-home/registry/src/github.com-1ecc6299db9ec823/async-std-1.8.0/src/task/builder.rs:168:17
[INFO] [stdout]   43:     0x56379d076582 - std::thread::local::LocalKey<T>::try_with::h1a2015ae29f06fb7
[INFO] [stdout]                                at /rustc/53fd98ca776cb875bc9e5514f56b52eb74f9e7a9/library/std/src/thread/local.rs:399:16
[INFO] [stdout]   44:     0x56379d076292 - std::thread::local::LocalKey<T>::with::hde36861010a0ae9e
[INFO] [stdout]                                at /rustc/53fd98ca776cb875bc9e5514f56b52eb74f9e7a9/library/std/src/thread/local.rs:375:9
[INFO] [stdout]   45:     0x56379d07876b - async_std::task::builder::Builder::blocking::h24bd36f6f17aecdf
[INFO] [stdout]                                at /opt/rustwide/cargo-home/registry/src/github.com-1ecc6299db9ec823/async-std-1.8.0/src/task/builder.rs:161:9
[INFO] [stdout]   46:     0x56379d075fdc - async_std::task::block_on::block_on::h7b02b2de4a6ae6bb
[INFO] [stdout]                                at /opt/rustwide/cargo-home/registry/src/github.com-1ecc6299db9ec823/async-std-1.8.0/src/task/block_on.rs:33:5
[INFO] [stdout]   47:     0x56379d0874fb - async_log_watcher::pretty_state::test::init::h9199568fc9987590
[INFO] [stdout]                                at /opt/rustwide/workdir/src/pretty_state.rs:139:5
[INFO] [stdout]   48:     0x56379d0874ba - async_log_watcher::pretty_state::test::init::{{closure}}::h5954e5b1b8f48b8e
[INFO] [stdout]                                at /opt/rustwide/workdir/src/pretty_state.rs:139:5
[INFO] [stdout]   49:     0x56379d07cc9e - core::ops::function::FnOnce::call_once::he51066888fee4832
[INFO] [stdout]                                at /rustc/53fd98ca776cb875bc9e5514f56b52eb74f9e7a9/library/core/src/ops/function.rs:227:5
[INFO] [stdout]   50:     0x56379d0bd9e3 - core::ops::function::FnOnce::call_once::hbb52c4519d3137b0
[INFO] [stdout]                                at /rustc/53fd98ca776cb875bc9e5514f56b52eb74f9e7a9/library/core/src/ops/function.rs:227:5
[INFO] [stdout]   51:     0x56379d0bd9e3 - test::__rust_begin_short_backtrace::h86fe3a2a5a5121af
[INFO] [stdout]                                at /rustc/53fd98ca776cb875bc9e5514f56b52eb74f9e7a9/library/test/src/lib.rs:578:5
[INFO] [stdout]   52:     0x56379d0bc498 - <alloc::boxed::Box<F,A> as core::ops::function::FnOnce<Args>>::call_once::hfd956bc3d57399be
[INFO] [stdout]                                at /rustc/53fd98ca776cb875bc9e5514f56b52eb74f9e7a9/library/alloc/src/boxed.rs:1572:9
[INFO] [stdout]   53:     0x56379d0bc498 - <std::panic::AssertUnwindSafe<F> as core::ops::function::FnOnce<()>>::call_once::h40dc93e0ddb5938a
[INFO] [stdout]                                at /rustc/53fd98ca776cb875bc9e5514f56b52eb74f9e7a9/library/std/src/panic.rs:347:9
[INFO] [stdout]   54:     0x56379d0bc498 - std::panicking::try::do_call::h90d07750cb47c562
[INFO] [stdout]                                at /rustc/53fd98ca776cb875bc9e5514f56b52eb74f9e7a9/library/std/src/panicking.rs:401:40
[INFO] [stdout]   55:     0x56379d0bc498 - std::panicking::try::h063c84733ad2a629
[INFO] [stdout]                                at /rustc/53fd98ca776cb875bc9e5514f56b52eb74f9e7a9/library/std/src/panicking.rs:365:19
[INFO] [stdout]   56:     0x56379d0bc498 - std::panic::catch_unwind::h0c464836a84e7c08
[INFO] [stdout]                                at /rustc/53fd98ca776cb875bc9e5514f56b52eb74f9e7a9/library/std/src/panic.rs:434:14
[INFO] [stdout]   57:     0x56379d0bc498 - test::run_test_in_process::h5cb06ef620b157fc
[INFO] [stdout]                                at /rustc/53fd98ca776cb875bc9e5514f56b52eb74f9e7a9/library/test/src/lib.rs:601:18
[INFO] [stdout]   58:     0x56379d0bc498 - test::run_test::run_test_inner::{{closure}}::h76f677f4b93f9828
[INFO] [stdout]                                at /rustc/53fd98ca776cb875bc9e5514f56b52eb74f9e7a9/library/test/src/lib.rs:493:39
[INFO] [stdout]   59:     0x56379d08ac2d - test::run_test::run_test_inner::{{closure}}::h366d01fe04f4d67a
[INFO] [stdout]                                at /rustc/53fd98ca776cb875bc9e5514f56b52eb74f9e7a9/library/test/src/lib.rs:520:37
[INFO] [stdout]   60:     0x56379d08ac2d - std::sys_common::backtrace::__rust_begin_short_backtrace::h7dfa0de4eb395af2
[INFO] [stdout]                                at /rustc/53fd98ca776cb875bc9e5514f56b52eb74f9e7a9/library/std/src/sys_common/backtrace.rs:125:18
[INFO] [stdout]   61:     0x56379d08f3f8 - std::thread::Builder::spawn_unchecked::{{closure}}::{{closure}}::hf0a74bb58798037f
[INFO] [stdout]                                at /rustc/53fd98ca776cb875bc9e5514f56b52eb74f9e7a9/library/std/src/thread/mod.rs:476:17
[INFO] [stdout]   62:     0x56379d08f3f8 - <std::panic::AssertUnwindSafe<F> as core::ops::function::FnOnce<()>>::call_once::hb024e854818586ac
[INFO] [stdout]                                at /rustc/53fd98ca776cb875bc9e5514f56b52eb74f9e7a9/library/std/src/panic.rs:347:9
[INFO] [stdout]   63:     0x56379d08f3f8 - std::panicking::try::do_call::hb2dd9f1d0d48e41d
[INFO] [stdout]                                at /rustc/53fd98ca776cb875bc9e5514f56b52eb74f9e7a9/library/std/src/panicking.rs:401:40
[INFO] [stdout]   64:     0x56379d08f3f8 - std::panicking::try::h4717ae7bac8b2bf3
[INFO] [stdout]                                at /rustc/53fd98ca776cb875bc9e5514f56b52eb74f9e7a9/library/std/src/panicking.rs:365:19
[INFO] [stdout]   65:     0x56379d08f3f8 - std::panic::catch_unwind::h0dc8a061326ce8d8
[INFO] [stdout]                                at /rustc/53fd98ca776cb875bc9e5514f56b52eb74f9e7a9/library/std/src/panic.rs:434:14
[INFO] [stdout]   66:     0x56379d08f3f8 - std::thread::Builder::spawn_unchecked::{{closure}}::haa369e2d6fd00aa1
[INFO] [stdout]                                at /rustc/53fd98ca776cb875bc9e5514f56b52eb74f9e7a9/library/std/src/thread/mod.rs:475:30
[INFO] [stdout]   67:     0x56379d08f3f8 - core::ops::function::FnOnce::call_once{{vtable.shim}}::h36dcf3de8b056f17
[INFO] [stdout]                                at /rustc/53fd98ca776cb875bc9e5514f56b52eb74f9e7a9/library/core/src/ops/function.rs:227:5
[INFO] [stdout]   68:     0x56379d1975f7 - <alloc::boxed::Box<F,A> as core::ops::function::FnOnce<Args>>::call_once::h65c29e4642be2358
[INFO] [stdout]                                at /rustc/53fd98ca776cb875bc9e5514f56b52eb74f9e7a9/library/alloc/src/boxed.rs:1572:9
[INFO] [stdout]   69:     0x56379d1975f7 - <alloc::boxed::Box<F,A> as core::ops::function::FnOnce<Args>>::call_once::hd0f8f7fbbd9fffbf
[INFO] [stdout]                                at /rustc/53fd98ca776cb875bc9e5514f56b52eb74f9e7a9/library/alloc/src/boxed.rs:1572:9
[INFO] [stdout]   70:     0x56379d1975f7 - std::sys::unix::thread::Thread::new::thread_start::h2fd22fee3ca77b65
[INFO] [stdout]                                at /rustc/53fd98ca776cb875bc9e5514f56b52eb74f9e7a9/library/std/src/sys/unix/thread.rs:74:17
[INFO] [stdout]   71:     0x7f5c76344609 - start_thread
[INFO] [stdout]   72:     0x7f5c76116293 - clone
[INFO] [stdout]   73:                0x0 - <unknown>
[INFO] [stdout] 
[INFO] [stdout] 
[INFO] [stdout] failures:
[INFO] [stdout]     pretty_state::test::init
[INFO] [stdout] 
[INFO] [stdout] test result: FAILED. 0 passed; 1 failed; 0 ignored; 0 measured; 0 filtered out; finished in 0.04s
[INFO] [stdout] 
[INFO] [stderr] error: test failed, to rerun pass '--lib'
[INFO] running `Command { std: "docker" "inspect" "35ebf336b3e37a8bc5d7f333ef8398ae89d124a334e2155ce95ae19bb0debcd0", kill_on_drop: false }`
[INFO] running `Command { std: "docker" "rm" "-f" "35ebf336b3e37a8bc5d7f333ef8398ae89d124a334e2155ce95ae19bb0debcd0", kill_on_drop: false }`
[INFO] [stdout] 35ebf336b3e37a8bc5d7f333ef8398ae89d124a334e2155ce95ae19bb0debcd0
