[INFO] cloning repository https://github.com/mmstick/cargo-deb
[INFO] running `Command { std: "git" "-c" "credential.helper=" "-c" "credential.helper=/workspace/cargo-home/bin/git-credential-null" "clone" "--bare" "https://github.com/mmstick/cargo-deb" "/workspace/cache/git-repos/https%3A%2F%2Fgithub.com%2Fmmstick%2Fcargo-deb", kill_on_drop: false }`
[INFO] [stderr] Cloning into bare repository '/workspace/cache/git-repos/https%3A%2F%2Fgithub.com%2Fmmstick%2Fcargo-deb'...
[INFO] running `Command { std: "git" "rev-parse" "HEAD", kill_on_drop: false }`
[INFO] [stdout] f603d105b4641e00640e46b189c6ee0c8f084de2
[INFO] testing mmstick/cargo-deb against beta-2021-08-01 for beta-1.55-1
[INFO] running `Command { std: "git" "clone" "/workspace/cache/git-repos/https%3A%2F%2Fgithub.com%2Fmmstick%2Fcargo-deb" "/workspace/builds/worker-12/source", kill_on_drop: false }`
[INFO] [stderr] Cloning into '/workspace/builds/worker-12/source'...
[INFO] [stderr] done.
[INFO] validating manifest of git repo https://github.com/mmstick/cargo-deb on toolchain beta-2021-08-01
[INFO] running `Command { std: "/workspace/cargo-home/bin/cargo" "+beta-2021-08-01" "metadata" "--manifest-path" "Cargo.toml" "--no-deps", kill_on_drop: false }`
[INFO] started tweaking git repo https://github.com/mmstick/cargo-deb
[INFO] finished tweaking git repo https://github.com/mmstick/cargo-deb
[INFO] tweaked toml for git repo https://github.com/mmstick/cargo-deb written to /workspace/builds/worker-12/source/Cargo.toml
[INFO] crate git repo https://github.com/mmstick/cargo-deb already has a lockfile, it will not be regenerated
[INFO] running `Command { std: "/workspace/cargo-home/bin/cargo" "+beta-2021-08-01" "fetch" "--manifest-path" "Cargo.toml", kill_on_drop: false }`
[INFO] [stderr]     Blocking waiting for file lock on package cache
[INFO] [stderr]     Blocking waiting for file lock on package cache
[INFO] [stderr]  Downloading crates ...
[INFO] [stderr]   Downloaded mockall v0.9.1
[INFO] [stderr]   Downloaded ar v0.8.0
[INFO] [stderr]   Downloaded cargo_toml v0.9.1
[INFO] [stderr]   Downloaded mockall_derive v0.9.1
[INFO] [stderr]   Downloaded zopfli v0.4.0
[INFO] [stderr]   Downloaded rstest v0.7.0
[INFO] running `Command { std: "docker" "create" "-v" "/var/lib/crater-agent-workspace/builds/worker-12/target:/opt/rustwide/target:rw,Z" "-v" "/var/lib/crater-agent-workspace/builds/worker-12/source:/opt/rustwide/workdir:ro,Z" "-v" "/var/lib/crater-agent-workspace/cargo-home:/opt/rustwide/cargo-home:ro,Z" "-v" "/var/lib/crater-agent-workspace/rustup-home:/opt/rustwide/rustup-home:ro,Z" "-e" "SOURCE_DIR=/opt/rustwide/workdir" "-e" "CARGO_TARGET_DIR=/opt/rustwide/target" "-e" "CARGO_HOME=/opt/rustwide/cargo-home" "-e" "RUSTUP_HOME=/opt/rustwide/rustup-home" "-w" "/opt/rustwide/workdir" "-m" "1610612736" "--user" "0:0" "--network" "none" "ghcr.io/rust-lang/crates-build-env/linux@sha256:34b6a614d2c27851fe6cbf88fbd1137609cefab8b10d0615aaeb6fd47975d74e" "/opt/rustwide/cargo-home/bin/cargo" "+beta-2021-08-01" "metadata" "--no-deps" "--format-version=1", kill_on_drop: false }`
[INFO] [stdout] d6305dad6fc9de2f7e618d6b1a5fc02fe7b00bb14b16a74bdb11811b2645d217
[INFO] running `Command { std: "docker" "start" "-a" "d6305dad6fc9de2f7e618d6b1a5fc02fe7b00bb14b16a74bdb11811b2645d217", kill_on_drop: false }`
[INFO] running `Command { std: "docker" "inspect" "d6305dad6fc9de2f7e618d6b1a5fc02fe7b00bb14b16a74bdb11811b2645d217", kill_on_drop: false }`
[INFO] running `Command { std: "docker" "rm" "-f" "d6305dad6fc9de2f7e618d6b1a5fc02fe7b00bb14b16a74bdb11811b2645d217", kill_on_drop: false }`
[INFO] [stdout] d6305dad6fc9de2f7e618d6b1a5fc02fe7b00bb14b16a74bdb11811b2645d217
[INFO] running `Command { std: "docker" "create" "-v" "/var/lib/crater-agent-workspace/builds/worker-12/target:/opt/rustwide/target:rw,Z" "-v" "/var/lib/crater-agent-workspace/builds/worker-12/source:/opt/rustwide/workdir:ro,Z" "-v" "/var/lib/crater-agent-workspace/cargo-home:/opt/rustwide/cargo-home:ro,Z" "-v" "/var/lib/crater-agent-workspace/rustup-home:/opt/rustwide/rustup-home:ro,Z" "-e" "SOURCE_DIR=/opt/rustwide/workdir" "-e" "CARGO_TARGET_DIR=/opt/rustwide/target" "-e" "CARGO_INCREMENTAL=0" "-e" "RUST_BACKTRACE=full" "-e" "RUSTFLAGS=--cap-lints=warn" "-e" "CARGO_HOME=/opt/rustwide/cargo-home" "-e" "RUSTUP_HOME=/opt/rustwide/rustup-home" "-w" "/opt/rustwide/workdir" "-m" "1610612736" "--user" "0:0" "--network" "none" "ghcr.io/rust-lang/crates-build-env/linux@sha256:34b6a614d2c27851fe6cbf88fbd1137609cefab8b10d0615aaeb6fd47975d74e" "/opt/rustwide/cargo-home/bin/cargo" "+beta-2021-08-01" "build" "--frozen" "--message-format=json", kill_on_drop: false }`
[INFO] [stdout] bc32bb2aad833dd044935e06b2867529d308e117e943684bef0e349a3d2fc48b
[INFO] running `Command { std: "docker" "start" "-a" "bc32bb2aad833dd044935e06b2867529d308e117e943684bef0e349a3d2fc48b", kill_on_drop: false }`
[INFO] [stderr]     Blocking waiting for file lock on package cache
[INFO] [stderr]    Compiling autocfg v1.0.1
[INFO] [stderr]    Compiling libc v0.2.94
[INFO] [stderr]    Compiling proc-macro2 v1.0.27
[INFO] [stderr]    Compiling cfg-if v1.0.0
[INFO] [stderr]    Compiling unicode-xid v0.2.2
[INFO] [stderr]    Compiling syn v1.0.72
[INFO] [stderr]    Compiling lazy_static v1.4.0
[INFO] [stderr]    Compiling serde_derive v1.0.126
[INFO] [stderr]    Compiling serde v1.0.126
[INFO] [stderr]    Compiling scopeguard v1.1.0
[INFO] [stderr]    Compiling pkg-config v0.3.19
[INFO] [stderr]    Compiling memchr v2.4.0
[INFO] [stderr]    Compiling cc v1.0.67
[INFO] [stderr]    Compiling build_const v0.2.2
[INFO] [stderr]    Compiling rayon-core v1.9.1
[INFO] [stderr]    Compiling ryu v1.0.5
[INFO] [stderr]    Compiling either v1.6.1
[INFO] [stderr]    Compiling serde_json v1.0.64
[INFO] [stderr]    Compiling cargo-deb v1.30.0 (/opt/rustwide/workdir)
[INFO] [stderr]    Compiling unicode-width v0.1.8
[INFO] [stderr]    Compiling itoa v0.4.7
[INFO] [stderr]    Compiling adler32 v1.2.0
[INFO] [stderr]    Compiling byteorder v1.4.3
[INFO] [stderr]    Compiling typed-arena v1.7.0
[INFO] [stderr]    Compiling regex-syntax v0.6.25
[INFO] [stderr]    Compiling glob v0.3.0
[INFO] [stderr]    Compiling ar v0.8.0
[INFO] [stderr]    Compiling md5 v0.7.0
[INFO] [stderr]    Compiling quick-error v2.0.1
[INFO] [stderr]    Compiling itertools v0.10.0
[INFO] [stderr]    Compiling crossbeam-utils v0.8.4
[INFO] [stderr]    Compiling memoffset v0.6.3
[INFO] [stderr]    Compiling rayon v1.5.1
[INFO] [stderr]    Compiling getopts v0.2.21
[INFO] [stderr]    Compiling num_cpus v1.13.0
[INFO] [stderr]    Compiling xattr v0.2.2
[INFO] [stderr]    Compiling filetime v0.2.14
[INFO] [stderr]    Compiling crc v1.8.1
[INFO] [stderr]    Compiling quote v1.0.9
[INFO] [stderr]    Compiling aho-corasick v0.7.18
[INFO] [stderr]    Compiling lzma-sys v0.1.17
[INFO] [stderr]    Compiling tar v0.4.33
[INFO] [stderr]    Compiling zopfli v0.4.0
[INFO] [stderr]    Compiling crossbeam-epoch v0.9.4
[INFO] [stderr]    Compiling crossbeam-channel v0.5.1
[INFO] [stderr]    Compiling crossbeam-deque v0.8.0
[INFO] [stderr]    Compiling xz2 v0.1.6
[INFO] [stderr]    Compiling regex v1.5.4
[INFO] [stderr]    Compiling toml v0.5.8
[INFO] [stderr]    Compiling cargo_toml v0.9.1
[INFO] [stderr]     Finished dev [unoptimized + debuginfo] target(s) in 45.99s
[INFO] running `Command { std: "docker" "inspect" "bc32bb2aad833dd044935e06b2867529d308e117e943684bef0e349a3d2fc48b", kill_on_drop: false }`
[INFO] running `Command { std: "docker" "rm" "-f" "bc32bb2aad833dd044935e06b2867529d308e117e943684bef0e349a3d2fc48b", kill_on_drop: false }`
[INFO] [stdout] bc32bb2aad833dd044935e06b2867529d308e117e943684bef0e349a3d2fc48b
[INFO] running `Command { std: "docker" "create" "-v" "/var/lib/crater-agent-workspace/builds/worker-12/target:/opt/rustwide/target:rw,Z" "-v" "/var/lib/crater-agent-workspace/builds/worker-12/source:/opt/rustwide/workdir:ro,Z" "-v" "/var/lib/crater-agent-workspace/cargo-home:/opt/rustwide/cargo-home:ro,Z" "-v" "/var/lib/crater-agent-workspace/rustup-home:/opt/rustwide/rustup-home:ro,Z" "-e" "SOURCE_DIR=/opt/rustwide/workdir" "-e" "CARGO_TARGET_DIR=/opt/rustwide/target" "-e" "CARGO_INCREMENTAL=0" "-e" "RUST_BACKTRACE=full" "-e" "RUSTFLAGS=--cap-lints=warn" "-e" "CARGO_HOME=/opt/rustwide/cargo-home" "-e" "RUSTUP_HOME=/opt/rustwide/rustup-home" "-w" "/opt/rustwide/workdir" "-m" "1610612736" "--user" "0:0" "--network" "none" "ghcr.io/rust-lang/crates-build-env/linux@sha256:34b6a614d2c27851fe6cbf88fbd1137609cefab8b10d0615aaeb6fd47975d74e" "/opt/rustwide/cargo-home/bin/cargo" "+beta-2021-08-01" "test" "--frozen" "--no-run" "--message-format=json", kill_on_drop: false }`
[INFO] [stdout] 30a664e9fb6ca396f4d3dc3c06c67565533ff248c252bd8f320c53f3baa4dcc0
[INFO] running `Command { std: "docker" "start" "-a" "30a664e9fb6ca396f4d3dc3c06c67565533ff248c252bd8f320c53f3baa4dcc0", kill_on_drop: false }`
[INFO] [stderr]     Blocking waiting for file lock on package cache
[INFO] [stderr]    Compiling ucd-trie v0.1.3
[INFO] [stderr]    Compiling predicates-core v1.0.2
[INFO] [stderr]    Compiling difference v2.0.0
[INFO] [stderr]    Compiling treeline v0.1.0
[INFO] [stderr]    Compiling normalize-line-endings v0.3.0
[INFO] [stderr]    Compiling fragile v1.0.0
[INFO] [stderr]    Compiling downcast v0.10.0
[INFO] [stderr]    Compiling remove_dir_all v0.5.3
[INFO] [stderr]    Compiling num-traits v0.2.14
[INFO] [stderr]    Compiling cargo-deb v1.30.0 (/opt/rustwide/workdir)
[INFO] [stderr]    Compiling rand v0.4.6
[INFO] [stderr]    Compiling mockall_derive v0.9.1
[INFO] [stderr]    Compiling pest v2.1.3
[INFO] [stderr]    Compiling predicates-tree v1.0.2
[INFO] [stderr]    Compiling tempdir v0.3.7
[INFO] [stderr]    Compiling float-cmp v0.8.0
[INFO] [stderr]    Compiling semver-parser v0.10.2
[INFO] [stderr]    Compiling predicates v1.0.8
[INFO] [stderr]    Compiling semver v0.11.0
[INFO] [stderr]    Compiling rustc_version v0.3.3
[INFO] [stderr]    Compiling mockall v0.9.1
[INFO] [stderr]    Compiling rstest v0.7.0
[INFO] [stderr]     Finished test [unoptimized + debuginfo] target(s) in 1m 24s
[INFO] running `Command { std: "docker" "inspect" "30a664e9fb6ca396f4d3dc3c06c67565533ff248c252bd8f320c53f3baa4dcc0", kill_on_drop: false }`
[INFO] running `Command { std: "docker" "rm" "-f" "30a664e9fb6ca396f4d3dc3c06c67565533ff248c252bd8f320c53f3baa4dcc0", kill_on_drop: false }`
[INFO] [stdout] 30a664e9fb6ca396f4d3dc3c06c67565533ff248c252bd8f320c53f3baa4dcc0
[INFO] running `Command { std: "docker" "create" "-v" "/var/lib/crater-agent-workspace/builds/worker-12/target:/opt/rustwide/target:rw,Z" "-v" "/var/lib/crater-agent-workspace/builds/worker-12/source:/opt/rustwide/workdir:ro,Z" "-v" "/var/lib/crater-agent-workspace/cargo-home:/opt/rustwide/cargo-home:ro,Z" "-v" "/var/lib/crater-agent-workspace/rustup-home:/opt/rustwide/rustup-home:ro,Z" "-e" "SOURCE_DIR=/opt/rustwide/workdir" "-e" "CARGO_TARGET_DIR=/opt/rustwide/target" "-e" "CARGO_INCREMENTAL=0" "-e" "RUST_BACKTRACE=full" "-e" "RUSTFLAGS=--cap-lints=warn" "-e" "CARGO_HOME=/opt/rustwide/cargo-home" "-e" "RUSTUP_HOME=/opt/rustwide/rustup-home" "-w" "/opt/rustwide/workdir" "-m" "1610612736" "--user" "0:0" "--network" "none" "ghcr.io/rust-lang/crates-build-env/linux@sha256:34b6a614d2c27851fe6cbf88fbd1137609cefab8b10d0615aaeb6fd47975d74e" "/opt/rustwide/cargo-home/bin/cargo" "+beta-2021-08-01" "test" "--frozen", kill_on_drop: false }`
[INFO] [stdout] 4b20bc3984b1e4bc38d0b048b1a0317075d66daac4d6615f085cb7ff0fe3c4d0
[INFO] running `Command { std: "docker" "start" "-a" "4b20bc3984b1e4bc38d0b048b1a0317075d66daac4d6615f085cb7ff0fe3c4d0", kill_on_drop: false }`
[INFO] [stderr]     Blocking waiting for file lock on package cache
[INFO] [stderr]     Finished test [unoptimized + debuginfo] target(s) in 0.21s
[INFO] [stderr]      Running unittests (/opt/rustwide/target/debug/deps/cargo_deb-654d8a08425e4eb6)
[INFO] [stdout] 
[INFO] [stdout] running 110 tests
[INFO] [stdout] test config::parse_objcopy ... ok
[INFO] [stdout] test config::parse_strip ... ok
[INFO] [stdout] test dependencies::parse_search ... ok
[INFO] [stdout] test dh_installsystemd::tests::find_named_units_for_package ... ok
[INFO] [stdout] test dh_installsystemd::tests::find_units_in_empty_dir_finds_nothing ... ok
[INFO] [stdout] test dh_installsystemd::tests::find_units_for_package ... ok
[INFO] [stdout] test dh_installsystemd::tests::generate_acts_only_on_unit_files_with_the_expected_install_path ... ok
[INFO] [stdout] test dh_installsystemd::tests::generate_creates_expected_autoscript_fragments::case_09 ... ok
[INFO] [stdout] test dh_installsystemd::tests::generate_creates_expected_autoscript_fragments::case_01 ... ok
[INFO] [stdout] test dh_installsystemd::tests::generate_creates_expected_autoscript_fragments::case_05 ... ok
[INFO] [stdout] test dh_installsystemd::tests::generate_creates_expected_autoscript_fragments::case_11 ... ok
[INFO] [stdout] test dh_installsystemd::tests::generate_creates_expected_autoscript_fragments::case_10 ... ok
[INFO] [stdout] test dh_installsystemd::tests::generate_creates_expected_autoscript_fragments::case_04 ... ok
[INFO] [stdout] test dh_installsystemd::tests::generate_creates_expected_autoscript_fragments::case_16 ... ok
[INFO] [stdout] test dh_installsystemd::tests::generate_creates_expected_autoscript_fragments::case_02 ... ok
[INFO] [stdout] test dh_installsystemd::tests::generate_creates_expected_autoscript_fragments::case_17 ... ok
[INFO] [stdout] test dh_installsystemd::tests::generate_creates_expected_autoscript_fragments::case_20 ... ok
[INFO] [stdout] test dh_installsystemd::tests::generate_creates_expected_autoscript_fragments::case_06 ... ok
[INFO] [stdout] test dh_installsystemd::tests::generate_creates_expected_autoscript_fragments::case_08 ... ok
[INFO] [stdout] test dh_installsystemd::tests::generate_creates_expected_autoscript_fragments::case_12 ... ok
[INFO] [stdout] test dh_installsystemd::tests::generate_creates_expected_autoscript_fragments::case_13 ... ok
[INFO] [stdout] test dh_installsystemd::tests::generate_creates_expected_autoscript_fragments::case_15 ... ok
[INFO] [stdout] test dh_installsystemd::tests::generate_creates_expected_autoscript_fragments::case_19 ... ok
[INFO] [stdout] test dh_installsystemd::tests::generate_creates_expected_autoscript_fragments::case_23 ... ok
[INFO] [stdout] test dh_installsystemd::tests::generate_creates_expected_autoscript_fragments::case_22 ... ok
[INFO] [stdout] test dh_installsystemd::tests::generate_creates_expected_autoscript_fragments::case_18 ... ok
[INFO] [stdout] test dh_installsystemd::tests::generate_creates_expected_autoscript_fragments::case_29 ... ok
[INFO] [stdout] test dh_installsystemd::tests::generate_creates_expected_autoscript_fragments::case_14 ... ok
[INFO] [stdout] test dh_installsystemd::tests::generate_creates_expected_autoscript_fragments::case_07 ... ok
[INFO] [stdout] test dh_installsystemd::tests::generate_creates_expected_autoscript_fragments::case_21 ... ok
[INFO] [stdout] test dh_installsystemd::tests::generate_creates_expected_autoscript_fragments::case_03 ... ok
[INFO] [stdout] test dh_installsystemd::tests::generate_creates_expected_autoscript_fragments::case_31 ... ok
[INFO] [stdout] test dh_installsystemd::tests::generate_creates_expected_autoscript_fragments::case_33 ... ok
[INFO] [stdout] test dh_installsystemd::tests::generate_creates_expected_autoscript_fragments::case_27 ... ok
[INFO] [stdout] test dh_installsystemd::tests::generate_creates_expected_autoscript_fragments::case_26 ... ok
[INFO] [stdout] test dh_installsystemd::tests::generate_creates_expected_autoscript_fragments::case_32 ... ok
[INFO] [stdout] test dh_installsystemd::tests::generate_creates_expected_autoscript_fragments::case_24 ... ok
[INFO] [stdout] test dh_installsystemd::tests::generate_with_empty_inputs_does_nothing ... ok
[INFO] [stdout] test dh_installsystemd::tests::generate_creates_expected_autoscript_fragments::case_25 ... ok
[INFO] [stdout] test dh_installsystemd::tests::generate_creates_expected_autoscript_fragments::case_28 ... ok
[INFO] [stdout] test dh_installsystemd::tests::generate_filters_out_template_units ... ok
[INFO] [stdout] test dh_installsystemd::tests::generate_with_arbitrary_asset_does_nothing ... ok
[INFO] [stdout] test dh_installsystemd::tests::is_comment_detects_comments ... ok
[INFO] [stdout] test dh_installsystemd::tests::generate_with_empty_tmp_file_asset ... ok
[INFO] [stdout] test dh_installsystemd::tests::generate_creates_expected_autoscript_fragments::case_30 ... ok
[INFO] [stdout] test dh_installsystemd::tests::unquote_ignores_embedded_quotes ... ok
[INFO] [stdout] test dh_installsystemd::tests::unquote_ignores_mismatched_quotes ... ok
[INFO] [stdout] test dh_installsystemd::tests::is_comment_detects_non_comments ... ok
[INFO] [stdout] test dh_installsystemd::tests::unquote_ignores_partial_quotes ... ok
[INFO] [stdout] test dh_installsystemd::tests::unquote_unquotes_matching_double_quotes ... ok
[INFO] [stdout] test dh_installsystemd::tests::unquote_unquotes_matching_single_quotes ... ok
[INFO] [stdout] test dh_lib::tests::apply_with_no_matching_files ... ok
[INFO] [stdout] test dh_lib::tests::autoscript_check_embedded_files ... ok
[INFO] [stdout] test dh_lib::tests::apply_with_valid_user_files ... ok
[INFO] [stdout] test dh_lib::tests::autoscript_check_service_order ... ok
[INFO] [stdout] test dh_lib::tests::autoscript_detailed_check::case_1_prerm ... ok
[INFO] [stdout] test dh_lib::tests::autoscript_detailed_check::case_2_preinst ... ok
[INFO] [stdout] test dh_lib::tests::autoscript_detailed_check::case_3_postinst ... ok
[INFO] [stdout] test dh_lib::tests::autoscript_detailed_check::case_4_postrm ... ok
[INFO] [stdout] test dh_lib::tests::debhelper_script_subst_with_generated_file_only ... ok
[INFO] [stdout] test dh_lib::tests::debhelper_script_subst_with_no_matching_files ... ok
[INFO] [stdout] test dh_lib::tests::autoscript_sanity_check_all_embedded_autoscripts ... ok
[INFO] [stdout] test dh_lib::tests::debhelper_script_subst_with_user_and_generated_files::case_1 ... ok
[INFO] [stdout] test dh_lib::tests::debhelper_script_subst_with_user_and_generated_file ... ok
[INFO] [stdout] test dh_lib::tests::debhelper_script_subst_with_user_and_generated_files::case_2 ... ok
[INFO] [stdout] test dh_lib::tests::debhelper_script_subst_with_user_and_generated_files::case_3 ... ok
[INFO] [stdout] test dh_lib::tests::debhelper_script_subst_with_user_and_generated_files::case_4 ... ok
[INFO] [stdout] test dh_lib::tests::debhelper_script_subst_with_user_file_access_error::case_1_invalid_input ... ok
[INFO] [stdout] test dh_lib::tests::debhelper_script_subst_with_user_file_access_error::case_2_interrupted ... ok
[INFO] [stdout] test dh_lib::tests::debhelper_script_subst_with_user_file_access_error::case_3_permission_denied ... ok
[INFO] [stdout] test dh_lib::tests::debhelper_script_subst_with_user_file_access_error::case_4_not_found ... ok
[INFO] [stdout] test dh_lib::tests::pkgfile_finds_a_fallback_match ... ok
[INFO] [stdout] test dh_lib::tests::debhelper_script_subst_with_user_file_only ... ok
[INFO] [stdout] test dh_lib::tests::pkgfile_fails_to_find_a_match ... ok
[INFO] [stdout] test dh_lib::tests::debhelper_script_subst_with_user_file_access_error::case_5_other ... ok
[INFO] [stdout] test dh_lib::tests::pkgfile_finds_most_specific_match_with_pkg_unit_file ... ok
[INFO] [stdout] test dh_lib::tests::pkgfile_finds_most_specific_match_without_pkg_file ... ok
[INFO] [stdout] test dh_lib::tests::pkgfile_finds_most_specific_match_without_unit_file ... ok
[INFO] [stdout] test manifest::deb_ver ... ok
[INFO] [stdout] test manifest::tests::assets ... ok
[INFO] [stdout] test manifest::tests::format_conffiles_empty ... ok
[INFO] [stdout] test manifest::tests::format_conffiles_multiple ... ok
[INFO] [stdout] test manifest::tests::format_conffiles_one ... ok
[INFO] [stdout] test manifest::tests::match_arm_arch ... ok
[INFO] [stdout] test manifest::tests::test_debug_filename ... ok
[INFO] [stdout] test manifest::tests::test_debug_source_data ... ok
[INFO] [stdout] test manifest::tests::test_debug_source_path ... ok
[INFO] [stdout] test manifest::tests::test_debug_target_not_built ... ok
[INFO] [stdout] test manifest::tests::test_debug_target_ok ... ok
[INFO] [stdout] test manifest::tests::test_debug_target_ok_relative ... ok
[INFO] [stdout] test pathbytes::unix_path ... ok
[INFO] [stdout] test util::tests::btreeset_join ... ok
[INFO] [stdout] test util::tests::fname_from_path_returns_file_name_even_if_file_does_not_exist ... ok
[INFO] [stdout] test util::tests::fname_from_path_returns_file_name_even_if_it_looks_like_a_directory ... ok
[INFO] [stdout] test util::tests::map_macro ... ok
[INFO] [stdout] test wordsplit::test_split_by_chars ... ok
[INFO] [stdout] test manifest::tests::arch_spec ... ok
[INFO] [stdout] test dh_installsystemd::tests::generate_with_data_tmp_file_asset_panics - should panic ... ok
[INFO] [stdout] test dh_installsystemd::tests::generate_with_invalid_tmp_file_asset_panics - should panic ... ok
[INFO] [stdout] test dh_lib::tests::autoscript_panics_with_unknown_autoscript - should panic ... ok
[INFO] [stdout] test dh_lib::tests::autoscript_panics_in_sed_mode - should panic ... ok
[INFO] [stdout] test dh_lib::tests::debhelper_script_subst_errs_if_user_file_lacks_token - should panic ... ok
[INFO] [stdout] test util::tests::fname_from_path_panics_when_path_has_no_filename - should panic ... ok
[INFO] [stdout] test util::tests::fname_from_path_panics_when_path_is_empty - should panic ... ok
[INFO] [stdout] test control::tests::generate_scripts_archives_user_supplied_maintainer_scripts ... ok
[INFO] [stdout] test control::tests::generate_scripts_does_nothing_if_maintainer_scripts_is_not_set ... ok
[INFO] [stdout] test control::tests::generate_scripts_generates_maintainer_scripts_for_unit ... ok
[INFO] [stdout] test manifest::tests::add_systemd_assets_with_no_config_does_nothing ... ok
[INFO] [stdout] test manifest::tests::add_systemd_assets_with_config_adds_unit_assets ... ok
[INFO] [stdout] test dependencies::resolve_test ... ok
[INFO] [stdout] 
[INFO] [stdout] test result: ok. 110 passed; 0 failed; 0 ignored; 0 measured; 0 filtered out; finished in 2.21s
[INFO] [stdout] 
[INFO] [stderr]      Running unittests (/opt/rustwide/target/debug/deps/cargo_deb-2b4c23e16b3bfa96)
[INFO] [stdout] 
[INFO] [stdout] running 0 tests
[INFO] [stdout] 
[INFO] [stdout] test result: ok. 0 passed; 0 failed; 0 ignored; 0 measured; 0 filtered out; finished in 0.00s
[INFO] [stdout] 
[INFO] [stderr]      Running tests/command.rs (/opt/rustwide/target/debug/deps/command-269de2897aa662be)
[INFO] [stdout] 
[INFO] [stdout] running 3 tests
[INFO] [stdout] test run_cargo_deb_command_on_example_dir ... FAILED
[INFO] [stdout] test run_cargo_deb_command_on_example_dir_with_version ... FAILED
[INFO] [stdout] test run_cargo_deb_command_on_example_dir_with_variant ... FAILED
[INFO] [stdout] 
[INFO] [stdout] failures:
[INFO] [stdout] 
[INFO] [stdout] ---- run_cargo_deb_command_on_example_dir stdout ----
[INFO] [stdout] thread 'run_cargo_deb_command_on_example_dir' panicked at 'assertion failed: cmd_path.exists()', tests/command.rs:12:5
[INFO] [stdout] stack backtrace:
[INFO] [stdout]    0:     0x56509694c660 - std::backtrace_rs::backtrace::libunwind::trace::hff4d1766e93f64f1
[INFO] [stdout]                                at /rustc/53fd98ca776cb875bc9e5514f56b52eb74f9e7a9/library/std/src/../../backtrace/src/backtrace/libunwind.rs:90:5
[INFO] [stdout]    1:     0x56509694c660 - std::backtrace_rs::backtrace::trace_unsynchronized::h56bbc8eb78770bcb
[INFO] [stdout]                                at /rustc/53fd98ca776cb875bc9e5514f56b52eb74f9e7a9/library/std/src/../../backtrace/src/backtrace/mod.rs:66:5
[INFO] [stdout]    2:     0x56509694c660 - std::sys_common::backtrace::_print_fmt::h5c8e75464faca780
[INFO] [stdout]                                at /rustc/53fd98ca776cb875bc9e5514f56b52eb74f9e7a9/library/std/src/sys_common/backtrace.rs:67:5
[INFO] [stdout]    3:     0x56509694c660 - <std::sys_common::backtrace::_print::DisplayBacktrace as core::fmt::Display>::fmt::h48b88277def8b362
[INFO] [stdout]                                at /rustc/53fd98ca776cb875bc9e5514f56b52eb74f9e7a9/library/std/src/sys_common/backtrace.rs:46:22
[INFO] [stdout]    4:     0x56509696ff9c - core::fmt::write::h3381b3176fe2b3d3
[INFO] [stdout]                                at /rustc/53fd98ca776cb875bc9e5514f56b52eb74f9e7a9/library/core/src/fmt/mod.rs:1115:17
[INFO] [stdout]    5:     0x565096949115 - std::io::Write::write_fmt::h5f34a676f60246b5
[INFO] [stdout]                                at /rustc/53fd98ca776cb875bc9e5514f56b52eb74f9e7a9/library/std/src/io/mod.rs:1665:15
[INFO] [stdout]    6:     0x56509694ec0b - std::sys_common::backtrace::_print::ha537687d6c17dd0d
[INFO] [stdout]                                at /rustc/53fd98ca776cb875bc9e5514f56b52eb74f9e7a9/library/std/src/sys_common/backtrace.rs:49:5
[INFO] [stdout]    7:     0x56509694ec0b - std::sys_common::backtrace::print::h61376ae57d131d72
[INFO] [stdout]                                at /rustc/53fd98ca776cb875bc9e5514f56b52eb74f9e7a9/library/std/src/sys_common/backtrace.rs:36:9
[INFO] [stdout]    8:     0x56509694ec0b - std::panicking::default_hook::{{closure}}::h0f7208c0b9644a54
[INFO] [stdout]                                at /rustc/53fd98ca776cb875bc9e5514f56b52eb74f9e7a9/library/std/src/panicking.rs:208:50
[INFO] [stdout]    9:     0x56509694e71c - std::panicking::default_hook::hdac7fc06578c14ce
[INFO] [stdout]                                at /rustc/53fd98ca776cb875bc9e5514f56b52eb74f9e7a9/library/std/src/panicking.rs:222:9
[INFO] [stdout]   10:     0x56509694f2d4 - std::panicking::rust_panic_with_hook::h72b21c283da3d1ef
[INFO] [stdout]                                at /rustc/53fd98ca776cb875bc9e5514f56b52eb74f9e7a9/library/std/src/panicking.rs:622:17
[INFO] [stdout]   11:     0x56509694ed87 - std::panicking::begin_panic_handler::{{closure}}::he5778f1729cff84a
[INFO] [stdout]                                at /rustc/53fd98ca776cb875bc9e5514f56b52eb74f9e7a9/library/std/src/panicking.rs:517:13
[INFO] [stdout]   12:     0x56509694cb3c - std::sys_common::backtrace::__rust_end_short_backtrace::h2d11ca8b453b4b1d
[INFO] [stdout]                                at /rustc/53fd98ca776cb875bc9e5514f56b52eb74f9e7a9/library/std/src/sys_common/backtrace.rs:141:18
[INFO] [stdout]   13:     0x56509694ed19 - rust_begin_unwind
[INFO] [stdout]                                at /rustc/53fd98ca776cb875bc9e5514f56b52eb74f9e7a9/library/std/src/panicking.rs:515:5
[INFO] [stdout]   14:     0x5650968d73c1 - core::panicking::panic_fmt::hf9de31d4acbce4db
[INFO] [stdout]                                at /rustc/53fd98ca776cb875bc9e5514f56b52eb74f9e7a9/library/core/src/panicking.rs:92:14
[INFO] [stdout]   15:     0x5650968d730d - core::panicking::panic::h8a6bc58a21c6c095
[INFO] [stdout]                                at /rustc/53fd98ca776cb875bc9e5514f56b52eb74f9e7a9/library/core/src/panicking.rs:50:5
[INFO] [stdout]   16:     0x5650968d7e1d - command::run_cargo_deb_command_on_example_dir::ha725a7ac6a9add48
[INFO] [stdout]                                at /opt/rustwide/workdir/tests/command.rs:12:5
[INFO] [stdout]   17:     0x5650968d7c4a - command::run_cargo_deb_command_on_example_dir::{{closure}}::he2cfe91002e09f3c
[INFO] [stdout]                                at /opt/rustwide/workdir/tests/command.rs:9:1
[INFO] [stdout]   18:     0x5650968e68be - core::ops::function::FnOnce::call_once::h293ef886f4d2e01c
[INFO] [stdout]                                at /rustc/53fd98ca776cb875bc9e5514f56b52eb74f9e7a9/library/core/src/ops/function.rs:227:5
[INFO] [stdout]   19:     0x56509691c3e3 - core::ops::function::FnOnce::call_once::hbb52c4519d3137b0
[INFO] [stdout]                                at /rustc/53fd98ca776cb875bc9e5514f56b52eb74f9e7a9/library/core/src/ops/function.rs:227:5
[INFO] [stdout]   20:     0x56509691c3e3 - test::__rust_begin_short_backtrace::h86fe3a2a5a5121af
[INFO] [stdout]                                at /rustc/53fd98ca776cb875bc9e5514f56b52eb74f9e7a9/library/test/src/lib.rs:578:5
[INFO] [stdout]   21:     0x56509691ae98 - <alloc::boxed::Box<F,A> as core::ops::function::FnOnce<Args>>::call_once::hfd956bc3d57399be
[INFO] [stdout]                                at /rustc/53fd98ca776cb875bc9e5514f56b52eb74f9e7a9/library/alloc/src/boxed.rs:1572:9
[INFO] [stdout]   22:     0x56509691ae98 - <std::panic::AssertUnwindSafe<F> as core::ops::function::FnOnce<()>>::call_once::h40dc93e0ddb5938a
[INFO] [stdout]                                at /rustc/53fd98ca776cb875bc9e5514f56b52eb74f9e7a9/library/std/src/panic.rs:347:9
[INFO] [stdout]   23:     0x56509691ae98 - std::panicking::try::do_call::h90d07750cb47c562
[INFO] [stdout]                                at /rustc/53fd98ca776cb875bc9e5514f56b52eb74f9e7a9/library/std/src/panicking.rs:401:40
[INFO] [stdout]   24:     0x56509691ae98 - std::panicking::try::h063c84733ad2a629
[INFO] [stdout]                                at /rustc/53fd98ca776cb875bc9e5514f56b52eb74f9e7a9/library/std/src/panicking.rs:365:19
[INFO] [stdout]   25:     0x56509691ae98 - std::panic::catch_unwind::h0c464836a84e7c08
[INFO] [stdout]                                at /rustc/53fd98ca776cb875bc9e5514f56b52eb74f9e7a9/library/std/src/panic.rs:434:14
[INFO] [stdout]   26:     0x56509691ae98 - test::run_test_in_process::h5cb06ef620b157fc
[INFO] [stdout]                                at /rustc/53fd98ca776cb875bc9e5514f56b52eb74f9e7a9/library/test/src/lib.rs:601:18
[INFO] [stdout]   27:     0x56509691ae98 - test::run_test::run_test_inner::{{closure}}::h76f677f4b93f9828
[INFO] [stdout]                                at /rustc/53fd98ca776cb875bc9e5514f56b52eb74f9e7a9/library/test/src/lib.rs:493:39
[INFO] [stdout]   28:     0x5650968e962d - test::run_test::run_test_inner::{{closure}}::h366d01fe04f4d67a
[INFO] [stdout]                                at /rustc/53fd98ca776cb875bc9e5514f56b52eb74f9e7a9/library/test/src/lib.rs:520:37
[INFO] [stdout]   29:     0x5650968e962d - std::sys_common::backtrace::__rust_begin_short_backtrace::h7dfa0de4eb395af2
[INFO] [stdout]                                at /rustc/53fd98ca776cb875bc9e5514f56b52eb74f9e7a9/library/std/src/sys_common/backtrace.rs:125:18
[INFO] [stdout]   30:     0x5650968eddf8 - std::thread::Builder::spawn_unchecked::{{closure}}::{{closure}}::hf0a74bb58798037f
[INFO] [stdout]                                at /rustc/53fd98ca776cb875bc9e5514f56b52eb74f9e7a9/library/std/src/thread/mod.rs:476:17
[INFO] [stdout]   31:     0x5650968eddf8 - <std::panic::AssertUnwindSafe<F> as core::ops::function::FnOnce<()>>::call_once::hb024e854818586ac
[INFO] [stdout]                                at /rustc/53fd98ca776cb875bc9e5514f56b52eb74f9e7a9/library/std/src/panic.rs:347:9
[INFO] [stdout]   32:     0x5650968eddf8 - std::panicking::try::do_call::hb2dd9f1d0d48e41d
[INFO] [stdout]                                at /rustc/53fd98ca776cb875bc9e5514f56b52eb74f9e7a9/library/std/src/panicking.rs:401:40
[INFO] [stdout]   33:     0x5650968eddf8 - std::panicking::try::h4717ae7bac8b2bf3
[INFO] [stdout]                                at /rustc/53fd98ca776cb875bc9e5514f56b52eb74f9e7a9/library/std/src/panicking.rs:365:19
[INFO] [stdout]   34:     0x5650968eddf8 - std::panic::catch_unwind::h0dc8a061326ce8d8
[INFO] [stdout]                                at /rustc/53fd98ca776cb875bc9e5514f56b52eb74f9e7a9/library/std/src/panic.rs:434:14
[INFO] [stdout]   35:     0x5650968eddf8 - std::thread::Builder::spawn_unchecked::{{closure}}::haa369e2d6fd00aa1
[INFO] [stdout]                                at /rustc/53fd98ca776cb875bc9e5514f56b52eb74f9e7a9/library/std/src/thread/mod.rs:475:30
[INFO] [stdout]   36:     0x5650968eddf8 - core::ops::function::FnOnce::call_once{{vtable.shim}}::h36dcf3de8b056f17
[INFO] [stdout]                                at /rustc/53fd98ca776cb875bc9e5514f56b52eb74f9e7a9/library/core/src/ops/function.rs:227:5
[INFO] [stdout]   37:     0x565096954b87 - <alloc::boxed::Box<F,A> as core::ops::function::FnOnce<Args>>::call_once::h65c29e4642be2358
[INFO] [stdout]                                at /rustc/53fd98ca776cb875bc9e5514f56b52eb74f9e7a9/library/alloc/src/boxed.rs:1572:9
[INFO] [stdout]   38:     0x565096954b87 - <alloc::boxed::Box<F,A> as core::ops::function::FnOnce<Args>>::call_once::hd0f8f7fbbd9fffbf
[INFO] [stdout]                                at /rustc/53fd98ca776cb875bc9e5514f56b52eb74f9e7a9/library/alloc/src/boxed.rs:1572:9
[INFO] [stdout]   39:     0x565096954b87 - std::sys::unix::thread::Thread::new::thread_start::h2fd22fee3ca77b65
[INFO] [stdout]                                at /rustc/53fd98ca776cb875bc9e5514f56b52eb74f9e7a9/library/std/src/sys/unix/thread.rs:74:17
[INFO] [stdout]   40:     0x7f3b41328609 - start_thread
[INFO] [stdout]   41:     0x7f3b410fa293 - clone
[INFO] [stdout]   42:                0x0 - <unknown>
[INFO] [stdout] 
[INFO] [stdout] ---- run_cargo_deb_command_on_example_dir_with_version stdout ----
[INFO] [stdout] thread 'run_cargo_deb_command_on_example_dir_with_version' panicked at 'assertion failed: cmd_path.exists()', tests/command.rs:162:5
[INFO] [stdout] stack backtrace:
[INFO] [stdout]    0:     0x56509694c660 - std::backtrace_rs::backtrace::libunwind::trace::hff4d1766e93f64f1
[INFO] [stdout]                                at /rustc/53fd98ca776cb875bc9e5514f56b52eb74f9e7a9/library/std/src/../../backtrace/src/backtrace/libunwind.rs:90:5
[INFO] [stdout]    1:     0x56509694c660 - std::backtrace_rs::backtrace::trace_unsynchronized::h56bbc8eb78770bcb
[INFO] [stdout]                                at /rustc/53fd98ca776cb875bc9e5514f56b52eb74f9e7a9/library/std/src/../../backtrace/src/backtrace/mod.rs:66:5
[INFO] [stdout]    2:     0x56509694c660 - std::sys_common::backtrace::_print_fmt::h5c8e75464faca780
[INFO] [stdout]                                at /rustc/53fd98ca776cb875bc9e5514f56b52eb74f9e7a9/library/std/src/sys_common/backtrace.rs:67:5
[INFO] [stdout]    3:     0x56509694c660 - <std::sys_common::backtrace::_print::DisplayBacktrace as core::fmt::Display>::fmt::h48b88277def8b362
[INFO] [stdout]                                at /rustc/53fd98ca776cb875bc9e5514f56b52eb74f9e7a9/library/std/src/sys_common/backtrace.rs:46:22
[INFO] [stdout]    4:     0x56509696ff9c - core::fmt::write::h3381b3176fe2b3d3
[INFO] [stdout]                                at /rustc/53fd98ca776cb875bc9e5514f56b52eb74f9e7a9/library/core/src/fmt/mod.rs:1115:17
[INFO] [stdout]    5:     0x565096949115 - std::io::Write::write_fmt::h5f34a676f60246b5
[INFO] [stdout]                                at /rustc/53fd98ca776cb875bc9e5514f56b52eb74f9e7a9/library/std/src/io/mod.rs:1665:15
[INFO] [stdout]    6:     0x56509694ec0b - std::sys_common::backtrace::_print::ha537687d6c17dd0d
[INFO] [stdout]                                at /rustc/53fd98ca776cb875bc9e5514f56b52eb74f9e7a9/library/std/src/sys_common/backtrace.rs:49:5
[INFO] [stdout]    7:     0x56509694ec0b - std::sys_common::backtrace::print::h61376ae57d131d72
[INFO] [stdout]                                at /rustc/53fd98ca776cb875bc9e5514f56b52eb74f9e7a9/library/std/src/sys_common/backtrace.rs:36:9
[INFO] [stdout]    8:     0x56509694ec0b - std::panicking::default_hook::{{closure}}::h0f7208c0b9644a54
[INFO] [stdout]                                at /rustc/53fd98ca776cb875bc9e5514f56b52eb74f9e7a9/library/std/src/panicking.rs:208:50
[INFO] [stdout]    9:     0x56509694e71c - std::panicking::default_hook::hdac7fc06578c14ce
[INFO] [stdout]                                at /rustc/53fd98ca776cb875bc9e5514f56b52eb74f9e7a9/library/std/src/panicking.rs:222:9
[INFO] [stdout]   10:     0x56509694f2d4 - std::panicking::rust_panic_with_hook::h72b21c283da3d1ef
[INFO] [stdout]                                at /rustc/53fd98ca776cb875bc9e5514f56b52eb74f9e7a9/library/std/src/panicking.rs:622:17
[INFO] [stdout]   11:     0x56509694ed87 - std::panicking::begin_panic_handler::{{closure}}::he5778f1729cff84a
[INFO] [stdout]                                at /rustc/53fd98ca776cb875bc9e5514f56b52eb74f9e7a9/library/std/src/panicking.rs:517:13
[INFO] [stdout]   12:     0x56509694cb3c - std::sys_common::backtrace::__rust_end_short_backtrace::h2d11ca8b453b4b1d
[INFO] [stdout]                                at /rustc/53fd98ca776cb875bc9e5514f56b52eb74f9e7a9/library/std/src/sys_common/backtrace.rs:141:18
[INFO] [stdout]   13:     0x56509694ed19 - rust_begin_unwind
[INFO] [stdout]                                at /rustc/53fd98ca776cb875bc9e5514f56b52eb74f9e7a9/library/std/src/panicking.rs:515:5
[INFO] [stdout]   14:     0x5650968d73c1 - core::panicking::panic_fmt::hf9de31d4acbce4db
[INFO] [stdout]                                at /rustc/53fd98ca776cb875bc9e5514f56b52eb74f9e7a9/library/core/src/panicking.rs:92:14
[INFO] [stdout]   15:     0x5650968d730d - core::panicking::panic::h8a6bc58a21c6c095
[INFO] [stdout]                                at /rustc/53fd98ca776cb875bc9e5514f56b52eb74f9e7a9/library/core/src/panicking.rs:50:5
[INFO] [stdout]   16:     0x5650968dc821 - command::run_cargo_deb_command_on_example_dir_with_version::hf4974846f34f207e
[INFO] [stdout]                                at /opt/rustwide/workdir/tests/command.rs:162:5
[INFO] [stdout]   17:     0x5650968dc67a - command::run_cargo_deb_command_on_example_dir_with_version::{{closure}}::h7d793ace55f4e459
[INFO] [stdout]                                at /opt/rustwide/workdir/tests/command.rs:159:1
[INFO] [stdout]   18:     0x5650968e682e - core::ops::function::FnOnce::call_once::h03efef6bdea98182
[INFO] [stdout]                                at /rustc/53fd98ca776cb875bc9e5514f56b52eb74f9e7a9/library/core/src/ops/function.rs:227:5
[INFO] [stdout]   19:     0x56509691c3e3 - core::ops::function::FnOnce::call_once::hbb52c4519d3137b0
[INFO] [stdout]                                at /rustc/53fd98ca776cb875bc9e5514f56b52eb74f9e7a9/library/core/src/ops/function.rs:227:5
[INFO] [stdout]   20:     0x56509691c3e3 - test::__rust_begin_short_backtrace::h86fe3a2a5a5121af
[INFO] [stdout]                                at /rustc/53fd98ca776cb875bc9e5514f56b52eb74f9e7a9/library/test/src/lib.rs:578:5
[INFO] [stdout]   21:     0x56509691ae98 - <alloc::boxed::Box<F,A> as core::ops::function::FnOnce<Args>>::call_once::hfd956bc3d57399be
[INFO] [stdout]                                at /rustc/53fd98ca776cb875bc9e5514f56b52eb74f9e7a9/library/alloc/src/boxed.rs:1572:9
[INFO] [stdout]   22:     0x56509691ae98 - <std::panic::AssertUnwindSafe<F> as core::ops::function::FnOnce<()>>::call_once::h40dc93e0ddb5938a
[INFO] [stdout]                                at /rustc/53fd98ca776cb875bc9e5514f56b52eb74f9e7a9/library/std/src/panic.rs:347:9
[INFO] [stdout]   23:     0x56509691ae98 - std::panicking::try::do_call::h90d07750cb47c562
[INFO] [stdout]                                at /rustc/53fd98ca776cb875bc9e5514f56b52eb74f9e7a9/library/std/src/panicking.rs:401:40
[INFO] [stdout]   24:     0x56509691ae98 - std::panicking::try::h063c84733ad2a629
[INFO] [stdout]                                at /rustc/53fd98ca776cb875bc9e5514f56b52eb74f9e7a9/library/std/src/panicking.rs:365:19
[INFO] [stdout]   25:     0x56509691ae98 - std::panic::catch_unwind::h0c464836a84e7c08
[INFO] [stdout]                                at /rustc/53fd98ca776cb875bc9e5514f56b52eb74f9e7a9/library/std/src/panic.rs:434:14
[INFO] [stdout]   26:     0x56509691ae98 - test::run_test_in_process::h5cb06ef620b157fc
[INFO] [stdout]                                at /rustc/53fd98ca776cb875bc9e5514f56b52eb74f9e7a9/library/test/src/lib.rs:601:18
[INFO] [stdout]   27:     0x56509691ae98 - test::run_test::run_test_inner::{{closure}}::h76f677f4b93f9828
[INFO] [stdout]                                at /rustc/53fd98ca776cb875bc9e5514f56b52eb74f9e7a9/library/test/src/lib.rs:493:39
[INFO] [stdout]   28:     0x5650968e962d - test::run_test::run_test_inner::{{closure}}::h366d01fe04f4d67a
[INFO] [stdout]                                at /rustc/53fd98ca776cb875bc9e5514f56b52eb74f9e7a9/library/test/src/lib.rs:520:37
[INFO] [stdout]   29:     0x5650968e962d - std::sys_common::backtrace::__rust_begin_short_backtrace::h7dfa0de4eb395af2
[INFO] [stdout]                                at /rustc/53fd98ca776cb875bc9e5514f56b52eb74f9e7a9/library/std/src/sys_common/backtrace.rs:125:18
[INFO] [stdout]   30:     0x5650968eddf8 - std::thread::Builder::spawn_unchecked::{{closure}}::{{closure}}::hf0a74bb58798037f
[INFO] [stdout]                                at /rustc/53fd98ca776cb875bc9e5514f56b52eb74f9e7a9/library/std/src/thread/mod.rs:476:17
[INFO] [stdout]   31:     0x5650968eddf8 - <std::panic::AssertUnwindSafe<F> as core::ops::function::FnOnce<()>>::call_once::hb024e854818586ac
[INFO] [stdout]                                at /rustc/53fd98ca776cb875bc9e5514f56b52eb74f9e7a9/library/std/src/panic.rs:347:9
[INFO] [stdout]   32:     0x5650968eddf8 - std::panicking::try::do_call::hb2dd9f1d0d48e41d
[INFO] [stdout]                                at /rustc/53fd98ca776cb875bc9e5514f56b52eb74f9e7a9/library/std/src/panicking.rs:401:40
[INFO] [stdout]   33:     0x5650968eddf8 - std::panicking::try::h4717ae7bac8b2bf3
[INFO] [stdout]                                at /rustc/53fd98ca776cb875bc9e5514f56b52eb74f9e7a9/library/std/src/panicking.rs:365:19
[INFO] [stdout]   34:     0x5650968eddf8 - std::panic::catch_unwind::h0dc8a061326ce8d8
[INFO] [stdout]                                at /rustc/53fd98ca776cb875bc9e5514f56b52eb74f9e7a9/library/std/src/panic.rs:434:14
[INFO] [stdout]   35:     0x5650968eddf8 - std::thread::Builder::spawn_unchecked::{{closure}}::haa369e2d6fd00aa1
[INFO] [stdout]                                at /rustc/53fd98ca776cb875bc9e5514f56b52eb74f9e7a9/library/std/src/thread/mod.rs:475:30
[INFO] [stdout]   36:     0x5650968eddf8 - core::ops::function::FnOnce::call_once{{vtable.shim}}::h36dcf3de8b056f17
[INFO] [stdout]                                at /rustc/53fd98ca776cb875bc9e5514f56b52eb74f9e7a9/library/core/src/ops/function.rs:227:5
[INFO] [stdout]   37:     0x565096954b87 - <alloc::boxed::Box<F,A> as core::ops::function::FnOnce<Args>>::call_once::h65c29e4642be2358
[INFO] [stdout]                                at /rustc/53fd98ca776cb875bc9e5514f56b52eb74f9e7a9/library/alloc/src/boxed.rs:1572:9
[INFO] [stdout]   38:     0x565096954b87 - <alloc::boxed::Box<F,A> as core::ops::function::FnOnce<Args>>::call_once::hd0f8f7fbbd9fffbf
[INFO] [stdout]                                at /rustc/53fd98ca776cb875bc9e5514f56b52eb74f9e7a9/library/alloc/src/boxed.rs:1572:9
[INFO] [stdout]   39:     0x565096954b87 - std::sys::unix::thread::Thread::new::thread_start::h2fd22fee3ca77b65
[INFO] [stdout]                                at /rustc/53fd98ca776cb875bc9e5514f56b52eb74f9e7a9/library/std/src/sys/unix/thread.rs:74:17
[INFO] [stdout]   40:     0x7f3b41328609 - start_thread
[INFO] [stdout]   41:     0x7f3b410fa293 - clone
[INFO] [stdout]   42:                0x0 - <unknown>
[INFO] [stdout] 
[INFO] [stdout] ---- run_cargo_deb_command_on_example_dir_with_variant stdout ----
[INFO] [stdout] thread 'run_cargo_deb_command_on_example_dir_with_variant' panicked at 'assertion failed: cmd_path.exists()', tests/command.rs:84:5
[INFO] [stdout] stack backtrace:
[INFO] [stdout]    0:     0x56509694c660 - std::backtrace_rs::backtrace::libunwind::trace::hff4d1766e93f64f1
[INFO] [stdout]                                at /rustc/53fd98ca776cb875bc9e5514f56b52eb74f9e7a9/library/std/src/../../backtrace/src/backtrace/libunwind.rs:90:5
[INFO] [stdout]    1:     0x56509694c660 - std::backtrace_rs::backtrace::trace_unsynchronized::h56bbc8eb78770bcb
[INFO] [stdout]                                at /rustc/53fd98ca776cb875bc9e5514f56b52eb74f9e7a9/library/std/src/../../backtrace/src/backtrace/mod.rs:66:5
[INFO] [stdout]    2:     0x56509694c660 - std::sys_common::backtrace::_print_fmt::h5c8e75464faca780
[INFO] [stdout]                                at /rustc/53fd98ca776cb875bc9e5514f56b52eb74f9e7a9/library/std/src/sys_common/backtrace.rs:67:5
[INFO] [stdout]    3:     0x56509694c660 - <std::sys_common::backtrace::_print::DisplayBacktrace as core::fmt::Display>::fmt::h48b88277def8b362
[INFO] [stdout]                                at /rustc/53fd98ca776cb875bc9e5514f56b52eb74f9e7a9/library/std/src/sys_common/backtrace.rs:46:22
[INFO] [stdout]    4:     0x56509696ff9c - core::fmt::write::h3381b3176fe2b3d3
[INFO] [stdout]                                at /rustc/53fd98ca776cb875bc9e5514f56b52eb74f9e7a9/library/core/src/fmt/mod.rs:1115:17
[INFO] [stdout]    5:     0x565096949115 - std::io::Write::write_fmt::h5f34a676f60246b5
[INFO] [stdout]                                at /rustc/53fd98ca776cb875bc9e5514f56b52eb74f9e7a9/library/std/src/io/mod.rs:1665:15
[INFO] [stdout]    6:     0x56509694ec0b - std::sys_common::backtrace::_print::ha537687d6c17dd0d
[INFO] [stdout]                                at /rustc/53fd98ca776cb875bc9e5514f56b52eb74f9e7a9/library/std/src/sys_common/backtrace.rs:49:5
[INFO] [stdout]    7:     0x56509694ec0b - std::sys_common::backtrace::print::h61376ae57d131d72
[INFO] [stdout]                                at /rustc/53fd98ca776cb875bc9e5514f56b52eb74f9e7a9/library/std/src/sys_common/backtrace.rs:36:9
[INFO] [stdout]    8:     0x56509694ec0b - std::panicking::default_hook::{{closure}}::h0f7208c0b9644a54
[INFO] [stdout]                                at /rustc/53fd98ca776cb875bc9e5514f56b52eb74f9e7a9/library/std/src/panicking.rs:208:50
[INFO] [stdout]    9:     0x56509694e71c - std::panicking::default_hook::hdac7fc06578c14ce
[INFO] [stdout]                                at /rustc/53fd98ca776cb875bc9e5514f56b52eb74f9e7a9/library/std/src/panicking.rs:222:9
[INFO] [stdout]   10:     0x56509694f2d4 - std::panicking::rust_panic_with_hook::h72b21c283da3d1ef
[INFO] [stdout]                                at /rustc/53fd98ca776cb875bc9e5514f56b52eb74f9e7a9/library/std/src/panicking.rs:622:17
[INFO] [stdout]   11:     0x56509694ed87 - std::panicking::begin_panic_handler::{{closure}}::he5778f1729cff84a
[INFO] [stdout]                                at /rustc/53fd98ca776cb875bc9e5514f56b52eb74f9e7a9/library/std/src/panicking.rs:517:13
[INFO] [stdout]   12:     0x56509694cb3c - std::sys_common::backtrace::__rust_end_short_backtrace::h2d11ca8b453b4b1d
[INFO] [stdout]                                at /rustc/53fd98ca776cb875bc9e5514f56b52eb74f9e7a9/library/std/src/sys_common/backtrace.rs:141:18
[INFO] [stdout]   13:     0x56509694ed19 - rust_begin_unwind
[INFO] [stdout]                                at /rustc/53fd98ca776cb875bc9e5514f56b52eb74f9e7a9/library/std/src/panicking.rs:515:5
[INFO] [stdout]   14:     0x5650968d73c1 - core::panicking::panic_fmt::hf9de31d4acbce4db
[INFO] [stdout]                                at /rustc/53fd98ca776cb875bc9e5514f56b52eb74f9e7a9/library/core/src/panicking.rs:92:14
[INFO] [stdout]   15:     0x5650968d730d - core::panicking::panic::h8a6bc58a21c6c095
[INFO] [stdout]                                at /rustc/53fd98ca776cb875bc9e5514f56b52eb74f9e7a9/library/core/src/panicking.rs:50:5
[INFO] [stdout]   16:     0x5650968da233 - command::run_cargo_deb_command_on_example_dir_with_variant::h6c4183057009cb90
[INFO] [stdout]                                at /opt/rustwide/workdir/tests/command.rs:84:5
[INFO] [stdout]   17:     0x5650968d9f9a - command::run_cargo_deb_command_on_example_dir_with_variant::{{closure}}::hb0d1aff9a7bba8c0
[INFO] [stdout]                                at /opt/rustwide/workdir/tests/command.rs:81:1
[INFO] [stdout]   18:     0x5650968e686e - core::ops::function::FnOnce::call_once::h0d7f107f9e46d4e4
[INFO] [stdout]                                at /rustc/53fd98ca776cb875bc9e5514f56b52eb74f9e7a9/library/core/src/ops/function.rs:227:5
[INFO] [stdout]   19:     0x56509691c3e3 - core::ops::function::FnOnce::call_once::hbb52c4519d3137b0
[INFO] [stdout]                                at /rustc/53fd98ca776cb875bc9e5514f56b52eb74f9e7a9/library/core/src/ops/function.rs:227:5
[INFO] [stdout]   20:     0x56509691c3e3 - test::__rust_begin_short_backtrace::h86fe3a2a5a5121af
[INFO] [stdout]                                at /rustc/53fd98ca776cb875bc9e5514f56b52eb74f9e7a9/library/test/src/lib.rs:578:5
[INFO] [stdout]   21:     0x56509691ae98 - <alloc::boxed::Box<F,A> as core::ops::function::FnOnce<Args>>::call_once::hfd956bc3d57399be
[INFO] [stdout]                                at /rustc/53fd98ca776cb875bc9e5514f56b52eb74f9e7a9/library/alloc/src/boxed.rs:1572:9
[INFO] [stdout]   22:     0x56509691ae98 - <std::panic::AssertUnwindSafe<F> as core::ops::function::FnOnce<()>>::call_once::h40dc93e0ddb5938a
[INFO] [stdout]                                at /rustc/53fd98ca776cb875bc9e5514f56b52eb74f9e7a9/library/std/src/panic.rs:347:9
[INFO] [stdout]   23:     0x56509691ae98 - std::panicking::try::do_call::h90d07750cb47c562
[INFO] [stdout]                                at /rustc/53fd98ca776cb875bc9e5514f56b52eb74f9e7a9/library/std/src/panicking.rs:401:40
[INFO] [stdout]   24:     0x56509691ae98 - std::panicking::try::h063c84733ad2a629
[INFO] [stdout]                                at /rustc/53fd98ca776cb875bc9e5514f56b52eb74f9e7a9/library/std/src/panicking.rs:365:19
[INFO] [stdout]   25:     0x56509691ae98 - std::panic::catch_unwind::h0c464836a84e7c08
[INFO] [stdout]                                at /rustc/53fd98ca776cb875bc9e5514f56b52eb74f9e7a9/library/std/src/panic.rs:434:14
[INFO] [stdout]   26:     0x56509691ae98 - test::run_test_in_process::h5cb06ef620b157fc
[INFO] [stdout]                                at /rustc/53fd98ca776cb875bc9e5514f56b52eb74f9e7a9/library/test/src/lib.rs:601:18
[INFO] [stdout]   27:     0x56509691ae98 - test::run_test::run_test_inner::{{closure}}::h76f677f4b93f9828
[INFO] [stdout]                                at /rustc/53fd98ca776cb875bc9e5514f56b52eb74f9e7a9/library/test/src/lib.rs:493:39
[INFO] [stdout]   28:     0x5650968e962d - test::run_test::run_test_inner::{{closure}}::h366d01fe04f4d67a
[INFO] [stdout]                                at /rustc/53fd98ca776cb875bc9e5514f56b52eb74f9e7a9/library/test/src/lib.rs:520:37
[INFO] [stdout]   29:     0x5650968e962d - std::sys_common::backtrace::__rust_begin_short_backtrace::h7dfa0de4eb395af2
[INFO] [stdout]                                at /rustc/53fd98ca776cb875bc9e5514f56b52eb74f9e7a9/library/std/src/sys_common/backtrace.rs:125:18
[INFO] [stdout]   30:     0x5650968eddf8 - std::thread::Builder::spawn_unchecked::{{closure}}::{{closure}}::hf0a74bb58798037f
[INFO] [stdout]                                at /rustc/53fd98ca776cb875bc9e5514f56b52eb74f9e7a9/library/std/src/thread/mod.rs:476:17
[INFO] [stdout]   31:     0x5650968eddf8 - <std::panic::AssertUnwindSafe<F> as core::ops::function::FnOnce<()>>::call_once::hb024e854818586ac
[INFO] [stdout]                                at /rustc/53fd98ca776cb875bc9e5514f56b52eb74f9e7a9/library/std/src/panic.rs:347:9
[INFO] [stdout]   32:     0x5650968eddf8 - std::panicking::try::do_call::hb2dd9f1d0d48e41d
[INFO] [stdout]                                at /rustc/53fd98ca776cb875bc9e5514f56b52eb74f9e7a9/library/std/src/panicking.rs:401:40
[INFO] [stdout]   33:     0x5650968eddf8 - std::panicking::try::h4717ae7bac8b2bf3
[INFO] [stdout]                                at /rustc/53fd98ca776cb875bc9e5514f56b52eb74f9e7a9/library/std/src/panicking.rs:365:19
[INFO] [stdout]   34:     0x5650968eddf8 - std::panic::catch_unwind::h0dc8a061326ce8d8
[INFO] [stdout]                                at /rustc/53fd98ca776cb875bc9e5514f56b52eb74f9e7a9/library/std/src/panic.rs:434:14
[INFO] [stdout]   35:     0x5650968eddf8 - std::thread::Builder::spawn_unchecked::{{closure}}::haa369e2d6fd00aa1
[INFO] [stdout]                                at /rustc/53fd98ca776cb875bc9e5514f56b52eb74f9e7a9/library/std/src/thread/mod.rs:475:30
[INFO] [stdout]   36:     0x5650968eddf8 - core::ops::function::FnOnce::call_once{{vtable.shim}}::h36dcf3de8b056f17
[INFO] [stdout]                                at /rustc/53fd98ca776cb875bc9e5514f56b52eb74f9e7a9/library/core/src/ops/function.rs:227:5
[INFO] [stdout]   37:     0x565096954b87 - <alloc::boxed::Box<F,A> as core::ops::function::FnOnce<Args>>::call_once::h65c29e4642be2358
[INFO] [stdout]                                at /rustc/53fd98ca776cb875bc9e5514f56b52eb74f9e7a9/library/alloc/src/boxed.rs:1572:9
[INFO] [stdout]   38:     0x565096954b87 - <alloc::boxed::Box<F,A> as core::ops::function::FnOnce<Args>>::call_once::hd0f8f7fbbd9fffbf
[INFO] [stdout]                                at /rustc/53fd98ca776cb875bc9e5514f56b52eb74f9e7a9/library/alloc/src/boxed.rs:1572:9
[INFO] [stdout]   39:     0x565096954b87 - std::sys::unix::thread::Thread::new::thread_start::h2fd22fee3ca77b65
[INFO] [stdout]                                at /rustc/53fd98ca776cb875bc9e5514f56b52eb74f9e7a9/library/std/src/sys/unix/thread.rs:74:17
[INFO] [stdout]   40:     0x7f3b41328609 - start_thread
[INFO] [stdout]   41:     0x7f3b410fa293 - clone
[INFO] [stdout]   42:                0x0 - <unknown>
[INFO] [stdout] 
[INFO] [stdout] 
[INFO] [stdout] failures:
[INFO] [stdout]     run_cargo_deb_command_on_example_dir
[INFO] [stdout]     run_cargo_deb_command_on_example_dir_with_variant
[INFO] [stdout]     run_cargo_deb_command_on_example_dir_with_version
[INFO] [stdout] 
[INFO] [stdout] test result: FAILED. 0 passed; 3 failed; 0 ignored; 0 measured; 0 filtered out; finished in 0.01s
[INFO] [stdout] 
[INFO] [stderr] error: test failed, to rerun pass '--test command'
[INFO] running `Command { std: "docker" "inspect" "4b20bc3984b1e4bc38d0b048b1a0317075d66daac4d6615f085cb7ff0fe3c4d0", kill_on_drop: false }`
[INFO] running `Command { std: "docker" "rm" "-f" "4b20bc3984b1e4bc38d0b048b1a0317075d66daac4d6615f085cb7ff0fe3c4d0", kill_on_drop: false }`
[INFO] [stdout] 4b20bc3984b1e4bc38d0b048b1a0317075d66daac4d6615f085cb7ff0fe3c4d0
