[INFO] cloning repository https://github.com/mmirolim/rustray
[INFO] running `Command { std: "git" "-c" "credential.helper=" "-c" "credential.helper=/workspace/cargo-home/bin/git-credential-null" "clone" "--bare" "https://github.com/mmirolim/rustray" "/workspace/cache/git-repos/https%3A%2F%2Fgithub.com%2Fmmirolim%2Frustray", kill_on_drop: false }`
[INFO] [stderr] Cloning into bare repository '/workspace/cache/git-repos/https%3A%2F%2Fgithub.com%2Fmmirolim%2Frustray'...
[INFO] running `Command { std: "git" "rev-parse" "HEAD", kill_on_drop: false }`
[INFO] [stdout] 78c26c7262d284bde352304777f92e168ae7ffff
[INFO] testing mmirolim/rustray against 1.54.0 for beta-1.55-1
[INFO] running `Command { std: "git" "clone" "/workspace/cache/git-repos/https%3A%2F%2Fgithub.com%2Fmmirolim%2Frustray" "/workspace/builds/worker-70/source", kill_on_drop: false }`
[INFO] [stderr] Cloning into '/workspace/builds/worker-70/source'...
[INFO] [stderr] done.
[INFO] validating manifest of git repo https://github.com/mmirolim/rustray on toolchain 1.54.0
[INFO] running `Command { std: "/workspace/cargo-home/bin/cargo" "+1.54.0" "metadata" "--manifest-path" "Cargo.toml" "--no-deps", kill_on_drop: false }`
[INFO] started tweaking git repo https://github.com/mmirolim/rustray
[INFO] finished tweaking git repo https://github.com/mmirolim/rustray
[INFO] tweaked toml for git repo https://github.com/mmirolim/rustray written to /workspace/builds/worker-70/source/Cargo.toml
[INFO] crate git repo https://github.com/mmirolim/rustray already has a lockfile, it will not be regenerated
[INFO] running `Command { std: "/workspace/cargo-home/bin/cargo" "+1.54.0" "fetch" "--manifest-path" "Cargo.toml", kill_on_drop: false }`
[INFO] [stderr]     Blocking waiting for file lock on package cache
[INFO] [stderr]     Blocking waiting for file lock on package cache
[INFO] running `Command { std: "docker" "create" "-v" "/var/lib/crater-agent-workspace/builds/worker-70/target:/opt/rustwide/target:rw,Z" "-v" "/var/lib/crater-agent-workspace/builds/worker-70/source:/opt/rustwide/workdir:ro,Z" "-v" "/var/lib/crater-agent-workspace/cargo-home:/opt/rustwide/cargo-home:ro,Z" "-v" "/var/lib/crater-agent-workspace/rustup-home:/opt/rustwide/rustup-home:ro,Z" "-e" "SOURCE_DIR=/opt/rustwide/workdir" "-e" "CARGO_TARGET_DIR=/opt/rustwide/target" "-e" "CARGO_HOME=/opt/rustwide/cargo-home" "-e" "RUSTUP_HOME=/opt/rustwide/rustup-home" "-w" "/opt/rustwide/workdir" "-m" "1610612736" "--user" "0:0" "--network" "none" "ghcr.io/rust-lang/crates-build-env/linux@sha256:34b6a614d2c27851fe6cbf88fbd1137609cefab8b10d0615aaeb6fd47975d74e" "/opt/rustwide/cargo-home/bin/cargo" "+1.54.0" "metadata" "--no-deps" "--format-version=1", kill_on_drop: false }`
[INFO] [stdout] b638263178156f5ece3b283e1392b099f94cb7320e394fd22c9e19e8540f1e66
[INFO] running `Command { std: "docker" "start" "-a" "b638263178156f5ece3b283e1392b099f94cb7320e394fd22c9e19e8540f1e66", kill_on_drop: false }`
[INFO] running `Command { std: "docker" "inspect" "b638263178156f5ece3b283e1392b099f94cb7320e394fd22c9e19e8540f1e66", kill_on_drop: false }`
[INFO] running `Command { std: "docker" "rm" "-f" "b638263178156f5ece3b283e1392b099f94cb7320e394fd22c9e19e8540f1e66", kill_on_drop: false }`
[INFO] [stdout] b638263178156f5ece3b283e1392b099f94cb7320e394fd22c9e19e8540f1e66
[INFO] running `Command { std: "docker" "create" "-v" "/var/lib/crater-agent-workspace/builds/worker-70/target:/opt/rustwide/target:rw,Z" "-v" "/var/lib/crater-agent-workspace/builds/worker-70/source:/opt/rustwide/workdir:ro,Z" "-v" "/var/lib/crater-agent-workspace/cargo-home:/opt/rustwide/cargo-home:ro,Z" "-v" "/var/lib/crater-agent-workspace/rustup-home:/opt/rustwide/rustup-home:ro,Z" "-e" "SOURCE_DIR=/opt/rustwide/workdir" "-e" "CARGO_TARGET_DIR=/opt/rustwide/target" "-e" "CARGO_INCREMENTAL=0" "-e" "RUST_BACKTRACE=full" "-e" "RUSTFLAGS=--cap-lints=warn" "-e" "CARGO_HOME=/opt/rustwide/cargo-home" "-e" "RUSTUP_HOME=/opt/rustwide/rustup-home" "-w" "/opt/rustwide/workdir" "-m" "1610612736" "--user" "0:0" "--network" "none" "ghcr.io/rust-lang/crates-build-env/linux@sha256:34b6a614d2c27851fe6cbf88fbd1137609cefab8b10d0615aaeb6fd47975d74e" "/opt/rustwide/cargo-home/bin/cargo" "+1.54.0" "build" "--frozen" "--message-format=json", kill_on_drop: false }`
[INFO] [stdout] b0070dee8767ed830766f8da5877e83e8d060b8d9534e39974093ba782dc7965
[INFO] running `Command { std: "docker" "start" "-a" "b0070dee8767ed830766f8da5877e83e8d060b8d9534e39974093ba782dc7965", kill_on_drop: false }`
[INFO] [stderr]    Compiling num-traits v0.2.6
[INFO] [stderr]    Compiling arrayvec v0.4.10
[INFO] [stderr]    Compiling nodrop v0.1.13
[INFO] [stderr]    Compiling proc-macro2 v0.4.27
[INFO] [stderr]    Compiling cfg-if v0.1.7
[INFO] [stderr]    Compiling libc v0.2.50
[INFO] [stderr]    Compiling byteorder v1.3.1
[INFO] [stderr]    Compiling lazy_static v1.3.0
[INFO] [stderr]    Compiling num-integer v0.1.39
[INFO] [stderr]    Compiling rayon-core v1.4.1
[INFO] [stderr]    Compiling adler32 v1.0.3
[INFO] [stderr]    Compiling rayon v1.0.3
[INFO] [stderr]    Compiling num-iter v0.1.37
[INFO] [stderr]    Compiling num-derive v0.2.4
[INFO] [stderr]    Compiling num-rational v0.2.1
[INFO] [stderr]    Compiling either v1.5.1
[INFO] [stderr]    Compiling bitflags v1.0.4
[INFO] [stderr]    Compiling safe-transmute v0.10.1
[INFO] [stderr]    Compiling gif v0.10.1
[INFO] [stderr]    Compiling crossbeam-utils v0.2.2
[INFO] [stderr]    Compiling inflate v0.4.5
[INFO] [stderr]    Compiling num_cpus v1.10.0
[INFO] [stderr]    Compiling deflate v0.7.19
[INFO] [stderr]    Compiling crossbeam-epoch v0.3.1
[INFO] [stderr]    Compiling quote v0.6.11
[INFO] [stderr]    Compiling syn v0.15.27
[INFO] [stderr]    Compiling crossbeam-deque v0.2.0
[INFO] [stderr]    Compiling png v0.14.0
[INFO] [stderr]    Compiling jpeg-decoder v0.1.15
[INFO] [stderr]    Compiling tiff v0.2.2
[INFO] [stderr]    Compiling image v0.21.0
[INFO] [stderr]    Compiling raytracer v0.1.0 (/opt/rustwide/workdir)
[INFO] [stdout] warning: unnecessary parentheses around block return value
[INFO] [stdout]   --> src/vector3.rs:20:9
[INFO] [stdout]    |
[INFO] [stdout] 20 |         (self.x * self.x + self.y * self.y + self.z * self.z)
[INFO] [stdout]    |         ^^^^^^^^^^^^^^^^^^^^^^^^^^^^^^^^^^^^^^^^^^^^^^^^^^^^^ help: remove these parentheses
[INFO] [stdout]    |
[INFO] [stdout]    = note: `#[warn(unused_parens)]` on by default
[INFO] [stdout] 
[INFO] [stdout] 
[INFO] [stdout] warning: unused import: `image::*`
[INFO] [stdout]  --> src/lib.rs:8:5
[INFO] [stdout]   |
[INFO] [stdout] 8 | use image::*;
[INFO] [stdout]   |     ^^^^^^^^
[INFO] [stdout]   |
[INFO] [stdout]   = note: `#[warn(unused_imports)]` on by default
[INFO] [stdout] 
[INFO] [stdout] 
[INFO] [stdout] warning: unused import: `point::*`
[INFO] [stdout]  --> src/lib.rs:9:5
[INFO] [stdout]   |
[INFO] [stdout] 9 | use point::*;
[INFO] [stdout]   |     ^^^^^^^^
[INFO] [stdout] 
[INFO] [stdout] 
[INFO] [stdout] warning: unused import: `rendering::*`
[INFO] [stdout]   --> src/lib.rs:10:5
[INFO] [stdout]    |
[INFO] [stdout] 10 | use rendering::*;
[INFO] [stdout]    |     ^^^^^^^^^^^^
[INFO] [stdout] 
[INFO] [stdout] 
[INFO] [stdout] warning: unused imports: `ColorType`, `Color`, `DirectLight`, `Light`, `Material`, `Plane`, `Scene`, `Sphere`, `SphericalLight`, `SurfaceType`
[INFO] [stdout]   --> src/lib.rs:12:5
[INFO] [stdout]    |
[INFO] [stdout] 12 |     Color, ColorType, DirectLight, Light, Material, Plane, Scene, Sphere, SphericalLight,
[INFO] [stdout]    |     ^^^^^  ^^^^^^^^^  ^^^^^^^^^^^  ^^^^^  ^^^^^^^^  ^^^^^  ^^^^^  ^^^^^^  ^^^^^^^^^^^^^^
[INFO] [stdout] 13 |     SurfaceType,
[INFO] [stdout]    |     ^^^^^^^^^^^
[INFO] [stdout] 
[INFO] [stdout] 
[INFO] [stdout] warning: unused import: `std::time::SystemTime`
[INFO] [stdout]   --> src/lib.rs:15:5
[INFO] [stdout]    |
[INFO] [stdout] 15 | use std::time::SystemTime;
[INFO] [stdout]    |     ^^^^^^^^^^^^^^^^^^^^^
[INFO] [stdout] 
[INFO] [stdout] 
[INFO] [stdout] warning: unused import: `vector3::*`
[INFO] [stdout]   --> src/lib.rs:16:5
[INFO] [stdout]    |
[INFO] [stdout] 16 | use vector3::*;
[INFO] [stdout]    |     ^^^^^^^^^^
[INFO] [stdout] 
[INFO] [stdout] 
[INFO] [stdout] warning: 7 warnings emitted
[INFO] [stdout] 
[INFO] [stdout] 
[INFO] [stderr]     Finished dev [unoptimized + debuginfo] target(s) in 25.86s
[INFO] running `Command { std: "docker" "inspect" "b0070dee8767ed830766f8da5877e83e8d060b8d9534e39974093ba782dc7965", kill_on_drop: false }`
[INFO] running `Command { std: "docker" "rm" "-f" "b0070dee8767ed830766f8da5877e83e8d060b8d9534e39974093ba782dc7965", kill_on_drop: false }`
[INFO] [stdout] b0070dee8767ed830766f8da5877e83e8d060b8d9534e39974093ba782dc7965
[INFO] running `Command { std: "docker" "create" "-v" "/var/lib/crater-agent-workspace/builds/worker-70/target:/opt/rustwide/target:rw,Z" "-v" "/var/lib/crater-agent-workspace/builds/worker-70/source:/opt/rustwide/workdir:ro,Z" "-v" "/var/lib/crater-agent-workspace/cargo-home:/opt/rustwide/cargo-home:ro,Z" "-v" "/var/lib/crater-agent-workspace/rustup-home:/opt/rustwide/rustup-home:ro,Z" "-e" "SOURCE_DIR=/opt/rustwide/workdir" "-e" "CARGO_TARGET_DIR=/opt/rustwide/target" "-e" "CARGO_INCREMENTAL=0" "-e" "RUST_BACKTRACE=full" "-e" "RUSTFLAGS=--cap-lints=warn" "-e" "CARGO_HOME=/opt/rustwide/cargo-home" "-e" "RUSTUP_HOME=/opt/rustwide/rustup-home" "-w" "/opt/rustwide/workdir" "-m" "1610612736" "--user" "0:0" "--network" "none" "ghcr.io/rust-lang/crates-build-env/linux@sha256:34b6a614d2c27851fe6cbf88fbd1137609cefab8b10d0615aaeb6fd47975d74e" "/opt/rustwide/cargo-home/bin/cargo" "+1.54.0" "test" "--frozen" "--no-run" "--message-format=json", kill_on_drop: false }`
[INFO] [stdout] 6feead6f76ddc30eb7f9e4d077feef68ecf368b06c3cc73358fd7d6c4de24277
[INFO] running `Command { std: "docker" "start" "-a" "6feead6f76ddc30eb7f9e4d077feef68ecf368b06c3cc73358fd7d6c4de24277", kill_on_drop: false }`
[INFO] [stderr]     Blocking waiting for file lock on package cache
[INFO] [stdout] warning: unnecessary parentheses around block return value
[INFO] [stdout]   --> src/vector3.rs:20:9
[INFO] [stdout]    |
[INFO] [stdout] 20 |         (self.x * self.x + self.y * self.y + self.z * self.z)
[INFO] [stdout]    |         ^^^^^^^^^^^^^^^^^^^^^^^^^^^^^^^^^^^^^^^^^^^^^^^^^^^^^ help: remove these parentheses
[INFO] [stdout]    |
[INFO] [stdout]    = note: `#[warn(unused_parens)]` on by default
[INFO] [stdout] 
[INFO] [stdout] 
[INFO] [stdout] warning: unused import: `image::*`
[INFO] [stdout]  --> src/lib.rs:8:5
[INFO] [stdout]   |
[INFO] [stdout] 8 | use image::*;
[INFO] [stdout]   |     ^^^^^^^^
[INFO] [stdout]   |
[INFO] [stdout]   = note: `#[warn(unused_imports)]` on by default
[INFO] [stdout] 
[INFO] [stdout] 
[INFO] [stdout] warning: unused import: `point::*`
[INFO] [stdout]  --> src/lib.rs:9:5
[INFO] [stdout]   |
[INFO] [stdout] 9 | use point::*;
[INFO] [stdout]   |     ^^^^^^^^
[INFO] [stdout] 
[INFO] [stdout] 
[INFO] [stdout] warning: unused import: `rendering::*`
[INFO] [stdout]   --> src/lib.rs:10:5
[INFO] [stdout]    |
[INFO] [stdout] 10 | use rendering::*;
[INFO] [stdout]    |     ^^^^^^^^^^^^
[INFO] [stdout] 
[INFO] [stdout] 
[INFO] [stdout] warning: unused imports: `ColorType`, `Color`, `DirectLight`, `Light`, `Material`, `Plane`, `Scene`, `Sphere`, `SphericalLight`, `SurfaceType`
[INFO] [stdout]   --> src/lib.rs:12:5
[INFO] [stdout]    |
[INFO] [stdout] 12 |     Color, ColorType, DirectLight, Light, Material, Plane, Scene, Sphere, SphericalLight,
[INFO] [stdout]    |     ^^^^^  ^^^^^^^^^  ^^^^^^^^^^^  ^^^^^  ^^^^^^^^  ^^^^^  ^^^^^  ^^^^^^  ^^^^^^^^^^^^^^
[INFO] [stdout] 13 |     SurfaceType,
[INFO] [stdout]    |     ^^^^^^^^^^^
[INFO] [stdout] 
[INFO] [stdout] 
[INFO] [stdout] warning: unused import: `std::time::SystemTime`
[INFO] [stdout]   --> src/lib.rs:15:5
[INFO] [stdout]    |
[INFO] [stdout] 15 | use std::time::SystemTime;
[INFO] [stdout]    |     ^^^^^^^^^^^^^^^^^^^^^
[INFO] [stdout] 
[INFO] [stdout] 
[INFO] [stdout] warning: unused import: `vector3::*`
[INFO] [stdout]   --> src/lib.rs:16:5
[INFO] [stdout]    |
[INFO] [stdout] 16 | use vector3::*;
[INFO] [stdout]    |     ^^^^^^^^^^
[INFO] [stdout] 
[INFO] [stdout] 
[INFO] [stdout] warning: 7 warnings emitted
[INFO] [stdout] 
[INFO] [stdout] 
[INFO] [stderr]    Compiling raytracer v0.1.0 (/opt/rustwide/workdir)
[INFO] [stdout] warning: unnecessary parentheses around block return value
[INFO] [stdout]   --> src/vector3.rs:20:9
[INFO] [stdout]    |
[INFO] [stdout] 20 |         (self.x * self.x + self.y * self.y + self.z * self.z)
[INFO] [stdout]    |         ^^^^^^^^^^^^^^^^^^^^^^^^^^^^^^^^^^^^^^^^^^^^^^^^^^^^^ help: remove these parentheses
[INFO] [stdout]    |
[INFO] [stdout]    = note: `#[warn(unused_parens)]` on by default
[INFO] [stdout] 
[INFO] [stdout] 
[INFO] [stdout] warning: 1 warning emitted
[INFO] [stdout] 
[INFO] [stdout] 
[INFO] [stderr]     Finished test [unoptimized + debuginfo] target(s) in 55.42s
[INFO] running `Command { std: "docker" "inspect" "6feead6f76ddc30eb7f9e4d077feef68ecf368b06c3cc73358fd7d6c4de24277", kill_on_drop: false }`
[INFO] running `Command { std: "docker" "rm" "-f" "6feead6f76ddc30eb7f9e4d077feef68ecf368b06c3cc73358fd7d6c4de24277", kill_on_drop: false }`
[INFO] [stdout] 6feead6f76ddc30eb7f9e4d077feef68ecf368b06c3cc73358fd7d6c4de24277
[INFO] running `Command { std: "docker" "create" "-v" "/var/lib/crater-agent-workspace/builds/worker-70/target:/opt/rustwide/target:rw,Z" "-v" "/var/lib/crater-agent-workspace/builds/worker-70/source:/opt/rustwide/workdir:ro,Z" "-v" "/var/lib/crater-agent-workspace/cargo-home:/opt/rustwide/cargo-home:ro,Z" "-v" "/var/lib/crater-agent-workspace/rustup-home:/opt/rustwide/rustup-home:ro,Z" "-e" "SOURCE_DIR=/opt/rustwide/workdir" "-e" "CARGO_TARGET_DIR=/opt/rustwide/target" "-e" "CARGO_INCREMENTAL=0" "-e" "RUST_BACKTRACE=full" "-e" "RUSTFLAGS=--cap-lints=warn" "-e" "CARGO_HOME=/opt/rustwide/cargo-home" "-e" "RUSTUP_HOME=/opt/rustwide/rustup-home" "-w" "/opt/rustwide/workdir" "-m" "1610612736" "--user" "0:0" "--network" "none" "ghcr.io/rust-lang/crates-build-env/linux@sha256:34b6a614d2c27851fe6cbf88fbd1137609cefab8b10d0615aaeb6fd47975d74e" "/opt/rustwide/cargo-home/bin/cargo" "+1.54.0" "test" "--frozen", kill_on_drop: false }`
[INFO] [stdout] 6460e6b9d0726beb1c6b7c534adefd824aadc426975d393e4ad03267dd007c02
[INFO] running `Command { std: "docker" "start" "-a" "6460e6b9d0726beb1c6b7c534adefd824aadc426975d393e4ad03267dd007c02", kill_on_drop: false }`
[INFO] [stderr]     Blocking waiting for file lock on package cache
[INFO] [stderr] warning: unnecessary parentheses around block return value
[INFO] [stderr]   --> src/vector3.rs:20:9
[INFO] [stderr]    |
[INFO] [stderr] 20 |         (self.x * self.x + self.y * self.y + self.z * self.z)
[INFO] [stderr]    |         ^^^^^^^^^^^^^^^^^^^^^^^^^^^^^^^^^^^^^^^^^^^^^^^^^^^^^ help: remove these parentheses
[INFO] [stderr]    |
[INFO] [stderr]    = note: `#[warn(unused_parens)]` on by default
[INFO] [stderr] 
[INFO] [stderr] warning: unused import: `image::*`
[INFO] [stderr]  --> src/lib.rs:8:5
[INFO] [stderr]   |
[INFO] [stderr] 8 | use image::*;
[INFO] [stderr]   |     ^^^^^^^^
[INFO] [stderr]   |
[INFO] [stderr]   = note: `#[warn(unused_imports)]` on by default
[INFO] [stderr] 
[INFO] [stderr] warning: unused import: `point::*`
[INFO] [stderr]  --> src/lib.rs:9:5
[INFO] [stderr]   |
[INFO] [stderr] 9 | use point::*;
[INFO] [stderr]   |     ^^^^^^^^
[INFO] [stderr] 
[INFO] [stderr] warning: unused import: `rendering::*`
[INFO] [stderr]   --> src/lib.rs:10:5
[INFO] [stderr]    |
[INFO] [stderr] 10 | use rendering::*;
[INFO] [stderr]    |     ^^^^^^^^^^^^
[INFO] [stderr] 
[INFO] [stderr] warning: unused imports: `ColorType`, `Color`, `DirectLight`, `Light`, `Material`, `Plane`, `Scene`, `Sphere`, `SphericalLight`, `SurfaceType`
[INFO] [stderr]   --> src/lib.rs:12:5
[INFO] [stderr]    |
[INFO] [stderr] 12 |     Color, ColorType, DirectLight, Light, Material, Plane, Scene, Sphere, SphericalLight,
[INFO] [stderr]    |     ^^^^^  ^^^^^^^^^  ^^^^^^^^^^^  ^^^^^  ^^^^^^^^  ^^^^^  ^^^^^  ^^^^^^  ^^^^^^^^^^^^^^
[INFO] [stderr] 13 |     SurfaceType,
[INFO] [stderr]    |     ^^^^^^^^^^^
[INFO] [stderr] 
[INFO] [stderr] warning: unused import: `std::time::SystemTime`
[INFO] [stderr]   --> src/lib.rs:15:5
[INFO] [stderr]    |
[INFO] [stderr] 15 | use std::time::SystemTime;
[INFO] [stderr]    |     ^^^^^^^^^^^^^^^^^^^^^
[INFO] [stderr] 
[INFO] [stderr] warning: unused import: `vector3::*`
[INFO] [stderr]   --> src/lib.rs:16:5
[INFO] [stderr]    |
[INFO] [stderr] 16 | use vector3::*;
[INFO] [stderr]    |     ^^^^^^^^^^
[INFO] [stderr] 
[INFO] [stderr] warning: 7 warnings emitted
[INFO] [stderr] 
[INFO] [stderr] warning: unnecessary parentheses around block return value
[INFO] [stderr]   --> src/vector3.rs:20:9
[INFO] [stderr]    |
[INFO] [stderr] 20 |         (self.x * self.x + self.y * self.y + self.z * self.z)
[INFO] [stderr]    |         ^^^^^^^^^^^^^^^^^^^^^^^^^^^^^^^^^^^^^^^^^^^^^^^^^^^^^ help: remove these parentheses
[INFO] [stderr]    |
[INFO] [stderr]    = note: `#[warn(unused_parens)]` on by default
[INFO] [stderr] 
[INFO] [stderr] warning: 1 warning emitted
[INFO] [stderr] 
[INFO] [stderr]     Finished test [unoptimized + debuginfo] target(s) in 0.16s
[INFO] [stderr]      Running unittests (/opt/rustwide/target/debug/deps/raytracer-aa9be3e21cd49ab9)
[INFO] [stdout] 
[INFO] [stdout] running 1 test
[INFO] [stdout] test test_can_render_scene ... FAILED
[INFO] [stdout] 
[INFO] [stdout] failures:
[INFO] [stdout] 
[INFO] [stdout] ---- test_can_render_scene stdout ----
[INFO] [stdout] render_in_threads execution time 753 ms
[INFO] [stdout] thread 'test_can_render_scene' panicked at 'called `Result::unwrap()` on an `Err` value: Os { code: 30, kind: Other, message: "Read-only file system" }', src/lib.rs:143:40
[INFO] [stdout] stack backtrace:
[INFO] [stdout]    0:     0x557c6ad37040 - std::backtrace_rs::backtrace::libunwind::trace::h34055254b57d8e79
[INFO] [stdout]                                at /rustc/a178d0322ce20e33eac124758e837cbd80a6f633/library/std/src/../../backtrace/src/backtrace/libunwind.rs:90:5
[INFO] [stdout]    1:     0x557c6ad37040 - std::backtrace_rs::backtrace::trace_unsynchronized::h8f1e3fbd9afff6ec
[INFO] [stdout]                                at /rustc/a178d0322ce20e33eac124758e837cbd80a6f633/library/std/src/../../backtrace/src/backtrace/mod.rs:66:5
[INFO] [stdout]    2:     0x557c6ad37040 - std::sys_common::backtrace::_print_fmt::h3a99a796b770c360
[INFO] [stdout]                                at /rustc/a178d0322ce20e33eac124758e837cbd80a6f633/library/std/src/sys_common/backtrace.rs:67:5
[INFO] [stdout]    3:     0x557c6ad37040 - <std::sys_common::backtrace::_print::DisplayBacktrace as core::fmt::Display>::fmt::h32d1f94a80615d18
[INFO] [stdout]                                at /rustc/a178d0322ce20e33eac124758e837cbd80a6f633/library/std/src/sys_common/backtrace.rs:46:22
[INFO] [stdout]    4:     0x557c6ad5b1cc - core::fmt::write::h306731c068f7162c
[INFO] [stdout]                                at /rustc/a178d0322ce20e33eac124758e837cbd80a6f633/library/core/src/fmt/mod.rs:1110:17
[INFO] [stdout]    5:     0x557c6ad33a55 - std::io::Write::write_fmt::h87f19b0a2cd190bc
[INFO] [stdout]                                at /rustc/a178d0322ce20e33eac124758e837cbd80a6f633/library/std/src/io/mod.rs:1588:15
[INFO] [stdout]    6:     0x557c6ad391fb - std::sys_common::backtrace::_print::h5abaa2601a852287
[INFO] [stdout]                                at /rustc/a178d0322ce20e33eac124758e837cbd80a6f633/library/std/src/sys_common/backtrace.rs:49:5
[INFO] [stdout]    7:     0x557c6ad391fb - std::sys_common::backtrace::print::h8d81445442bb638f
[INFO] [stdout]                                at /rustc/a178d0322ce20e33eac124758e837cbd80a6f633/library/std/src/sys_common/backtrace.rs:36:9
[INFO] [stdout]    8:     0x557c6ad391fb - std::panicking::default_hook::{{closure}}::hcfe804496a9fa747
[INFO] [stdout]                                at /rustc/a178d0322ce20e33eac124758e837cbd80a6f633/library/std/src/panicking.rs:208:50
[INFO] [stdout]    9:     0x557c6ad38d0c - std::panicking::default_hook::hbea8e3ccf2ba8901
[INFO] [stdout]                                at /rustc/a178d0322ce20e33eac124758e837cbd80a6f633/library/std/src/panicking.rs:222:9
[INFO] [stdout]   10:     0x557c6ad398c4 - std::panicking::rust_panic_with_hook::h7ee9e1a2d0f8975a
[INFO] [stdout]                                at /rustc/a178d0322ce20e33eac124758e837cbd80a6f633/library/std/src/panicking.rs:622:17
[INFO] [stdout]   11:     0x557c6ad393a7 - std::panicking::begin_panic_handler::{{closure}}::h8ab3b4491718b2c7
[INFO] [stdout]                                at /rustc/a178d0322ce20e33eac124758e837cbd80a6f633/library/std/src/panicking.rs:519:13
[INFO] [stdout]   12:     0x557c6ad3753c - std::sys_common::backtrace::__rust_end_short_backtrace::hd489062ffa586a9f
[INFO] [stdout]                                at /rustc/a178d0322ce20e33eac124758e837cbd80a6f633/library/std/src/sys_common/backtrace.rs:141:18
[INFO] [stdout]   13:     0x557c6ad39309 - rust_begin_unwind
[INFO] [stdout]                                at /rustc/a178d0322ce20e33eac124758e837cbd80a6f633/library/std/src/panicking.rs:515:5
[INFO] [stdout]   14:     0x557c6aaa16d1 - core::panicking::panic_fmt::hca6330e3e14086b4
[INFO] [stdout]                                at /rustc/a178d0322ce20e33eac124758e837cbd80a6f633/library/core/src/panicking.rs:92:14
[INFO] [stdout]   15:     0x557c6aaa17c3 - core::result::unwrap_failed::h6160d2b4bfbb0e87
[INFO] [stdout]                                at /rustc/a178d0322ce20e33eac124758e837cbd80a6f633/library/core/src/result.rs:1355:5
[INFO] [stdout]   16:     0x557c6aaa60e7 - core::result::Result<T,E>::unwrap::h80916cff2d9cae0f
[INFO] [stdout]                                at /rustc/a178d0322ce20e33eac124758e837cbd80a6f633/library/core/src/result.rs:1037:23
[INFO] [stdout]   17:     0x557c6aaad524 - raytracer::test_can_render_scene::h1289d48823f7cb3b
[INFO] [stdout]                                at /opt/rustwide/workdir/src/lib.rs:143:5
[INFO] [stdout]   18:     0x557c6aaac79a - raytracer::test_can_render_scene::{{closure}}::hf6e7171f422f7d51
[INFO] [stdout]                                at /opt/rustwide/workdir/src/lib.rs:19:1
[INFO] [stdout]   19:     0x557c6aaa898e - core::ops::function::FnOnce::call_once::hf9d3ce39601556ec
[INFO] [stdout]                                at /rustc/a178d0322ce20e33eac124758e837cbd80a6f633/library/core/src/ops/function.rs:227:5
[INFO] [stdout]   20:     0x557c6aada133 - core::ops::function::FnOnce::call_once::h152e7e439ff59e19
[INFO] [stdout]                                at /rustc/a178d0322ce20e33eac124758e837cbd80a6f633/library/core/src/ops/function.rs:227:5
[INFO] [stdout]   21:     0x557c6aada133 - test::__rust_begin_short_backtrace::h0908f3b1fdbb72ab
[INFO] [stdout]                                at /rustc/a178d0322ce20e33eac124758e837cbd80a6f633/library/test/src/lib.rs:577:5
[INFO] [stdout]   22:     0x557c6aad8bf0 - <alloc::boxed::Box<F,A> as core::ops::function::FnOnce<Args>>::call_once::hf6d2a51e5587546c
[INFO] [stdout]                                at /rustc/a178d0322ce20e33eac124758e837cbd80a6f633/library/alloc/src/boxed.rs:1575:9
[INFO] [stdout]   23:     0x557c6aad8bf0 - <std::panic::AssertUnwindSafe<F> as core::ops::function::FnOnce<()>>::call_once::h8af660f3a89ef593
[INFO] [stdout]                                at /rustc/a178d0322ce20e33eac124758e837cbd80a6f633/library/std/src/panic.rs:347:9
[INFO] [stdout]   24:     0x557c6aad8bf0 - std::panicking::try::do_call::hd36aef60f84b6d36
[INFO] [stdout]                                at /rustc/a178d0322ce20e33eac124758e837cbd80a6f633/library/std/src/panicking.rs:401:40
[INFO] [stdout]   25:     0x557c6aad8bf0 - std::panicking::try::h9932b4480e69817c
[INFO] [stdout]                                at /rustc/a178d0322ce20e33eac124758e837cbd80a6f633/library/std/src/panicking.rs:365:19
[INFO] [stdout]   26:     0x557c6aad8bf0 - std::panic::catch_unwind::h6aa177099cfff5f8
[INFO] [stdout]                                at /rustc/a178d0322ce20e33eac124758e837cbd80a6f633/library/std/src/panic.rs:434:14
[INFO] [stdout]   27:     0x557c6aad8bf0 - test::run_test_in_process::h5884d6f2d99e20c3
[INFO] [stdout]                                at /rustc/a178d0322ce20e33eac124758e837cbd80a6f633/library/test/src/lib.rs:600:18
[INFO] [stdout]   28:     0x557c6aad8bf0 - test::run_test::run_test_inner::{{closure}}::h6fdc58c6d5f5b6e3
[INFO] [stdout]                                at /rustc/a178d0322ce20e33eac124758e837cbd80a6f633/library/test/src/lib.rs:492:39
[INFO] [stdout]   29:     0x557c6aab22a2 - test::run_test::run_test_inner::{{closure}}::h408365d67a78ade8
[INFO] [stdout]                                at /rustc/a178d0322ce20e33eac124758e837cbd80a6f633/library/test/src/lib.rs:519:37
[INFO] [stdout]   30:     0x557c6aab22a2 - std::sys_common::backtrace::__rust_begin_short_backtrace::hb560b77c4f701523
[INFO] [stdout]                                at /rustc/a178d0322ce20e33eac124758e837cbd80a6f633/library/std/src/sys_common/backtrace.rs:125:18
[INFO] [stdout]   31:     0x557c6aab5e58 - std::thread::Builder::spawn_unchecked::{{closure}}::{{closure}}::hf2e7831dad93c597
[INFO] [stdout]                                at /rustc/a178d0322ce20e33eac124758e837cbd80a6f633/library/std/src/thread/mod.rs:481:17
[INFO] [stdout]   32:     0x557c6aab5e58 - <std::panic::AssertUnwindSafe<F> as core::ops::function::FnOnce<()>>::call_once::hd2e08783d8be4d02
[INFO] [stdout]                                at /rustc/a178d0322ce20e33eac124758e837cbd80a6f633/library/std/src/panic.rs:347:9
[INFO] [stdout]   33:     0x557c6aab5e58 - std::panicking::try::do_call::h062597b7acfd6b82
[INFO] [stdout]                                at /rustc/a178d0322ce20e33eac124758e837cbd80a6f633/library/std/src/panicking.rs:401:40
[INFO] [stdout]   34:     0x557c6aab5e58 - std::panicking::try::h0d7b79db04c14552
[INFO] [stdout]                                at /rustc/a178d0322ce20e33eac124758e837cbd80a6f633/library/std/src/panicking.rs:365:19
[INFO] [stdout]   35:     0x557c6aab5e58 - std::panic::catch_unwind::hb01a0b5e7c8cd43b
[INFO] [stdout]                                at /rustc/a178d0322ce20e33eac124758e837cbd80a6f633/library/std/src/panic.rs:434:14
[INFO] [stdout]   36:     0x557c6aab5e58 - std::thread::Builder::spawn_unchecked::{{closure}}::h5bde48cc887e0d1e
[INFO] [stdout]                                at /rustc/a178d0322ce20e33eac124758e837cbd80a6f633/library/std/src/thread/mod.rs:480:30
[INFO] [stdout]   37:     0x557c6aab5e58 - core::ops::function::FnOnce::call_once{{vtable.shim}}::h745ea30807a29e55
[INFO] [stdout]                                at /rustc/a178d0322ce20e33eac124758e837cbd80a6f633/library/core/src/ops/function.rs:227:5
[INFO] [stdout]   38:     0x557c6ad3e507 - <alloc::boxed::Box<F,A> as core::ops::function::FnOnce<Args>>::call_once::h7ece6cfefaff1005
[INFO] [stdout]                                at /rustc/a178d0322ce20e33eac124758e837cbd80a6f633/library/alloc/src/boxed.rs:1575:9
[INFO] [stdout]   39:     0x557c6ad3e507 - <alloc::boxed::Box<F,A> as core::ops::function::FnOnce<Args>>::call_once::hb8b48e55c21f193e
[INFO] [stdout]                                at /rustc/a178d0322ce20e33eac124758e837cbd80a6f633/library/alloc/src/boxed.rs:1575:9
[INFO] [stdout]   40:     0x557c6ad3e507 - std::sys::unix::thread::Thread::new::thread_start::h8c7c4450dba62914
[INFO] [stdout]                                at /rustc/a178d0322ce20e33eac124758e837cbd80a6f633/library/std/src/sys/unix/thread.rs:71:17
[INFO] [stdout]   41:     0x7f56d256f609 - start_thread
[INFO] [stdout]   42:     0x7f56d2341293 - clone
[INFO] [stdout]   43:                0x0 - <unknown>
[INFO] [stdout] 
[INFO] [stdout] 
[INFO] [stdout] failures:
[INFO] [stdout]     test_can_render_scene
[INFO] [stdout] 
[INFO] [stdout] test result: FAILED. 0 passed; 1 failed; 0 ignored; 0 measured; 0 filtered out; finished in 1.84s
[INFO] [stdout] 
[INFO] [stderr] error: test failed, to rerun pass '--lib'
[INFO] running `Command { std: "docker" "inspect" "6460e6b9d0726beb1c6b7c534adefd824aadc426975d393e4ad03267dd007c02", kill_on_drop: false }`
[INFO] running `Command { std: "docker" "rm" "-f" "6460e6b9d0726beb1c6b7c534adefd824aadc426975d393e4ad03267dd007c02", kill_on_drop: false }`
[INFO] [stdout] 6460e6b9d0726beb1c6b7c534adefd824aadc426975d393e4ad03267dd007c02
