[INFO] cloning repository https://github.com/mkurth/rustysodoku
[INFO] running `Command { std: "git" "-c" "credential.helper=" "-c" "credential.helper=/workspace/cargo-home/bin/git-credential-null" "clone" "--bare" "https://github.com/mkurth/rustysodoku" "/workspace/cache/git-repos/https%3A%2F%2Fgithub.com%2Fmkurth%2Frustysodoku", kill_on_drop: false }`
[INFO] [stderr] Cloning into bare repository '/workspace/cache/git-repos/https%3A%2F%2Fgithub.com%2Fmkurth%2Frustysodoku'...
[INFO] running `Command { std: "git" "rev-parse" "HEAD", kill_on_drop: false }`
[INFO] [stdout] 29feba7bfa8914629753c1752bc4b8beb97fd78b
[INFO] testing mkurth/rustysodoku against 1.54.0 for beta-1.55-1
[INFO] running `Command { std: "git" "clone" "/workspace/cache/git-repos/https%3A%2F%2Fgithub.com%2Fmkurth%2Frustysodoku" "/workspace/builds/worker-1/source", kill_on_drop: false }`
[INFO] [stderr] Cloning into '/workspace/builds/worker-1/source'...
[INFO] [stderr] done.
[INFO] validating manifest of git repo https://github.com/mkurth/rustysodoku on toolchain 1.54.0
[INFO] running `Command { std: "/workspace/cargo-home/bin/cargo" "+1.54.0" "metadata" "--manifest-path" "Cargo.toml" "--no-deps", kill_on_drop: false }`
[INFO] started tweaking git repo https://github.com/mkurth/rustysodoku
[INFO] finished tweaking git repo https://github.com/mkurth/rustysodoku
[INFO] tweaked toml for git repo https://github.com/mkurth/rustysodoku written to /workspace/builds/worker-1/source/Cargo.toml
[INFO] crate git repo https://github.com/mkurth/rustysodoku already has a lockfile, it will not be regenerated
[INFO] running `Command { std: "/workspace/cargo-home/bin/cargo" "+1.54.0" "fetch" "--manifest-path" "Cargo.toml", kill_on_drop: false }`
[INFO] [stderr]     Blocking waiting for file lock on package cache
[INFO] [stderr]     Blocking waiting for file lock on package cache
[INFO] running `Command { std: "docker" "create" "-v" "/var/lib/crater-agent-workspace/builds/worker-1/target:/opt/rustwide/target:rw,Z" "-v" "/var/lib/crater-agent-workspace/builds/worker-1/source:/opt/rustwide/workdir:ro,Z" "-v" "/var/lib/crater-agent-workspace/cargo-home:/opt/rustwide/cargo-home:ro,Z" "-v" "/var/lib/crater-agent-workspace/rustup-home:/opt/rustwide/rustup-home:ro,Z" "-e" "SOURCE_DIR=/opt/rustwide/workdir" "-e" "CARGO_TARGET_DIR=/opt/rustwide/target" "-e" "CARGO_HOME=/opt/rustwide/cargo-home" "-e" "RUSTUP_HOME=/opt/rustwide/rustup-home" "-w" "/opt/rustwide/workdir" "-m" "1610612736" "--user" "0:0" "--network" "none" "ghcr.io/rust-lang/crates-build-env/linux@sha256:34b6a614d2c27851fe6cbf88fbd1137609cefab8b10d0615aaeb6fd47975d74e" "/opt/rustwide/cargo-home/bin/cargo" "+1.54.0" "metadata" "--no-deps" "--format-version=1", kill_on_drop: false }`
[INFO] [stdout] e19eb1a5061ae72cfb196440fd17d804af8bce3d16d7f3ab0a93e4254c44bea6
[INFO] running `Command { std: "docker" "start" "-a" "e19eb1a5061ae72cfb196440fd17d804af8bce3d16d7f3ab0a93e4254c44bea6", kill_on_drop: false }`
[INFO] running `Command { std: "docker" "inspect" "e19eb1a5061ae72cfb196440fd17d804af8bce3d16d7f3ab0a93e4254c44bea6", kill_on_drop: false }`
[INFO] running `Command { std: "docker" "rm" "-f" "e19eb1a5061ae72cfb196440fd17d804af8bce3d16d7f3ab0a93e4254c44bea6", kill_on_drop: false }`
[INFO] [stdout] e19eb1a5061ae72cfb196440fd17d804af8bce3d16d7f3ab0a93e4254c44bea6
[INFO] running `Command { std: "docker" "create" "-v" "/var/lib/crater-agent-workspace/builds/worker-1/target:/opt/rustwide/target:rw,Z" "-v" "/var/lib/crater-agent-workspace/builds/worker-1/source:/opt/rustwide/workdir:ro,Z" "-v" "/var/lib/crater-agent-workspace/cargo-home:/opt/rustwide/cargo-home:ro,Z" "-v" "/var/lib/crater-agent-workspace/rustup-home:/opt/rustwide/rustup-home:ro,Z" "-e" "SOURCE_DIR=/opt/rustwide/workdir" "-e" "CARGO_TARGET_DIR=/opt/rustwide/target" "-e" "CARGO_INCREMENTAL=0" "-e" "RUST_BACKTRACE=full" "-e" "RUSTFLAGS=--cap-lints=warn" "-e" "CARGO_HOME=/opt/rustwide/cargo-home" "-e" "RUSTUP_HOME=/opt/rustwide/rustup-home" "-w" "/opt/rustwide/workdir" "-m" "1610612736" "--user" "0:0" "--network" "none" "ghcr.io/rust-lang/crates-build-env/linux@sha256:34b6a614d2c27851fe6cbf88fbd1137609cefab8b10d0615aaeb6fd47975d74e" "/opt/rustwide/cargo-home/bin/cargo" "+1.54.0" "build" "--frozen" "--message-format=json", kill_on_drop: false }`
[INFO] [stdout] 4446b51cd8791ca36478759d90074c2558ac903df8b042719e9c0840940a7fb9
[INFO] running `Command { std: "docker" "start" "-a" "4446b51cd8791ca36478759d90074c2558ac903df8b042719e9c0840940a7fb9", kill_on_drop: false }`
[INFO] [stderr]     Blocking waiting for file lock on package cache
[INFO] [stderr]    Compiling rustysodoku v0.1.0 (/opt/rustwide/workdir)
[INFO] [stdout] warning: unused variable: `cells`
[INFO] [stdout]   --> src/solver.rs:10:27
[INFO] [stdout]    |
[INFO] [stdout] 10 | fn zip_with_all_solutions(cells: Vec<Vec<Cell>>) -> Vec<Vec<(Cell, Vec<usize>)>> {
[INFO] [stdout]    |                           ^^^^^ help: if this is intentional, prefix it with an underscore: `_cells`
[INFO] [stdout]    |
[INFO] [stdout]    = note: `#[warn(unused_variables)]` on by default
[INFO] [stdout] 
[INFO] [stdout] 
[INFO] [stdout] warning: unused variable: `cells`
[INFO] [stdout]   --> src/solver.rs:14:32
[INFO] [stdout]    |
[INFO] [stdout] 14 | fn reduce_impossible_solutions(cells: Vec<Vec<(Cell, Vec<usize>)>>) -> Vec<Vec<(Cell, Vec<usize>)>> {
[INFO] [stdout]    |                                ^^^^^ help: if this is intentional, prefix it with an underscore: `_cells`
[INFO] [stdout] 
[INFO] [stdout] 
[INFO] [stdout] warning: unused variable: `cells`
[INFO] [stdout]   --> src/solver.rs:18:29
[INFO] [stdout]    |
[INFO] [stdout] 18 | fn reduce_possible_solution(cells: Vec<Vec<(Cell, Vec<usize>)>>) -> Vec<Vec<(Cell, Vec<usize>)>> {
[INFO] [stdout]    |                             ^^^^^ help: if this is intentional, prefix it with an underscore: `_cells`
[INFO] [stdout] 
[INFO] [stdout] 
[INFO] [stdout] warning: function is never used: `zip_with_all_solutions`
[INFO] [stdout]   --> src/solver.rs:10:4
[INFO] [stdout]    |
[INFO] [stdout] 10 | fn zip_with_all_solutions(cells: Vec<Vec<Cell>>) -> Vec<Vec<(Cell, Vec<usize>)>> {
[INFO] [stdout]    |    ^^^^^^^^^^^^^^^^^^^^^^
[INFO] [stdout]    |
[INFO] [stdout]    = note: `#[warn(dead_code)]` on by default
[INFO] [stdout] 
[INFO] [stdout] 
[INFO] [stdout] warning: function is never used: `reduce_impossible_solutions`
[INFO] [stdout]   --> src/solver.rs:14:4
[INFO] [stdout]    |
[INFO] [stdout] 14 | fn reduce_impossible_solutions(cells: Vec<Vec<(Cell, Vec<usize>)>>) -> Vec<Vec<(Cell, Vec<usize>)>> {
[INFO] [stdout]    |    ^^^^^^^^^^^^^^^^^^^^^^^^^^^
[INFO] [stdout] 
[INFO] [stdout] 
[INFO] [stdout] warning: function is never used: `reduce_possible_solution`
[INFO] [stdout]   --> src/solver.rs:18:4
[INFO] [stdout]    |
[INFO] [stdout] 18 | fn reduce_possible_solution(cells: Vec<Vec<(Cell, Vec<usize>)>>) -> Vec<Vec<(Cell, Vec<usize>)>> {
[INFO] [stdout]    |    ^^^^^^^^^^^^^^^^^^^^^^^^
[INFO] [stdout] 
[INFO] [stdout] 
[INFO] [stdout] warning: 6 warnings emitted
[INFO] [stdout] 
[INFO] [stdout] 
[INFO] [stderr]     Finished dev [unoptimized + debuginfo] target(s) in 3.26s
[INFO] running `Command { std: "docker" "inspect" "4446b51cd8791ca36478759d90074c2558ac903df8b042719e9c0840940a7fb9", kill_on_drop: false }`
[INFO] running `Command { std: "docker" "rm" "-f" "4446b51cd8791ca36478759d90074c2558ac903df8b042719e9c0840940a7fb9", kill_on_drop: false }`
[INFO] [stdout] 4446b51cd8791ca36478759d90074c2558ac903df8b042719e9c0840940a7fb9
[INFO] running `Command { std: "docker" "create" "-v" "/var/lib/crater-agent-workspace/builds/worker-1/target:/opt/rustwide/target:rw,Z" "-v" "/var/lib/crater-agent-workspace/builds/worker-1/source:/opt/rustwide/workdir:ro,Z" "-v" "/var/lib/crater-agent-workspace/cargo-home:/opt/rustwide/cargo-home:ro,Z" "-v" "/var/lib/crater-agent-workspace/rustup-home:/opt/rustwide/rustup-home:ro,Z" "-e" "SOURCE_DIR=/opt/rustwide/workdir" "-e" "CARGO_TARGET_DIR=/opt/rustwide/target" "-e" "CARGO_INCREMENTAL=0" "-e" "RUST_BACKTRACE=full" "-e" "RUSTFLAGS=--cap-lints=warn" "-e" "CARGO_HOME=/opt/rustwide/cargo-home" "-e" "RUSTUP_HOME=/opt/rustwide/rustup-home" "-w" "/opt/rustwide/workdir" "-m" "1610612736" "--user" "0:0" "--network" "none" "ghcr.io/rust-lang/crates-build-env/linux@sha256:34b6a614d2c27851fe6cbf88fbd1137609cefab8b10d0615aaeb6fd47975d74e" "/opt/rustwide/cargo-home/bin/cargo" "+1.54.0" "test" "--frozen" "--no-run" "--message-format=json", kill_on_drop: false }`
[INFO] [stdout] 03aec7870c6180777c6c6e2e325974e0ac8bcdeb40da2a63235741ef74e90f09
[INFO] running `Command { std: "docker" "start" "-a" "03aec7870c6180777c6c6e2e325974e0ac8bcdeb40da2a63235741ef74e90f09", kill_on_drop: false }`
[INFO] [stderr]     Blocking waiting for file lock on package cache
[INFO] [stderr]    Compiling rustysodoku v0.1.0 (/opt/rustwide/workdir)
[INFO] [stdout] warning: unused variable: `cells`
[INFO] [stdout]   --> src/solver.rs:10:27
[INFO] [stdout]    |
[INFO] [stdout] 10 | fn zip_with_all_solutions(cells: Vec<Vec<Cell>>) -> Vec<Vec<(Cell, Vec<usize>)>> {
[INFO] [stdout]    |                           ^^^^^ help: if this is intentional, prefix it with an underscore: `_cells`
[INFO] [stdout]    |
[INFO] [stdout]    = note: `#[warn(unused_variables)]` on by default
[INFO] [stdout] 
[INFO] [stdout] 
[INFO] [stdout] warning: unused variable: `cells`
[INFO] [stdout]   --> src/solver.rs:14:32
[INFO] [stdout]    |
[INFO] [stdout] 14 | fn reduce_impossible_solutions(cells: Vec<Vec<(Cell, Vec<usize>)>>) -> Vec<Vec<(Cell, Vec<usize>)>> {
[INFO] [stdout]    |                                ^^^^^ help: if this is intentional, prefix it with an underscore: `_cells`
[INFO] [stdout] 
[INFO] [stdout] 
[INFO] [stdout] warning: unused variable: `cells`
[INFO] [stdout]   --> src/solver.rs:18:29
[INFO] [stdout]    |
[INFO] [stdout] 18 | fn reduce_possible_solution(cells: Vec<Vec<(Cell, Vec<usize>)>>) -> Vec<Vec<(Cell, Vec<usize>)>> {
[INFO] [stdout]    |                             ^^^^^ help: if this is intentional, prefix it with an underscore: `_cells`
[INFO] [stdout] 
[INFO] [stdout] 
[INFO] [stdout] warning: function is never used: `zip_with_all_solutions`
[INFO] [stdout]   --> src/solver.rs:10:4
[INFO] [stdout]    |
[INFO] [stdout] 10 | fn zip_with_all_solutions(cells: Vec<Vec<Cell>>) -> Vec<Vec<(Cell, Vec<usize>)>> {
[INFO] [stdout]    |    ^^^^^^^^^^^^^^^^^^^^^^
[INFO] [stdout]    |
[INFO] [stdout]    = note: `#[warn(dead_code)]` on by default
[INFO] [stdout] 
[INFO] [stdout] 
[INFO] [stdout] warning: function is never used: `reduce_impossible_solutions`
[INFO] [stdout]   --> src/solver.rs:14:4
[INFO] [stdout]    |
[INFO] [stdout] 14 | fn reduce_impossible_solutions(cells: Vec<Vec<(Cell, Vec<usize>)>>) -> Vec<Vec<(Cell, Vec<usize>)>> {
[INFO] [stdout]    |    ^^^^^^^^^^^^^^^^^^^^^^^^^^^
[INFO] [stdout] 
[INFO] [stdout] 
[INFO] [stdout] warning: function is never used: `reduce_possible_solution`
[INFO] [stdout]   --> src/solver.rs:18:4
[INFO] [stdout]    |
[INFO] [stdout] 18 | fn reduce_possible_solution(cells: Vec<Vec<(Cell, Vec<usize>)>>) -> Vec<Vec<(Cell, Vec<usize>)>> {
[INFO] [stdout]    |    ^^^^^^^^^^^^^^^^^^^^^^^^
[INFO] [stdout] 
[INFO] [stdout] 
[INFO] [stdout] warning: 6 warnings emitted
[INFO] [stdout] 
[INFO] [stdout] 
[INFO] [stdout] warning: unused variable: `cells`
[INFO] [stdout]   --> src/solver.rs:10:27
[INFO] [stdout]    |
[INFO] [stdout] 10 | fn zip_with_all_solutions(cells: Vec<Vec<Cell>>) -> Vec<Vec<(Cell, Vec<usize>)>> {
[INFO] [stdout]    |                           ^^^^^ help: if this is intentional, prefix it with an underscore: `_cells`
[INFO] [stdout]    |
[INFO] [stdout]    = note: `#[warn(unused_variables)]` on by default
[INFO] [stdout] 
[INFO] [stdout] 
[INFO] [stdout] warning: unused variable: `cells`
[INFO] [stdout]   --> src/solver.rs:14:32
[INFO] [stdout]    |
[INFO] [stdout] 14 | fn reduce_impossible_solutions(cells: Vec<Vec<(Cell, Vec<usize>)>>) -> Vec<Vec<(Cell, Vec<usize>)>> {
[INFO] [stdout]    |                                ^^^^^ help: if this is intentional, prefix it with an underscore: `_cells`
[INFO] [stdout] 
[INFO] [stdout] 
[INFO] [stdout] warning: unused variable: `cells`
[INFO] [stdout]   --> src/solver.rs:18:29
[INFO] [stdout]    |
[INFO] [stdout] 18 | fn reduce_possible_solution(cells: Vec<Vec<(Cell, Vec<usize>)>>) -> Vec<Vec<(Cell, Vec<usize>)>> {
[INFO] [stdout]    |                             ^^^^^ help: if this is intentional, prefix it with an underscore: `_cells`
[INFO] [stdout] 
[INFO] [stdout] 
[INFO] [stdout] warning: function is never used: `zip_with_all_solutions`
[INFO] [stdout]   --> src/solver.rs:10:4
[INFO] [stdout]    |
[INFO] [stdout] 10 | fn zip_with_all_solutions(cells: Vec<Vec<Cell>>) -> Vec<Vec<(Cell, Vec<usize>)>> {
[INFO] [stdout]    |    ^^^^^^^^^^^^^^^^^^^^^^
[INFO] [stdout]    |
[INFO] [stdout]    = note: `#[warn(dead_code)]` on by default
[INFO] [stdout] 
[INFO] [stdout] 
[INFO] [stdout] warning: function is never used: `reduce_impossible_solutions`
[INFO] [stdout]   --> src/solver.rs:14:4
[INFO] [stdout]    |
[INFO] [stdout] 14 | fn reduce_impossible_solutions(cells: Vec<Vec<(Cell, Vec<usize>)>>) -> Vec<Vec<(Cell, Vec<usize>)>> {
[INFO] [stdout]    |    ^^^^^^^^^^^^^^^^^^^^^^^^^^^
[INFO] [stdout] 
[INFO] [stdout] 
[INFO] [stdout] warning: function is never used: `reduce_possible_solution`
[INFO] [stdout]   --> src/solver.rs:18:4
[INFO] [stdout]    |
[INFO] [stdout] 18 | fn reduce_possible_solution(cells: Vec<Vec<(Cell, Vec<usize>)>>) -> Vec<Vec<(Cell, Vec<usize>)>> {
[INFO] [stdout]    |    ^^^^^^^^^^^^^^^^^^^^^^^^
[INFO] [stdout] 
[INFO] [stdout] 
[INFO] [stdout] warning: 6 warnings emitted
[INFO] [stdout] 
[INFO] [stdout] 
[INFO] [stderr]     Finished test [unoptimized + debuginfo] target(s) in 0.87s
[INFO] running `Command { std: "docker" "inspect" "03aec7870c6180777c6c6e2e325974e0ac8bcdeb40da2a63235741ef74e90f09", kill_on_drop: false }`
[INFO] running `Command { std: "docker" "rm" "-f" "03aec7870c6180777c6c6e2e325974e0ac8bcdeb40da2a63235741ef74e90f09", kill_on_drop: false }`
[INFO] [stdout] 03aec7870c6180777c6c6e2e325974e0ac8bcdeb40da2a63235741ef74e90f09
[INFO] running `Command { std: "docker" "create" "-v" "/var/lib/crater-agent-workspace/builds/worker-1/target:/opt/rustwide/target:rw,Z" "-v" "/var/lib/crater-agent-workspace/builds/worker-1/source:/opt/rustwide/workdir:ro,Z" "-v" "/var/lib/crater-agent-workspace/cargo-home:/opt/rustwide/cargo-home:ro,Z" "-v" "/var/lib/crater-agent-workspace/rustup-home:/opt/rustwide/rustup-home:ro,Z" "-e" "SOURCE_DIR=/opt/rustwide/workdir" "-e" "CARGO_TARGET_DIR=/opt/rustwide/target" "-e" "CARGO_INCREMENTAL=0" "-e" "RUST_BACKTRACE=full" "-e" "RUSTFLAGS=--cap-lints=warn" "-e" "CARGO_HOME=/opt/rustwide/cargo-home" "-e" "RUSTUP_HOME=/opt/rustwide/rustup-home" "-w" "/opt/rustwide/workdir" "-m" "1610612736" "--user" "0:0" "--network" "none" "ghcr.io/rust-lang/crates-build-env/linux@sha256:34b6a614d2c27851fe6cbf88fbd1137609cefab8b10d0615aaeb6fd47975d74e" "/opt/rustwide/cargo-home/bin/cargo" "+1.54.0" "test" "--frozen", kill_on_drop: false }`
[INFO] [stdout] 54049a88f268feb8d1d41d71b8a1ad4b7a7b7b45289ef75be5bcdb21087fa01c
[INFO] running `Command { std: "docker" "start" "-a" "54049a88f268feb8d1d41d71b8a1ad4b7a7b7b45289ef75be5bcdb21087fa01c", kill_on_drop: false }`
[INFO] [stderr] warning: unused variable: `cells`
[INFO] [stderr]   --> src/solver.rs:10:27
[INFO] [stderr]    |
[INFO] [stderr] 10 | fn zip_with_all_solutions(cells: Vec<Vec<Cell>>) -> Vec<Vec<(Cell, Vec<usize>)>> {
[INFO] [stderr]    |                           ^^^^^ help: if this is intentional, prefix it with an underscore: `_cells`
[INFO] [stderr]    |
[INFO] [stderr]    = note: `#[warn(unused_variables)]` on by default
[INFO] [stderr] 
[INFO] [stderr] warning: unused variable: `cells`
[INFO] [stderr]   --> src/solver.rs:14:32
[INFO] [stderr]    |
[INFO] [stderr] 14 | fn reduce_impossible_solutions(cells: Vec<Vec<(Cell, Vec<usize>)>>) -> Vec<Vec<(Cell, Vec<usize>)>> {
[INFO] [stderr]    |                                ^^^^^ help: if this is intentional, prefix it with an underscore: `_cells`
[INFO] [stderr] 
[INFO] [stderr] warning: unused variable: `cells`
[INFO] [stderr]   --> src/solver.rs:18:29
[INFO] [stderr]    |
[INFO] [stderr] 18 | fn reduce_possible_solution(cells: Vec<Vec<(Cell, Vec<usize>)>>) -> Vec<Vec<(Cell, Vec<usize>)>> {
[INFO] [stderr]    |                             ^^^^^ help: if this is intentional, prefix it with an underscore: `_cells`
[INFO] [stderr] 
[INFO] [stderr] warning: function is never used: `zip_with_all_solutions`
[INFO] [stderr]   --> src/solver.rs:10:4
[INFO] [stderr]    |
[INFO] [stderr] 10 | fn zip_with_all_solutions(cells: Vec<Vec<Cell>>) -> Vec<Vec<(Cell, Vec<usize>)>> {
[INFO] [stderr]    |    ^^^^^^^^^^^^^^^^^^^^^^
[INFO] [stderr]    |
[INFO] [stderr]    = note: `#[warn(dead_code)]` on by default
[INFO] [stderr] 
[INFO] [stderr] warning: function is never used: `reduce_impossible_solutions`
[INFO] [stderr]   --> src/solver.rs:14:4
[INFO] [stderr]    |
[INFO] [stderr] 14 | fn reduce_impossible_solutions(cells: Vec<Vec<(Cell, Vec<usize>)>>) -> Vec<Vec<(Cell, Vec<usize>)>> {
[INFO] [stderr]    |    ^^^^^^^^^^^^^^^^^^^^^^^^^^^
[INFO] [stderr] 
[INFO] [stderr] warning: function is never used: `reduce_possible_solution`
[INFO] [stderr]   --> src/solver.rs:18:4
[INFO] [stderr]    |
[INFO] [stderr] 18 | fn reduce_possible_solution(cells: Vec<Vec<(Cell, Vec<usize>)>>) -> Vec<Vec<(Cell, Vec<usize>)>> {
[INFO] [stderr]    |    ^^^^^^^^^^^^^^^^^^^^^^^^
[INFO] [stderr] 
[INFO] [stderr] warning: 6 warnings emitted
[INFO] [stderr] 
[INFO] [stderr] warning: unused variable: `cells`
[INFO] [stderr]   --> src/solver.rs:10:27
[INFO] [stderr]    |
[INFO] [stderr] 10 | fn zip_with_all_solutions(cells: Vec<Vec<Cell>>) -> Vec<Vec<(Cell, Vec<usize>)>> {
[INFO] [stderr]    |                           ^^^^^ help: if this is intentional, prefix it with an underscore: `_cells`
[INFO] [stderr]    |
[INFO] [stderr]    = note: `#[warn(unused_variables)]` on by default
[INFO] [stderr] 
[INFO] [stderr] warning: unused variable: `cells`
[INFO] [stderr]   --> src/solver.rs:14:32
[INFO] [stderr]    |
[INFO] [stderr] 14 | fn reduce_impossible_solutions(cells: Vec<Vec<(Cell, Vec<usize>)>>) -> Vec<Vec<(Cell, Vec<usize>)>> {
[INFO] [stderr]    |                                ^^^^^ help: if this is intentional, prefix it with an underscore: `_cells`
[INFO] [stderr] 
[INFO] [stderr] warning: unused variable: `cells`
[INFO] [stderr]   --> src/solver.rs:18:29
[INFO] [stderr]    |
[INFO] [stderr] 18 | fn reduce_possible_solution(cells: Vec<Vec<(Cell, Vec<usize>)>>) -> Vec<Vec<(Cell, Vec<usize>)>> {
[INFO] [stderr]    |                             ^^^^^ help: if this is intentional, prefix it with an underscore: `_cells`
[INFO] [stderr] 
[INFO] [stderr] warning: function is never used: `zip_with_all_solutions`
[INFO] [stderr]   --> src/solver.rs:10:4
[INFO] [stderr]    |
[INFO] [stderr] 10 | fn zip_with_all_solutions(cells: Vec<Vec<Cell>>) -> Vec<Vec<(Cell, Vec<usize>)>> {
[INFO] [stderr]    |    ^^^^^^^^^^^^^^^^^^^^^^
[INFO] [stderr]    |
[INFO] [stderr]    = note: `#[warn(dead_code)]` on by default
[INFO] [stderr] 
[INFO] [stderr] warning: function is never used: `reduce_impossible_solutions`
[INFO] [stderr]   --> src/solver.rs:14:4
[INFO] [stderr]    |
[INFO] [stderr] 14 | fn reduce_impossible_solutions(cells: Vec<Vec<(Cell, Vec<usize>)>>) -> Vec<Vec<(Cell, Vec<usize>)>> {
[INFO] [stderr]    |    ^^^^^^^^^^^^^^^^^^^^^^^^^^^
[INFO] [stderr] 
[INFO] [stderr] warning: function is never used: `reduce_possible_solution`
[INFO] [stderr]   --> src/solver.rs:18:4
[INFO] [stderr]    |
[INFO] [stderr] 18 | fn reduce_possible_solution(cells: Vec<Vec<(Cell, Vec<usize>)>>) -> Vec<Vec<(Cell, Vec<usize>)>> {
[INFO] [stderr]    |    ^^^^^^^^^^^^^^^^^^^^^^^^
[INFO] [stderr] 
[INFO] [stderr] warning: 6 warnings emitted
[INFO] [stderr] 
[INFO] [stderr]     Finished test [unoptimized + debuginfo] target(s) in 0.07s
[INFO] [stderr]      Running unittests (/opt/rustwide/target/debug/deps/rustysodoku-1174721022fd24c5)
[INFO] [stdout] 
[INFO] [stdout] running 2 tests
[INFO] [stdout] test solver::tests::ca_solve_2x2_with_only_one_missing_field ... ok
[INFO] [stdout] test solver::tests::can_solve_3x3_with_only_one_missing_field ... FAILED
[INFO] [stdout] 
[INFO] [stdout] failures:
[INFO] [stdout] 
[INFO] [stdout] ---- solver::tests::can_solve_3x3_with_only_one_missing_field stdout ----
[INFO] [stdout] thread 'solver::tests::can_solve_3x3_with_only_one_missing_field' panicked at 'assertion failed: `(left == right)`
[INFO] [stdout]   left: `Empty`,
[INFO] [stdout]  right: `Filled { number: 2 }`', src/solver.rs:51:9
[INFO] [stdout] stack backtrace:
[INFO] [stdout]    0:     0x559cfddb14f0 - std::backtrace_rs::backtrace::libunwind::trace::h34055254b57d8e79
[INFO] [stdout]                                at /rustc/a178d0322ce20e33eac124758e837cbd80a6f633/library/std/src/../../backtrace/src/backtrace/libunwind.rs:90:5
[INFO] [stdout]    1:     0x559cfddb14f0 - std::backtrace_rs::backtrace::trace_unsynchronized::h8f1e3fbd9afff6ec
[INFO] [stdout]                                at /rustc/a178d0322ce20e33eac124758e837cbd80a6f633/library/std/src/../../backtrace/src/backtrace/mod.rs:66:5
[INFO] [stdout]    2:     0x559cfddb14f0 - std::sys_common::backtrace::_print_fmt::h3a99a796b770c360
[INFO] [stdout]                                at /rustc/a178d0322ce20e33eac124758e837cbd80a6f633/library/std/src/sys_common/backtrace.rs:67:5
[INFO] [stdout]    3:     0x559cfddb14f0 - <std::sys_common::backtrace::_print::DisplayBacktrace as core::fmt::Display>::fmt::h32d1f94a80615d18
[INFO] [stdout]                                at /rustc/a178d0322ce20e33eac124758e837cbd80a6f633/library/std/src/sys_common/backtrace.rs:46:22
[INFO] [stdout]    4:     0x559cfddd3cec - core::fmt::write::h306731c068f7162c
[INFO] [stdout]                                at /rustc/a178d0322ce20e33eac124758e837cbd80a6f633/library/core/src/fmt/mod.rs:1110:17
[INFO] [stdout]    5:     0x559cfddae415 - std::io::Write::write_fmt::h87f19b0a2cd190bc
[INFO] [stdout]                                at /rustc/a178d0322ce20e33eac124758e837cbd80a6f633/library/std/src/io/mod.rs:1588:15
[INFO] [stdout]    6:     0x559cfddb365b - std::sys_common::backtrace::_print::h5abaa2601a852287
[INFO] [stdout]                                at /rustc/a178d0322ce20e33eac124758e837cbd80a6f633/library/std/src/sys_common/backtrace.rs:49:5
[INFO] [stdout]    7:     0x559cfddb365b - std::sys_common::backtrace::print::h8d81445442bb638f
[INFO] [stdout]                                at /rustc/a178d0322ce20e33eac124758e837cbd80a6f633/library/std/src/sys_common/backtrace.rs:36:9
[INFO] [stdout]    8:     0x559cfddb365b - std::panicking::default_hook::{{closure}}::hcfe804496a9fa747
[INFO] [stdout]                                at /rustc/a178d0322ce20e33eac124758e837cbd80a6f633/library/std/src/panicking.rs:208:50
[INFO] [stdout]    9:     0x559cfddb316c - std::panicking::default_hook::hbea8e3ccf2ba8901
[INFO] [stdout]                                at /rustc/a178d0322ce20e33eac124758e837cbd80a6f633/library/std/src/panicking.rs:222:9
[INFO] [stdout]   10:     0x559cfddb3d24 - std::panicking::rust_panic_with_hook::h7ee9e1a2d0f8975a
[INFO] [stdout]                                at /rustc/a178d0322ce20e33eac124758e837cbd80a6f633/library/std/src/panicking.rs:622:17
[INFO] [stdout]   11:     0x559cfddb3807 - std::panicking::begin_panic_handler::{{closure}}::h8ab3b4491718b2c7
[INFO] [stdout]                                at /rustc/a178d0322ce20e33eac124758e837cbd80a6f633/library/std/src/panicking.rs:519:13
[INFO] [stdout]   12:     0x559cfddb19ec - std::sys_common::backtrace::__rust_end_short_backtrace::hd489062ffa586a9f
[INFO] [stdout]                                at /rustc/a178d0322ce20e33eac124758e837cbd80a6f633/library/std/src/sys_common/backtrace.rs:141:18
[INFO] [stdout]   13:     0x559cfddb3769 - rust_begin_unwind
[INFO] [stdout]                                at /rustc/a178d0322ce20e33eac124758e837cbd80a6f633/library/std/src/panicking.rs:515:5
[INFO] [stdout]   14:     0x559cfdd57651 - core::panicking::panic_fmt::hca6330e3e14086b4
[INFO] [stdout]                                at /rustc/a178d0322ce20e33eac124758e837cbd80a6f633/library/core/src/panicking.rs:92:14
[INFO] [stdout]   15:     0x559cfddd2608 - core::panicking::assert_failed_inner::h33b45280069a80ed
[INFO] [stdout]   16:     0x559cfdd5baaa - core::panicking::assert_failed::h557580819e771f46
[INFO] [stdout]                                at /rustc/a178d0322ce20e33eac124758e837cbd80a6f633/library/core/src/panicking.rs:117:5
[INFO] [stdout]   17:     0x559cfdd5b7ea - rustysodoku::solver::tests::can_solve_3x3_with_only_one_missing_field::hacd00a0b9106b560
[INFO] [stdout]                                at /opt/rustwide/workdir/src/solver.rs:51:9
[INFO] [stdout]   18:     0x559cfdd5b5aa - rustysodoku::solver::tests::can_solve_3x3_with_only_one_missing_field::{{closure}}::h2dd7e67f782f5305
[INFO] [stdout]                                at /opt/rustwide/workdir/src/solver.rs:41:5
[INFO] [stdout]   19:     0x559cfdd5c79e - core::ops::function::FnOnce::call_once::hb388de8aaa592895
[INFO] [stdout]                                at /rustc/a178d0322ce20e33eac124758e837cbd80a6f633/library/core/src/ops/function.rs:227:5
[INFO] [stdout]   20:     0x559cfdd889f3 - core::ops::function::FnOnce::call_once::h152e7e439ff59e19
[INFO] [stdout]                                at /rustc/a178d0322ce20e33eac124758e837cbd80a6f633/library/core/src/ops/function.rs:227:5
[INFO] [stdout]   21:     0x559cfdd889f3 - test::__rust_begin_short_backtrace::h0908f3b1fdbb72ab
[INFO] [stdout]                                at /rustc/a178d0322ce20e33eac124758e837cbd80a6f633/library/test/src/lib.rs:577:5
[INFO] [stdout]   22:     0x559cfdd874b0 - <alloc::boxed::Box<F,A> as core::ops::function::FnOnce<Args>>::call_once::hf6d2a51e5587546c
[INFO] [stdout]                                at /rustc/a178d0322ce20e33eac124758e837cbd80a6f633/library/alloc/src/boxed.rs:1575:9
[INFO] [stdout]   23:     0x559cfdd874b0 - <std::panic::AssertUnwindSafe<F> as core::ops::function::FnOnce<()>>::call_once::h8af660f3a89ef593
[INFO] [stdout]                                at /rustc/a178d0322ce20e33eac124758e837cbd80a6f633/library/std/src/panic.rs:347:9
[INFO] [stdout]   24:     0x559cfdd874b0 - std::panicking::try::do_call::hd36aef60f84b6d36
[INFO] [stdout]                                at /rustc/a178d0322ce20e33eac124758e837cbd80a6f633/library/std/src/panicking.rs:401:40
[INFO] [stdout]   25:     0x559cfdd874b0 - std::panicking::try::h9932b4480e69817c
[INFO] [stdout]                                at /rustc/a178d0322ce20e33eac124758e837cbd80a6f633/library/std/src/panicking.rs:365:19
[INFO] [stdout]   26:     0x559cfdd874b0 - std::panic::catch_unwind::h6aa177099cfff5f8
[INFO] [stdout]                                at /rustc/a178d0322ce20e33eac124758e837cbd80a6f633/library/std/src/panic.rs:434:14
[INFO] [stdout]   27:     0x559cfdd874b0 - test::run_test_in_process::h5884d6f2d99e20c3
[INFO] [stdout]                                at /rustc/a178d0322ce20e33eac124758e837cbd80a6f633/library/test/src/lib.rs:600:18
[INFO] [stdout]   28:     0x559cfdd874b0 - test::run_test::run_test_inner::{{closure}}::h6fdc58c6d5f5b6e3
[INFO] [stdout]                                at /rustc/a178d0322ce20e33eac124758e837cbd80a6f633/library/test/src/lib.rs:492:39
[INFO] [stdout]   29:     0x559cfdd60b62 - test::run_test::run_test_inner::{{closure}}::h408365d67a78ade8
[INFO] [stdout]                                at /rustc/a178d0322ce20e33eac124758e837cbd80a6f633/library/test/src/lib.rs:519:37
[INFO] [stdout]   30:     0x559cfdd60b62 - std::sys_common::backtrace::__rust_begin_short_backtrace::hb560b77c4f701523
[INFO] [stdout]                                at /rustc/a178d0322ce20e33eac124758e837cbd80a6f633/library/std/src/sys_common/backtrace.rs:125:18
[INFO] [stdout]   31:     0x559cfdd64718 - std::thread::Builder::spawn_unchecked::{{closure}}::{{closure}}::hf2e7831dad93c597
[INFO] [stdout]                                at /rustc/a178d0322ce20e33eac124758e837cbd80a6f633/library/std/src/thread/mod.rs:481:17
[INFO] [stdout]   32:     0x559cfdd64718 - <std::panic::AssertUnwindSafe<F> as core::ops::function::FnOnce<()>>::call_once::hd2e08783d8be4d02
[INFO] [stdout]                                at /rustc/a178d0322ce20e33eac124758e837cbd80a6f633/library/std/src/panic.rs:347:9
[INFO] [stdout]   33:     0x559cfdd64718 - std::panicking::try::do_call::h062597b7acfd6b82
[INFO] [stdout]                                at /rustc/a178d0322ce20e33eac124758e837cbd80a6f633/library/std/src/panicking.rs:401:40
[INFO] [stdout]   34:     0x559cfdd64718 - std::panicking::try::h0d7b79db04c14552
[INFO] [stdout]                                at /rustc/a178d0322ce20e33eac124758e837cbd80a6f633/library/std/src/panicking.rs:365:19
[INFO] [stdout]   35:     0x559cfdd64718 - std::panic::catch_unwind::hb01a0b5e7c8cd43b
[INFO] [stdout]                                at /rustc/a178d0322ce20e33eac124758e837cbd80a6f633/library/std/src/panic.rs:434:14
[INFO] [stdout]   36:     0x559cfdd64718 - std::thread::Builder::spawn_unchecked::{{closure}}::h5bde48cc887e0d1e
[INFO] [stdout]                                at /rustc/a178d0322ce20e33eac124758e837cbd80a6f633/library/std/src/thread/mod.rs:480:30
[INFO] [stdout]   37:     0x559cfdd64718 - core::ops::function::FnOnce::call_once{{vtable.shim}}::h745ea30807a29e55
[INFO] [stdout]                                at /rustc/a178d0322ce20e33eac124758e837cbd80a6f633/library/core/src/ops/function.rs:227:5
[INFO] [stdout]   38:     0x559cfddb87e7 - <alloc::boxed::Box<F,A> as core::ops::function::FnOnce<Args>>::call_once::h7ece6cfefaff1005
[INFO] [stdout]                                at /rustc/a178d0322ce20e33eac124758e837cbd80a6f633/library/alloc/src/boxed.rs:1575:9
[INFO] [stdout]   39:     0x559cfddb87e7 - <alloc::boxed::Box<F,A> as core::ops::function::FnOnce<Args>>::call_once::hb8b48e55c21f193e
[INFO] [stdout]                                at /rustc/a178d0322ce20e33eac124758e837cbd80a6f633/library/alloc/src/boxed.rs:1575:9
[INFO] [stdout]   40:     0x559cfddb87e7 - std::sys::unix::thread::Thread::new::thread_start::h8c7c4450dba62914
[INFO] [stdout]                                at /rustc/a178d0322ce20e33eac124758e837cbd80a6f633/library/std/src/sys/unix/thread.rs:71:17
[INFO] [stdout]   41:     0x7f115f661609 - start_thread
[INFO] [stdout]   42:     0x7f115f433293 - clone
[INFO] [stdout]   43:                0x0 - <unknown>
[INFO] [stdout] 
[INFO] [stdout] 
[INFO] [stdout] failures:
[INFO] [stdout]     solver::tests::can_solve_3x3_with_only_one_missing_field
[INFO] [stdout] 
[INFO] [stdout] test result: FAILED. 1 passed; 1 failed; 0 ignored; 0 measured; 0 filtered out; finished in 0.06s
[INFO] [stdout] 
[INFO] [stderr] error: test failed, to rerun pass '--lib'
[INFO] running `Command { std: "docker" "inspect" "54049a88f268feb8d1d41d71b8a1ad4b7a7b7b45289ef75be5bcdb21087fa01c", kill_on_drop: false }`
[INFO] running `Command { std: "docker" "rm" "-f" "54049a88f268feb8d1d41d71b8a1ad4b7a7b7b45289ef75be5bcdb21087fa01c", kill_on_drop: false }`
[INFO] [stdout] 54049a88f268feb8d1d41d71b8a1ad4b7a7b7b45289ef75be5bcdb21087fa01c
