[INFO] cloning repository https://github.com/mkoegeboehn/rusty-raytracer
[INFO] running `Command { std: "git" "-c" "credential.helper=" "-c" "credential.helper=/workspace/cargo-home/bin/git-credential-null" "clone" "--bare" "https://github.com/mkoegeboehn/rusty-raytracer" "/workspace/cache/git-repos/https%3A%2F%2Fgithub.com%2Fmkoegeboehn%2Frusty-raytracer", kill_on_drop: false }`
[INFO] [stderr] Cloning into bare repository '/workspace/cache/git-repos/https%3A%2F%2Fgithub.com%2Fmkoegeboehn%2Frusty-raytracer'...
[INFO] running `Command { std: "git" "rev-parse" "HEAD", kill_on_drop: false }`
[INFO] [stdout] c5341f037d773ab6719f449d82045a34cbe5602b
[INFO] testing mkoegeboehn/rusty-raytracer against 1.54.0 for beta-1.55-1
[INFO] running `Command { std: "git" "clone" "/workspace/cache/git-repos/https%3A%2F%2Fgithub.com%2Fmkoegeboehn%2Frusty-raytracer" "/workspace/builds/worker-74/source", kill_on_drop: false }`
[INFO] [stderr] Cloning into '/workspace/builds/worker-74/source'...
[INFO] [stderr] done.
[INFO] validating manifest of git repo https://github.com/mkoegeboehn/rusty-raytracer on toolchain 1.54.0
[INFO] running `Command { std: "/workspace/cargo-home/bin/cargo" "+1.54.0" "metadata" "--manifest-path" "Cargo.toml" "--no-deps", kill_on_drop: false }`
[INFO] started tweaking git repo https://github.com/mkoegeboehn/rusty-raytracer
[INFO] finished tweaking git repo https://github.com/mkoegeboehn/rusty-raytracer
[INFO] tweaked toml for git repo https://github.com/mkoegeboehn/rusty-raytracer written to /workspace/builds/worker-74/source/Cargo.toml
[INFO] crate git repo https://github.com/mkoegeboehn/rusty-raytracer already has a lockfile, it will not be regenerated
[INFO] running `Command { std: "/workspace/cargo-home/bin/cargo" "+1.54.0" "fetch" "--manifest-path" "Cargo.toml", kill_on_drop: false }`
[INFO] [stderr]     Blocking waiting for file lock on package cache
[INFO] [stderr]     Blocking waiting for file lock on package cache
[INFO] [stderr]  Downloading crates ...
[INFO] [stderr]   Downloaded enum_dispatch v0.3.5
[INFO] running `Command { std: "docker" "create" "-v" "/var/lib/crater-agent-workspace/builds/worker-74/target:/opt/rustwide/target:rw,Z" "-v" "/var/lib/crater-agent-workspace/builds/worker-74/source:/opt/rustwide/workdir:ro,Z" "-v" "/var/lib/crater-agent-workspace/cargo-home:/opt/rustwide/cargo-home:ro,Z" "-v" "/var/lib/crater-agent-workspace/rustup-home:/opt/rustwide/rustup-home:ro,Z" "-e" "SOURCE_DIR=/opt/rustwide/workdir" "-e" "CARGO_TARGET_DIR=/opt/rustwide/target" "-e" "CARGO_HOME=/opt/rustwide/cargo-home" "-e" "RUSTUP_HOME=/opt/rustwide/rustup-home" "-w" "/opt/rustwide/workdir" "-m" "1610612736" "--user" "0:0" "--network" "none" "ghcr.io/rust-lang/crates-build-env/linux@sha256:34b6a614d2c27851fe6cbf88fbd1137609cefab8b10d0615aaeb6fd47975d74e" "/opt/rustwide/cargo-home/bin/cargo" "+1.54.0" "metadata" "--no-deps" "--format-version=1", kill_on_drop: false }`
[INFO] [stdout] f85e42a516acc2c00b8395a20f758551ff8b643dffcb31d2a2a790b000b0b2b8
[INFO] running `Command { std: "docker" "start" "-a" "f85e42a516acc2c00b8395a20f758551ff8b643dffcb31d2a2a790b000b0b2b8", kill_on_drop: false }`
[INFO] running `Command { std: "docker" "inspect" "f85e42a516acc2c00b8395a20f758551ff8b643dffcb31d2a2a790b000b0b2b8", kill_on_drop: false }`
[INFO] running `Command { std: "docker" "rm" "-f" "f85e42a516acc2c00b8395a20f758551ff8b643dffcb31d2a2a790b000b0b2b8", kill_on_drop: false }`
[INFO] [stdout] f85e42a516acc2c00b8395a20f758551ff8b643dffcb31d2a2a790b000b0b2b8
[INFO] running `Command { std: "docker" "create" "-v" "/var/lib/crater-agent-workspace/builds/worker-74/target:/opt/rustwide/target:rw,Z" "-v" "/var/lib/crater-agent-workspace/builds/worker-74/source:/opt/rustwide/workdir:ro,Z" "-v" "/var/lib/crater-agent-workspace/cargo-home:/opt/rustwide/cargo-home:ro,Z" "-v" "/var/lib/crater-agent-workspace/rustup-home:/opt/rustwide/rustup-home:ro,Z" "-e" "SOURCE_DIR=/opt/rustwide/workdir" "-e" "CARGO_TARGET_DIR=/opt/rustwide/target" "-e" "CARGO_INCREMENTAL=0" "-e" "RUST_BACKTRACE=full" "-e" "RUSTFLAGS=--cap-lints=warn" "-e" "CARGO_HOME=/opt/rustwide/cargo-home" "-e" "RUSTUP_HOME=/opt/rustwide/rustup-home" "-w" "/opt/rustwide/workdir" "-m" "1610612736" "--user" "0:0" "--network" "none" "ghcr.io/rust-lang/crates-build-env/linux@sha256:34b6a614d2c27851fe6cbf88fbd1137609cefab8b10d0615aaeb6fd47975d74e" "/opt/rustwide/cargo-home/bin/cargo" "+1.54.0" "build" "--frozen" "--message-format=json", kill_on_drop: false }`
[INFO] [stdout] db51db985b7b199c4c7ed02fcddd571f72c2d0476a9ac23fc99e0a55b37cdc4f
[INFO] running `Command { std: "docker" "start" "-a" "db51db985b7b199c4c7ed02fcddd571f72c2d0476a9ac23fc99e0a55b37cdc4f", kill_on_drop: false }`
[INFO] [stderr]     Blocking waiting for file lock on package cache
[INFO] [stderr]    Compiling libc v0.2.92
[INFO] [stderr]    Compiling rayon-core v1.9.0
[INFO] [stderr]    Compiling proc-macro2 v1.0.26
[INFO] [stderr]    Compiling adler32 v1.2.0
[INFO] [stderr]    Compiling crc32fast v1.2.1
[INFO] [stderr]    Compiling weezl v0.1.4
[INFO] [stderr]    Compiling syn v1.0.68
[INFO] [stderr]    Compiling adler v1.0.2
[INFO] [stderr]    Compiling color_quant v1.1.0
[INFO] [stderr]    Compiling crossbeam-utils v0.8.3
[INFO] [stderr]    Compiling memoffset v0.6.3
[INFO] [stderr]    Compiling num-traits v0.2.14
[INFO] [stderr]    Compiling rayon v1.5.0
[INFO] [stderr]    Compiling num-integer v0.1.44
[INFO] [stderr]    Compiling miniz_oxide v0.4.4
[INFO] [stderr]    Compiling num-iter v0.1.42
[INFO] [stderr]    Compiling num-rational v0.3.2
[INFO] [stderr]    Compiling miniz_oxide v0.3.7
[INFO] [stderr]    Compiling deflate v0.8.6
[INFO] [stderr]    Compiling gif v0.11.2
[INFO] [stderr]    Compiling png v0.16.8
[INFO] [stderr]    Compiling quote v1.0.9
[INFO] [stderr]    Compiling num_cpus v1.13.0
[INFO] [stderr]    Compiling crossbeam-epoch v0.9.3
[INFO] [stderr]    Compiling crossbeam-channel v0.5.0
[INFO] [stderr]    Compiling crossbeam-deque v0.8.0
[INFO] [stderr]    Compiling jpeg-decoder v0.1.22
[INFO] [stderr]    Compiling tiff v0.6.1
[INFO] [stderr]    Compiling image v0.23.14
[INFO] [stderr]    Compiling enum_dispatch v0.3.5
[INFO] [stderr]    Compiling rusty-raytracer v0.1.0 (/opt/rustwide/workdir)
[INFO] [stderr]     Finished dev [unoptimized + debuginfo] target(s) in 19.87s
[INFO] running `Command { std: "docker" "inspect" "db51db985b7b199c4c7ed02fcddd571f72c2d0476a9ac23fc99e0a55b37cdc4f", kill_on_drop: false }`
[INFO] running `Command { std: "docker" "rm" "-f" "db51db985b7b199c4c7ed02fcddd571f72c2d0476a9ac23fc99e0a55b37cdc4f", kill_on_drop: false }`
[INFO] [stdout] db51db985b7b199c4c7ed02fcddd571f72c2d0476a9ac23fc99e0a55b37cdc4f
[INFO] running `Command { std: "docker" "create" "-v" "/var/lib/crater-agent-workspace/builds/worker-74/target:/opt/rustwide/target:rw,Z" "-v" "/var/lib/crater-agent-workspace/builds/worker-74/source:/opt/rustwide/workdir:ro,Z" "-v" "/var/lib/crater-agent-workspace/cargo-home:/opt/rustwide/cargo-home:ro,Z" "-v" "/var/lib/crater-agent-workspace/rustup-home:/opt/rustwide/rustup-home:ro,Z" "-e" "SOURCE_DIR=/opt/rustwide/workdir" "-e" "CARGO_TARGET_DIR=/opt/rustwide/target" "-e" "CARGO_INCREMENTAL=0" "-e" "RUST_BACKTRACE=full" "-e" "RUSTFLAGS=--cap-lints=warn" "-e" "CARGO_HOME=/opt/rustwide/cargo-home" "-e" "RUSTUP_HOME=/opt/rustwide/rustup-home" "-w" "/opt/rustwide/workdir" "-m" "1610612736" "--user" "0:0" "--network" "none" "ghcr.io/rust-lang/crates-build-env/linux@sha256:34b6a614d2c27851fe6cbf88fbd1137609cefab8b10d0615aaeb6fd47975d74e" "/opt/rustwide/cargo-home/bin/cargo" "+1.54.0" "test" "--frozen" "--no-run" "--message-format=json", kill_on_drop: false }`
[INFO] [stdout] 00ee4b5252ac78dd36be2e43008facf25cd0df31089d277e611afe8f2c099342
[INFO] running `Command { std: "docker" "start" "-a" "00ee4b5252ac78dd36be2e43008facf25cd0df31089d277e611afe8f2c099342", kill_on_drop: false }`
[INFO] [stderr]     Blocking waiting for file lock on package cache
[INFO] [stderr]    Compiling rusty-raytracer v0.1.0 (/opt/rustwide/workdir)
[INFO] [stderr]     Finished test [unoptimized + debuginfo] target(s) in 2.54s
[INFO] running `Command { std: "docker" "inspect" "00ee4b5252ac78dd36be2e43008facf25cd0df31089d277e611afe8f2c099342", kill_on_drop: false }`
[INFO] running `Command { std: "docker" "rm" "-f" "00ee4b5252ac78dd36be2e43008facf25cd0df31089d277e611afe8f2c099342", kill_on_drop: false }`
[INFO] [stdout] 00ee4b5252ac78dd36be2e43008facf25cd0df31089d277e611afe8f2c099342
[INFO] running `Command { std: "docker" "create" "-v" "/var/lib/crater-agent-workspace/builds/worker-74/target:/opt/rustwide/target:rw,Z" "-v" "/var/lib/crater-agent-workspace/builds/worker-74/source:/opt/rustwide/workdir:ro,Z" "-v" "/var/lib/crater-agent-workspace/cargo-home:/opt/rustwide/cargo-home:ro,Z" "-v" "/var/lib/crater-agent-workspace/rustup-home:/opt/rustwide/rustup-home:ro,Z" "-e" "SOURCE_DIR=/opt/rustwide/workdir" "-e" "CARGO_TARGET_DIR=/opt/rustwide/target" "-e" "CARGO_INCREMENTAL=0" "-e" "RUST_BACKTRACE=full" "-e" "RUSTFLAGS=--cap-lints=warn" "-e" "CARGO_HOME=/opt/rustwide/cargo-home" "-e" "RUSTUP_HOME=/opt/rustwide/rustup-home" "-w" "/opt/rustwide/workdir" "-m" "1610612736" "--user" "0:0" "--network" "none" "ghcr.io/rust-lang/crates-build-env/linux@sha256:34b6a614d2c27851fe6cbf88fbd1137609cefab8b10d0615aaeb6fd47975d74e" "/opt/rustwide/cargo-home/bin/cargo" "+1.54.0" "test" "--frozen", kill_on_drop: false }`
[INFO] [stdout] f6695f45c63e8ae36f4f1a5814e746055535f48642edf365508ef2c5813b36a3
[INFO] running `Command { std: "docker" "start" "-a" "f6695f45c63e8ae36f4f1a5814e746055535f48642edf365508ef2c5813b36a3", kill_on_drop: false }`
[INFO] [stderr]     Blocking waiting for file lock on package cache
[INFO] [stderr]     Finished test [unoptimized + debuginfo] target(s) in 0.40s
[INFO] [stderr]      Running unittests (/opt/rustwide/target/debug/deps/rusty_raytracer-980a448bcf2bf050)
[INFO] [stdout] 
[INFO] [stdout] running 0 tests
[INFO] [stdout] 
[INFO] [stdout] test result: ok. 0 passed; 0 failed; 0 ignored; 0 measured; 0 filtered out; finished in 0.00s
[INFO] [stdout] 
[INFO] [stderr]      Running unittests (/opt/rustwide/target/debug/deps/rusty_raytracer_cli-639f808b79e4ebc8)
[INFO] [stdout] 
[INFO] [stdout] running 0 tests
[INFO] [stdout] 
[INFO] [stdout] test result: ok. 0 passed; 0 failed; 0 ignored; 0 measured; 0 filtered out; finished in 0.00s
[INFO] [stdout] 
[INFO] [stderr]    Doc-tests rusty_raytracer
[INFO] [stdout] 
[INFO] [stdout] running 4 tests
[INFO] [stdout] test src/vector3d.rs - vector3d::Vector3d<T>::with_value (line 28) ... FAILED
[INFO] [stdout] test src/vector3d.rs - vector3d::Vector3d<T>::new (line 18) ... FAILED
[INFO] [stdout] test src/vector3d.rs - vector3d::Vector3d<T>::dot (line 45) ... FAILED
[INFO] [stdout] test src/vector3d.rs - vector3d::Vector3d<T>::cross (line 63) ... FAILED
[INFO] [stdout] 
[INFO] [stdout] failures:
[INFO] [stdout] 
[INFO] [stdout] ---- src/vector3d.rs - vector3d::Vector3d<T>::with_value (line 28) stdout ----
[INFO] [stdout] error[E0433]: failed to resolve: use of undeclared type `Vector3d`
[INFO] [stdout]  --> src/vector3d.rs:29:14
[INFO] [stdout]   |
[INFO] [stdout] 3 | let vector = Vector3d::with_value(1);
[INFO] [stdout]   |              ^^^^^^^^ use of undeclared type `Vector3d`
[INFO] [stdout] 
[INFO] [stdout] error: aborting due to previous error
[INFO] [stdout] 
[INFO] [stdout] For more information about this error, try `rustc --explain E0433`.
[INFO] [stdout] Couldn't compile the test.
[INFO] [stdout] ---- src/vector3d.rs - vector3d::Vector3d<T>::new (line 18) stdout ----
[INFO] [stdout] error[E0433]: failed to resolve: use of undeclared type `Vector3d`
[INFO] [stdout]  --> src/vector3d.rs:19:14
[INFO] [stdout]   |
[INFO] [stdout] 3 | let vector = Vector3d::new(1, 2, 3);
[INFO] [stdout]   |              ^^^^^^^^ use of undeclared type `Vector3d`
[INFO] [stdout] 
[INFO] [stdout] error: aborting due to previous error
[INFO] [stdout] 
[INFO] [stdout] For more information about this error, try `rustc --explain E0433`.
[INFO] [stdout] Couldn't compile the test.
[INFO] [stdout] ---- src/vector3d.rs - vector3d::Vector3d<T>::dot (line 45) stdout ----
[INFO] [stdout] error[E0433]: failed to resolve: use of undeclared type `Vector3d`
[INFO] [stdout]  --> src/vector3d.rs:46:15
[INFO] [stdout]   |
[INFO] [stdout] 3 | let vector1 = Vector3d::new(1, 2, 3);
[INFO] [stdout]   |               ^^^^^^^^ use of undeclared type `Vector3d`
[INFO] [stdout] 
[INFO] [stdout] error[E0433]: failed to resolve: use of undeclared type `Vector3d`
[INFO] [stdout]  --> src/vector3d.rs:47:15
[INFO] [stdout]   |
[INFO] [stdout] 4 | let vector2 = Vector3d::new(4, 5, 6);
[INFO] [stdout]   |               ^^^^^^^^ use of undeclared type `Vector3d`
[INFO] [stdout] 
[INFO] [stdout] error: aborting due to 2 previous errors
[INFO] [stdout] 
[INFO] [stdout] For more information about this error, try `rustc --explain E0433`.
[INFO] [stdout] Couldn't compile the test.
[INFO] [stdout] ---- src/vector3d.rs - vector3d::Vector3d<T>::cross (line 63) stdout ----
[INFO] [stdout] error[E0433]: failed to resolve: use of undeclared type `Vector3d`
[INFO] [stdout]  --> src/vector3d.rs:64:15
[INFO] [stdout]   |
[INFO] [stdout] 3 | let vector1 = Vector3d::new(1, 2, 3);
[INFO] [stdout]   |               ^^^^^^^^ use of undeclared type `Vector3d`
[INFO] [stdout] 
[INFO] [stdout] error[E0433]: failed to resolve: use of undeclared type `Vector3d`
[INFO] [stdout]  --> src/vector3d.rs:65:15
[INFO] [stdout]   |
[INFO] [stdout] 4 | let vector2 = Vector3d::new(4, 5, 6);
[INFO] [stdout]   |               ^^^^^^^^ use of undeclared type `Vector3d`
[INFO] [stdout] 
[INFO] [stdout] error: aborting due to 2 previous errors
[INFO] [stdout] 
[INFO] [stdout] For more information about this error, try `rustc --explain E0433`.
[INFO] [stdout] Couldn't compile the test.
[INFO] [stdout] 
[INFO] [stdout] failures:
[INFO] [stdout]     src/vector3d.rs - vector3d::Vector3d<T>::cross (line 63)
[INFO] [stdout]     src/vector3d.rs - vector3d::Vector3d<T>::dot (line 45)
[INFO] [stdout]     src/vector3d.rs - vector3d::Vector3d<T>::new (line 18)
[INFO] [stdout]     src/vector3d.rs - vector3d::Vector3d<T>::with_value (line 28)
[INFO] [stdout] 
[INFO] [stdout] test result: FAILED. 0 passed; 4 failed; 0 ignored; 0 measured; 0 filtered out; finished in 0.18s
[INFO] [stdout] 
[INFO] [stderr] error: test failed, to rerun pass '--doc'
[INFO] running `Command { std: "docker" "inspect" "f6695f45c63e8ae36f4f1a5814e746055535f48642edf365508ef2c5813b36a3", kill_on_drop: false }`
[INFO] running `Command { std: "docker" "rm" "-f" "f6695f45c63e8ae36f4f1a5814e746055535f48642edf365508ef2c5813b36a3", kill_on_drop: false }`
[INFO] [stdout] f6695f45c63e8ae36f4f1a5814e746055535f48642edf365508ef2c5813b36a3
