[INFO] cloning repository https://github.com/mkhan45/slang
[INFO] running `Command { std: "git" "-c" "credential.helper=" "-c" "credential.helper=/workspace/cargo-home/bin/git-credential-null" "clone" "--bare" "https://github.com/mkhan45/slang" "/workspace/cache/git-repos/https%3A%2F%2Fgithub.com%2Fmkhan45%2Fslang", kill_on_drop: false }`
[INFO] [stderr] Cloning into bare repository '/workspace/cache/git-repos/https%3A%2F%2Fgithub.com%2Fmkhan45%2Fslang'...
[INFO] running `Command { std: "git" "rev-parse" "HEAD", kill_on_drop: false }`
[INFO] [stdout] 4f1ddf7fa10777035e8642892acf24370d35da26
[INFO] testing mkhan45/slang against 1.54.0 for beta-1.55-1
[INFO] running `Command { std: "git" "clone" "/workspace/cache/git-repos/https%3A%2F%2Fgithub.com%2Fmkhan45%2Fslang" "/workspace/builds/worker-91/source", kill_on_drop: false }`
[INFO] [stderr] Cloning into '/workspace/builds/worker-91/source'...
[INFO] [stderr] done.
[INFO] validating manifest of git repo https://github.com/mkhan45/slang on toolchain 1.54.0
[INFO] running `Command { std: "/workspace/cargo-home/bin/cargo" "+1.54.0" "metadata" "--manifest-path" "Cargo.toml" "--no-deps", kill_on_drop: false }`
[INFO] started tweaking git repo https://github.com/mkhan45/slang
[INFO] finished tweaking git repo https://github.com/mkhan45/slang
[INFO] tweaked toml for git repo https://github.com/mkhan45/slang written to /workspace/builds/worker-91/source/Cargo.toml
[INFO] crate git repo https://github.com/mkhan45/slang already has a lockfile, it will not be regenerated
[INFO] running `Command { std: "/workspace/cargo-home/bin/cargo" "+1.54.0" "fetch" "--manifest-path" "Cargo.toml", kill_on_drop: false }`
[INFO] [stderr]     Blocking waiting for file lock on package cache
[INFO] [stderr]     Blocking waiting for file lock on package cache
[INFO] running `Command { std: "docker" "create" "-v" "/var/lib/crater-agent-workspace/builds/worker-91/target:/opt/rustwide/target:rw,Z" "-v" "/var/lib/crater-agent-workspace/builds/worker-91/source:/opt/rustwide/workdir:ro,Z" "-v" "/var/lib/crater-agent-workspace/cargo-home:/opt/rustwide/cargo-home:ro,Z" "-v" "/var/lib/crater-agent-workspace/rustup-home:/opt/rustwide/rustup-home:ro,Z" "-e" "SOURCE_DIR=/opt/rustwide/workdir" "-e" "CARGO_TARGET_DIR=/opt/rustwide/target" "-e" "CARGO_HOME=/opt/rustwide/cargo-home" "-e" "RUSTUP_HOME=/opt/rustwide/rustup-home" "-w" "/opt/rustwide/workdir" "-m" "1610612736" "--user" "0:0" "--network" "none" "ghcr.io/rust-lang/crates-build-env/linux@sha256:34b6a614d2c27851fe6cbf88fbd1137609cefab8b10d0615aaeb6fd47975d74e" "/opt/rustwide/cargo-home/bin/cargo" "+1.54.0" "metadata" "--no-deps" "--format-version=1", kill_on_drop: false }`
[INFO] [stdout] ff1d52c62fc2a11685908b6ba1370c9b7487dd76b0f62d6fe23224b56448cfdf
[INFO] running `Command { std: "docker" "start" "-a" "ff1d52c62fc2a11685908b6ba1370c9b7487dd76b0f62d6fe23224b56448cfdf", kill_on_drop: false }`
[INFO] running `Command { std: "docker" "inspect" "ff1d52c62fc2a11685908b6ba1370c9b7487dd76b0f62d6fe23224b56448cfdf", kill_on_drop: false }`
[INFO] running `Command { std: "docker" "rm" "-f" "ff1d52c62fc2a11685908b6ba1370c9b7487dd76b0f62d6fe23224b56448cfdf", kill_on_drop: false }`
[INFO] [stdout] ff1d52c62fc2a11685908b6ba1370c9b7487dd76b0f62d6fe23224b56448cfdf
[INFO] running `Command { std: "docker" "create" "-v" "/var/lib/crater-agent-workspace/builds/worker-91/target:/opt/rustwide/target:rw,Z" "-v" "/var/lib/crater-agent-workspace/builds/worker-91/source:/opt/rustwide/workdir:ro,Z" "-v" "/var/lib/crater-agent-workspace/cargo-home:/opt/rustwide/cargo-home:ro,Z" "-v" "/var/lib/crater-agent-workspace/rustup-home:/opt/rustwide/rustup-home:ro,Z" "-e" "SOURCE_DIR=/opt/rustwide/workdir" "-e" "CARGO_TARGET_DIR=/opt/rustwide/target" "-e" "CARGO_INCREMENTAL=0" "-e" "RUST_BACKTRACE=full" "-e" "RUSTFLAGS=--cap-lints=warn" "-e" "CARGO_HOME=/opt/rustwide/cargo-home" "-e" "RUSTUP_HOME=/opt/rustwide/rustup-home" "-w" "/opt/rustwide/workdir" "-m" "1610612736" "--user" "0:0" "--network" "none" "ghcr.io/rust-lang/crates-build-env/linux@sha256:34b6a614d2c27851fe6cbf88fbd1137609cefab8b10d0615aaeb6fd47975d74e" "/opt/rustwide/cargo-home/bin/cargo" "+1.54.0" "build" "--frozen" "--message-format=json", kill_on_drop: false }`
[INFO] [stdout] 906c070faadccdeae2fa03aae9264738ee328cbf354a3f18c0a08d6a03531fc9
[INFO] running `Command { std: "docker" "start" "-a" "906c070faadccdeae2fa03aae9264738ee328cbf354a3f18c0a08d6a03531fc9", kill_on_drop: false }`
[INFO] [stderr]    Compiling slang v0.1.0 (/opt/rustwide/workdir)
[INFO] [stdout] warning: panic message is not a string literal
[INFO] [stdout]   --> src/expression_eval.rs:82:21
[INFO] [stdout]    |
[INFO] [stdout] 82 |         _ => panic!(format!("expr eval'd to not variable: {:?}", expr)),
[INFO] [stdout]    |                     ^^^^^^^^^^^^^^^^^^^^^^^^^^^^^^^^^^^^^^^^^^^^^^^^^^
[INFO] [stdout]    |
[INFO] [stdout]    = note: `#[warn(non_fmt_panic)]` on by default
[INFO] [stdout]    = note: this is no longer accepted in Rust 2021
[INFO] [stdout]    = note: the panic!() macro supports formatting, so there's no need for the format!() macro here
[INFO] [stdout] help: remove the `format!(..)` macro call
[INFO] [stdout]    |
[INFO] [stdout] 82 |         _ => panic!("expr eval'd to not variable: {:?}", expr),
[INFO] [stdout]    |                    --                                       --
[INFO] [stdout] 
[INFO] [stdout] 
[INFO] [stdout] warning: panic message is not a string literal
[INFO] [stdout]    --> src/expression_eval.rs:129:25
[INFO] [stdout]     |
[INFO] [stdout] 129 |             _ => panic!(format!("illegal subtraction: {:?} - {:?}", self, rhs)),
[INFO] [stdout]     |                         ^^^^^^^^^^^^^^^^^^^^^^^^^^^^^^^^^^^^^^^^^^^^^^^^^^^^^^
[INFO] [stdout]     |
[INFO] [stdout]     = note: this is no longer accepted in Rust 2021
[INFO] [stdout]     = note: the panic!() macro supports formatting, so there's no need for the format!() macro here
[INFO] [stdout] help: remove the `format!(..)` macro call
[INFO] [stdout]     |
[INFO] [stdout] 129 |             _ => panic!("illegal subtraction: {:?} - {:?}", self, rhs),
[INFO] [stdout]     |                        --                                           --
[INFO] [stdout] 
[INFO] [stdout] 
[INFO] [stdout] warning: panic message is not a string literal
[INFO] [stdout]    --> src/expression_eval.rs:200:20
[INFO] [stdout]     |
[INFO] [stdout] 200 |               panic!(format!(
[INFO] [stdout]     |  ____________________^
[INFO] [stdout] 201 | |                 "Illegal And use with non bool: {:?}, {:?}",
[INFO] [stdout] 202 | |                 self, rhs
[INFO] [stdout] 203 | |             ));
[INFO] [stdout]     | |_____________^
[INFO] [stdout]     |
[INFO] [stdout]     = note: this is no longer accepted in Rust 2021
[INFO] [stdout]     = note: the panic!() macro supports formatting, so there's no need for the format!() macro here
[INFO] [stdout] help: remove the `format!(..)` macro call
[INFO] [stdout]     |
[INFO] [stdout] 200 |             panic!(
[INFO] [stdout] 201 |                 "Illegal And use with non bool: {:?}, {:?}",
[INFO] [stdout] 202 |                 self, rhs
[INFO] [stdout] 203 |             );
[INFO] [stdout]     |
[INFO] [stdout] 
[INFO] [stdout] 
[INFO] [stdout] warning: panic message is not a string literal
[INFO] [stdout]    --> src/lib.rs:295:56
[INFO] [stdout]     |
[INFO] [stdout] 295 |   ...                   None => panic!(format!(
[INFO] [stdout]     |  ______________________________________^
[INFO] [stdout] 296 | | ...                       "Error on line {}: assigned to uninitialized variable {}",
[INFO] [stdout] 297 | | ...                       context.line_num,
[INFO] [stdout] 298 | | ...                       &lhs
[INFO] [stdout] 299 | | ...                   )),
[INFO] [stdout]     | |_______________________^
[INFO] [stdout]     |
[INFO] [stdout]     = note: this is no longer accepted in Rust 2021
[INFO] [stdout]     = note: the panic!() macro supports formatting, so there's no need for the format!() macro here
[INFO] [stdout] help: remove the `format!(..)` macro call
[INFO] [stdout]     |
[INFO] [stdout] 295 |                                         None => panic!(
[INFO] [stdout] 296 |                                             "Error on line {}: assigned to uninitialized variable {}",
[INFO] [stdout] 297 |                                             context.line_num,
[INFO] [stdout] 298 |                                             &lhs
[INFO] [stdout] 299 |                                         ),
[INFO] [stdout]     |
[INFO] [stdout] 
[INFO] [stdout] 
[INFO] [stdout] warning: 4 warnings emitted
[INFO] [stdout] 
[INFO] [stdout] 
[INFO] [stderr]     Finished dev [unoptimized + debuginfo] target(s) in 7.07s
[INFO] running `Command { std: "docker" "inspect" "906c070faadccdeae2fa03aae9264738ee328cbf354a3f18c0a08d6a03531fc9", kill_on_drop: false }`
[INFO] running `Command { std: "docker" "rm" "-f" "906c070faadccdeae2fa03aae9264738ee328cbf354a3f18c0a08d6a03531fc9", kill_on_drop: false }`
[INFO] [stdout] 906c070faadccdeae2fa03aae9264738ee328cbf354a3f18c0a08d6a03531fc9
[INFO] running `Command { std: "docker" "create" "-v" "/var/lib/crater-agent-workspace/builds/worker-91/target:/opt/rustwide/target:rw,Z" "-v" "/var/lib/crater-agent-workspace/builds/worker-91/source:/opt/rustwide/workdir:ro,Z" "-v" "/var/lib/crater-agent-workspace/cargo-home:/opt/rustwide/cargo-home:ro,Z" "-v" "/var/lib/crater-agent-workspace/rustup-home:/opt/rustwide/rustup-home:ro,Z" "-e" "SOURCE_DIR=/opt/rustwide/workdir" "-e" "CARGO_TARGET_DIR=/opt/rustwide/target" "-e" "CARGO_INCREMENTAL=0" "-e" "RUST_BACKTRACE=full" "-e" "RUSTFLAGS=--cap-lints=warn" "-e" "CARGO_HOME=/opt/rustwide/cargo-home" "-e" "RUSTUP_HOME=/opt/rustwide/rustup-home" "-w" "/opt/rustwide/workdir" "-m" "1610612736" "--user" "0:0" "--network" "none" "ghcr.io/rust-lang/crates-build-env/linux@sha256:34b6a614d2c27851fe6cbf88fbd1137609cefab8b10d0615aaeb6fd47975d74e" "/opt/rustwide/cargo-home/bin/cargo" "+1.54.0" "test" "--frozen" "--no-run" "--message-format=json", kill_on_drop: false }`
[INFO] [stdout] e4b158aac07a7ab2c322a69b33dc17e383f0affe9d148ac8711471a8d68cfd9e
[INFO] running `Command { std: "docker" "start" "-a" "e4b158aac07a7ab2c322a69b33dc17e383f0affe9d148ac8711471a8d68cfd9e", kill_on_drop: false }`
[INFO] [stderr]    Compiling libc v0.2.68
[INFO] [stderr]    Compiling serde v1.0.104
[INFO] [stderr]    Compiling memchr v2.3.3
[INFO] [stderr]    Compiling ryu v1.0.3
[INFO] [stderr]    Compiling syn v1.0.16
[INFO] [stderr]    Compiling itoa v0.4.5
[INFO] [stderr]    Compiling regex-syntax v0.6.17
[INFO] [stderr]    Compiling oorandom v11.1.0
[INFO] [stdout] warning: panic message is not a string literal
[INFO] [stdout]   --> src/expression_eval.rs:82:21
[INFO] [stdout]    |
[INFO] [stdout] 82 |         _ => panic!(format!("expr eval'd to not variable: {:?}", expr)),
[INFO] [stdout]    |                     ^^^^^^^^^^^^^^^^^^^^^^^^^^^^^^^^^^^^^^^^^^^^^^^^^^
[INFO] [stdout]    |
[INFO] [stdout]    = note: `#[warn(non_fmt_panic)]` on by default
[INFO] [stdout]    = note: this is no longer accepted in Rust 2021
[INFO] [stdout]    = note: the panic!() macro supports formatting, so there's no need for the format!() macro here
[INFO] [stdout] help: remove the `format!(..)` macro call
[INFO] [stdout]    |
[INFO] [stdout] 82 |         _ => panic!("expr eval'd to not variable: {:?}", expr),
[INFO] [stdout]    |                    --                                       --
[INFO] [stdout] 
[INFO] [stdout] 
[INFO] [stdout] warning: panic message is not a string literal
[INFO] [stdout]    --> src/expression_eval.rs:129:25
[INFO] [stdout]     |
[INFO] [stdout] 129 |             _ => panic!(format!("illegal subtraction: {:?} - {:?}", self, rhs)),
[INFO] [stdout]     |                         ^^^^^^^^^^^^^^^^^^^^^^^^^^^^^^^^^^^^^^^^^^^^^^^^^^^^^^
[INFO] [stdout]     |
[INFO] [stdout]     = note: this is no longer accepted in Rust 2021
[INFO] [stdout]     = note: the panic!() macro supports formatting, so there's no need for the format!() macro here
[INFO] [stdout] help: remove the `format!(..)` macro call
[INFO] [stdout]     |
[INFO] [stdout] 129 |             _ => panic!("illegal subtraction: {:?} - {:?}", self, rhs),
[INFO] [stdout]     |                        --                                           --
[INFO] [stdout] 
[INFO] [stdout] 
[INFO] [stdout] warning: panic message is not a string literal
[INFO] [stdout]    --> src/expression_eval.rs:200:20
[INFO] [stdout]     |
[INFO] [stdout] 200 |               panic!(format!(
[INFO] [stdout]     |  ____________________^
[INFO] [stdout] 201 | |                 "Illegal And use with non bool: {:?}, {:?}",
[INFO] [stdout] 202 | |                 self, rhs
[INFO] [stdout] 203 | |             ));
[INFO] [stdout]     | |_____________^
[INFO] [stdout]     |
[INFO] [stdout]     = note: this is no longer accepted in Rust 2021
[INFO] [stdout]     = note: the panic!() macro supports formatting, so there's no need for the format!() macro here
[INFO] [stdout] help: remove the `format!(..)` macro call
[INFO] [stdout]     |
[INFO] [stdout] 200 |             panic!(
[INFO] [stdout] 201 |                 "Illegal And use with non bool: {:?}, {:?}",
[INFO] [stdout] 202 |                 self, rhs
[INFO] [stdout] 203 |             );
[INFO] [stdout]     |
[INFO] [stdout] 
[INFO] [stdout] 
[INFO] [stdout] warning: panic message is not a string literal
[INFO] [stdout]    --> src/lib.rs:295:56
[INFO] [stdout]     |
[INFO] [stdout] 295 |   ...                   None => panic!(format!(
[INFO] [stdout]     |  ______________________________________^
[INFO] [stdout] 296 | | ...                       "Error on line {}: assigned to uninitialized variable {}",
[INFO] [stdout] 297 | | ...                       context.line_num,
[INFO] [stdout] 298 | | ...                       &lhs
[INFO] [stdout] 299 | | ...                   )),
[INFO] [stdout]     | |_______________________^
[INFO] [stdout]     |
[INFO] [stdout]     = note: this is no longer accepted in Rust 2021
[INFO] [stdout]     = note: the panic!() macro supports formatting, so there's no need for the format!() macro here
[INFO] [stdout] help: remove the `format!(..)` macro call
[INFO] [stdout]     |
[INFO] [stdout] 295 |                                         None => panic!(
[INFO] [stdout] 296 |                                             "Error on line {}: assigned to uninitialized variable {}",
[INFO] [stdout] 297 |                                             context.line_num,
[INFO] [stdout] 298 |                                             &lhs
[INFO] [stdout] 299 |                                         ),
[INFO] [stdout]     |
[INFO] [stdout] 
[INFO] [stdout] 
[INFO] [stdout] warning: 4 warnings emitted
[INFO] [stdout] 
[INFO] [stdout] 
[INFO] [stderr]    Compiling memoffset v0.5.4
[INFO] [stderr]    Compiling itertools v0.8.2
[INFO] [stderr]    Compiling cast v0.2.3
[INFO] [stderr]    Compiling regex-automata v0.1.9
[INFO] [stderr]    Compiling clap v2.33.0
[INFO] [stderr]    Compiling plotters v0.2.12
[INFO] [stderr]    Compiling crossbeam-epoch v0.8.2
[INFO] [stderr]    Compiling csv-core v0.1.10
[INFO] [stderr]    Compiling criterion-plot v0.4.1
[INFO] [stderr]    Compiling crossbeam-deque v0.7.3
[INFO] [stderr]    Compiling num_cpus v1.12.0
[INFO] [stderr]    Compiling atty v0.2.14
[INFO] [stderr]    Compiling regex v1.3.5
[INFO] [stderr]    Compiling rayon-core v1.7.0
[INFO] [stderr]    Compiling rayon v1.3.0
[INFO] [stderr]    Compiling serde_json v1.0.48
[INFO] [stderr]    Compiling bstr v0.2.12
[INFO] [stderr]    Compiling csv v1.1.3
[INFO] [stderr]    Compiling tinytemplate v1.0.3
[INFO] [stderr]    Compiling serde_derive v1.0.104
[INFO] [stderr]    Compiling criterion v0.3.1
[INFO] [stderr]    Compiling slang v0.1.0 (/opt/rustwide/workdir)
[INFO] [stdout] warning: panic message is not a string literal
[INFO] [stdout]   --> src/expression_eval.rs:82:21
[INFO] [stdout]    |
[INFO] [stdout] 82 |         _ => panic!(format!("expr eval'd to not variable: {:?}", expr)),
[INFO] [stdout]    |                     ^^^^^^^^^^^^^^^^^^^^^^^^^^^^^^^^^^^^^^^^^^^^^^^^^^
[INFO] [stdout]    |
[INFO] [stdout]    = note: `#[warn(non_fmt_panic)]` on by default
[INFO] [stdout]    = note: this is no longer accepted in Rust 2021
[INFO] [stdout]    = note: the panic!() macro supports formatting, so there's no need for the format!() macro here
[INFO] [stdout] help: remove the `format!(..)` macro call
[INFO] [stdout]    |
[INFO] [stdout] 82 |         _ => panic!("expr eval'd to not variable: {:?}", expr),
[INFO] [stdout]    |                    --                                       --
[INFO] [stdout] 
[INFO] [stdout] 
[INFO] [stdout] warning: panic message is not a string literal
[INFO] [stdout]    --> src/expression_eval.rs:129:25
[INFO] [stdout]     |
[INFO] [stdout] 129 |             _ => panic!(format!("illegal subtraction: {:?} - {:?}", self, rhs)),
[INFO] [stdout]     |                         ^^^^^^^^^^^^^^^^^^^^^^^^^^^^^^^^^^^^^^^^^^^^^^^^^^^^^^
[INFO] [stdout]     |
[INFO] [stdout]     = note: this is no longer accepted in Rust 2021
[INFO] [stdout]     = note: the panic!() macro supports formatting, so there's no need for the format!() macro here
[INFO] [stdout] help: remove the `format!(..)` macro call
[INFO] [stdout]     |
[INFO] [stdout] 129 |             _ => panic!("illegal subtraction: {:?} - {:?}", self, rhs),
[INFO] [stdout]     |                        --                                           --
[INFO] [stdout] 
[INFO] [stdout] 
[INFO] [stdout] warning: panic message is not a string literal
[INFO] [stdout]    --> src/expression_eval.rs:200:20
[INFO] [stdout]     |
[INFO] [stdout] 200 |               panic!(format!(
[INFO] [stdout]     |  ____________________^
[INFO] [stdout] 201 | |                 "Illegal And use with non bool: {:?}, {:?}",
[INFO] [stdout] 202 | |                 self, rhs
[INFO] [stdout] 203 | |             ));
[INFO] [stdout]     | |_____________^
[INFO] [stdout]     |
[INFO] [stdout]     = note: this is no longer accepted in Rust 2021
[INFO] [stdout]     = note: the panic!() macro supports formatting, so there's no need for the format!() macro here
[INFO] [stdout] help: remove the `format!(..)` macro call
[INFO] [stdout]     |
[INFO] [stdout] 200 |             panic!(
[INFO] [stdout] 201 |                 "Illegal And use with non bool: {:?}, {:?}",
[INFO] [stdout] 202 |                 self, rhs
[INFO] [stdout] 203 |             );
[INFO] [stdout]     |
[INFO] [stdout] 
[INFO] [stdout] 
[INFO] [stdout] warning: panic message is not a string literal
[INFO] [stdout]    --> src/lib.rs:295:56
[INFO] [stdout]     |
[INFO] [stdout] 295 |   ...                   None => panic!(format!(
[INFO] [stdout]     |  ______________________________________^
[INFO] [stdout] 296 | | ...                       "Error on line {}: assigned to uninitialized variable {}",
[INFO] [stdout] 297 | | ...                       context.line_num,
[INFO] [stdout] 298 | | ...                       &lhs
[INFO] [stdout] 299 | | ...                   )),
[INFO] [stdout]     | |_______________________^
[INFO] [stdout]     |
[INFO] [stdout]     = note: this is no longer accepted in Rust 2021
[INFO] [stdout]     = note: the panic!() macro supports formatting, so there's no need for the format!() macro here
[INFO] [stdout] help: remove the `format!(..)` macro call
[INFO] [stdout]     |
[INFO] [stdout] 295 |                                         None => panic!(
[INFO] [stdout] 296 |                                             "Error on line {}: assigned to uninitialized variable {}",
[INFO] [stdout] 297 |                                             context.line_num,
[INFO] [stdout] 298 |                                             &lhs
[INFO] [stdout] 299 |                                         ),
[INFO] [stdout]     |
[INFO] [stdout] 
[INFO] [stdout] 
[INFO] [stdout] warning: 4 warnings emitted
[INFO] [stdout] 
[INFO] [stdout] 
[INFO] [stderr]     Finished test [unoptimized + debuginfo] target(s) in 31.29s
[INFO] running `Command { std: "docker" "inspect" "e4b158aac07a7ab2c322a69b33dc17e383f0affe9d148ac8711471a8d68cfd9e", kill_on_drop: false }`
[INFO] running `Command { std: "docker" "rm" "-f" "e4b158aac07a7ab2c322a69b33dc17e383f0affe9d148ac8711471a8d68cfd9e", kill_on_drop: false }`
[INFO] [stdout] e4b158aac07a7ab2c322a69b33dc17e383f0affe9d148ac8711471a8d68cfd9e
[INFO] running `Command { std: "docker" "create" "-v" "/var/lib/crater-agent-workspace/builds/worker-91/target:/opt/rustwide/target:rw,Z" "-v" "/var/lib/crater-agent-workspace/builds/worker-91/source:/opt/rustwide/workdir:ro,Z" "-v" "/var/lib/crater-agent-workspace/cargo-home:/opt/rustwide/cargo-home:ro,Z" "-v" "/var/lib/crater-agent-workspace/rustup-home:/opt/rustwide/rustup-home:ro,Z" "-e" "SOURCE_DIR=/opt/rustwide/workdir" "-e" "CARGO_TARGET_DIR=/opt/rustwide/target" "-e" "CARGO_INCREMENTAL=0" "-e" "RUST_BACKTRACE=full" "-e" "RUSTFLAGS=--cap-lints=warn" "-e" "CARGO_HOME=/opt/rustwide/cargo-home" "-e" "RUSTUP_HOME=/opt/rustwide/rustup-home" "-w" "/opt/rustwide/workdir" "-m" "1610612736" "--user" "0:0" "--network" "none" "ghcr.io/rust-lang/crates-build-env/linux@sha256:34b6a614d2c27851fe6cbf88fbd1137609cefab8b10d0615aaeb6fd47975d74e" "/opt/rustwide/cargo-home/bin/cargo" "+1.54.0" "test" "--frozen", kill_on_drop: false }`
[INFO] [stdout] 4b6a29fca20fa65d37d45bb4dd08f43f7d021bb75eeeb828d6cf820b8a23b3d3
[INFO] running `Command { std: "docker" "start" "-a" "4b6a29fca20fa65d37d45bb4dd08f43f7d021bb75eeeb828d6cf820b8a23b3d3", kill_on_drop: false }`
[INFO] [stderr]     Blocking waiting for file lock on package cache
[INFO] [stdout] 
[INFO] [stderr] warning: panic message is not a string literal
[INFO] [stdout] running 13 tests
[INFO] [stderr]   --> src/expression_eval.rs:82:21
[INFO] [stdout] test tests::tests::basic_fn ... ok
[INFO] [stderr]    |
[INFO] [stdout] test tests::tests::casting ... ok
[INFO] [stderr] 82 |         _ => panic!(format!("expr eval'd to not variable: {:?}", expr)),
[INFO] [stdout] test tests::tests::assign ... ok
[INFO] [stderr]    |                     ^^^^^^^^^^^^^^^^^^^^^^^^^^^^^^^^^^^^^^^^^^^^^^^^^^
[INFO] [stdout] test tests::tests::multi_table ... ok
[INFO] [stderr]    |
[INFO] [stdout] test tests::tests::if_else_statement ... ok
[INFO] [stderr]    = note: `#[warn(non_fmt_panic)]` on by default
[INFO] [stdout] test tests::tests::if_statement ... ok
[INFO] [stderr]    = note: this is no longer accepted in Rust 2021
[INFO] [stdout] test tests::tests::simple_fileread ... ok
[INFO] [stderr]    = note: the panic!() macro supports formatting, so there's no need for the format!() macro here
[INFO] [stdout] test tests::tests::while_loop ... ok
[INFO] [stderr] help: remove the `format!(..)` macro call
[INFO] [stdout] test tests::tests::fib_test ... ok
[INFO] [stderr]    |
[INFO] [stdout] test tests::tests::expression_eval ... ok
[INFO] [stderr] 82 |         _ => panic!("expr eval'd to not variable: {:?}", expr),
[INFO] [stdout] test tests::tests::fib_recurse ... ok
[INFO] [stderr]    |                    --                                       --
[INFO] [stderr] 
[INFO] [stderr] warning: panic message is not a string literal
[INFO] [stderr]    --> src/expression_eval.rs:129:25
[INFO] [stderr]     |
[INFO] [stderr] 129 |             _ => panic!(format!("illegal subtraction: {:?} - {:?}", self, rhs)),
[INFO] [stderr]     |                         ^^^^^^^^^^^^^^^^^^^^^^^^^^^^^^^^^^^^^^^^^^^^^^^^^^^^^^
[INFO] [stderr]     |
[INFO] [stderr]     = note: this is no longer accepted in Rust 2021
[INFO] [stderr]     = note: the panic!() macro supports formatting, so there's no need for the format!() macro here
[INFO] [stderr] help: remove the `format!(..)` macro call
[INFO] [stderr]     |
[INFO] [stderr] 129 |             _ => panic!("illegal subtraction: {:?} - {:?}", self, rhs),
[INFO] [stderr]     |                        --                                           --
[INFO] [stderr] 
[INFO] [stderr] warning: panic message is not a string literal
[INFO] [stderr]    --> src/expression_eval.rs:200:20
[INFO] [stderr]     |
[INFO] [stderr] 200 |               panic!(format!(
[INFO] [stderr]     |  ____________________^
[INFO] [stderr] 201 | |                 "Illegal And use with non bool: {:?}, {:?}",
[INFO] [stderr] 202 | |                 self, rhs
[INFO] [stderr] 203 | |             ));
[INFO] [stderr]     | |_____________^
[INFO] [stderr]     |
[INFO] [stderr]     = note: this is no longer accepted in Rust 2021
[INFO] [stderr]     = note: the panic!() macro supports formatting, so there's no need for the format!() macro here
[INFO] [stderr] help: remove the `format!(..)` macro call
[INFO] [stderr]     |
[INFO] [stderr] 200 |             panic!(
[INFO] [stderr] 201 |                 "Illegal And use with non bool: {:?}, {:?}",
[INFO] [stderr] 202 |                 self, rhs
[INFO] [stderr] 203 |             );
[INFO] [stderr]     |
[INFO] [stderr] 
[INFO] [stderr] warning: panic message is not a string literal
[INFO] [stderr]    --> src/lib.rs:295:56
[INFO] [stderr]     |
[INFO] [stderr] 295 |   ...                   None => panic!(format!(
[INFO] [stderr]     |  ______________________________________^
[INFO] [stderr] 296 | | ...                       "Error on line {}: assigned to uninitialized variable {}",
[INFO] [stderr] 297 | | ...                       context.line_num,
[INFO] [stderr] 298 | | ...                       &lhs
[INFO] [stderr] 299 | | ...                   )),
[INFO] [stderr]     | |_______________________^
[INFO] [stderr]     |
[INFO] [stderr]     = note: this is no longer accepted in Rust 2021
[INFO] [stderr]     = note: the panic!() macro supports formatting, so there's no need for the format!() macro here
[INFO] [stderr] help: remove the `format!(..)` macro call
[INFO] [stderr]     |
[INFO] [stderr] 295 |                                         None => panic!(
[INFO] [stderr] 296 |                                             "Error on line {}: assigned to uninitialized variable {}",
[INFO] [stderr] 297 |                                             context.line_num,
[INFO] [stderr] 298 |                                             &lhs
[INFO] [stderr] 299 |                                         ),
[INFO] [stderr]     |
[INFO] [stderr] 
[INFO] [stderr] warning: 4 warnings emitted
[INFO] [stderr] 
[INFO] [stderr] warning: panic message is not a string literal
[INFO] [stderr]   --> src/expression_eval.rs:82:21
[INFO] [stderr]    |
[INFO] [stderr] 82 |         _ => panic!(format!("expr eval'd to not variable: {:?}", expr)),
[INFO] [stderr]    |                     ^^^^^^^^^^^^^^^^^^^^^^^^^^^^^^^^^^^^^^^^^^^^^^^^^^
[INFO] [stderr]    |
[INFO] [stderr]    = note: `#[warn(non_fmt_panic)]` on by default
[INFO] [stderr]    = note: this is no longer accepted in Rust 2021
[INFO] [stderr]    = note: the panic!() macro supports formatting, so there's no need for the format!() macro here
[INFO] [stderr] help: remove the `format!(..)` macro call
[INFO] [stderr]    |
[INFO] [stderr] 82 |         _ => panic!("expr eval'd to not variable: {:?}", expr),
[INFO] [stderr]    |                    --                                       --
[INFO] [stderr] 
[INFO] [stderr] warning: panic message is not a string literal
[INFO] [stderr]    --> src/expression_eval.rs:129:25
[INFO] [stderr]     |
[INFO] [stderr] 129 |             _ => panic!(format!("illegal subtraction: {:?} - {:?}", self, rhs)),
[INFO] [stderr]     |                         ^^^^^^^^^^^^^^^^^^^^^^^^^^^^^^^^^^^^^^^^^^^^^^^^^^^^^^
[INFO] [stderr]     |
[INFO] [stderr]     = note: this is no longer accepted in Rust 2021
[INFO] [stderr]     = note: the panic!() macro supports formatting, so there's no need for the format!() macro here
[INFO] [stderr] help: remove the `format!(..)` macro call
[INFO] [stderr]     |
[INFO] [stderr] 129 |             _ => panic!("illegal subtraction: {:?} - {:?}", self, rhs),
[INFO] [stderr]     |                        --                                           --
[INFO] [stderr] 
[INFO] [stderr] warning: panic message is not a string literal
[INFO] [stderr]    --> src/expression_eval.rs:200:20
[INFO] [stderr]     |
[INFO] [stderr] 200 |               panic!(format!(
[INFO] [stderr]     |  ____________________^
[INFO] [stderr] 201 | |                 "Illegal And use with non bool: {:?}, {:?}",
[INFO] [stderr] 202 | |                 self, rhs
[INFO] [stderr] 203 | |             ));
[INFO] [stderr]     | |_____________^
[INFO] [stderr]     |
[INFO] [stderr]     = note: this is no longer accepted in Rust 2021
[INFO] [stderr]     = note: the panic!() macro supports formatting, so there's no need for the format!() macro here
[INFO] [stderr] help: remove the `format!(..)` macro call
[INFO] [stderr]     |
[INFO] [stderr] 200 |             panic!(
[INFO] [stderr] 201 |                 "Illegal And use with non bool: {:?}, {:?}",
[INFO] [stderr] 202 |                 self, rhs
[INFO] [stderr] 203 |             );
[INFO] [stderr]     |
[INFO] [stderr] 
[INFO] [stderr] warning: panic message is not a string literal
[INFO] [stderr]    --> src/lib.rs:295:56
[INFO] [stderr]     |
[INFO] [stderr] 295 |   ...                   None => panic!(format!(
[INFO] [stderr]     |  ______________________________________^
[INFO] [stderr] 296 | | ...                       "Error on line {}: assigned to uninitialized variable {}",
[INFO] [stderr] 297 | | ...                       context.line_num,
[INFO] [stderr] 298 | | ...                       &lhs
[INFO] [stderr] 299 | | ...                   )),
[INFO] [stderr]     | |_______________________^
[INFO] [stderr]     |
[INFO] [stderr]     = note: this is no longer accepted in Rust 2021
[INFO] [stderr]     = note: the panic!() macro supports formatting, so there's no need for the format!() macro here
[INFO] [stderr] help: remove the `format!(..)` macro call
[INFO] [stderr]     |
[INFO] [stderr] 295 |                                         None => panic!(
[INFO] [stderr] 296 |                                             "Error on line {}: assigned to uninitialized variable {}",
[INFO] [stderr] 297 |                                             context.line_num,
[INFO] [stderr] 298 |                                             &lhs
[INFO] [stderr] 299 |                                         ),
[INFO] [stderr]     |
[INFO] [stderr] 
[INFO] [stderr] warning: 4 warnings emitted
[INFO] [stderr] 
[INFO] [stderr]     Finished test [unoptimized + debuginfo] target(s) in 7.76s
[INFO] [stderr]      Running unittests (/opt/rustwide/target/debug/deps/slang-dd24d19d89671714)
[INFO] [stdout] test tests::tests::nested_while_loop ... ok
[INFO] [stderr] error: test failed, to rerun pass '--lib'
[INFO] [stdout] test tests::tests::if_elif_statement ... FAILED
[INFO] [stdout] 
[INFO] [stdout] failures:
[INFO] [stdout] 
[INFO] [stdout] ---- tests::tests::if_elif_statement stdout ----
[INFO] [stdout] thread 'tests::tests::if_elif_statement' panicked at 'Error on line 10: invalid else', src/lib.rs:224:62
[INFO] [stdout] stack backtrace:
[INFO] [stdout]    0:     0x55ff0d2ce920 - std::backtrace_rs::backtrace::libunwind::trace::h34055254b57d8e79
[INFO] [stdout]                                at /rustc/a178d0322ce20e33eac124758e837cbd80a6f633/library/std/src/../../backtrace/src/backtrace/libunwind.rs:90:5
[INFO] [stdout]    1:     0x55ff0d2ce920 - std::backtrace_rs::backtrace::trace_unsynchronized::h8f1e3fbd9afff6ec
[INFO] [stdout]                                at /rustc/a178d0322ce20e33eac124758e837cbd80a6f633/library/std/src/../../backtrace/src/backtrace/mod.rs:66:5
[INFO] [stdout]    2:     0x55ff0d2ce920 - std::sys_common::backtrace::_print_fmt::h3a99a796b770c360
[INFO] [stdout]                                at /rustc/a178d0322ce20e33eac124758e837cbd80a6f633/library/std/src/sys_common/backtrace.rs:67:5
[INFO] [stdout]    3:     0x55ff0d2ce920 - <std::sys_common::backtrace::_print::DisplayBacktrace as core::fmt::Display>::fmt::h32d1f94a80615d18
[INFO] [stdout]                                at /rustc/a178d0322ce20e33eac124758e837cbd80a6f633/library/std/src/sys_common/backtrace.rs:46:22
[INFO] [stdout]    4:     0x55ff0d2f257c - core::fmt::write::h306731c068f7162c
[INFO] [stdout]                                at /rustc/a178d0322ce20e33eac124758e837cbd80a6f633/library/core/src/fmt/mod.rs:1110:17
[INFO] [stdout]    5:     0x55ff0d2cb4e5 - std::io::Write::write_fmt::h87f19b0a2cd190bc
[INFO] [stdout]                                at /rustc/a178d0322ce20e33eac124758e837cbd80a6f633/library/std/src/io/mod.rs:1588:15
[INFO] [stdout]    6:     0x55ff0d2d0a8b - std::sys_common::backtrace::_print::h5abaa2601a852287
[INFO] [stdout]                                at /rustc/a178d0322ce20e33eac124758e837cbd80a6f633/library/std/src/sys_common/backtrace.rs:49:5
[INFO] [stdout]    7:     0x55ff0d2d0a8b - std::sys_common::backtrace::print::h8d81445442bb638f
[INFO] [stdout]                                at /rustc/a178d0322ce20e33eac124758e837cbd80a6f633/library/std/src/sys_common/backtrace.rs:36:9
[INFO] [stdout]    8:     0x55ff0d2d0a8b - std::panicking::default_hook::{{closure}}::hcfe804496a9fa747
[INFO] [stdout]                                at /rustc/a178d0322ce20e33eac124758e837cbd80a6f633/library/std/src/panicking.rs:208:50
[INFO] [stdout]    9:     0x55ff0d2d059c - std::panicking::default_hook::hbea8e3ccf2ba8901
[INFO] [stdout]                                at /rustc/a178d0322ce20e33eac124758e837cbd80a6f633/library/std/src/panicking.rs:222:9
[INFO] [stdout]   10:     0x55ff0d2d1154 - std::panicking::rust_panic_with_hook::h7ee9e1a2d0f8975a
[INFO] [stdout]                                at /rustc/a178d0322ce20e33eac124758e837cbd80a6f633/library/std/src/panicking.rs:622:17
[INFO] [stdout]   11:     0x55ff0d2d0c37 - std::panicking::begin_panic_handler::{{closure}}::h8ab3b4491718b2c7
[INFO] [stdout]                                at /rustc/a178d0322ce20e33eac124758e837cbd80a6f633/library/std/src/panicking.rs:519:13
[INFO] [stdout]   12:     0x55ff0d2cee1c - std::sys_common::backtrace::__rust_end_short_backtrace::hd489062ffa586a9f
[INFO] [stdout]                                at /rustc/a178d0322ce20e33eac124758e837cbd80a6f633/library/std/src/sys_common/backtrace.rs:141:18
[INFO] [stdout]   13:     0x55ff0d2d0b99 - rust_begin_unwind
[INFO] [stdout]                                at /rustc/a178d0322ce20e33eac124758e837cbd80a6f633/library/std/src/panicking.rs:515:5
[INFO] [stdout]   14:     0x55ff0d2206c1 - core::panicking::panic_fmt::hca6330e3e14086b4
[INFO] [stdout]                                at /rustc/a178d0322ce20e33eac124758e837cbd80a6f633/library/core/src/panicking.rs:92:14
[INFO] [stdout]   15:     0x55ff0d2205b3 - core::option::expect_failed::hb6407502861d5eec
[INFO] [stdout]                                at /rustc/a178d0322ce20e33eac124758e837cbd80a6f633/library/core/src/option.rs:1243:5
[INFO] [stdout]   16:     0x55ff0d242dce - core::option::Option<T>::expect::h1fbec0f24d693859
[INFO] [stdout]                                at /rustc/a178d0322ce20e33eac124758e837cbd80a6f633/library/core/src/option.rs:351:21
[INFO] [stdout]   17:     0x55ff0d231711 - slang::exec_block::h746e0864a6589eb7
[INFO] [stdout]                                at /opt/rustwide/workdir/src/lib.rs:224:33
[INFO] [stdout]   18:     0x55ff0d257f3c - slang::tests::tests::if_elif_statement::hf1e442128518fa17
[INFO] [stdout]                                at /opt/rustwide/workdir/src/tests.rs:185:9
[INFO] [stdout]   19:     0x55ff0d25742a - slang::tests::tests::if_elif_statement::{{closure}}::hf8e7bb8b159497ea
[INFO] [stdout]                                at /opt/rustwide/workdir/src/tests.rs:182:5
[INFO] [stdout]   20:     0x55ff0d263c9e - core::ops::function::FnOnce::call_once::h7f21abce14881851
[INFO] [stdout]                                at /rustc/a178d0322ce20e33eac124758e837cbd80a6f633/library/core/src/ops/function.rs:227:5
[INFO] [stdout]   21:     0x55ff0d2a57d3 - core::ops::function::FnOnce::call_once::h152e7e439ff59e19
[INFO] [stdout]                                at /rustc/a178d0322ce20e33eac124758e837cbd80a6f633/library/core/src/ops/function.rs:227:5
[INFO] [stdout]   22:     0x55ff0d2a57d3 - test::__rust_begin_short_backtrace::h0908f3b1fdbb72ab
[INFO] [stdout]                                at /rustc/a178d0322ce20e33eac124758e837cbd80a6f633/library/test/src/lib.rs:577:5
[INFO] [stdout]   23:     0x55ff0d2a4290 - <alloc::boxed::Box<F,A> as core::ops::function::FnOnce<Args>>::call_once::hf6d2a51e5587546c
[INFO] [stdout]                                at /rustc/a178d0322ce20e33eac124758e837cbd80a6f633/library/alloc/src/boxed.rs:1575:9
[INFO] [stdout]   24:     0x55ff0d2a4290 - <std::panic::AssertUnwindSafe<F> as core::ops::function::FnOnce<()>>::call_once::h8af660f3a89ef593
[INFO] [stdout]                                at /rustc/a178d0322ce20e33eac124758e837cbd80a6f633/library/std/src/panic.rs:347:9
[INFO] [stdout]   25:     0x55ff0d2a4290 - std::panicking::try::do_call::hd36aef60f84b6d36
[INFO] [stdout]                                at /rustc/a178d0322ce20e33eac124758e837cbd80a6f633/library/std/src/panicking.rs:401:40
[INFO] [stdout]   26:     0x55ff0d2a4290 - std::panicking::try::h9932b4480e69817c
[INFO] [stdout]                                at /rustc/a178d0322ce20e33eac124758e837cbd80a6f633/library/std/src/panicking.rs:365:19
[INFO] [stdout]   27:     0x55ff0d2a4290 - std::panic::catch_unwind::h6aa177099cfff5f8
[INFO] [stdout]                                at /rustc/a178d0322ce20e33eac124758e837cbd80a6f633/library/std/src/panic.rs:434:14
[INFO] [stdout]   28:     0x55ff0d2a4290 - test::run_test_in_process::h5884d6f2d99e20c3
[INFO] [stdout]                                at /rustc/a178d0322ce20e33eac124758e837cbd80a6f633/library/test/src/lib.rs:600:18
[INFO] [stdout]   29:     0x55ff0d2a4290 - test::run_test::run_test_inner::{{closure}}::h6fdc58c6d5f5b6e3
[INFO] [stdout]                                at /rustc/a178d0322ce20e33eac124758e837cbd80a6f633/library/test/src/lib.rs:492:39
[INFO] [stdout]   30:     0x55ff0d27d942 - test::run_test::run_test_inner::{{closure}}::h408365d67a78ade8
[INFO] [stdout]                                at /rustc/a178d0322ce20e33eac124758e837cbd80a6f633/library/test/src/lib.rs:519:37
[INFO] [stdout]   31:     0x55ff0d27d942 - std::sys_common::backtrace::__rust_begin_short_backtrace::hb560b77c4f701523
[INFO] [stdout]                                at /rustc/a178d0322ce20e33eac124758e837cbd80a6f633/library/std/src/sys_common/backtrace.rs:125:18
[INFO] [stdout]   32:     0x55ff0d2814f8 - std::thread::Builder::spawn_unchecked::{{closure}}::{{closure}}::hf2e7831dad93c597
[INFO] [stdout]                                at /rustc/a178d0322ce20e33eac124758e837cbd80a6f633/library/std/src/thread/mod.rs:481:17
[INFO] [stdout]   33:     0x55ff0d2814f8 - <std::panic::AssertUnwindSafe<F> as core::ops::function::FnOnce<()>>::call_once::hd2e08783d8be4d02
[INFO] [stdout]                                at /rustc/a178d0322ce20e33eac124758e837cbd80a6f633/library/std/src/panic.rs:347:9
[INFO] [stdout]   34:     0x55ff0d2814f8 - std::panicking::try::do_call::h062597b7acfd6b82
[INFO] [stdout]                                at /rustc/a178d0322ce20e33eac124758e837cbd80a6f633/library/std/src/panicking.rs:401:40
[INFO] [stdout]   35:     0x55ff0d2814f8 - std::panicking::try::h0d7b79db04c14552
[INFO] [stdout]                                at /rustc/a178d0322ce20e33eac124758e837cbd80a6f633/library/std/src/panicking.rs:365:19
[INFO] [stdout]   36:     0x55ff0d2814f8 - std::panic::catch_unwind::hb01a0b5e7c8cd43b
[INFO] [stdout]                                at /rustc/a178d0322ce20e33eac124758e837cbd80a6f633/library/std/src/panic.rs:434:14
[INFO] [stdout]   37:     0x55ff0d2814f8 - std::thread::Builder::spawn_unchecked::{{closure}}::h5bde48cc887e0d1e
[INFO] [stdout]                                at /rustc/a178d0322ce20e33eac124758e837cbd80a6f633/library/std/src/thread/mod.rs:480:30
[INFO] [stdout]   38:     0x55ff0d2814f8 - core::ops::function::FnOnce::call_once{{vtable.shim}}::h745ea30807a29e55
[INFO] [stdout]                                at /rustc/a178d0322ce20e33eac124758e837cbd80a6f633/library/core/src/ops/function.rs:227:5
[INFO] [stdout]   39:     0x55ff0d2d5c47 - <alloc::boxed::Box<F,A> as core::ops::function::FnOnce<Args>>::call_once::h7ece6cfefaff1005
[INFO] [stdout]                                at /rustc/a178d0322ce20e33eac124758e837cbd80a6f633/library/alloc/src/boxed.rs:1575:9
[INFO] [stdout]   40:     0x55ff0d2d5c47 - <alloc::boxed::Box<F,A> as core::ops::function::FnOnce<Args>>::call_once::hb8b48e55c21f193e
[INFO] [stdout]                                at /rustc/a178d0322ce20e33eac124758e837cbd80a6f633/library/alloc/src/boxed.rs:1575:9
[INFO] [stdout]   41:     0x55ff0d2d5c47 - std::sys::unix::thread::Thread::new::thread_start::h8c7c4450dba62914
[INFO] [stdout]                                at /rustc/a178d0322ce20e33eac124758e837cbd80a6f633/library/std/src/sys/unix/thread.rs:71:17
[INFO] [stdout]   42:     0x7fecb6316609 - start_thread
[INFO] [stdout]   43:     0x7fecb60e8293 - clone
[INFO] [stdout]   44:                0x0 - <unknown>
[INFO] [stdout] 
[INFO] [stdout] 
[INFO] [stdout] failures:
[INFO] [stdout]     tests::tests::if_elif_statement
[INFO] [stdout] 
[INFO] [stdout] test result: FAILED. 12 passed; 1 failed; 0 ignored; 0 measured; 0 filtered out; finished in 0.05s
[INFO] [stdout] 
[INFO] running `Command { std: "docker" "inspect" "4b6a29fca20fa65d37d45bb4dd08f43f7d021bb75eeeb828d6cf820b8a23b3d3", kill_on_drop: false }`
[INFO] running `Command { std: "docker" "rm" "-f" "4b6a29fca20fa65d37d45bb4dd08f43f7d021bb75eeeb828d6cf820b8a23b3d3", kill_on_drop: false }`
[INFO] [stdout] 4b6a29fca20fa65d37d45bb4dd08f43f7d021bb75eeeb828d6cf820b8a23b3d3
