[INFO] cloning repository https://github.com/minghuaw/toy-rpc
[INFO] running `Command { std: "git" "-c" "credential.helper=" "-c" "credential.helper=/workspace/cargo-home/bin/git-credential-null" "clone" "--bare" "https://github.com/minghuaw/toy-rpc" "/workspace/cache/git-repos/https%3A%2F%2Fgithub.com%2Fminghuaw%2Ftoy-rpc", kill_on_drop: false }`
[INFO] [stderr] Cloning into bare repository '/workspace/cache/git-repos/https%3A%2F%2Fgithub.com%2Fminghuaw%2Ftoy-rpc'...
[INFO] running `Command { std: "git" "rev-parse" "HEAD", kill_on_drop: false }`
[INFO] [stdout] d5c38c2de2a72984ae400175f44abcefdde05dfe
[INFO] testing minghuaw/toy-rpc against 1.54.0 for beta-1.55-1
[INFO] running `Command { std: "git" "clone" "/workspace/cache/git-repos/https%3A%2F%2Fgithub.com%2Fminghuaw%2Ftoy-rpc" "/workspace/builds/worker-7/source", kill_on_drop: false }`
[INFO] [stderr] Cloning into '/workspace/builds/worker-7/source'...
[INFO] [stderr] done.
[INFO] validating manifest of git repo https://github.com/minghuaw/toy-rpc on toolchain 1.54.0
[INFO] running `Command { std: "/workspace/cargo-home/bin/cargo" "+1.54.0" "metadata" "--manifest-path" "Cargo.toml" "--no-deps", kill_on_drop: false }`
[INFO] started tweaking git repo https://github.com/minghuaw/toy-rpc
[INFO] finished tweaking git repo https://github.com/minghuaw/toy-rpc
[INFO] tweaked toml for git repo https://github.com/minghuaw/toy-rpc written to /workspace/builds/worker-7/source/Cargo.toml
[INFO] running `Command { std: "/workspace/cargo-home/bin/cargo" "+1.54.0" "generate-lockfile" "--manifest-path" "Cargo.toml" "-Zno-index-update", kill_on_drop: false }`
[INFO] running `Command { std: "/workspace/cargo-home/bin/cargo" "+1.54.0" "fetch" "--manifest-path" "Cargo.toml", kill_on_drop: false }`
[INFO] [stderr]     Blocking waiting for file lock on package cache
[INFO] running `Command { std: "docker" "create" "-v" "/var/lib/crater-agent-workspace/builds/worker-7/target:/opt/rustwide/target:rw,Z" "-v" "/var/lib/crater-agent-workspace/builds/worker-7/source:/opt/rustwide/workdir:ro,Z" "-v" "/var/lib/crater-agent-workspace/cargo-home:/opt/rustwide/cargo-home:ro,Z" "-v" "/var/lib/crater-agent-workspace/rustup-home:/opt/rustwide/rustup-home:ro,Z" "-e" "SOURCE_DIR=/opt/rustwide/workdir" "-e" "CARGO_TARGET_DIR=/opt/rustwide/target" "-e" "CARGO_HOME=/opt/rustwide/cargo-home" "-e" "RUSTUP_HOME=/opt/rustwide/rustup-home" "-w" "/opt/rustwide/workdir" "-m" "1610612736" "--user" "0:0" "--network" "none" "ghcr.io/rust-lang/crates-build-env/linux@sha256:34b6a614d2c27851fe6cbf88fbd1137609cefab8b10d0615aaeb6fd47975d74e" "/opt/rustwide/cargo-home/bin/cargo" "+1.54.0" "metadata" "--no-deps" "--format-version=1", kill_on_drop: false }`
[INFO] [stdout] 725395065d19957ac1ec641a406209ced51c2fc888273a3fc7f7fd5b96ac1438
[INFO] [stderr] WARNING: Your kernel does not support swap limit capabilities or the cgroup is not mounted. Memory limited without swap.
[INFO] running `Command { std: "docker" "start" "-a" "725395065d19957ac1ec641a406209ced51c2fc888273a3fc7f7fd5b96ac1438", kill_on_drop: false }`
[INFO] running `Command { std: "docker" "inspect" "725395065d19957ac1ec641a406209ced51c2fc888273a3fc7f7fd5b96ac1438", kill_on_drop: false }`
[INFO] running `Command { std: "docker" "rm" "-f" "725395065d19957ac1ec641a406209ced51c2fc888273a3fc7f7fd5b96ac1438", kill_on_drop: false }`
[INFO] [stdout] 725395065d19957ac1ec641a406209ced51c2fc888273a3fc7f7fd5b96ac1438
[INFO] running `Command { std: "docker" "create" "-v" "/var/lib/crater-agent-workspace/builds/worker-7/target:/opt/rustwide/target:rw,Z" "-v" "/var/lib/crater-agent-workspace/builds/worker-7/source:/opt/rustwide/workdir:ro,Z" "-v" "/var/lib/crater-agent-workspace/cargo-home:/opt/rustwide/cargo-home:ro,Z" "-v" "/var/lib/crater-agent-workspace/rustup-home:/opt/rustwide/rustup-home:ro,Z" "-e" "SOURCE_DIR=/opt/rustwide/workdir" "-e" "CARGO_TARGET_DIR=/opt/rustwide/target" "-e" "CARGO_INCREMENTAL=0" "-e" "RUST_BACKTRACE=full" "-e" "RUSTFLAGS=--cap-lints=warn" "-e" "CARGO_HOME=/opt/rustwide/cargo-home" "-e" "RUSTUP_HOME=/opt/rustwide/rustup-home" "-w" "/opt/rustwide/workdir" "-m" "1610612736" "--user" "0:0" "--network" "none" "ghcr.io/rust-lang/crates-build-env/linux@sha256:34b6a614d2c27851fe6cbf88fbd1137609cefab8b10d0615aaeb6fd47975d74e" "/opt/rustwide/cargo-home/bin/cargo" "+1.54.0" "build" "--frozen" "--message-format=json", kill_on_drop: false }`
[INFO] [stderr] WARNING: Your kernel does not support swap limit capabilities or the cgroup is not mounted. Memory limited without swap.
[INFO] [stdout] 8d09b0b806e3bc54c31eae67725ebde6bda22899db0b0b9cbf7971ad446c7f52
[INFO] running `Command { std: "docker" "start" "-a" "8d09b0b806e3bc54c31eae67725ebde6bda22899db0b0b9cbf7971ad446c7f52", kill_on_drop: false }`
[INFO] [stderr]    Compiling spinning_top v0.2.4
[INFO] [stderr]    Compiling value-bag v1.0.0-alpha.7
[INFO] [stderr]    Compiling crossbeam-channel v0.5.1
[INFO] [stderr]    Compiling getrandom v0.2.3
[INFO] [stderr]    Compiling ctor v0.1.20
[INFO] [stderr]    Compiling futures-util v0.3.16
[INFO] [stderr]    Compiling darling_macro v0.13.0
[INFO] [stderr]    Compiling crossbeam-deque v0.8.1
[INFO] [stderr]    Compiling erased-serde v0.3.16
[INFO] [stderr]    Compiling nanorand v0.6.1
[INFO] [stderr]    Compiling crossbeam v0.8.1
[INFO] [stderr]    Compiling flume v0.10.8
[INFO] [stderr]    Compiling log v0.4.14
[INFO] [stderr]    Compiling darling v0.13.0
[INFO] [stderr]    Compiling toy-rpc-macros v0.6.1
[INFO] [stderr]    Compiling toy-rpc-macros v0.6.1 (/opt/rustwide/workdir/macros)
[INFO] [stderr]    Compiling futures-executor v0.3.16
[INFO] [stderr]    Compiling futures v0.3.16
[INFO] [stderr]    Compiling brw v0.1.6
[INFO] [stderr]    Compiling toy-rpc v0.8.0-beta.5 (/opt/rustwide/workdir/toy-rpc)
[INFO] [stderr]     Finished dev [unoptimized + debuginfo] target(s) in 10.99s
[INFO] running `Command { std: "docker" "inspect" "8d09b0b806e3bc54c31eae67725ebde6bda22899db0b0b9cbf7971ad446c7f52", kill_on_drop: false }`
[INFO] running `Command { std: "docker" "rm" "-f" "8d09b0b806e3bc54c31eae67725ebde6bda22899db0b0b9cbf7971ad446c7f52", kill_on_drop: false }`
[INFO] [stdout] 8d09b0b806e3bc54c31eae67725ebde6bda22899db0b0b9cbf7971ad446c7f52
[INFO] running `Command { std: "docker" "create" "-v" "/var/lib/crater-agent-workspace/builds/worker-7/target:/opt/rustwide/target:rw,Z" "-v" "/var/lib/crater-agent-workspace/builds/worker-7/source:/opt/rustwide/workdir:ro,Z" "-v" "/var/lib/crater-agent-workspace/cargo-home:/opt/rustwide/cargo-home:ro,Z" "-v" "/var/lib/crater-agent-workspace/rustup-home:/opt/rustwide/rustup-home:ro,Z" "-e" "SOURCE_DIR=/opt/rustwide/workdir" "-e" "CARGO_TARGET_DIR=/opt/rustwide/target" "-e" "CARGO_INCREMENTAL=0" "-e" "RUST_BACKTRACE=full" "-e" "RUSTFLAGS=--cap-lints=warn" "-e" "CARGO_HOME=/opt/rustwide/cargo-home" "-e" "RUSTUP_HOME=/opt/rustwide/rustup-home" "-w" "/opt/rustwide/workdir" "-m" "1610612736" "--user" "0:0" "--network" "none" "ghcr.io/rust-lang/crates-build-env/linux@sha256:34b6a614d2c27851fe6cbf88fbd1137609cefab8b10d0615aaeb6fd47975d74e" "/opt/rustwide/cargo-home/bin/cargo" "+1.54.0" "test" "--frozen" "--no-run" "--message-format=json", kill_on_drop: false }`
[INFO] [stderr] WARNING: Your kernel does not support swap limit capabilities or the cgroup is not mounted. Memory limited without swap.
[INFO] [stdout] bd5d526591fea7c79b53ef63349602068bc4862dd16b250bfaa25dafb228d35e
[INFO] running `Command { std: "docker" "start" "-a" "bd5d526591fea7c79b53ef63349602068bc4862dd16b250bfaa25dafb228d35e", kill_on_drop: false }`
[INFO] [stderr]    Compiling tokio v1.9.0
[INFO] [stderr]    Compiling socket2 v0.4.1
[INFO] [stderr]    Compiling futures-lite v1.12.0
[INFO] [stderr]    Compiling async-channel v1.6.1
[INFO] [stderr]    Compiling rand_core v0.6.3
[INFO] [stderr]    Compiling actix-service v1.0.6
[INFO] [stderr]    Compiling headers v0.3.4
[INFO] [stderr]    Compiling mio v0.6.23
[INFO] [stderr]    Compiling actix-threadpool v0.3.3
[INFO] [stderr]    Compiling tracing v0.1.26
[INFO] [stderr]    Compiling mio v0.7.13
[INFO] [stderr]    Compiling polling v2.1.0
[INFO] [stderr]    Compiling want v0.3.0
[INFO] [stderr]    Compiling kv-log-macro v1.0.7
[INFO] [stderr]    Compiling actix-router v0.2.7
[INFO] [stderr]    Compiling toy-rpc-macros v0.6.1 (/opt/rustwide/workdir/macros)
[INFO] [stderr]    Compiling rand_chacha v0.3.1
[INFO] [stderr]    Compiling tracing-futures v0.2.5
[INFO] [stderr]    Compiling rand v0.8.4
[INFO] [stderr]    Compiling mio-uds v0.6.8
[INFO] [stderr]    Compiling async-executor v1.4.1
[INFO] [stderr]    Compiling async-io v1.6.0
[INFO] [stderr]    Compiling blocking v1.0.2
[INFO] [stderr]    Compiling tokio v0.2.25
[INFO] [stderr]    Compiling async-global-executor v2.0.2
[INFO] [stderr]    Compiling async-std v1.9.0
[INFO] [stderr]    Compiling tungstenite v0.12.0
[INFO] [stderr]    Compiling tempfile v3.2.0
[INFO] [stderr]    Compiling multipart v0.17.1
[INFO] [stderr]    Compiling tokio-util v0.3.1
[INFO] [stderr]    Compiling actix-rt v1.1.1
[INFO] [stderr]    Compiling trust-dns-proto v0.19.7
[INFO] [stderr]    Compiling actix-codec v0.3.0
[INFO] [stderr]    Compiling h2 v0.2.7
[INFO] [stderr]    Compiling tokio-util v0.6.7
[INFO] [stderr]    Compiling tokio-tungstenite v0.13.0
[INFO] [stderr]    Compiling tokio-stream v0.1.7
[INFO] [stderr]    Compiling actix-utils v2.0.0
[INFO] [stderr]    Compiling h2 v0.3.3
[INFO] [stderr]    Compiling actix-server v1.0.4
[INFO] [stderr]    Compiling actix-tls v2.0.0
[INFO] [stderr]    Compiling trust-dns-resolver v0.19.7
[INFO] [stderr]    Compiling actix-testing v1.0.1
[INFO] [stderr]    Compiling actix-connect v2.0.0
[INFO] [stderr]    Compiling actix-http v2.2.0
[INFO] [stderr]    Compiling hyper v0.14.11
[INFO] [stderr]    Compiling awc v2.0.3
[INFO] [stderr]    Compiling actix-web v3.3.2
[INFO] [stderr]    Compiling warp v0.3.1
[INFO] [stderr]    Compiling toy-rpc v0.8.0-beta.5 (/opt/rustwide/workdir/toy-rpc)
[INFO] [stderr]     Finished test [unoptimized + debuginfo] target(s) in 1m 08s
[INFO] running `Command { std: "docker" "inspect" "bd5d526591fea7c79b53ef63349602068bc4862dd16b250bfaa25dafb228d35e", kill_on_drop: false }`
[INFO] running `Command { std: "docker" "rm" "-f" "bd5d526591fea7c79b53ef63349602068bc4862dd16b250bfaa25dafb228d35e", kill_on_drop: false }`
[INFO] [stdout] bd5d526591fea7c79b53ef63349602068bc4862dd16b250bfaa25dafb228d35e
[INFO] running `Command { std: "docker" "create" "-v" "/var/lib/crater-agent-workspace/builds/worker-7/target:/opt/rustwide/target:rw,Z" "-v" "/var/lib/crater-agent-workspace/builds/worker-7/source:/opt/rustwide/workdir:ro,Z" "-v" "/var/lib/crater-agent-workspace/cargo-home:/opt/rustwide/cargo-home:ro,Z" "-v" "/var/lib/crater-agent-workspace/rustup-home:/opt/rustwide/rustup-home:ro,Z" "-e" "SOURCE_DIR=/opt/rustwide/workdir" "-e" "CARGO_TARGET_DIR=/opt/rustwide/target" "-e" "CARGO_INCREMENTAL=0" "-e" "RUST_BACKTRACE=full" "-e" "RUSTFLAGS=--cap-lints=warn" "-e" "CARGO_HOME=/opt/rustwide/cargo-home" "-e" "RUSTUP_HOME=/opt/rustwide/rustup-home" "-w" "/opt/rustwide/workdir" "-m" "1610612736" "--user" "0:0" "--network" "none" "ghcr.io/rust-lang/crates-build-env/linux@sha256:34b6a614d2c27851fe6cbf88fbd1137609cefab8b10d0615aaeb6fd47975d74e" "/opt/rustwide/cargo-home/bin/cargo" "+1.54.0" "test" "--frozen", kill_on_drop: false }`
[INFO] [stdout] e74af1acc91b66e3e89eae596e34ae4b2fd954baa279ba6265d464602781f907
[INFO] [stderr] WARNING: Your kernel does not support swap limit capabilities or the cgroup is not mounted. Memory limited without swap.
[INFO] running `Command { std: "docker" "start" "-a" "e74af1acc91b66e3e89eae596e34ae4b2fd954baa279ba6265d464602781f907", kill_on_drop: false }`
[INFO] [stderr]     Blocking waiting for file lock on package cache
[INFO] [stderr]     Finished test [unoptimized + debuginfo] target(s) in 0.49s
[INFO] [stdout] 
[INFO] [stderr]      Running unittests (/opt/rustwide/target/debug/deps/toy_rpc-9a874649edc33cf0)
[INFO] [stdout] running 2 tests
[INFO] [stdout] test error::tests::test_conversion_to_anyhow ... ok
[INFO] [stdout] test protocol::tests::size_of_header ... ok
[INFO] [stdout] 
[INFO] [stdout] test result: ok. 2 passed; 0 failed; 0 ignored; 0 measured; 0 filtered out; finished in 0.00s
[INFO] [stdout] 
[INFO] [stdout] 
[INFO] [stdout] running 0 tests
[INFO] [stdout] 
[INFO] [stdout] test result: ok. 0 passed; 0 failed; 0 ignored; 0 measured; 0 filtered out; finished in 0.00s
[INFO] [stdout] 
[INFO] [stderr]      Running tests/rpc.rs (/opt/rustwide/target/debug/deps/rpc-b792a7ae37630134)
[INFO] [stderr]      Running tests/sample_test.rs (/opt/rustwide/target/debug/deps/sample_test-2df07222f61a1f27)
[INFO] [stdout] 
[INFO] [stdout] running 0 tests
[INFO] [stdout] 
[INFO] [stdout] test result: ok. 0 passed; 0 failed; 0 ignored; 0 measured; 0 filtered out; finished in 0.00s
[INFO] [stdout] 
[INFO] [stderr]      Running unittests (/opt/rustwide/target/debug/deps/toy_rpc_macros-7a1a124c322b0245)
[INFO] [stdout] 
[INFO] [stdout] running 0 tests
[INFO] [stdout] 
[INFO] [stdout] test result: ok. 0 passed; 0 failed; 0 ignored; 0 measured; 0 filtered out; finished in 0.00s
[INFO] [stdout] 
[INFO] [stderr]    Doc-tests toy-rpc
[INFO] [stdout] 
[INFO] [stdout] running 0 tests
[INFO] [stdout] 
[INFO] [stdout] test result: ok. 0 passed; 0 failed; 0 ignored; 0 measured; 0 filtered out; finished in 0.00s
[INFO] [stdout] 
[INFO] [stderr]    Doc-tests toy-rpc-macros
[INFO] [stdout] 
[INFO] [stdout] running 3 tests
[INFO] [stdout] test src/lib.rs - export_trait (line 355) ... FAILED
[INFO] [stdout] test src/lib.rs - export_impl (line 249) ... FAILED
[INFO] [stdout] test src/lib.rs - export_trait_impl (line 485) ... FAILED
[INFO] [stdout] 
[INFO] [stdout] failures:
[INFO] [stdout] 
[INFO] [stdout] ---- src/lib.rs - export_trait (line 355) stdout ----
[INFO] [stdout] error: expected one of `:` or `|`, found `)`
[INFO] [stdout]  --> src/lib.rs:362:39
[INFO] [stdout]   |
[INFO] [stdout] 9 |     async fn add(&self, args(i32, i32)) -> Result<i32, String>;
[INFO] [stdout]   |                                       ^ expected one of `:` or `|`
[INFO] [stdout] 
[INFO] [stdout] error[E0706]: functions in traits cannot be declared `async`
[INFO] [stdout]  --> src/lib.rs:362:5
[INFO] [stdout]   |
[INFO] [stdout] 9 |     async fn add(&self, args(i32, i32)) -> Result<i32, String>;
[INFO] [stdout]   |     -----^^^^^^^^^^^^^^^^^^^^^^^^^^^^^^^^^^^^^^^^^^^^^^^^^^^^^^
[INFO] [stdout]   |     |
[INFO] [stdout]   |     `async` because of this
[INFO] [stdout]   |
[INFO] [stdout]   = note: `async` trait functions are not currently supported
[INFO] [stdout]   = note: consider using the `async-trait` crate: https://crates.io/crates/async-trait
[INFO] [stdout] 
[INFO] [stdout] error: cannot find attribute `async_trait` in this scope
[INFO] [stdout]  --> src/lib.rs:356:3
[INFO] [stdout]   |
[INFO] [stdout] 3 | #[async_trait]
[INFO] [stdout]   |   ^^^^^^^^^^^
[INFO] [stdout] 
[INFO] [stdout] error: cannot find attribute `export_trait` in this scope
[INFO] [stdout]  --> src/lib.rs:357:3
[INFO] [stdout]   |
[INFO] [stdout] 4 | #[export_trait] // This will give a default service name of "Arith"
[INFO] [stdout]   |   ^^^^^^^^^^^^ help: a built-in attribute with a similar name exists: `export_name`
[INFO] [stdout] 
[INFO] [stdout] error: cannot find attribute `export_method` in this scope
[INFO] [stdout]  --> src/lib.rs:361:7
[INFO] [stdout]   |
[INFO] [stdout] 8 |     #[export_method]
[INFO] [stdout]   |       ^^^^^^^^^^^^^
[INFO] [stdout] 
[INFO] [stdout] error: aborting due to 5 previous errors
[INFO] [stdout] 
[INFO] [stdout] For more information about this error, try `rustc --explain E0706`.
[INFO] [stdout] Couldn't compile the test.
[INFO] [stdout] ---- src/lib.rs - export_impl (line 249) stdout ----
[INFO] [stdout] error: expected one of `:` or `|`, found `)`
[INFO] [stdout]  --> src/lib.rs:255:44
[INFO] [stdout]   |
[INFO] [stdout] 8 |     async fn subtract(&self, args(i32, i32)) -> Result<i32, String> {
[INFO] [stdout]   |                                            ^ expected one of `:` or `|`
[INFO] [stdout] 
[INFO] [stdout] error: cannot find attribute `export_impl` in this scope
[INFO] [stdout]  --> src/lib.rs:252:3
[INFO] [stdout]   |
[INFO] [stdout] 5 | #[export_impl] // This will give a default service name of "Abacus"
[INFO] [stdout]   |   ^^^^^^^^^^^
[INFO] [stdout] 
[INFO] [stdout] error: cannot find attribute `export_method` in this scope
[INFO] [stdout]  --> src/lib.rs:254:7
[INFO] [stdout]   |
[INFO] [stdout] 7 |     #[export_method]
[INFO] [stdout]   |       ^^^^^^^^^^^^^
[INFO] [stdout] 
[INFO] [stdout] error[E0308]: mismatched types
[INFO] [stdout]   --> src/lib.rs:255:69
[INFO] [stdout]    |
[INFO] [stdout] 8  |       async fn subtract(&self, args(i32, i32)) -> Result<i32, String> {
[INFO] [stdout]    |  _____________________________________________________________________^
[INFO] [stdout] 9  | |         // ...
[INFO] [stdout] 10 | |     }
[INFO] [stdout]    | |_____^ expected enum `Result`, found `()`
[INFO] [stdout]    |
[INFO] [stdout]    = note:   expected enum `Result<i32, String>`
[INFO] [stdout]            found unit type `()`
[INFO] [stdout] 
[INFO] [stdout] error: aborting due to 4 previous errors
[INFO] [stdout] 
[INFO] [stdout] For more information about this error, try `rustc --explain E0308`.
[INFO] [stdout] Couldn't compile the test.
[INFO] [stdout] ---- src/lib.rs - export_trait_impl (line 485) stdout ----
[INFO] [stdout] error: expected one of `:` or `|`, found `)`
[INFO] [stdout]   --> src/lib.rs:493:39
[INFO] [stdout]    |
[INFO] [stdout] 10 |     async fn add(&self, args(i32, i32)) -> Result<i32, String> {
[INFO] [stdout]    |                                       ^ expected one of `:` or `|`
[INFO] [stdout] 
[INFO] [stdout] error[E0706]: functions in traits cannot be declared `async`
[INFO] [stdout]   --> src/lib.rs:493:5
[INFO] [stdout]    |
[INFO] [stdout] 10 |       async fn add(&self, args(i32, i32)) -> Result<i32, String> {
[INFO] [stdout]    |       ^----
[INFO] [stdout]    |       |
[INFO] [stdout]    |  _____`async` because of this
[INFO] [stdout]    | |
[INFO] [stdout] 11 | |         // ...
[INFO] [stdout] 12 | |     }
[INFO] [stdout]    | |_____^
[INFO] [stdout]    |
[INFO] [stdout]    = note: `async` trait functions are not currently supported
[INFO] [stdout]    = note: consider using the `async-trait` crate: https://crates.io/crates/async-trait
[INFO] [stdout] 
[INFO] [stdout] error: cannot find attribute `async_trait` in this scope
[INFO] [stdout]  --> src/lib.rs:488:3
[INFO] [stdout]   |
[INFO] [stdout] 5 | #[async_trait]
[INFO] [stdout]   |   ^^^^^^^^^^^
[INFO] [stdout] 
[INFO] [stdout] error: cannot find attribute `export_trait_impl` in this scope
[INFO] [stdout]  --> src/lib.rs:489:3
[INFO] [stdout]   |
[INFO] [stdout] 6 | #[export_trait_impl] // The default name will follow the name of the trait (ie. "Arith")
[INFO] [stdout]   |   ^^^^^^^^^^^^^^^^^
[INFO] [stdout] 
[INFO] [stdout] error[E0405]: cannot find trait `Arith` in this scope
[INFO] [stdout]  --> src/lib.rs:490:6
[INFO] [stdout]   |
[INFO] [stdout] 7 | impl Arith  for Abacus {
[INFO] [stdout]   |      ^^^^^ not found in this scope
[INFO] [stdout] 
[INFO] [stdout] error: aborting due to 5 previous errors
[INFO] [stdout] 
[INFO] [stdout] Some errors have detailed explanations: E0405, E0706.
[INFO] [stdout] For more information about an error, try `rustc --explain E0405`.
[INFO] [stdout] Couldn't compile the test.
[INFO] [stdout] 
[INFO] [stdout] failures:
[INFO] [stdout]     src/lib.rs - export_impl (line 249)
[INFO] [stdout]     src/lib.rs - export_trait (line 355)
[INFO] [stdout]     src/lib.rs - export_trait_impl (line 485)
[INFO] [stdout] 
[INFO] [stdout] test result: FAILED. 0 passed; 3 failed; 0 ignored; 0 measured; 0 filtered out; finished in 0.72s
[INFO] [stdout] 
[INFO] [stderr] error: test failed, to rerun pass '--doc'
[INFO] running `Command { std: "docker" "inspect" "e74af1acc91b66e3e89eae596e34ae4b2fd954baa279ba6265d464602781f907", kill_on_drop: false }`
[INFO] running `Command { std: "docker" "rm" "-f" "e74af1acc91b66e3e89eae596e34ae4b2fd954baa279ba6265d464602781f907", kill_on_drop: false }`
[INFO] [stdout] e74af1acc91b66e3e89eae596e34ae4b2fd954baa279ba6265d464602781f907
